104.207.34.145 - - [23/Jun/2026:21:15:30 +0200] "POST /wp-login.php?wp_lang=en_US HTTP/2.0" 200 2650 "https://parma.elettroservicegroup.it/wp-login.php?wp_lang=en_US" "Mozilla/5.0 (Windows NT 10.0; Win64; x64) AppleWebKit/537.36 (KHTML, like Gecko) Chrome/124.0.0.0 Safari/537.36"
65.111.3.252 - - [23/Jun/2026:21:15:35 +0200] "GET /wp-login.php?wp_lang=en_US HTTP/2.0" 200 2531 "-" "Mozilla/5.0 (Windows NT 10.0; Win64; x64) AppleWebKit/537.36 (KHTML, like Gecko) Chrome/124.0.0.0 Safari/537.36"
65.111.3.252 - - [23/Jun/2026:21:15:36 +0200] "POST /wp-login.php?wp_lang=en_US HTTP/2.0" 200 2650 "https://parma.elettroservicegroup.it/wp-login.php?wp_lang=en_US" "Mozilla/5.0 (Windows NT 10.0; Win64; x64) AppleWebKit/537.36 (KHTML, like Gecko) Chrome/124.0.0.0 Safari/537.36"
45.3.43.211 - - [23/Jun/2026:21:15:39 +0200] "GET /wp-login.php?wp_lang=en_US HTTP/2.0" 200 2531 "-" "Mozilla/5.0 (Windows NT 10.0; Win64; x64; rv:133.0) Gecko/20100101 Firefox/133.0"
45.3.43.211 - - [23/Jun/2026:21:15:41 +0200] "POST /wp-login.php?wp_lang=en_US HTTP/2.0" 200 2650 "https://parma.elettroservicegroup.it/wp-login.php?wp_lang=en_US" "Mozilla/5.0 (Windows NT 10.0; Win64; x64; rv:133.0) Gecko/20100101 Firefox/133.0"
216.26.242.110 - - [23/Jun/2026:21:15:45 +0200] "GET /wp-login.php?wp_lang=en_US HTTP/2.0" 200 2531 "-" "Mozilla/5.0 (Macintosh; Intel Mac OS X 10_15_7) AppleWebKit/605.1.15 (KHTML, like Gecko) Version/18.0 Safari/605.1.15"
216.26.242.110 - - [23/Jun/2026:21:15:46 +0200] "POST /wp-login.php?wp_lang=en_US HTTP/2.0" 200 2650 "https://parma.elettroservicegroup.it/wp-login.php?wp_lang=en_US" "Mozilla/5.0 (Macintosh; Intel Mac OS X 10_15_7) AppleWebKit/605.1.15 (KHTML, like Gecko) Version/18.0 Safari/605.1.15"
65.108.235.243 - - [23/Jun/2026:21:15:51 +0200] "POST /wp-cron.php?doing_wp_cron=1782242151.0976080894470214843750 HTTP/1.1" 200 1 "-" "WordPress/7.0; https://parma.elettroservicegroup.it"
216.26.227.196 - - [23/Jun/2026:21:15:49 +0200] "GET /wp-login.php?wp_lang=en_US HTTP/2.0" 200 2531 "-" "Mozilla/5.0 (Windows NT 10.0; Win64; x64) AppleWebKit/537.36 (KHTML, like Gecko) Chrome/124.0.0.0 Safari/537.36"
216.26.227.196 - - [23/Jun/2026:21:15:51 +0200] "POST /wp-login.php?wp_lang=en_US HTTP/2.0" 200 2650 "https://parma.elettroservicegroup.it/wp-login.php?wp_lang=en_US" "Mozilla/5.0 (Windows NT 10.0; Win64; x64) AppleWebKit/537.36 (KHTML, like Gecko) Chrome/124.0.0.0 Safari/537.36"
216.26.254.87 - - [23/Jun/2026:21:15:54 +0200] "GET /wp-login.php?wp_lang=en_US HTTP/2.0" 200 2531 "-" "Mozilla/5.0 (Macintosh; Intel Mac OS X 10_15_7) AppleWebKit/605.1.15 (KHTML, like Gecko) Version/18.0 Safari/605.1.15"
216.26.254.87 - - [23/Jun/2026:21:15:55 +0200] "POST /wp-login.php?wp_lang=en_US HTTP/2.0" 200 2650 "https://parma.elettroservicegroup.it/wp-login.php?wp_lang=en_US" "Mozilla/5.0 (Macintosh; Intel Mac OS X 10_15_7) AppleWebKit/605.1.15 (KHTML, like Gecko) Version/18.0 Safari/605.1.15"
104.207.48.213 - - [23/Jun/2026:21:15:57 +0200] "GET /wp-login.php?wp_lang=en_US HTTP/2.0" 200 2531 "-" "Mozilla/5.0 (Windows NT 10.0; Win64; x64) AppleWebKit/537.36 (KHTML, like Gecko) Chrome/124.0.0.0 Safari/537.36"
104.207.48.213 - - [23/Jun/2026:21:15:58 +0200] "POST /wp-login.php?wp_lang=en_US HTTP/2.0" 200 2650 "https://parma.elettroservicegroup.it/wp-login.php?wp_lang=en_US" "Mozilla/5.0 (Windows NT 10.0; Win64; x64) AppleWebKit/537.36 (KHTML, like Gecko) Chrome/124.0.0.0 Safari/537.36"
65.108.235.243 - - [23/Jun/2026:21:55:36 +0200] "POST /wp-cron.php?doing_wp_cron=1782244536.5082919597625732421875 HTTP/1.1" 200 1 "-" "WordPress/7.0; https://parma.elettroservicegroup.it"
216.73.216.21 - - [23/Jun/2026:21:55:30 +0200] "GET /sitemap.xml HTTP/2.0" 200 - "-" "Mozilla/5.0 AppleWebKit/537.36 (KHTML, like Gecko; compatible; ClaudeBot/1.0; +claudebot@anthropic.com)"
65.108.235.243 - - [23/Jun/2026:21:55:37 +0200] "POST /wp-json/complianz/v1/wsc-scan HTTP/1.1" 400 88 "-" "WordPress/7.0; https://parma.elettroservicegroup.it"
65.108.235.243 - - [23/Jun/2026:23:20:22 +0200] "POST /wp-cron.php?doing_wp_cron=1782249622.8067629337310791015625 HTTP/1.1" 200 1 "-" "WordPress/7.0; https://parma.elettroservicegroup.it"
52.167.144.25 - - [23/Jun/2026:23:20:12 +0200] "GET /comment-fatboss-casino-protege-t-il-les-transactions-financieres/ HTTP/2.0" 404 17049 "-" "Mozilla/5.0 AppleWebKit/537.36 (KHTML, like Gecko; compatible; bingbot/2.0; +http://www.bing.com/bingbot.htm) Chrome/116.0.1938.76 Safari/537.36"
65.108.235.243 - - [23/Jun/2026:23:20:25 +0200] "POST /wp-json/complianz/v1/wsc-scan HTTP/1.1" 400 88 "-" "WordPress/7.0; https://parma.elettroservicegroup.it"
66.249.64.69 - - [23/Jun/2026:23:30:08 +0200] "GET /wp-content/uploads/2022/01/RICAMBIO-LAVATRICE-1-300x200.jpg HTTP/1.1" 304 - "-" "Googlebot-Image/1.0"
66.249.64.71 - - [23/Jun/2026:23:48:20 +0200] "GET /wp-content/uploads/2022/01/LAVATRICE-300x187.jpg HTTP/1.1" 304 - "-" "Googlebot-Image/1.0"
65.108.235.243 - - [24/Jun/2026:00:13:40 +0200] "POST /wp-cron.php?doing_wp_cron=1782252820.9210250377655029296875 HTTP/1.1" 200 1 "-" "WordPress/7.0; https://parma.elettroservicegroup.it"
66.249.89.133 - - [24/Jun/2026:00:13:37 +0200] "GET /assistenza-lavatrici-parma/ HTTP/1.1" 200 22779 "-" "Mozilla/5.0 (Linux; Android 6.0.1; Nexus 5X Build/MMB29P) AppleWebKit/537.36 (KHTML, like Gecko) Chrome/148.0.7778.96 Mobile Safari/537.36 (compatible; AdsBot-Google-Mobile; +http://www.google.com/mobile/adsbot.html)"
66.249.64.70 - - [24/Jun/2026:00:17:25 +0200] "GET /wp-content/uploads/2022/01/tecnico-elettro-2-300x200.jpg HTTP/1.1" 200 15134 "-" "Googlebot-Image/1.0"
66.249.89.133 - - [24/Jun/2026:00:20:00 +0200] "GET /wp-content/plugins/elementor/assets/lib/font-awesome/css/regular.min.css?ver=5.15.3 HTTP/1.1" 200 282 "https://parma.elettroservicegroup.it/assistenza-lavatrici-parma/" "AdsBot-Google (+http://www.google.com/adsbot.html)"
66.249.89.135 - - [24/Jun/2026:00:20:00 +0200] "GET /wp-content/plugins/gp-premium/menu-plus/functions/js/sticky.min.js?ver=2.5.5 HTTP/1.1" 200 2670 "https://parma.elettroservicegroup.it/assistenza-lavatrici-parma/" "AdsBot-Google (+http://www.google.com/adsbot.html)"
66.249.89.134 - - [24/Jun/2026:00:20:00 +0200] "GET /wp-content/plugins/elementor/assets/lib/font-awesome/css/solid.min.css?ver=5.15.3 HTTP/1.1" 200 286 "https://parma.elettroservicegroup.it/assistenza-lavatrici-parma/" "AdsBot-Google (+http://www.google.com/adsbot.html)"
66.249.89.134 - - [24/Jun/2026:00:20:00 +0200] "GET /wp-content/plugins/elementor/assets/lib/font-awesome/css/fontawesome.css?ver=5.15.3 HTTP/1.1" 200 12535 "https://parma.elettroservicegroup.it/assistenza-lavatrici-parma/" "AdsBot-Google (+http://www.google.com/adsbot.html)"
66.249.89.135 - - [24/Jun/2026:00:20:00 +0200] "GET /wp-content/plugins/elementor/assets/css/widget-icon-list.min.css?ver=3.24.3 HTTP/1.1" 200 928 "https://parma.elettroservicegroup.it/assistenza-lavatrici-parma/" "AdsBot-Google (+http://www.google.com/adsbot.html)"
66.249.89.134 - - [24/Jun/2026:00:20:00 +0200] "GET /wp-content/uploads/elementor/css/post-14366.css?ver=1782227141 HTTP/1.1" 200 302 "https://parma.elettroservicegroup.it/assistenza-lavatrici-parma/" "AdsBot-Google (+http://www.google.com/adsbot.html)"
66.249.89.134 - - [24/Jun/2026:00:20:00 +0200] "GET /wp-content/themes/generatepress/assets/css/main.min.css?ver=3.6.1 HTTP/1.1" 200 4410 "https://parma.elettroservicegroup.it/assistenza-lavatrici-parma/" "AdsBot-Google (+http://www.google.com/adsbot.html)"
66.249.89.134 - - [24/Jun/2026:00:20:00 +0200] "GET /wp-content/plugins/complianz-gdpr-premium/assets/css/cookieblocker.min.css?ver=1781535761 HTTP/1.1" 200 615 "https://parma.elettroservicegroup.it/assistenza-lavatrici-parma/" "AdsBot-Google (+http://www.google.com/adsbot.html)"
66.249.89.133 - - [24/Jun/2026:00:20:01 +0200] "GET /wp-content/plugins/elementor/assets/lib/font-awesome/css/solid.css?ver=5.15.3 HTTP/1.1" 200 299 "https://parma.elettroservicegroup.it/assistenza-lavatrici-parma/" "AdsBot-Google (+http://www.google.com/adsbot.html)"
66.249.89.133 - - [24/Jun/2026:00:20:01 +0200] "GET /wp-includes/js/jquery/jquery-migrate.min.js?ver=3.4.1 HTTP/1.1" 200 4685 "https://parma.elettroservicegroup.it/assistenza-lavatrici-parma/" "AdsBot-Google (+http://www.google.com/adsbot.html)"
66.249.89.134 - - [24/Jun/2026:00:20:01 +0200] "GET /wp-content/plugins/gp-premium/menu-plus/functions/css/navigation-branding-flex.min.css?ver=2.5.5 HTTP/1.1" 200 542 "https://parma.elettroservicegroup.it/assistenza-lavatrici-parma/" "AdsBot-Google (+http://www.google.com/adsbot.html)"
66.249.89.134 - - [24/Jun/2026:00:20:02 +0200] "GET /wp-includes/js/jquery/jquery.min.js?ver=3.7.1 HTTP/1.1" 200 29769 "https://parma.elettroservicegroup.it/assistenza-lavatrici-parma/" "AdsBot-Google (+http://www.google.com/adsbot.html)"
66.249.89.133 - - [24/Jun/2026:00:20:02 +0200] "GET /wp-content/plugins/elementor/assets/css/widget-social-icons.min.css?ver=3.24.0 HTTP/1.1" 200 1039 "https://parma.elettroservicegroup.it/assistenza-lavatrici-parma/" "AdsBot-Google (+http://www.google.com/adsbot.html)"
66.249.89.135 - - [24/Jun/2026:00:20:02 +0200] "GET /wp-content/plugins/elementor/assets/lib/font-awesome/css/fontawesome.min.css?ver=5.15.3 HTTP/1.1" 200 12179 "https://parma.elettroservicegroup.it/assistenza-lavatrici-parma/" "AdsBot-Google (+http://www.google.com/adsbot.html)"
66.249.89.133 - - [24/Jun/2026:00:20:03 +0200] "GET /wp-content/plugins/all-in-one-seo-pack/dist/Lite/assets/css/table-of-contents/global.e90f6d47.css?ver=4.9.8 HTTP/1.1" 200 420 "https://parma.elettroservicegroup.it/assistenza-lavatrici-parma/" "AdsBot-Google (+http://www.google.com/adsbot.html)"
66.249.89.135 - - [24/Jun/2026:00:20:03 +0200] "GET /wp-content/plugins/header-footer-elementor/assets/css/header-footer-elementor.css?ver=2.8.8 HTTP/1.1" 200 260 "https://parma.elettroservicegroup.it/assistenza-lavatrici-parma/" "AdsBot-Google (+http://www.google.com/adsbot.html)"
66.249.89.135 - - [24/Jun/2026:00:20:03 +0200] "GET /wp-content/plugins/elementor/assets/lib/font-awesome/css/brands.css?ver=5.15.3 HTTP/1.1" 200 298 "https://parma.elettroservicegroup.it/assistenza-lavatrici-parma/" "AdsBot-Google (+http://www.google.com/adsbot.html)"
66.249.89.134 - - [24/Jun/2026:00:20:04 +0200] "GET /wp-content/plugins/header-footer-elementor/inc/widgets-css/frontend.css?ver=2.8.8 HTTP/1.1" 200 8711 "https://parma.elettroservicegroup.it/assistenza-lavatrici-parma/" "AdsBot-Google (+http://www.google.com/adsbot.html)"
66.249.89.134 - - [24/Jun/2026:00:20:04 +0200] "GET /wp-content/uploads/elementor/google-fonts/css/robotoslab.css?ver=1742280362 HTTP/1.1" 200 715 "https://parma.elettroservicegroup.it/assistenza-lavatrici-parma/" "AdsBot-Google (+http://www.google.com/adsbot.html)"
66.249.89.133 - - [24/Jun/2026:00:20:04 +0200] "GET /wp-content/uploads/elementor/css/post-17314.css?ver=1782252820 HTTP/1.1" 200 2271 "https://parma.elettroservicegroup.it/assistenza-lavatrici-parma/" "AdsBot-Google (+http://www.google.com/adsbot.html)"
66.249.89.134 - - [24/Jun/2026:00:20:05 +0200] "GET /wp-content/uploads/elementor/css/post-14146.css?ver=1782227141 HTTP/1.1" 200 428 "https://parma.elettroservicegroup.it/assistenza-lavatrici-parma/" "AdsBot-Google (+http://www.google.com/adsbot.html)"
66.249.89.133 - - [24/Jun/2026:00:20:05 +0200] "GET /wp-content/plugins/elementor/assets/lib/eicons/css/elementor-icons.min.css?ver=5.34.0 HTTP/1.1" 200 4125 "https://parma.elettroservicegroup.it/assistenza-lavatrici-parma/" "AdsBot-Google (+http://www.google.com/adsbot.html)"
66.249.89.133 - - [24/Jun/2026:00:20:06 +0200] "GET /wp-content/uploads/elementor/google-fonts/css/roboto.css?ver=1742280360 HTTP/1.1" 200 1880 "https://parma.elettroservicegroup.it/assistenza-lavatrici-parma/" "AdsBot-Google (+http://www.google.com/adsbot.html)"
66.249.89.133 - - [24/Jun/2026:00:20:06 +0200] "GET /wp-includes/js/jquery/ui/core.min.js?ver=1.13.3 HTTP/1.1" 200 6820 "https://parma.elettroservicegroup.it/assistenza-lavatrici-parma/" "AdsBot-Google (+http://www.google.com/adsbot.html)"
66.249.89.134 - - [24/Jun/2026:00:20:07 +0200] "GET /wp-content/themes/generatepress/assets/js/menu.min.js?ver=3.6.1 HTTP/1.1" 200 1688 "https://parma.elettroservicegroup.it/assistenza-lavatrici-parma/" "AdsBot-Google (+http://www.google.com/adsbot.html)"
66.249.89.134 - - [24/Jun/2026:00:20:07 +0200] "GET /wp-content/uploads/burst/js/burst.min.js?ver=1782210108 HTTP/1.1" 200 3401 "https://parma.elettroservicegroup.it/assistenza-lavatrici-parma/" "AdsBot-Google (+http://www.google.com/adsbot.html)"
66.249.89.134 - - [24/Jun/2026:00:20:08 +0200] "GET /wp-content/plugins/complianz-gdpr-premium/cookiebanner/js/complianz.min.js?ver=1781535760 HTTP/1.1" 200 10762 "https://parma.elettroservicegroup.it/assistenza-lavatrici-parma/" "AdsBot-Google (+http://www.google.com/adsbot.html)"
66.249.89.133 - - [24/Jun/2026:00:20:08 +0200] "GET /wp-content/plugins/burst-statistics/assets/js/timeme/timeme.min.js?ver=1781795646 HTTP/1.1" 200 1835 "https://parma.elettroservicegroup.it/assistenza-lavatrici-parma/" "AdsBot-Google (+http://www.google.com/adsbot.html)"
66.249.89.133 - - [24/Jun/2026:00:20:08 +0200] "GET /wp-content/themes/generatepress/assets/js/back-to-top.min.js?ver=3.6.1 HTTP/1.1" 200 336 "https://parma.elettroservicegroup.it/assistenza-lavatrici-parma/" "AdsBot-Google (+http://www.google.com/adsbot.html)"
66.249.89.133 - - [24/Jun/2026:00:20:09 +0200] "GET /wp-content/plugins/elementor/assets/lib/font-awesome/webfonts/fa-regular-400.woff2 HTTP/1.1" 200 13277 "https://parma.elettroservicegroup.it/wp-content/plugins/elementor/assets/lib/font-awesome/css/all.min.css?ver=4.1.4" "AdsBot-Google (+http://www.google.com/adsbot.html)"
66.249.89.133 - - [24/Jun/2026:00:20:09 +0200] "GET /wp-content/uploads/elementor/google-fonts/fonts/roboto-kfo7cnqeu92fr1me7ksn66agldtyluama3yuba.woff2 HTTP/1.1" 200 40132 "https://parma.elettroservicegroup.it/wp-content/uploads/elementor/google-fonts/css/roboto.css?ver=1742280360" "AdsBot-Google (+http://www.google.com/adsbot.html)"
66.249.89.133 - - [24/Jun/2026:00:20:09 +0200] "GET /wp-content/plugins/elementor/assets/lib/font-awesome/webfonts/fa-solid-900.woff2 HTTP/1.1" 200 78201 "https://parma.elettroservicegroup.it/wp-content/plugins/elementor/assets/lib/font-awesome/css/all.min.css?ver=4.1.4" "AdsBot-Google (+http://www.google.com/adsbot.html)"
66.249.89.133 - - [24/Jun/2026:00:20:10 +0200] "GET /wp-content/uploads/complianz/css/banner-1-optin.css?v=46 HTTP/1.1" 200 2857 "https://parma.elettroservicegroup.it/assistenza-lavatrici-parma/" "AdsBot-Google (+http://www.google.com/adsbot.html)"
65.108.235.243 - - [24/Jun/2026:00:20:18 +0200] "POST /wp-cron.php?doing_wp_cron=1782253218.4184119701385498046875 HTTP/1.1" 200 1 "-" "WordPress/7.0; https://parma.elettroservicegroup.it"
66.249.89.133 - - [24/Jun/2026:00:20:10 +0200] "GET /wp-json/complianz/v1/cookie_data HTTP/1.1" 200 81 "https://parma.elettroservicegroup.it/assistenza-lavatrici-parma/" "AdsBot-Google (+http://www.google.com/adsbot.html)"
66.249.89.133 - - [24/Jun/2026:00:20:36 +0200] "GET /wp-content/plugins/elementor/assets/js/section-frontend-handlers.d85ab872da118940910d.bundle.min.js HTTP/1.1" 200 230 "https://parma.elettroservicegroup.it/assistenza-lavatrici-parma/" "AdsBot-Google (+http://www.google.com/adsbot.html)"
66.249.89.133 - - [24/Jun/2026:00:20:36 +0200] "GET /wp-content/plugins/elementor/assets/js/shared-frontend-handlers.03caa53373b56d3bab67.bundle.min.js HTTP/1.1" 200 2515 "https://parma.elettroservicegroup.it/assistenza-lavatrici-parma/" "AdsBot-Google (+http://www.google.com/adsbot.html)"
66.249.89.133 - - [24/Jun/2026:00:20:36 +0200] "GET /wp-content/plugins/elementor/assets/js/text-editor.45609661e409413f1cef.bundle.min.js HTTP/1.1" 200 592 "https://parma.elettroservicegroup.it/assistenza-lavatrici-parma/" "AdsBot-Google (+http://www.google.com/adsbot.html)"