193.186.4.23 - - [23/Jun/2026:14:24:58 +0200] "GET /assistenza-candy-parma/ HTTP/2.0" 200 - "https://www.google.com/" "Mozilla/5.0 (Windows NT 10.0; Win64; x64) AppleWebKit/537.36 (KHTML, like Gecko) Chrome/148.0.0.0 Safari/537.36"
65.108.235.243 - - [23/Jun/2026:14:25:07 +0200] "POST /wp-cron.php?doing_wp_cron=1782217507.8895568847656250000000 HTTP/1.1" 200 1 "-" "WordPress/7.0; https://parma.elettroservicegroup.it"
142.250.32.100 - - [23/Jun/2026:14:24:58 +0200] "GET /.well-known/traffic-advice HTTP/1.1" 404 17012 "-" "Chrome Privacy Preserving Prefetch Proxy"
65.108.235.243 - - [23/Jun/2026:14:27:02 +0200] "POST /wp-cron.php?doing_wp_cron=1782217622.0009799003601074218750 HTTP/1.1" 200 1 "-" "WordPress/7.0; https://parma.elettroservicegroup.it"
40.77.167.20 - - [23/Jun/2026:14:26:57 +0200] "GET /how-to-unlock-and-use-vave-casino-promo-codes-for-bonuses/ HTTP/2.0" 404 17045 "-" "Mozilla/5.0 AppleWebKit/537.36 (KHTML, like Gecko; compatible; bingbot/2.0; +http://www.bing.com/bingbot.htm) Chrome/116.0.1938.76 Safari/537.36"
52.167.144.194 - - [23/Jun/2026:14:34:49 +0200] "GET /assistenza-miele-parma/ HTTP/2.0" 200 22620 "-" "Mozilla/5.0 AppleWebKit/537.36 (KHTML, like Gecko; compatible; bingbot/2.0; +http://www.bing.com/bingbot.htm) Chrome/116.0.1938.76 Safari/537.36"
52.167.144.194 - - [23/Jun/2026:14:35:36 +0200] "GET /wp-content/uploads/elementor/css/post-17350.css?ver=1782154012 HTTP/2.0" 200 2145 "https://parma.elettroservicegroup.it/assistenza-miele-parma/" "Mozilla/5.0 AppleWebKit/537.36 (KHTML, like Gecko; compatible; bingbot/2.0; +http://www.bing.com/bingbot.htm) Chrome/136.0.0.0 Safari/537.36 AppleWebKit/537.36 (KHTML, like Gecko; compatible; bingbot/2.0; +http://www.bing.com/bingbot.htm) Chrome/116.0.1938.76 Safari/537.36"
65.108.235.243 - - [23/Jun/2026:14:43:19 +0200] "POST /wp-cron.php?doing_wp_cron=1782218599.7066578865051269531250 HTTP/1.1" 200 1 "-" "WordPress/7.0; https://parma.elettroservicegroup.it"
66.249.89.133 - - [23/Jun/2026:14:43:11 +0200] "GET /assistenza-asciugatrici/ HTTP/1.1" 200 20826 "-" "Mozilla/5.0 (Linux; Android 6.0.1; Nexus 5X Build/MMB29P) AppleWebKit/537.36 (KHTML, like Gecko) Chrome/148.0.7778.96 Mobile Safari/537.36 (compatible; AdsBot-Google-Mobile; +http://www.google.com/mobile/adsbot.html)"
65.108.235.243 - - [23/Jun/2026:14:43:22 +0200] "POST /wp-json/complianz/v1/wsc-scan HTTP/1.1" 400 88 "-" "WordPress/7.0; https://parma.elettroservicegroup.it"
66.249.89.135 - - [23/Jun/2026:14:49:37 +0200] "GET /wp-content/plugins/elementor/assets/lib/animations/styles/bounceIn.min.css?ver=4.1.4 HTTP/1.1" 200 186 "https://parma.elettroservicegroup.it/assistenza-asciugatrici/" "AdsBot-Google (+http://www.google.com/adsbot.html)"
66.249.89.135 - - [23/Jun/2026:14:49:37 +0200] "GET /wp-content/plugins/elementor/assets/css/widget-image.min.css?ver=4.1.4 HTTP/1.1" 200 96 "https://parma.elettroservicegroup.it/assistenza-asciugatrici/" "AdsBot-Google (+http://www.google.com/adsbot.html)"
66.249.89.135 - - [23/Jun/2026:14:49:37 +0200] "GET /wp-content/plugins/elementor/assets/lib/animations/styles/zoomIn.min.css?ver=4.1.4 HTTP/1.1" 200 87 "https://parma.elettroservicegroup.it/assistenza-asciugatrici/" "AdsBot-Google (+http://www.google.com/adsbot.html)"
66.249.89.134 - - [23/Jun/2026:14:49:37 +0200] "GET /wp-content/uploads/elementor/css/post-15285.css?ver=1782197587 HTTP/1.1" 200 1984 "https://parma.elettroservicegroup.it/assistenza-asciugatrici/" "AdsBot-Google (+http://www.google.com/adsbot.html)"
66.249.89.134 - - [23/Jun/2026:14:49:37 +0200] "GET /wp-content/plugins/elementor/assets/lib/font-awesome/css/fontawesome.min.css?ver=5.15.3 HTTP/1.1" 200 12179 "https://parma.elettroservicegroup.it/assistenza-asciugatrici/" "AdsBot-Google (+http://www.google.com/adsbot.html)"
66.249.89.134 - - [23/Jun/2026:14:49:37 +0200] "GET /wp-content/plugins/elementor/assets/lib/font-awesome/css/solid.min.css?ver=5.15.3 HTTP/1.1" 200 286 "https://parma.elettroservicegroup.it/assistenza-asciugatrici/" "AdsBot-Google (+http://www.google.com/adsbot.html)"
66.249.89.135 - - [23/Jun/2026:14:49:38 +0200] "GET /wp-content/plugins/elementor/assets/lib/font-awesome/css/regular.min.css?ver=5.15.3 HTTP/1.1" 200 282 "https://parma.elettroservicegroup.it/assistenza-asciugatrici/" "AdsBot-Google (+http://www.google.com/adsbot.html)"
66.249.89.133 - - [23/Jun/2026:14:49:38 +0200] "GET /wp-content/uploads/burst/js/burst.min.js?ver=1782210108 HTTP/1.1" 200 3401 "https://parma.elettroservicegroup.it/assistenza-asciugatrici/" "AdsBot-Google (+http://www.google.com/adsbot.html)"
66.249.89.135 - - [23/Jun/2026:14:49:38 +0200] "GET /wp-content/plugins/elementor/assets/lib/font-awesome/webfonts/fa-regular-400.woff2 HTTP/1.1" 200 13277 "https://parma.elettroservicegroup.it/wp-content/plugins/elementor/assets/lib/font-awesome/css/all.min.css?ver=4.1.4" "AdsBot-Google (+http://www.google.com/adsbot.html)"
66.249.89.133 - - [23/Jun/2026:14:49:38 +0200] "GET /wp-content/plugins/elementor/assets/lib/font-awesome/webfonts/fa-solid-900.woff HTTP/1.1" 200 101657 "https://parma.elettroservicegroup.it/wp-content/plugins/elementor/assets/lib/font-awesome/css/all.min.css?ver=4.1.4" "AdsBot-Google (+http://www.google.com/adsbot.html)"
66.249.89.135 - - [23/Jun/2026:14:49:39 +0200] "GET /wp-content/uploads/elementor/google-fonts/fonts/roboto-kfo7cnqeu92fr1me7ksn66agldtyluama3yuba.woff2 HTTP/1.1" 200 40132 "https://parma.elettroservicegroup.it/wp-content/uploads/elementor/google-fonts/css/roboto.css?ver=1742280360" "AdsBot-Google (+http://www.google.com/adsbot.html)"
172.213.21.29 - - [23/Jun/2026:15:19:21 +0200] "GET / HTTP/2.0" 200 - "-" "Mozilla/5.0 AppleWebKit/537.36 (KHTML, like Gecko); compatible; ChatGPT-User/1.0; +https://openai.com/bot"
172.213.21.28 - - [23/Jun/2026:15:19:17 +0200] "GET / HTTP/2.0" 200 22382 "-" "Mozilla/5.0 AppleWebKit/537.36 (KHTML, like Gecko); compatible; ChatGPT-User/1.0; +https://openai.com/bot"
172.213.21.29 - - [23/Jun/2026:15:19:17 +0200] "GET /assistenza-frigoriferi/ HTTP/2.0" 200 20685 "-" "Mozilla/5.0 AppleWebKit/537.36 (KHTML, like Gecko); compatible; ChatGPT-User/1.0; +https://openai.com/bot"
65.108.235.243 - - [23/Jun/2026:15:19:35 +0200] "POST /wp-cron.php?doing_wp_cron=1782220775.8027400970458984375000 HTTP/1.1" 200 1 "-" "WordPress/7.0; https://parma.elettroservicegroup.it"
74.7.241.180 - - [23/Jun/2026:15:19:32 +0200] "GET /robots.txt HTTP/2.0" 200 104 "-" "Mozilla/5.0 (Macintosh; Intel Mac OS X 10_15_7) AppleWebKit/537.36 (KHTML, like Gecko) Chrome/131.0.0.0 Safari/537.36; compatible; OAI-SearchBot/1.4; robots.txt; +https://openai.com/searchbot"
65.108.235.243 - - [23/Jun/2026:15:21:24 +0200] "POST /wp-cron.php?doing_wp_cron=1782220884.0021109580993652343750 HTTP/1.1" 200 1 "-" "WordPress/7.0; https://parma.elettroservicegroup.it"
172.213.21.23 - - [23/Jun/2026:15:21:14 +0200] "GET /assistenza-bosch-fidenza/ HTTP/2.0" 200 22725 "-" "Mozilla/5.0 AppleWebKit/537.36 (KHTML, like Gecko); compatible; ChatGPT-User/1.0; +https://openai.com/bot"
172.213.21.22 - - [23/Jun/2026:15:21:14 +0200] "GET /assistenza-lavastoviglie-bosch-fidenza/ HTTP/2.0" 200 - "-" "Mozilla/5.0 AppleWebKit/537.36 (KHTML, like Gecko); compatible; ChatGPT-User/1.0; +https://openai.com/bot"
74.7.242.184 - - [23/Jun/2026:15:21:46 +0200] "GET /assistenza-lavastoviglie-bosch-fidenza/ HTTP/2.0" 200 22681 "-" "Mozilla/5.0 (Macintosh; Intel Mac OS X 10_15_7) AppleWebKit/537.36 (KHTML, like Gecko) Chrome/131.0.0.0 Safari/537.36; compatible; OAI-SearchBot/1.4; +https://openai.com/searchbot"
65.108.235.243 - - [23/Jun/2026:15:21:50 +0200] "POST /wp-cron.php?doing_wp_cron=1782220910.4939548969268798828125 HTTP/1.1" 200 1 "-" "WordPress/7.0; https://parma.elettroservicegroup.it"
74.7.229.132 - - [23/Jun/2026:15:21:50 +0200] "GET /assistenza-bosch-fidenza/ HTTP/2.0" 415 22710 "-" "Mozilla/5.0 (Macintosh; Intel Mac OS X 10_15_7) AppleWebKit/537.36 (KHTML, like Gecko) Chrome/131.0.0.0 Safari/537.36; compatible; OAI-SearchBot/1.4; +https://openai.com/searchbot"
74.7.243.245 - - [23/Jun/2026:15:21:48 +0200] "GET /wp-content/uploads/elementor/css/post-17299.css?ver=1782220884 HTTP/2.0" 404 18285 "https://parma.elettroservicegroup.it/assistenza-lavastoviglie-bosch-fidenza/" "Mozilla/5.0 AppleWebKit/537.36 (KHTML, like Gecko; compatible; GPTBot/1.4; +https://openai.com/gptbot)"
74.7.243.245 - - [23/Jun/2026:15:21:51 +0200] "GET /wp-content/uploads/2022/01/copertina-Riparazione_Lavastoviglie-1-4-300x200.jpg HTTP/2.0" 404 17044 "https://parma.elettroservicegroup.it/assistenza-lavastoviglie-bosch-fidenza/" "Mozilla/5.0 AppleWebKit/537.36 (KHTML, like Gecko; compatible; GPTBot/1.4; +https://openai.com/gptbot)"
74.7.228.246 - - [23/Jun/2026:15:21:53 +0200] "GET /wp-json/oembed/1.0/embed?format=xml&url=https%3A%2F%2Fparma.elettroservicegroup.it%2Fassistenza-lavastoviglie-bosch-fidenza%2F HTTP/2.0" 200 1002 "https://parma.elettroservicegroup.it/assistenza-lavastoviglie-bosch-fidenza/" "Mozilla/5.0 (Macintosh; Intel Mac OS X 10_15_7) AppleWebKit/537.36 (KHTML, like Gecko) Chrome/131.0.0.0 Safari/537.36; compatible; OAI-SearchBot/1.4; +https://openai.com/searchbot"
74.7.242.140 - - [23/Jun/2026:15:21:55 +0200] "GET /wp-content/uploads/2021/10/LAVASTOVIGLIE-1.jpg HTTP/2.0" 404 17025 "https://parma.elettroservicegroup.it/assistenza-lavastoviglie-bosch-fidenza/" "Mozilla/5.0 (Macintosh; Intel Mac OS X 10_15_7) AppleWebKit/537.36 (KHTML, like Gecko) Chrome/131.0.0.0 Safari/537.36; compatible; OAI-SearchBot/1.4; +https://openai.com/searchbot"
74.7.242.140 - - [23/Jun/2026:15:21:58 +0200] "GET /?p=17299 HTTP/2.0" 415 22543 "https://parma.elettroservicegroup.it/assistenza-lavastoviglie-bosch-fidenza/" "Mozilla/5.0 (Macintosh; Intel Mac OS X 10_15_7) AppleWebKit/537.36 (KHTML, like Gecko) Chrome/131.0.0.0 Safari/537.36; compatible; OAI-SearchBot/1.4; +https://openai.com/searchbot"
74.7.229.132 - - [23/Jun/2026:15:22:00 +0200] "GET /wp-content/uploads/elementor/css/post-17299.css?ver=1782220884 HTTP/2.0" 404 18285 "https://parma.elettroservicegroup.it/assistenza-lavastoviglie-bosch-fidenza/" "Mozilla/5.0 (Macintosh; Intel Mac OS X 10_15_7) AppleWebKit/537.36 (KHTML, like Gecko) Chrome/131.0.0.0 Safari/537.36; compatible; OAI-SearchBot/1.4; +https://openai.com/searchbot"
74.7.243.48 - - [23/Jun/2026:15:22:04 +0200] "GET /wp-content/uploads/2022/01/copertina-Riparazione_Lavastoviglie-1-4-300x200.jpg HTTP/2.0" 200 13797 "https://parma.elettroservicegroup.it/assistenza-lavastoviglie-bosch-fidenza/" "Mozilla/5.0 (Macintosh; Intel Mac OS X 10_15_7) AppleWebKit/537.36 (KHTML, like Gecko) Chrome/131.0.0.0 Safari/537.36; compatible; OAI-SearchBot/1.4; +https://openai.com/searchbot"
74.7.243.245 - - [23/Jun/2026:15:22:01 +0200] "GET /wp-content/uploads/2021/10/LAVASTOVIGLIE-1.jpg HTTP/2.0" 404 17025 "https://parma.elettroservicegroup.it/assistenza-lavastoviglie-bosch-fidenza/" "Mozilla/5.0 AppleWebKit/537.36 (KHTML, like Gecko; compatible; GPTBot/1.4; +https://openai.com/gptbot)"
74.7.229.116 - - [23/Jun/2026:15:22:06 +0200] "GET /wp-json/wp/v2/pages/17299 HTTP/2.0" 415 8942 "https://parma.elettroservicegroup.it/assistenza-lavastoviglie-bosch-fidenza/" "Mozilla/5.0 (Macintosh; Intel Mac OS X 10_15_7) AppleWebKit/537.36 (KHTML, like Gecko) Chrome/131.0.0.0 Safari/537.36; compatible; OAI-SearchBot/1.4; +https://openai.com/searchbot"
74.7.243.50 - - [23/Jun/2026:15:22:09 +0200] "GET /parmaelettroservicegroupit/titolo/ HTTP/2.0" 404 17017 "https://parma.elettroservicegroup.it/assistenza-lavastoviglie-bosch-fidenza/" "Mozilla/5.0 (Macintosh; Intel Mac OS X 10_15_7) AppleWebKit/537.36 (KHTML, like Gecko) Chrome/131.0.0.0 Safari/537.36; compatible; OAI-SearchBot/1.4; +https://openai.com/searchbot"
74.7.229.116 - - [23/Jun/2026:15:22:11 +0200] "GET /wp-json/wp/v2/pages/17299 HTTP/2.0" 415 8942 "https://parma.elettroservicegroup.it/assistenza-lavastoviglie-bosch-fidenza/" "Mozilla/5.0 (Macintosh; Intel Mac OS X 10_15_7) AppleWebKit/537.36 (KHTML, like Gecko) Chrome/131.0.0.0 Safari/537.36; compatible; OAI-SearchBot/1.4; +https://openai.com/searchbot"
74.7.229.116 - - [23/Jun/2026:15:22:13 +0200] "GET /wp-json/oembed/1.0/embed?url=https%3A%2F%2Fparma.elettroservicegroup.it%2Fassistenza-lavastoviglie-bosch-fidenza%2F HTTP/2.0" 400 100 "https://parma.elettroservicegroup.it/assistenza-lavastoviglie-bosch-fidenza/" "Mozilla/5.0 (Macintosh; Intel Mac OS X 10_15_7) AppleWebKit/537.36 (KHTML, like Gecko) Chrome/131.0.0.0 Safari/537.36; compatible; OAI-SearchBot/1.4; +https://openai.com/searchbot"
65.108.235.243 - - [23/Jun/2026:15:22:17 +0200] "POST /wp-cron.php?doing_wp_cron=1782220937.5115590095520019531250 HTTP/1.1" 200 1 "-" "WordPress/7.0; https://parma.elettroservicegroup.it"
74.7.229.116 - - [23/Jun/2026:15:22:16 +0200] "GET /wp-json/oembed/1.0/embed?url=https%3A%2F%2Fparma.elettroservicegroup.it%2Fassistenza-lavastoviglie-bosch-fidenza%2F HTTP/2.0" 400 100 "https://parma.elettroservicegroup.it/assistenza-lavastoviglie-bosch-fidenza/" "Mozilla/5.0 (Macintosh; Intel Mac OS X 10_15_7) AppleWebKit/537.36 (KHTML, like Gecko) Chrome/131.0.0.0 Safari/537.36; compatible; OAI-SearchBot/1.4; +https://openai.com/searchbot"
74.7.228.246 - - [23/Jun/2026:15:22:18 +0200] "GET /wp-json/oembed/1.0/embed?format=xml&url=https%3A%2F%2Fparma.elettroservicegroup.it%2Fassistenza-lavastoviglie-bosch-fidenza%2F HTTP/2.0" 200 1004 "https://parma.elettroservicegroup.it/assistenza-lavastoviglie-bosch-fidenza/" "Mozilla/5.0 (Macintosh; Intel Mac OS X 10_15_7) AppleWebKit/537.36 (KHTML, like Gecko) Chrome/131.0.0.0 Safari/537.36; compatible; OAI-SearchBot/1.4; +https://openai.com/searchbot"
74.7.242.140 - - [23/Jun/2026:15:22:21 +0200] "GET /?p=17299 HTTP/2.0" 415 22543 "https://parma.elettroservicegroup.it/assistenza-lavastoviglie-bosch-fidenza/" "Mozilla/5.0 (Macintosh; Intel Mac OS X 10_15_7) AppleWebKit/537.36 (KHTML, like Gecko) Chrome/131.0.0.0 Safari/537.36; compatible; OAI-SearchBot/1.4; +https://openai.com/searchbot"
74.7.175.185 - - [23/Jun/2026:15:26:35 +0200] "GET /robots.txt HTTP/2.0" 301 1 "-" "Mozilla/5.0 (Macintosh; Intel Mac OS X 10_15_7) AppleWebKit/537.36 (KHTML, like Gecko) Chrome/131.0.0.0 Safari/537.36; compatible; OAI-SearchBot/1.4; robots.txt; +https://openai.com/searchbot"
65.108.235.243 - - [23/Jun/2026:15:26:42 +0200] "POST /wp-cron.php?doing_wp_cron=1782221201.9066889286041259765625 HTTP/1.1" 200 1 "-" "WordPress/7.0; https://parma.elettroservicegroup.it"
74.7.241.26 - - [23/Jun/2026:15:26:35 +0200] "GET / HTTP/2.0" 301 1 "-" "Mozilla/5.0 AppleWebKit/537.36 (KHTML, like Gecko; compatible; GPTBot/1.4; +https://openai.com/gptbot)"
74.7.175.185 - - [23/Jun/2026:15:26:42 +0200] "GET /robots.txt HTTP/2.0" 200 104 "https://www.parma.elettroservicegroup.it/robots.txt" "Mozilla/5.0 (Macintosh; Intel Mac OS X 10_15_7) AppleWebKit/537.36 (KHTML, like Gecko) Chrome/131.0.0.0 Safari/537.36; compatible; OAI-SearchBot/1.4; robots.txt; +https://openai.com/searchbot"
65.108.235.243 - - [23/Jun/2026:15:27:53 +0200] "POST /wp-cron.php?doing_wp_cron=1782221273.1521999835968017578125 HTTP/1.1" 200 1 "-" "WordPress/7.0; https://parma.elettroservicegroup.it"
52.167.144.233 - - [23/Jun/2026:15:27:50 +0200] "GET /sitemap.rss HTTP/2.0" 200 1348 "-" "Mozilla/5.0 AppleWebKit/537.36 (KHTML, like Gecko; compatible; bingbot/2.0; +http://www.bing.com/bingbot.htm) Chrome/116.0.1938.76 Safari/537.36"
20.191.45.212 - - [23/Jun/2026:15:32:17 +0200] "GET / HTTP/1.1" 200 162187 "http://parma.elettroservicegroup.it" "DuckDuckBot/1.1; (+http://duckduckgo.com/duckduckbot.html)"
20.191.45.212 - - [23/Jun/2026:15:32:17 +0200] "GET /wp-content/uploads/2021/10/cropped-cropped-cropped-cropped-logo_white_background-32x32.png HTTP/1.1" 200 1525 "-" "DuckDuckBot/1.1; (+http://duckduckgo.com/duckduckbot.html)"
141.98.11.134 - - [23/Jun/2026:15:38:38 +0200] "GET / HTTP/1.1" 200 11758 "-" "Mozilla/5.0 (X11; Linux x86_64) AppleWebKit/537.36"
65.108.235.243 - - [23/Jun/2026:15:48:29 +0200] "POST /wp-cron.php?doing_wp_cron=1782222509.6074259281158447265625 HTTP/1.1" 200 1 "-" "WordPress/7.0; https://parma.elettroservicegroup.it"
52.167.144.175 - - [23/Jun/2026:15:48:24 +0200] "GET /assistenza-condizionatori HTTP/2.0" 404 17008 "-" "Mozilla/5.0 AppleWebKit/537.36 (KHTML, like Gecko; compatible; bingbot/2.0; +http://www.bing.com/bingbot.htm) Chrome/116.0.1938.76 Safari/537.36"
65.108.235.243 - - [23/Jun/2026:15:48:33 +0200] "POST /wp-json/complianz/v1/wsc-scan HTTP/1.1" 400 88 "-" "WordPress/7.0; https://parma.elettroservicegroup.it"
74.7.242.184 - - [23/Jun/2026:15:51:29 +0200] "GET /wp-content/uploads/2022/01/lavastoviglie2-2-768x512.jpg HTTP/2.0" 200 79921 "https://parma.elettroservicegroup.it/assistenza-lavastoviglie-bosch-fidenza/" "Mozilla/5.0 (Macintosh; Intel Mac OS X 10_15_7) AppleWebKit/537.36 (KHTML, like Gecko) Chrome/131.0.0.0 Safari/537.36; compatible; OAI-SearchBot/1.4; +https://openai.com/searchbot"
65.108.235.243 - - [23/Jun/2026:16:09:04 +0200] "POST /wp-cron.php?doing_wp_cron=1782223744.6133480072021484375000 HTTP/1.1" 200 1 "-" "WordPress/7.0; https://parma.elettroservicegroup.it"
216.73.217.62 - - [23/Jun/2026:16:08:56 +0200] "GET /robots.txt HTTP/2.0" 200 104 "-" "Mozilla/5.0 AppleWebKit/537.36 (KHTML, like Gecko; compatible; ClaudeBot/1.0; +claudebot@anthropic.com)"
216.73.217.62 - - [23/Jun/2026:16:09:09 +0200] "GET /wp-content/cache/wpfc-minified/7c59zwuk/2ege8.css HTTP/2.0" 200 16110 "-" "Mozilla/5.0 AppleWebKit/537.36 (KHTML, like Gecko; compatible; ClaudeBot/1.0; +claudebot@anthropic.com)"
65.108.235.243 - - [23/Jun/2026:16:40:16 +0200] "POST /wp-cron.php?doing_wp_cron=1782225616.1897959709167480468750 HTTP/1.1" 200 1 "-" "WordPress/7.0; https://parma.elettroservicegroup.it"
74.7.243.245 - - [23/Jun/2026:16:40:08 +0200] "GET /sitemap.rss HTTP/2.0" 415 1351 "-" "Mozilla/5.0 AppleWebKit/537.36 (KHTML, like Gecko; compatible; GPTBot/1.4; +https://openai.com/gptbot)"
65.108.235.243 - - [23/Jun/2026:16:53:10 +0200] "POST /wp-content/plugins/burst-statistics/endpoint.php HTTP/1.1" 200 1 "-" "WordPress/7.0; https://parma.elettroservicegroup.it"
65.108.235.243 - - [23/Jun/2026:16:53:10 +0200] "POST /wp-cron.php?doing_wp_cron=1782226390.6581339836120605468750 HTTP/1.1" 200 1 "-" "WordPress/7.0; https://parma.elettroservicegroup.it"
49.228.47.49 - - [23/Jun/2026:16:53:08 +0200] "GET /assistenza-lavatrici-ariston-parma/ HTTP/2.0" 200 22807 "-" "Mozilla/5.0 (Linux; Android 5.0; SM-G900P Build/LRX21T) AppleWebKit/537.36 (KHTML, like Gecko) Chrome/53.0.2202.1166 Mobile Safari/537.36"
65.108.235.243 - - [23/Jun/2026:16:53:11 +0200] "POST /wp-json/complianz/v1/wsc-scan HTTP/1.1" 400 88 "-" "WordPress/7.0; https://parma.elettroservicegroup.it"
209.242.198.248 - - [23/Jun/2026:16:53:13 +0200] "GET /wp-content/plugins/elementor/assets/css/widget-heading.min.css?ver=4.1.4 HTTP/2.0" 200 127 "https://parma.elettroservicegroup.it/assistenza-lavatrici-ariston-parma/" "Mozilla/5.0 (Linux; Android 5.0; SM-G900P Build/LRX21T) AppleWebKit/537.36 (KHTML, like Gecko) Chrome/53.0.2202.1166 Mobile Safari/537.36"
209.242.198.248 - - [23/Jun/2026:16:53:13 +0200] "GET /wp-content/uploads/elementor/google-fonts/css/robotoslab.css?ver=1742280362 HTTP/2.0" 200 715 "https://parma.elettroservicegroup.it/assistenza-lavatrici-ariston-parma/" "Mozilla/5.0 (Linux; Android 5.0; SM-G900P Build/LRX21T) AppleWebKit/537.36 (KHTML, like Gecko) Chrome/53.0.2202.1166 Mobile Safari/537.36"
209.242.198.248 - - [23/Jun/2026:16:53:13 +0200] "GET /wp-content/plugins/gp-premium/menu-plus/functions/css/navigation-branding-flex.min.css?ver=2.5.5 HTTP/2.0" 200 542 "https://parma.elettroservicegroup.it/assistenza-lavatrici-ariston-parma/" "Mozilla/5.0 (Linux; Android 5.0; SM-G900P Build/LRX21T) AppleWebKit/537.36 (KHTML, like Gecko) Chrome/53.0.2202.1166 Mobile Safari/537.36"
209.242.198.248 - - [23/Jun/2026:16:53:13 +0200] "GET /wp-content/uploads/elementor/css/post-17324.css?ver=1782176563 HTTP/2.0" 200 2042 "https://parma.elettroservicegroup.it/assistenza-lavatrici-ariston-parma/" "Mozilla/5.0 (Linux; Android 5.0; SM-G900P Build/LRX21T) AppleWebKit/537.36 (KHTML, like Gecko) Chrome/53.0.2202.1166 Mobile Safari/537.36"
209.242.198.248 - - [23/Jun/2026:16:53:13 +0200] "GET /wp-content/plugins/elementor/assets/css/widget-image.min.css?ver=4.1.4 HTTP/2.0" 200 96 "https://parma.elettroservicegroup.it/assistenza-lavatrici-ariston-parma/" "Mozilla/5.0 (Linux; Android 5.0; SM-G900P Build/LRX21T) AppleWebKit/537.36 (KHTML, like Gecko) Chrome/53.0.2202.1166 Mobile Safari/537.36"
209.242.198.248 - - [23/Jun/2026:16:53:13 +0200] "GET /wp-content/plugins/header-footer-elementor/inc/widgets-css/frontend.css?ver=2.8.8 HTTP/2.0" 200 8711 "https://parma.elettroservicegroup.it/assistenza-lavatrici-ariston-parma/" "Mozilla/5.0 (Linux; Android 5.0; SM-G900P Build/LRX21T) AppleWebKit/537.36 (KHTML, like Gecko) Chrome/53.0.2202.1166 Mobile Safari/537.36"
209.242.198.248 - - [23/Jun/2026:16:53:13 +0200] "GET /wp-content/uploads/elementor/google-fonts/css/roboto.css?ver=1742280360 HTTP/2.0" 200 1880 "https://parma.elettroservicegroup.it/assistenza-lavatrici-ariston-parma/" "Mozilla/5.0 (Linux; Android 5.0; SM-G900P Build/LRX21T) AppleWebKit/537.36 (KHTML, like Gecko) Chrome/53.0.2202.1166 Mobile Safari/537.36"
209.242.198.248 - - [23/Jun/2026:16:53:13 +0200] "GET /wp-includes/js/jquery/jquery-migrate.min.js?ver=3.4.1 HTTP/2.0" 200 4685 "https://parma.elettroservicegroup.it/assistenza-lavatrici-ariston-parma/" "Mozilla/5.0 (Linux; Android 5.0; SM-G900P Build/LRX21T) AppleWebKit/537.36 (KHTML, like Gecko) Chrome/53.0.2202.1166 Mobile Safari/537.36"
209.242.198.248 - - [23/Jun/2026:16:53:13 +0200] "GET /wp-includes/js/jquery/jquery.min.js?ver=3.7.1 HTTP/2.0" 200 29769 "https://parma.elettroservicegroup.it/assistenza-lavatrici-ariston-parma/" "Mozilla/5.0 (Linux; Android 5.0; SM-G900P Build/LRX21T) AppleWebKit/537.36 (KHTML, like Gecko) Chrome/53.0.2202.1166 Mobile Safari/537.36"
209.242.198.248 - - [23/Jun/2026:16:53:14 +0200] "GET /wp-content/uploads/2021/10/cropped-logo_white_background.png HTTP/2.0" 206 500 "https://parma.elettroservicegroup.it/assistenza-lavatrici-ariston-parma/" "Mozilla/5.0 (Linux; Android 5.0; SM-G900P Build/LRX21T) AppleWebKit/537.36 (KHTML, like Gecko) Chrome/53.0.2202.1166 Mobile Safari/537.36"
209.242.198.248 - - [23/Jun/2026:16:53:14 +0200] "GET /wp-content/plugins/gp-premium/menu-plus/functions/js/sticky.min.js?ver=2.5.5 HTTP/2.0" 200 2670 "https://parma.elettroservicegroup.it/assistenza-lavatrici-ariston-parma/" "Mozilla/5.0 (Linux; Android 5.0; SM-G900P Build/LRX21T) AppleWebKit/537.36 (KHTML, like Gecko) Chrome/53.0.2202.1166 Mobile Safari/537.36"
209.242.198.248 - - [23/Jun/2026:16:53:14 +0200] "GET /wp-content/plugins/elementor/assets/js/frontend-modules.min.js?ver=4.1.4 HTTP/2.0" 200 15454 "https://parma.elettroservicegroup.it/assistenza-lavatrici-ariston-parma/" "Mozilla/5.0 (Linux; Android 5.0; SM-G900P Build/LRX21T) AppleWebKit/537.36 (KHTML, like Gecko) Chrome/53.0.2202.1166 Mobile Safari/537.36"
209.242.198.248 - - [23/Jun/2026:16:53:14 +0200] "GET /wp-content/themes/generatepress/assets/js/back-to-top.min.js?ver=3.6.1 HTTP/2.0" 200 336 "https://parma.elettroservicegroup.it/assistenza-lavatrici-ariston-parma/" "Mozilla/5.0 (Linux; Android 5.0; SM-G900P Build/LRX21T) AppleWebKit/537.36 (KHTML, like Gecko) Chrome/53.0.2202.1166 Mobile Safari/537.36"
209.242.198.248 - - [23/Jun/2026:16:53:14 +0200] "GET /wp-content/plugins/burst-statistics/assets/js/timeme/timeme.min.js?ver=1781795646 HTTP/2.0" 200 1835 "https://parma.elettroservicegroup.it/assistenza-lavatrici-ariston-parma/" "Mozilla/5.0 (Linux; Android 5.0; SM-G900P Build/LRX21T) AppleWebKit/537.36 (KHTML, like Gecko) Chrome/53.0.2202.1166 Mobile Safari/537.36"
209.242.198.248 - - [23/Jun/2026:16:53:15 +0200] "GET /wp-content/uploads/2022/01/LAVATRICE-10.jpg HTTP/2.0" 206 500 "https://parma.elettroservicegroup.it/assistenza-lavatrici-ariston-parma/" "Mozilla/5.0 (Linux; Android 5.0; SM-G900P Build/LRX21T) AppleWebKit/537.36 (KHTML, like Gecko) Chrome/53.0.2202.1166 Mobile Safari/537.36"
209.242.198.248 - - [23/Jun/2026:16:53:15 +0200] "GET /wp-content/uploads/2022/01/TECNIC-LAVATRICE-8-768x432.jpg HTTP/2.0" 206 500 "https://parma.elettroservicegroup.it/assistenza-lavatrici-ariston-parma/" "Mozilla/5.0 (Linux; Android 5.0; SM-G900P Build/LRX21T) AppleWebKit/537.36 (KHTML, like Gecko) Chrome/53.0.2202.1166 Mobile Safari/537.36"
209.242.198.248 - - [23/Jun/2026:16:53:15 +0200] "GET /wp-content/plugins/elementor/assets/js/shared-frontend-handlers.03caa53373b56d3bab67.bundle.min.js HTTP/2.0" 200 2515 "https://parma.elettroservicegroup.it/assistenza-lavatrici-ariston-parma/" "Mozilla/5.0 (Linux; Android 5.0; SM-G900P Build/LRX21T) AppleWebKit/537.36 (KHTML, like Gecko) Chrome/53.0.2202.1166 Mobile Safari/537.36"
209.242.198.248 - - [23/Jun/2026:16:53:15 +0200] "GET /wp-json/complianz/v1/banner?lang=it&locale=it_IT&token=boumc HTTP/2.0" 200 81 "https://parma.elettroservicegroup.it/assistenza-lavatrici-ariston-parma/" "Mozilla/5.0 (Linux; Android 5.0; SM-G900P Build/LRX21T) AppleWebKit/537.36 (KHTML, like Gecko) Chrome/53.0.2202.1166 Mobile Safari/537.36"
209.242.198.248 - - [23/Jun/2026:16:53:16 +0200] "GET /wp-json/complianz/v1/cookie_data HTTP/2.0" 200 81 "https://parma.elettroservicegroup.it/assistenza-lavatrici-ariston-parma/" "Mozilla/5.0 (Linux; Android 5.0; SM-G900P Build/LRX21T) AppleWebKit/537.36 (KHTML, like Gecko) Chrome/53.0.2202.1166 Mobile Safari/537.36"
65.108.235.243 - - [23/Jun/2026:16:55:17 +0200] "POST /wp-cron.php?doing_wp_cron=1782226517.6686229705810546875000 HTTP/1.1" 200 1 "-" "WordPress/7.0; https://parma.elettroservicegroup.it"
74.7.243.245 - - [23/Jun/2026:16:55:16 +0200] "GET /sitemap.xml HTTP/2.0" 415 312 "-" "Mozilla/5.0 AppleWebKit/537.36 (KHTML, like Gecko; compatible; GPTBot/1.4; +https://openai.com/gptbot)"
65.108.235.243 - - [23/Jun/2026:17:05:34 +0200] "POST /wp-cron.php?doing_wp_cron=1782227134.3018829822540283203125 HTTP/1.1" 200 1 "-" "WordPress/7.0; https://parma.elettroservicegroup.it"
66.249.89.135 - - [23/Jun/2026:17:05:32 +0200] "GET /termini-e-condizioni/ HTTP/1.1" 200 18318 "-" "Mozilla/5.0 (Linux; Android 6.0.1; Nexus 5X Build/MMB29P) AppleWebKit/537.36 (KHTML, like Gecko) Chrome/148.0.7778.96 Mobile Safari/537.36 (compatible; AdsBot-Google-Mobile; +http://www.google.com/mobile/adsbot.html)"
66.249.89.135 - - [23/Jun/2026:17:05:35 +0200] "GET /wp-content/plugins/elementor/assets/css/frontend.min.css?ver=4.1.4 HTTP/1.1" 200 6618 "https://parma.elettroservicegroup.it/termini-e-condizioni/" "AdsBot-Google (+http://www.google.com/adsbot.html)"
66.249.89.133 - - [23/Jun/2026:17:05:35 +0200] "GET /wp-content/plugins/elementor/assets/lib/font-awesome/css/v4-shims.min.css?ver=4.1.4 HTTP/1.1" 200 3986 "https://parma.elettroservicegroup.it/termini-e-condizioni/" "AdsBot-Google (+http://www.google.com/adsbot.html)"
66.249.89.133 - - [23/Jun/2026:17:05:35 +0200] "GET /wp-content/plugins/elementor/assets/lib/eicons/css/elementor-icons.min.css?ver=5.50.0 HTTP/1.1" 200 4125 "https://parma.elettroservicegroup.it/termini-e-condizioni/" "AdsBot-Google (+http://www.google.com/adsbot.html)"
66.249.89.135 - - [23/Jun/2026:17:05:36 +0200] "GET /wp-content/uploads/elementor/css/post-14366.css?ver=1782141874 HTTP/1.1" 200 302 "https://parma.elettroservicegroup.it/termini-e-condizioni/" "AdsBot-Google (+http://www.google.com/adsbot.html)"
66.249.89.133 - - [23/Jun/2026:17:05:36 +0200] "GET /wp-content/plugins/elementor/assets/lib/font-awesome/css/all.min.css?ver=4.1.4 HTTP/1.1" 200 12402 "https://parma.elettroservicegroup.it/termini-e-condizioni/" "AdsBot-Google (+http://www.google.com/adsbot.html)"
66.249.89.135 - - [23/Jun/2026:17:05:36 +0200] "GET /wp-content/plugins/elementor/assets/css/widget-spacer.min.css?ver=4.1.4 HTTP/1.1" 200 287 "https://parma.elettroservicegroup.it/termini-e-condizioni/" "AdsBot-Google (+http://www.google.com/adsbot.html)"
66.249.89.134 - - [23/Jun/2026:17:05:36 +0200] "GET /wp-content/uploads/elementor/css/post-14146.css?ver=1782141874 HTTP/1.1" 200 428 "https://parma.elettroservicegroup.it/termini-e-condizioni/" "AdsBot-Google (+http://www.google.com/adsbot.html)"
66.249.89.133 - - [23/Jun/2026:17:05:36 +0200] "GET /wp-content/uploads/elementor/css/post-15689.css?ver=1782154433 HTTP/1.1" 200 175 "https://parma.elettroservicegroup.it/termini-e-condizioni/" "AdsBot-Google (+http://www.google.com/adsbot.html)"
66.249.89.134 - - [23/Jun/2026:17:05:36 +0200] "GET /wp-content/plugins/elementor/assets/lib/font-awesome/js/v4-shims.min.js?ver=4.1.4 HTTP/1.1" 200 4043 "https://parma.elettroservicegroup.it/termini-e-condizioni/" "AdsBot-Google (+http://www.google.com/adsbot.html)"
66.249.89.133 - - [23/Jun/2026:17:05:36 +0200] "GET /wp-content/uploads/elementor/google-fonts/css/robotoslab.css?ver=1742280362 HTTP/1.1" 200 715 "https://parma.elettroservicegroup.it/termini-e-condizioni/" "AdsBot-Google (+http://www.google.com/adsbot.html)"
66.249.89.133 - - [23/Jun/2026:17:05:37 +0200] "GET /wp-content/plugins/elementor/assets/js/webpack.runtime.min.js?ver=4.1.4 HTTP/1.1" 200 2340 "https://parma.elettroservicegroup.it/termini-e-condizioni/" "AdsBot-Google (+http://www.google.com/adsbot.html)"
66.249.89.133 - - [23/Jun/2026:17:05:37 +0200] "GET /wp-content/plugins/elementor/assets/css/widget-icon-list.min.css?ver=3.24.3 HTTP/1.1" 200 928 "https://parma.elettroservicegroup.it/termini-e-condizioni/" "AdsBot-Google (+http://www.google.com/adsbot.html)"
66.249.89.134 - - [23/Jun/2026:17:05:37 +0200] "GET /wp-content/plugins/complianz-gdpr-premium/assets/css/cookieblocker.min.css?ver=1781535761 HTTP/1.1" 200 615 "https://parma.elettroservicegroup.it/termini-e-condizioni/" "AdsBot-Google (+http://www.google.com/adsbot.html)"
66.249.89.134 - - [23/Jun/2026:17:05:38 +0200] "GET /wp-content/plugins/header-footer-elementor/inc/widgets-css/frontend.css?ver=2.8.8 HTTP/1.1" 200 8711 "https://parma.elettroservicegroup.it/termini-e-condizioni/" "AdsBot-Google (+http://www.google.com/adsbot.html)"
66.249.89.134 - - [23/Jun/2026:17:05:38 +0200] "GET /wp-content/plugins/elementor/assets/lib/font-awesome/css/fontawesome.css?ver=5.15.3 HTTP/1.1" 200 12535 "https://parma.elettroservicegroup.it/termini-e-condizioni/" "AdsBot-Google (+http://www.google.com/adsbot.html)"
66.249.89.133 - - [23/Jun/2026:17:05:38 +0200] "GET /wp-includes/js/jquery/jquery-migrate.min.js?ver=3.4.1 HTTP/1.1" 200 4685 "https://parma.elettroservicegroup.it/termini-e-condizioni/" "AdsBot-Google (+http://www.google.com/adsbot.html)"
66.249.89.133 - - [23/Jun/2026:17:05:39 +0200] "GET /wp-content/themes/generatepress/assets/css/main.min.css?ver=3.6.1 HTTP/1.1" 200 4410 "https://parma.elettroservicegroup.it/termini-e-condizioni/" "AdsBot-Google (+http://www.google.com/adsbot.html)"
66.249.89.134 - - [23/Jun/2026:17:05:39 +0200] "GET /wp-content/plugins/elementor/assets/lib/font-awesome/css/solid.css?ver=5.15.3 HTTP/1.1" 200 299 "https://parma.elettroservicegroup.it/termini-e-condizioni/" "AdsBot-Google (+http://www.google.com/adsbot.html)"
66.249.89.133 - - [23/Jun/2026:17:05:39 +0200] "GET /wp-includes/js/jquery/jquery.min.js?ver=3.7.1 HTTP/1.1" 200 29769 "https://parma.elettroservicegroup.it/termini-e-condizioni/" "AdsBot-Google (+http://www.google.com/adsbot.html)"
66.249.89.133 - - [23/Jun/2026:17:05:39 +0200] "GET /wp-content/plugins/gp-premium/menu-plus/functions/css/navigation-branding-flex.min.css?ver=2.5.5 HTTP/1.1" 200 542 "https://parma.elettroservicegroup.it/termini-e-condizioni/" "AdsBot-Google (+http://www.google.com/adsbot.html)"
66.249.89.133 - - [23/Jun/2026:17:05:40 +0200] "GET /wp-content/uploads/elementor/google-fonts/css/roboto.css?ver=1742280360 HTTP/1.1" 200 1880 "https://parma.elettroservicegroup.it/termini-e-condizioni/" "AdsBot-Google (+http://www.google.com/adsbot.html)"
66.249.89.134 - - [23/Jun/2026:17:05:40 +0200] "GET /wp-content/plugins/elementor/assets/lib/font-awesome/css/brands.css?ver=5.15.3 HTTP/1.1" 200 298 "https://parma.elettroservicegroup.it/termini-e-condizioni/" "AdsBot-Google (+http://www.google.com/adsbot.html)"
66.249.89.133 - - [23/Jun/2026:17:05:41 +0200] "GET /wp-content/plugins/gp-premium/menu-plus/functions/js/sticky.min.js?ver=2.5.5 HTTP/1.1" 200 2670 "https://parma.elettroservicegroup.it/termini-e-condizioni/" "AdsBot-Google (+http://www.google.com/adsbot.html)"
65.108.235.243 - - [23/Jun/2026:17:05:40 +0200] "GET /?wp_scrape_key=57e7f22c92580b85c4d1d076b13177a0&wp_scrape_nonce=1782227138 HTTP/1.1" 200 22593 "-" "WordPress/7.0; https://parma.elettroservicegroup.it"
66.249.89.133 - - [23/Jun/2026:17:05:41 +0200] "GET /wp-content/plugins/all-in-one-seo-pack/dist/Lite/assets/css/table-of-contents/global.e90f6d47.css?ver=4.9.8 HTTP/1.1" 200 420 "https://parma.elettroservicegroup.it/termini-e-condizioni/" "AdsBot-Google (+http://www.google.com/adsbot.html)"
66.249.89.133 - - [23/Jun/2026:17:05:41 +0200] "GET /wp-content/plugins/elementor/assets/lib/eicons/css/elementor-icons.min.css?ver=5.34.0 HTTP/1.1" 200 4125 "https://parma.elettroservicegroup.it/termini-e-condizioni/" "AdsBot-Google (+http://www.google.com/adsbot.html)"
66.249.89.133 - - [23/Jun/2026:17:05:42 +0200] "GET /wp-content/plugins/header-footer-elementor/assets/css/header-footer-elementor.css?ver=2.8.8 HTTP/1.1" 200 260 "https://parma.elettroservicegroup.it/termini-e-condizioni/" "AdsBot-Google (+http://www.google.com/adsbot.html)"
66.249.89.133 - - [23/Jun/2026:17:05:42 +0200] "GET /wp-content/plugins/elementor/assets/css/widget-social-icons.min.css?ver=3.24.0 HTTP/1.1" 200 1039 "https://parma.elettroservicegroup.it/termini-e-condizioni/" "AdsBot-Google (+http://www.google.com/adsbot.html)"
66.249.89.133 - - [23/Jun/2026:17:05:42 +0200] "GET /wp-content/plugins/elementor/assets/js/frontend-modules.min.js?ver=4.1.4 HTTP/1.1" 200 15454 "https://parma.elettroservicegroup.it/termini-e-condizioni/" "AdsBot-Google (+http://www.google.com/adsbot.html)"
66.249.89.133 - - [23/Jun/2026:17:05:43 +0200] "GET /wp-includes/js/jquery/ui/core.min.js?ver=1.13.3 HTTP/1.1" 200 6820 "https://parma.elettroservicegroup.it/termini-e-condizioni/" "AdsBot-Google (+http://www.google.com/adsbot.html)"
66.249.89.133 - - [23/Jun/2026:17:05:43 +0200] "GET /wp-content/uploads/burst/js/burst.min.js?ver=1782210108 HTTP/1.1" 200 3401 "https://parma.elettroservicegroup.it/termini-e-condizioni/" "AdsBot-Google (+http://www.google.com/adsbot.html)"
66.249.89.133 - - [23/Jun/2026:17:05:44 +0200] "GET /wp-content/plugins/elementor/assets/js/frontend.min.js?ver=4.1.4 HTTP/1.1" 200 10140 "https://parma.elettroservicegroup.it/termini-e-condizioni/" "AdsBot-Google (+http://www.google.com/adsbot.html)"
66.249.89.133 - - [23/Jun/2026:17:05:44 +0200] "GET /wp-content/plugins/burst-statistics/assets/js/timeme/timeme.min.js?ver=1781795646 HTTP/1.1" 200 1835 "https://parma.elettroservicegroup.it/termini-e-condizioni/" "AdsBot-Google (+http://www.google.com/adsbot.html)"
66.249.89.133 - - [23/Jun/2026:17:05:44 +0200] "GET /wp-content/plugins/complianz-gdpr-premium/cookiebanner/js/complianz.min.js?ver=1781535760 HTTP/1.1" 200 10762 "https://parma.elettroservicegroup.it/termini-e-condizioni/" "AdsBot-Google (+http://www.google.com/adsbot.html)"
66.249.89.133 - - [23/Jun/2026:17:05:44 +0200] "GET /wp-content/themes/generatepress/assets/js/back-to-top.min.js?ver=3.6.1 HTTP/1.1" 200 336 "https://parma.elettroservicegroup.it/termini-e-condizioni/" "AdsBot-Google (+http://www.google.com/adsbot.html)"
66.249.89.133 - - [23/Jun/2026:17:05:45 +0200] "GET /wp-content/themes/generatepress/assets/js/menu.min.js?ver=3.6.1 HTTP/1.1" 200 1688 "https://parma.elettroservicegroup.it/termini-e-condizioni/" "AdsBot-Google (+http://www.google.com/adsbot.html)"
66.249.89.133 - - [23/Jun/2026:17:05:45 +0200] "GET /wp-content/uploads/elementor/google-fonts/fonts/robotoslab-bngmuxzytxpivibgjjsb6ufn5qu.woff2 HTTP/1.1" 200 34328 "https://parma.elettroservicegroup.it/wp-content/uploads/elementor/google-fonts/css/robotoslab.css?ver=1742280362" "AdsBot-Google (+http://www.google.com/adsbot.html)"
65.108.235.243 - - [23/Jun/2026:17:05:46 +0200] "POST /wp-cron.php?doing_wp_cron=1782227146.0563590526580810546875 HTTP/1.1" 200 1 "-" "WordPress/7.0; https://parma.elettroservicegroup.it"
66.249.89.133 - - [23/Jun/2026:17:05:45 +0200] "GET /wp-json/complianz/v1/banner?lang=it&locale=it_IT&token=zfhuz HTTP/1.1" 200 81 "https://parma.elettroservicegroup.it/termini-e-condizioni/" "AdsBot-Google (+http://www.google.com/adsbot.html)"
66.249.89.133 - - [23/Jun/2026:17:05:46 +0200] "GET /wp-json/complianz/v1/cookie_data HTTP/1.1" 200 81 "https://parma.elettroservicegroup.it/termini-e-condizioni/" "AdsBot-Google (+http://www.google.com/adsbot.html)"
66.249.89.133 - - [23/Jun/2026:17:05:46 +0200] "GET /wp-content/uploads/complianz/css/banner-1-optin.css?v=46 HTTP/1.1" 200 2857 "https://parma.elettroservicegroup.it/termini-e-condizioni/" "AdsBot-Google (+http://www.google.com/adsbot.html)"
66.249.89.135 - - [23/Jun/2026:17:06:01 +0200] "GET /wp-content/plugins/elementor/assets/js/shared-frontend-handlers.03caa53373b56d3bab67.bundle.min.js HTTP/1.1" 200 2515 "https://parma.elettroservicegroup.it/termini-e-condizioni/" "AdsBot-Google (+http://www.google.com/adsbot.html)"
66.249.89.135 - - [23/Jun/2026:17:06:01 +0200] "GET /wp-content/plugins/elementor/assets/js/section-frontend-handlers.d85ab872da118940910d.bundle.min.js HTTP/1.1" 200 230 "https://parma.elettroservicegroup.it/termini-e-condizioni/" "AdsBot-Google (+http://www.google.com/adsbot.html)"
66.249.89.135 - - [23/Jun/2026:17:06:01 +0200] "GET /wp-content/plugins/elementor/assets/js/text-editor.45609661e409413f1cef.bundle.min.js HTTP/1.1" 200 592 "https://parma.elettroservicegroup.it/termini-e-condizioni/" "AdsBot-Google (+http://www.google.com/adsbot.html)"
65.108.235.243 - - [23/Jun/2026:17:55:27 +0200] "POST /wp-cron.php?doing_wp_cron=1782230127.7650730609893798828125 HTTP/1.1" 200 1 "-" "WordPress/7.0; https://parma.elettroservicegroup.it"
40.77.167.2 - - [23/Jun/2026:17:55:25 +0200] "GET /assistenza-lavastoviglie-parma/ HTTP/2.0" 200 22703 "-" "Mozilla/5.0 AppleWebKit/537.36 (KHTML, like Gecko; compatible; bingbot/2.0; +http://www.bing.com/bingbot.htm) Chrome/116.0.1938.76 Safari/537.36"
65.108.235.243 - - [23/Jun/2026:17:55:28 +0200] "POST /wp-json/complianz/v1/wsc-scan HTTP/1.1" 400 88 "-" "WordPress/7.0; https://parma.elettroservicegroup.it"
52.167.144.25 - - [23/Jun/2026:17:55:53 +0200] "GET /wp-content/cache/wpfc-minified/mlc3cvj3/43gzj.css HTTP/2.0" 200 16388 "https://parma.elettroservicegroup.it/assistenza-lavastoviglie-parma/" "Mozilla/5.0 AppleWebKit/537.36 (KHTML, like Gecko; compatible; bingbot/2.0; +http://www.bing.com/bingbot.htm) Chrome/136.0.0.0 Safari/537.36 AppleWebKit/537.36 (KHTML, like Gecko; compatible; bingbot/2.0; +http://www.bing.com/bingbot.htm) Chrome/116.0.1938.76 Safari/537.36"
40.77.167.2 - - [23/Jun/2026:17:55:57 +0200] "GET /wp-content/uploads/elementor/css/post-14146.css?ver=1782227141 HTTP/2.0" 200 428 "https://parma.elettroservicegroup.it/assistenza-lavastoviglie-parma/" "Mozilla/5.0 AppleWebKit/537.36 (KHTML, like Gecko; compatible; bingbot/2.0; +http://www.bing.com/bingbot.htm) Chrome/136.0.0.0 Safari/537.36 AppleWebKit/537.36 (KHTML, like Gecko; compatible; bingbot/2.0; +http://www.bing.com/bingbot.htm) Chrome/116.0.1938.76 Safari/537.36"
40.77.167.2 - - [23/Jun/2026:17:55:57 +0200] "GET /wp-content/uploads/elementor/css/post-14366.css?ver=1782227141 HTTP/2.0" 200 302 "https://parma.elettroservicegroup.it/assistenza-lavastoviglie-parma/" "Mozilla/5.0 AppleWebKit/537.36 (KHTML, like Gecko; compatible; bingbot/2.0; +http://www.bing.com/bingbot.htm) Chrome/136.0.0.0 Safari/537.36 AppleWebKit/537.36 (KHTML, like Gecko; compatible; bingbot/2.0; +http://www.bing.com/bingbot.htm) Chrome/116.0.1938.76 Safari/537.36"
40.77.167.2 - - [23/Jun/2026:17:55:57 +0200] "GET /wp-content/uploads/elementor/css/post-17286.css?ver=1782230127 HTTP/2.0" 200 2371 "https://parma.elettroservicegroup.it/assistenza-lavastoviglie-parma/" "Mozilla/5.0 AppleWebKit/537.36 (KHTML, like Gecko; compatible; bingbot/2.0; +http://www.bing.com/bingbot.htm) Chrome/136.0.0.0 Safari/537.36 AppleWebKit/537.36 (KHTML, like Gecko; compatible; bingbot/2.0; +http://www.bing.com/bingbot.htm) Chrome/116.0.1938.76 Safari/537.36"
66.249.64.71 - - [23/Jun/2026:18:15:16 +0200] "GET /wp-content/uploads/2021/10/TECNICO-FRIGO-2-300x197.jpg HTTP/1.1" 200 15322 "-" "Googlebot-Image/1.0"
5.78.194.65 - - [23/Jun/2026:18:21:24 +0200] "GET /assistenza-miele-parma/ HTTP/2.0" 200 22620 "-" "Mozilla/5.0 (Macintosh; Intel Mac OS X 10_15_7) AppleWebKit/537.36 (KHTML, like Gecko) Chrome/146.0.0.0 Safari/537.36"
65.108.235.243 - - [23/Jun/2026:18:21:26 +0200] "POST /wp-cron.php?doing_wp_cron=1782231686.2175159454345703125000 HTTP/1.1" 200 1 "-" "WordPress/7.0; https://parma.elettroservicegroup.it"
204.168.239.13 - - [23/Jun/2026:18:21:22 +0200] "GET /robots.txt HTTP/1.1" 200 104 "-" "Mozilla/5.0 AppleWebKit/537.36 (KHTML, like Gecko; compatible; Bravebot/1.0; +https://search.brave.com/help/brave-search-crawler) Chrome/W.X.Y.Z Safari/537.36"
16.147.222.166 - - [23/Jun/2026:18:21:32 +0200] "GET /wp-content/uploads/2021/11/TECNIC-LAVATRICE-300x169.jpg HTTP/2.0" 200 12560 "-" "Mozilla/5.0 (Windows NT 10.0; Win64; x64) AppleWebKit/537.36 (KHTML, like Gecko) Chrome/144.0.0.0 Safari/537.36"
16.147.223.85 - - [23/Jun/2026:18:21:32 +0200] "GET /wp-content/uploads/2022/08/COPERTINA-300x150.png HTTP/2.0" 200 29437 "-" "Mozilla/5.0 (Windows NT 10.0; Win64; x64) AppleWebKit/537.36 (KHTML, like Gecko) Chrome/144.0.0.0 Safari/537.36"
65.108.235.243 - - [23/Jun/2026:18:21:47 +0200] "POST /wp-cron.php?doing_wp_cron=1782231707.6993710994720458984375 HTTP/1.1" 200 1 "-" "WordPress/7.0; https://parma.elettroservicegroup.it"
151.68.233.149 - - [23/Jun/2026:18:21:42 +0200] "GET /assistenza-miele-parma/ HTTP/2.0" 200 22776 "https://search.brave.com/" "Mozilla/5.0 (Linux; Android 10; K) AppleWebKit/537.36 (KHTML, like Gecko) Chrome/149.0.0.0 Mobile Safari/537.36"
151.68.233.149 - - [23/Jun/2026:18:21:48 +0200] "GET /wp-content/plugins/header-footer-elementor/assets/css/header-footer-elementor.css?ver=2.8.8 HTTP/2.0" 200 260 "https://parma.elettroservicegroup.it/assistenza-miele-parma/" "Mozilla/5.0 (Linux; Android 10; K) AppleWebKit/537.36 (KHTML, like Gecko) Chrome/149.0.0.0 Mobile Safari/537.36"
151.68.233.149 - - [23/Jun/2026:18:21:48 +0200] "GET /wp-content/plugins/all-in-one-seo-pack/dist/Lite/assets/css/table-of-contents/global.e90f6d47.css?ver=4.9.8 HTTP/2.0" 200 420 "https://parma.elettroservicegroup.it/assistenza-miele-parma/" "Mozilla/5.0 (Linux; Android 10; K) AppleWebKit/537.36 (KHTML, like Gecko) Chrome/149.0.0.0 Mobile Safari/537.36"
151.68.233.149 - - [23/Jun/2026:18:21:48 +0200] "GET /wp-content/plugins/complianz-gdpr-premium/assets/css/cookieblocker.min.css?ver=1781535761 HTTP/2.0" 200 615 "https://parma.elettroservicegroup.it/assistenza-miele-parma/" "Mozilla/5.0 (Linux; Android 10; K) AppleWebKit/537.36 (KHTML, like Gecko) Chrome/149.0.0.0 Mobile Safari/537.36"
151.68.233.149 - - [23/Jun/2026:18:21:48 +0200] "GET /wp-content/plugins/header-footer-elementor/inc/widgets-css/frontend.css?ver=2.8.8 HTTP/2.0" 200 8711 "https://parma.elettroservicegroup.it/assistenza-miele-parma/" "Mozilla/5.0 (Linux; Android 10; K) AppleWebKit/537.36 (KHTML, like Gecko) Chrome/149.0.0.0 Mobile Safari/537.36"
151.68.233.149 - - [23/Jun/2026:18:21:48 +0200] "GET /wp-content/plugins/elementor/assets/lib/eicons/css/elementor-icons.min.css?ver=5.50.0 HTTP/2.0" 200 4125 "https://parma.elettroservicegroup.it/assistenza-miele-parma/" "Mozilla/5.0 (Linux; Android 10; K) AppleWebKit/537.36 (KHTML, like Gecko) Chrome/149.0.0.0 Mobile Safari/537.36"
151.68.233.149 - - [23/Jun/2026:18:21:48 +0200] "GET /wp-content/plugins/elementor/assets/css/frontend.min.css?ver=4.1.4 HTTP/2.0" 200 6618 "https://parma.elettroservicegroup.it/assistenza-miele-parma/" "Mozilla/5.0 (Linux; Android 10; K) AppleWebKit/537.36 (KHTML, like Gecko) Chrome/149.0.0.0 Mobile Safari/537.36"
151.68.233.149 - - [23/Jun/2026:18:21:48 +0200] "GET /wp-content/uploads/elementor/css/post-14146.css?ver=1782227141 HTTP/2.0" 200 428 "https://parma.elettroservicegroup.it/assistenza-miele-parma/" "Mozilla/5.0 (Linux; Android 10; K) AppleWebKit/537.36 (KHTML, like Gecko) Chrome/149.0.0.0 Mobile Safari/537.36"
151.68.233.149 - - [23/Jun/2026:18:21:48 +0200] "GET /wp-content/plugins/elementor/assets/lib/font-awesome/css/all.min.css?ver=4.1.4 HTTP/2.0" 200 12402 "https://parma.elettroservicegroup.it/assistenza-miele-parma/" "Mozilla/5.0 (Linux; Android 10; K) AppleWebKit/537.36 (KHTML, like Gecko) Chrome/149.0.0.0 Mobile Safari/537.36"
151.68.233.149 - - [23/Jun/2026:18:21:48 +0200] "GET /wp-content/plugins/elementor/assets/css/widget-spacer.min.css?ver=4.1.4 HTTP/2.0" 200 287 "https://parma.elettroservicegroup.it/assistenza-miele-parma/" "Mozilla/5.0 (Linux; Android 10; K) AppleWebKit/537.36 (KHTML, like Gecko) Chrome/149.0.0.0 Mobile Safari/537.36"
151.68.233.149 - - [23/Jun/2026:18:21:48 +0200] "GET /wp-content/plugins/elementor/assets/css/widget-heading.min.css?ver=4.1.4 HTTP/2.0" 200 127 "https://parma.elettroservicegroup.it/assistenza-miele-parma/" "Mozilla/5.0 (Linux; Android 10; K) AppleWebKit/537.36 (KHTML, like Gecko) Chrome/149.0.0.0 Mobile Safari/537.36"
151.68.233.149 - - [23/Jun/2026:18:21:48 +0200] "GET /wp-content/plugins/elementor/assets/lib/animations/styles/bounceIn.min.css?ver=4.1.4 HTTP/2.0" 200 186 "https://parma.elettroservicegroup.it/assistenza-miele-parma/" "Mozilla/5.0 (Linux; Android 10; K) AppleWebKit/537.36 (KHTML, like Gecko) Chrome/149.0.0.0 Mobile Safari/537.36"
151.68.233.149 - - [23/Jun/2026:18:21:48 +0200] "GET /wp-content/plugins/elementor/assets/lib/animations/styles/zoomIn.min.css?ver=4.1.4 HTTP/2.0" 200 87 "https://parma.elettroservicegroup.it/assistenza-miele-parma/" "Mozilla/5.0 (Linux; Android 10; K) AppleWebKit/537.36 (KHTML, like Gecko) Chrome/149.0.0.0 Mobile Safari/537.36"
151.68.233.149 - - [23/Jun/2026:18:21:48 +0200] "GET /wp-content/plugins/elementor/assets/css/widget-image.min.css?ver=4.1.4 HTTP/2.0" 200 96 "https://parma.elettroservicegroup.it/assistenza-miele-parma/" "Mozilla/5.0 (Linux; Android 10; K) AppleWebKit/537.36 (KHTML, like Gecko) Chrome/149.0.0.0 Mobile Safari/537.36"
151.68.233.149 - - [23/Jun/2026:18:21:48 +0200] "GET /wp-content/uploads/elementor/css/post-17350.css?ver=1782231706 HTTP/2.0" 200 2145 "https://parma.elettroservicegroup.it/assistenza-miele-parma/" "Mozilla/5.0 (Linux; Android 10; K) AppleWebKit/537.36 (KHTML, like Gecko) Chrome/149.0.0.0 Mobile Safari/537.36"
151.68.233.149 - - [23/Jun/2026:18:21:48 +0200] "GET /wp-content/uploads/elementor/css/post-14366.css?ver=1782227141 HTTP/2.0" 200 302 "https://parma.elettroservicegroup.it/assistenza-miele-parma/" "Mozilla/5.0 (Linux; Android 10; K) AppleWebKit/537.36 (KHTML, like Gecko) Chrome/149.0.0.0 Mobile Safari/537.36"
151.68.233.149 - - [23/Jun/2026:18:21:48 +0200] "GET /wp-content/themes/generatepress/assets/css/main.min.css?ver=3.6.1 HTTP/2.0" 200 4410 "https://parma.elettroservicegroup.it/assistenza-miele-parma/" "Mozilla/5.0 (Linux; Android 10; K) AppleWebKit/537.36 (KHTML, like Gecko) Chrome/149.0.0.0 Mobile Safari/537.36"
151.68.233.149 - - [23/Jun/2026:18:21:48 +0200] "GET /wp-content/plugins/elementor/assets/lib/eicons/css/elementor-icons.min.css?ver=5.34.0 HTTP/2.0" 200 4125 "https://parma.elettroservicegroup.it/assistenza-miele-parma/" "Mozilla/5.0 (Linux; Android 10; K) AppleWebKit/537.36 (KHTML, like Gecko) Chrome/149.0.0.0 Mobile Safari/537.36"
151.68.233.149 - - [23/Jun/2026:18:21:48 +0200] "GET /wp-content/plugins/elementor/assets/css/widget-icon-list.min.css?ver=3.24.3 HTTP/2.0" 200 928 "https://parma.elettroservicegroup.it/assistenza-miele-parma/" "Mozilla/5.0 (Linux; Android 10; K) AppleWebKit/537.36 (KHTML, like Gecko) Chrome/149.0.0.0 Mobile Safari/537.36"
151.68.233.149 - - [23/Jun/2026:18:21:48 +0200] "GET /wp-content/plugins/elementor/assets/css/widget-social-icons.min.css?ver=3.24.0 HTTP/2.0" 200 1039 "https://parma.elettroservicegroup.it/assistenza-miele-parma/" "Mozilla/5.0 (Linux; Android 10; K) AppleWebKit/537.36 (KHTML, like Gecko) Chrome/149.0.0.0 Mobile Safari/537.36"
151.68.233.149 - - [23/Jun/2026:18:21:48 +0200] "GET /wp-content/plugins/elementor/assets/lib/font-awesome/css/v4-shims.min.css?ver=4.1.4 HTTP/2.0" 200 3986 "https://parma.elettroservicegroup.it/assistenza-miele-parma/" "Mozilla/5.0 (Linux; Android 10; K) AppleWebKit/537.36 (KHTML, like Gecko) Chrome/149.0.0.0 Mobile Safari/537.36"
151.68.233.149 - - [23/Jun/2026:18:21:48 +0200] "GET /wp-content/plugins/elementor/assets/lib/font-awesome/css/brands.css?ver=5.15.3 HTTP/2.0" 200 298 "https://parma.elettroservicegroup.it/assistenza-miele-parma/" "Mozilla/5.0 (Linux; Android 10; K) AppleWebKit/537.36 (KHTML, like Gecko) Chrome/149.0.0.0 Mobile Safari/537.36"
151.68.233.149 - - [23/Jun/2026:18:21:48 +0200] "GET /wp-content/plugins/gp-premium/menu-plus/functions/css/navigation-branding-flex.min.css?ver=2.5.5 HTTP/2.0" 200 542 "https://parma.elettroservicegroup.it/assistenza-miele-parma/" "Mozilla/5.0 (Linux; Android 10; K) AppleWebKit/537.36 (KHTML, like Gecko) Chrome/149.0.0.0 Mobile Safari/537.36"
151.68.233.149 - - [23/Jun/2026:18:21:48 +0200] "GET /wp-content/plugins/elementor/assets/lib/font-awesome/css/regular.min.css?ver=5.15.3 HTTP/2.0" 200 282 "https://parma.elettroservicegroup.it/assistenza-miele-parma/" "Mozilla/5.0 (Linux; Android 10; K) AppleWebKit/537.36 (KHTML, like Gecko) Chrome/149.0.0.0 Mobile Safari/537.36"
151.68.233.149 - - [23/Jun/2026:18:21:48 +0200] "GET /wp-content/uploads/elementor/google-fonts/css/robotoslab.css?ver=1742280362 HTTP/2.0" 200 715 "https://parma.elettroservicegroup.it/assistenza-miele-parma/" "Mozilla/5.0 (Linux; Android 10; K) AppleWebKit/537.36 (KHTML, like Gecko) Chrome/149.0.0.0 Mobile Safari/537.36"
