65.108.235.243 - - [09/Jul/2026:14:47:16 +0200] "POST /wp-cron.php?doing_wp_cron=1783601236.2702629566192626953125 HTTP/1.1" 200 1 "-" "WordPress/7.0; https://elettroservicegroup.it"
43.156.79.172 - - [09/Jul/2026:14:47:13 +0200] "GET / HTTP/1.1" 301 - "-" "Mozilla/5.0 (iPhone; CPU iPhone OS 13_2_3 like Mac OS X) AppleWebKit/605.1.15 (KHTML, like Gecko) Version/13.0.3 Mobile/15E148 Safari/604.1"
65.108.235.243 - - [09/Jul/2026:15:11:20 +0200] "POST /wp-cron.php?doing_wp_cron=1783602680.2768709659576416015625 HTTP/1.1" 200 1 "-" "WordPress/7.0; https://elettroservicegroup.it"
185.93.89.147 - - [09/Jul/2026:15:11:16 +0200] "GET / HTTP/1.1" 301 1 "-" "Mozilla/5.0 (compatible; jscrawler/0.1; +https://github.com/)"
65.108.235.243 - - [09/Jul/2026:15:18:28 +0200] "POST /wp-cron.php?doing_wp_cron=1783603108.3369159698486328125000 HTTP/1.1" 200 1 "-" "WordPress/7.0; https://elettroservicegroup.it"
181.215.182.21 - - [09/Jul/2026:15:18:23 +0200] "GET /.env HTTP/1.1" 404 83575 "-" "Mozilla/5.0 (Macintosh; Intel Mac OS X 10.15; rv:77.0) Gecko/20100101 Firefox/77.0"
65.108.235.243 - - [09/Jul/2026:15:28:47 +0200] "POST /wp-cron.php?doing_wp_cron=1783603727.9803619384765625000000 HTTP/1.1" 200 1 "-" "WordPress/7.0; https://elettroservicegroup.it"
162.62.213.187 - - [09/Jul/2026:15:28:41 +0200] "GET / HTTP/1.1" 301 - "-" "Mozilla/5.0 (iPhone; CPU iPhone OS 13_2_3 like Mac OS X) AppleWebKit/605.1.15 (KHTML, like Gecko) Version/13.0.3 Mobile/15E148 Safari/604.1"
130.195.210.110 - - [09/Jul/2026:16:51:26 +0200] "HEAD /?author=1 HTTP/1.1" 200 - "https://www.google.com" "Mozilla/5.0 (Windows NT 10.0; Win64; x64) AppleWebKit/537.36 (KHTML, like Gecko) Chrome/143.0.0.0 Safari/537.36"
130.195.210.110 - - [09/Jul/2026:16:51:27 +0200] "GET /wp-json/wp/v2/users HTTP/1.1" 200 11881 "https://www.google.com" "Mozilla/5.0 (Windows NT 10.0; Win64; x64) AppleWebKit/537.36 (KHTML, like Gecko) Chrome/143.0.0.0 Safari/537.36"
65.108.235.243 - - [09/Jul/2026:17:36:05 +0200] "POST /wp-cron.php?doing_wp_cron=1783611365.8825221061706542968750 HTTP/1.1" 200 1 "-" "WordPress/7.0; https://elettroservicegroup.it"
162.14.66.219 - - [09/Jul/2026:17:36:04 +0200] "GET / HTTP/1.1" 301 - "-" "Mozilla/5.0 (iPhone; CPU iPhone OS 13_2_3 like Mac OS X) AppleWebKit/605.1.15 (KHTML, like Gecko) Version/13.0.3 Mobile/15E148 Safari/604.1"
51.68.236.92 - - [09/Jul/2026:17:51:58 +0200] "GET /robots.txt HTTP/1.1" 403 - "-" "Mozilla/5.0 (compatible; MJ12bot/v2.0.5; http://mj12bot.com/)"
65.108.235.243 - - [09/Jul/2026:18:27:59 +0200] "POST /wp-cron.php?doing_wp_cron=1783614479.8730309009552001953125 HTTP/1.1" 200 1 "-" "WordPress/7.0; https://elettroservicegroup.it"
43.154.127.188 - - [09/Jul/2026:18:27:54 +0200] "GET / HTTP/1.1" 301 - "-" "Mozilla/5.0 (iPhone; CPU iPhone OS 13_2_3 like Mac OS X) AppleWebKit/605.1.15 (KHTML, like Gecko) Version/13.0.3 Mobile/15E148 Safari/604.1"
107.149.152.120 - - [09/Jul/2026:18:57:13 +0200] "GET / HTTP/1.1" 200 11899 "-" "Mozlila/5.0 (Linux; Android 7.0; SM-G892A Bulid/NRD90M; wv) AppleWebKit/537.36 (KHTML, like Gecko) Version/4.0 Chrome/60.0.3112.107 Moblie Safari/537.36"
107.149.152.120 - - [09/Jul/2026:18:57:13 +0200] "POST /ALFA_DATA/alfacgiapi/perl.alfa HTTP/1.1" 200 11936 "www.google.com" "Mozlila/5.0 (Linux; Android 7.0; SM-G892A Bulid/NRD90M; wv) AppleWebKit/537.36 (KHTML, like Gecko) Version/4.0 Chrome/60.0.3112.107 Moblie Safari/537.36"
107.149.152.120 - - [09/Jul/2026:18:57:13 +0200] "GET /wp-content/themes/seotheme/db.php?u HTTP/1.1" 200 11945 "www.google.com" "Mozlila/5.0 (Linux; Android 7.0; SM-G892A Bulid/NRD90M; wv) AppleWebKit/537.36 (KHTML, like Gecko) Version/4.0 Chrome/60.0.3112.107 Moblie Safari/537.36"
107.149.152.120 - - [09/Jul/2026:18:57:13 +0200] "POST /wp-plain.php HTTP/1.1" 200 11872 "www.google.com" "Mozilla/5.0 (Linux; Android 7.0; SM-G892A Bulid/NRD90M; wv) AppleWebKit/537.36 (KHTML, like Gecko) Version/4.0 Chrome/60.0.3112.107 Moblie Safari/537.36"
107.149.152.120 - - [09/Jul/2026:18:57:15 +0200] "GET /wp-content/plugins/fix/up.php HTTP/1.1" 200 11935 "-" "Mozilla/5.0 (Windows NT 10.0; Win64; x64) AppleWebKit/537.36 (KHTML, like Gecko) Chrome/85.0.4183.102 Safari/537.36"
107.149.152.120 - - [09/Jul/2026:18:57:22 +0200] "GET /wp-content/themes/seotheme/db.php?u HTTP/1.1" 200 11965 "www.google.com" "Mozlila/5.0 (Linux; Android 7.0; SM-G892A Bulid/NRD90M; wv) AppleWebKit/537.36 (KHTML, like Gecko) Version/4.0 Chrome/60.0.3112.107 Moblie Safari/537.36"
107.149.152.120 - - [09/Jul/2026:18:57:26 +0200] "GET /wp-content/plugins/fix/up.php HTTP/1.1" 200 11966 "-" "Mozilla/5.0 (Windows NT 10.0; Win64; x64) AppleWebKit/537.36 (KHTML, like Gecko) Chrome/85.0.4183.102 Safari/537.36"
107.149.152.120 - - [09/Jul/2026:18:57:27 +0200] "POST /alfacgiapi/perl.alfa HTTP/1.1" 200 11928 "www.google.com" "Mozlila/5.0 (Linux; Android 7.0; SM-G892A Bulid/NRD90M; wv) AppleWebKit/537.36 (KHTML, like Gecko) Version/4.0 Chrome/60.0.3112.107 Moblie Safari/537.36"
123.20.46.28 - - [09/Jul/2026:19:29:17 +0200] "GET / HTTP/1.1" 301 - "-" "Mozilla/5.0 WP-Post-Manager/1.0"
14.237.0.100 - - [09/Jul/2026:19:29:22 +0200] "GET / HTTP/1.1" 301 - "-" "Mozilla/5.0 WP-Post-Manager/1.0"
187.190.156.112 - - [09/Jul/2026:19:29:27 +0200] "POST /xmlrpc.php HTTP/1.1" 403 52 "-" "curl/8.0.1"
77.28.73.38 - - [09/Jul/2026:19:29:28 +0200] "POST /xmlrpc.php HTTP/1.1" 403 52 "-" "curl/8.0.1"
187.190.156.112 - - [09/Jul/2026:19:29:30 +0200] "POST /xmlrpc.php HTTP/1.1" 403 52 "-" "curl/8.0.1"
77.28.73.38 - - [09/Jul/2026:19:29:30 +0200] "POST /xmlrpc.php HTTP/1.1" 403 52 "-" "curl/8.0.1"
187.190.156.112 - - [09/Jul/2026:19:29:32 +0200] "POST /xmlrpc.php HTTP/1.1" 403 52 "-" "curl/8.0.1"
77.28.73.38 - - [09/Jul/2026:19:29:32 +0200] "POST /xmlrpc.php HTTP/1.1" 403 52 "-" "curl/8.0.1"
187.190.156.112 - - [09/Jul/2026:19:29:33 +0200] "POST /xmlrpc.php HTTP/1.1" 403 52 "-" "curl/8.0.1"
77.28.73.38 - - [09/Jul/2026:19:29:33 +0200] "POST /xmlrpc.php HTTP/1.1" 403 52 "-" "curl/8.0.1"
187.190.156.112 - - [09/Jul/2026:19:29:34 +0200] "POST /xmlrpc.php HTTP/1.1" 403 52 "-" "curl/8.0.1"
77.28.73.38 - - [09/Jul/2026:19:29:35 +0200] "POST /xmlrpc.php HTTP/1.1" 403 52 "-" "curl/8.0.1"
187.190.156.112 - - [09/Jul/2026:19:29:36 +0200] "POST /xmlrpc.php HTTP/1.1" 403 52 "-" "curl/8.0.1"
77.28.73.38 - - [09/Jul/2026:19:29:36 +0200] "POST /xmlrpc.php HTTP/1.1" 403 52 "-" "curl/8.0.1"
187.190.156.112 - - [09/Jul/2026:19:29:38 +0200] "POST /xmlrpc.php HTTP/1.1" 403 52 "-" "curl/8.0.1"
77.28.73.38 - - [09/Jul/2026:19:29:38 +0200] "POST /xmlrpc.php HTTP/1.1" 403 52 "-" "curl/8.0.1"
65.108.235.243 - - [09/Jul/2026:19:45:11 +0200] "POST /wp-cron.php?doing_wp_cron=1783619111.8790318965911865234375 HTTP/1.1" 200 1 "-" "WordPress/7.0; https://elettroservicegroup.it"
43.157.22.57 - - [09/Jul/2026:19:45:03 +0200] "GET / HTTP/1.1" 301 - "-" "Mozilla/5.0 (iPhone; CPU iPhone OS 13_2_3 like Mac OS X) AppleWebKit/605.1.15 (KHTML, like Gecko) Version/13.0.3 Mobile/15E148 Safari/604.1"
61.152.125.234 - - [09/Jul/2026:19:48:19 +0200] "GET /wp-json/wp/v2/posts HTTP/1.1" 200 11917 "-" "Mozilla/5.0 (Windows NT 10.0; Win64; x64) AppleWebKit/537.36 (KHTML, like Gecko) Chrome/120.0.0.0 Safari/537.36"
166.0.27.190 - - [09/Jul/2026:19:57:21 +0200] "GET /wp-json/wp/v2/posts HTTP/1.1" 200 11971 "-" "Mozilla/5.0 (Windows NT 10.0; Win64; x64) AppleWebKit/537.36 (KHTML, like Gecko) Chrome/120.0.0.0 Safari/537.36"
65.108.235.243 - - [09/Jul/2026:19:57:28 +0200] "POST /wp-cron.php?doing_wp_cron=1783619848.0805130004882812500000 HTTP/1.1" 200 1 "-" "WordPress/7.0; https://elettroservicegroup.it"
103.142.255.34 - - [09/Jul/2026:19:57:20 +0200] "GET /wp-json/wp/v2/posts HTTP/1.1" 200 2 "-" "Mozilla/5.0 (Windows NT 10.0; Win64; x64) AppleWebKit/537.36 (KHTML, like Gecko) Chrome/120.0.0.0 Safari/537.36"
34.123.170.104 - - [09/Jul/2026:20:07:13 +0200] "GET / HTTP/1.1" 200 11792 "-" "Mozilla/5.0 (Windows NT 10.0; Win64; x64) AppleWebKit/537.36 (KHTML, like Gecko) Chrome/125.0.6422.60 Safari/537.36 Edge/12.246"
34.123.170.104 - - [09/Jul/2026:20:07:21 +0200] "GET / HTTP/1.1" 200 11898 "http://elettroservicegroup.it/" "Mozilla/5.0 (Windows NT 10.0; Win64; x64) AppleWebKit/537.36 (KHTML, like Gecko) Chrome/125.0.6422.60 Safari/537.36 Edge/12.246"
104.197.69.115 - - [09/Jul/2026:20:07:17 +0200] "GET /z0f76a1d14fd21a8fb5fd0d03e0fdc3d3cedae52f?wsidchk=10055529&pdata=http%253A%252F%252Felettroservicegroup.it&id=7fa3b767c460b54a2be4d49030b349c7&ts=1783620433 HTTP/1.1" 404 83710 "http://elettroservicegroup.it/" "Mozilla/5.0 (Windows NT 10.0; Win64; x64) AppleWebKit/537.36 (KHTML, like Gecko) Chrome/125.0.6422.60 Safari/537.36 Edge/12.246"
34.122.147.229 - - [09/Jul/2026:20:07:23 +0200] "GET /z0f76a1d14fd21a8fb5fd0d03e0fdc3d3cedae52f?wsidchk=10065811&pdata=http%253A%252F%252Felettroservicegroup.it&id=7fa3b767c460b54a2be4d49030b349c7&ts=1783620441 HTTP/1.1" 404 83710 "http://elettroservicegroup.it/" "Mozilla/5.0 (Windows NT 10.0; Win64; x64) AppleWebKit/537.36 (KHTML, like Gecko) Chrome/125.0.6422.60 Safari/537.36 Edge/12.246"
104.197.69.115 - - [09/Jul/2026:20:07:26 +0200] "GET /wp-content/plugins/header-footer-elementor/inc/widgets-css/frontend.css?ver=2.9.0 HTTP/1.1" 200 12026 "http://elettroservicegroup.it/z0f76a1d14fd21a8fb5fd0d03e0fdc3d3cedae52f?wsidchk=10065811&pdata=http%253A%252F%252Felettroservicegroup.it&id=7fa3b767c460b54a2be4d49030b349c7&ts=1783620441" "Mozilla/5.0 (Windows NT 10.0; Win64; x64) AppleWebKit/537.36 (KHTML, like Gecko) Chrome/125.0.6422.60 Safari/537.36 Edge/12.246"
34.123.170.104 - - [09/Jul/2026:20:07:26 +0200] "GET /wp-includes/css/dist/block-library/style.min.css?ver=7.0 HTTP/1.1" 200 11984 "http://elettroservicegroup.it/z0f76a1d14fd21a8fb5fd0d03e0fdc3d3cedae52f?wsidchk=10065811&pdata=http%253A%252F%252Felettroservicegroup.it&id=7fa3b767c460b54a2be4d49030b349c7&ts=1783620441" "Mozilla/5.0 (Windows NT 10.0; Win64; x64) AppleWebKit/537.36 (KHTML, like Gecko) Chrome/125.0.6422.60 Safari/537.36 Edge/12.246"
104.197.69.115 - - [09/Jul/2026:20:07:26 +0200] "GET /wp-content/plugins/elementor/assets/lib/eicons/css/elementor-icons.min.css?ver=5.50.0 HTTP/1.1" 200 12034 "http://elettroservicegroup.it/z0f76a1d14fd21a8fb5fd0d03e0fdc3d3cedae52f?wsidchk=10065811&pdata=http%253A%252F%252Felettroservicegroup.it&id=7fa3b767c460b54a2be4d49030b349c7&ts=1783620441" "Mozilla/5.0 (Windows NT 10.0; Win64; x64) AppleWebKit/537.36 (KHTML, like Gecko) Chrome/125.0.6422.60 Safari/537.36 Edge/12.246"
104.197.69.115 - - [09/Jul/2026:20:07:26 +0200] "GET /wp-content/plugins/complianz-gdpr-premium/assets/css/cookieblocker.min.css?ver=1783097327 HTTP/1.1" 200 12034 "http://elettroservicegroup.it/z0f76a1d14fd21a8fb5fd0d03e0fdc3d3cedae52f?wsidchk=10065811&pdata=http%253A%252F%252Felettroservicegroup.it&id=7fa3b767c460b54a2be4d49030b349c7&ts=1783620441" "Mozilla/5.0 (Windows NT 10.0; Win64; x64) AppleWebKit/537.36 (KHTML, like Gecko) Chrome/125.0.6422.60 Safari/537.36 Edge/12.246"
104.197.69.115 - - [09/Jul/2026:20:07:26 +0200] "GET /wp-content/plugins/all-in-one-seo-pack/dist/Lite/assets/css/table-of-contents/global.e90f6d47.css?ver=4.9.7.2 HTTP/1.1" 200 12060 "http://elettroservicegroup.it/z0f76a1d14fd21a8fb5fd0d03e0fdc3d3cedae52f?wsidchk=10065811&pdata=http%253A%252F%252Felettroservicegroup.it&id=7fa3b767c460b54a2be4d49030b349c7&ts=1783620441" "Mozilla/5.0 (Windows NT 10.0; Win64; x64) AppleWebKit/537.36 (KHTML, like Gecko) Chrome/125.0.6422.60 Safari/537.36 Edge/12.246"
34.123.170.104 - - [09/Jul/2026:20:07:26 +0200] "GET /wp-content/plugins/header-footer-elementor/assets/css/header-footer-elementor.css?ver=2.9.0 HTTP/1.1" 200 12021 "http://elettroservicegroup.it/z0f76a1d14fd21a8fb5fd0d03e0fdc3d3cedae52f?wsidchk=10065811&pdata=http%253A%252F%252Felettroservicegroup.it&id=7fa3b767c460b54a2be4d49030b349c7&ts=1783620441" "Mozilla/5.0 (Windows NT 10.0; Win64; x64) AppleWebKit/537.36 (KHTML, like Gecko) Chrome/125.0.6422.60 Safari/537.36 Edge/12.246"
65.108.235.243 - - [09/Jul/2026:20:07:26 +0200] "POST /wp-cron.php?doing_wp_cron=1783620445.6162230968475341796875 HTTP/1.1" 200 1 "-" "WordPress/7.0; https://elettroservicegroup.it"
34.122.147.229 - - [09/Jul/2026:20:07:27 +0200] "GET /wp-content/plugins/elementor/assets/css/frontend.min.css?ver=4.1.4 HTTP/1.1" 200 12006 "http://elettroservicegroup.it/z0f76a1d14fd21a8fb5fd0d03e0fdc3d3cedae52f?wsidchk=10065811&pdata=http%253A%252F%252Felettroservicegroup.it&id=7fa3b767c460b54a2be4d49030b349c7&ts=1783620441" "Mozilla/5.0 (Windows NT 10.0; Win64; x64) AppleWebKit/537.36 (KHTML, like Gecko) Chrome/125.0.6422.60 Safari/537.36 Edge/12.246"
34.72.176.129 - - [09/Jul/2026:20:07:27 +0200] "GET /wp-content/uploads/elementor/css/post-14146.css?ver=1783609647 HTTP/1.1" 200 11944 "http://elettroservicegroup.it/z0f76a1d14fd21a8fb5fd0d03e0fdc3d3cedae52f?wsidchk=10065811&pdata=http%253A%252F%252Felettroservicegroup.it&id=7fa3b767c460b54a2be4d49030b349c7&ts=1783620441" "Mozilla/5.0 (Windows NT 10.0; Win64; x64) AppleWebKit/537.36 (KHTML, like Gecko) Chrome/125.0.6422.60 Safari/537.36 Edge/12.246"
34.122.147.229 - - [09/Jul/2026:20:07:27 +0200] "GET /wp-content/plugins/elementor/assets/lib/font-awesome/css/all.min.css?ver=4.1.4 HTTP/1.1" 200 12022 "http://elettroservicegroup.it/z0f76a1d14fd21a8fb5fd0d03e0fdc3d3cedae52f?wsidchk=10065811&pdata=http%253A%252F%252Felettroservicegroup.it&id=7fa3b767c460b54a2be4d49030b349c7&ts=1783620441" "Mozilla/5.0 (Windows NT 10.0; Win64; x64) AppleWebKit/537.36 (KHTML, like Gecko) Chrome/125.0.6422.60 Safari/537.36 Edge/12.246"
34.72.176.129 - - [09/Jul/2026:20:07:27 +0200] "GET /wp-content/uploads/elementor/css/post-14366.css?ver=1783611373 HTTP/1.1" 200 11944 "http://elettroservicegroup.it/z0f76a1d14fd21a8fb5fd0d03e0fdc3d3cedae52f?wsidchk=10065811&pdata=http%253A%252F%252Felettroservicegroup.it&id=7fa3b767c460b54a2be4d49030b349c7&ts=1783620441" "Mozilla/5.0 (Windows NT 10.0; Win64; x64) AppleWebKit/537.36 (KHTML, like Gecko) Chrome/125.0.6422.60 Safari/537.36 Edge/12.246"
34.72.176.129 - - [09/Jul/2026:20:07:27 +0200] "GET /wp-content/plugins/elementor/assets/lib/font-awesome/css/v4-shims.min.css?ver=4.1.4 HTTP/1.1" 200 11971 "http://elettroservicegroup.it/z0f76a1d14fd21a8fb5fd0d03e0fdc3d3cedae52f?wsidchk=10065811&pdata=http%253A%252F%252Felettroservicegroup.it&id=7fa3b767c460b54a2be4d49030b349c7&ts=1783620441" "Mozilla/5.0 (Windows NT 10.0; Win64; x64) AppleWebKit/537.36 (KHTML, like Gecko) Chrome/125.0.6422.60 Safari/537.36 Edge/12.246"
34.122.147.229 - - [09/Jul/2026:20:07:27 +0200] "GET /wp-content/themes/generatepress/assets/css/main.min.css?ver=3.6.1 HTTP/1.1" 200 12005 "http://elettroservicegroup.it/z0f76a1d14fd21a8fb5fd0d03e0fdc3d3cedae52f?wsidchk=10065811&pdata=http%253A%252F%252Felettroservicegroup.it&id=7fa3b767c460b54a2be4d49030b349c7&ts=1783620441" "Mozilla/5.0 (Windows NT 10.0; Win64; x64) AppleWebKit/537.36 (KHTML, like Gecko) Chrome/125.0.6422.60 Safari/537.36 Edge/12.246"
34.122.147.229 - - [09/Jul/2026:20:07:27 +0200] "GET /wp-content/plugins/elementor/assets/lib/eicons/css/elementor-icons.min.css?ver=5.34.0 HTTP/1.1" 200 12029 "http://elettroservicegroup.it/z0f76a1d14fd21a8fb5fd0d03e0fdc3d3cedae52f?wsidchk=10065811&pdata=http%253A%252F%252Felettroservicegroup.it&id=7fa3b767c460b54a2be4d49030b349c7&ts=1783620441" "Mozilla/5.0 (Windows NT 10.0; Win64; x64) AppleWebKit/537.36 (KHTML, like Gecko) Chrome/125.0.6422.60 Safari/537.36 Edge/12.246"
104.197.69.115 - - [09/Jul/2026:20:07:27 +0200] "GET /wp-content/plugins/elementor/assets/css/widget-icon-list.min.css?ver=3.24.3 HTTP/1.1" 200 11981 "http://elettroservicegroup.it/z0f76a1d14fd21a8fb5fd0d03e0fdc3d3cedae52f?wsidchk=10065811&pdata=http%253A%252F%252Felettroservicegroup.it&id=7fa3b767c460b54a2be4d49030b349c7&ts=1783620441" "Mozilla/5.0 (Windows NT 10.0; Win64; x64) AppleWebKit/537.36 (KHTML, like Gecko) Chrome/125.0.6422.60 Safari/537.36 Edge/12.246"
104.197.69.115 - - [09/Jul/2026:20:07:27 +0200] "GET /wp-content/plugins/elementor/assets/lib/font-awesome/css/brands.css?ver=5.15.3 HTTP/1.1" 200 11988 "http://elettroservicegroup.it/z0f76a1d14fd21a8fb5fd0d03e0fdc3d3cedae52f?wsidchk=10065811&pdata=http%253A%252F%252Felettroservicegroup.it&id=7fa3b767c460b54a2be4d49030b349c7&ts=1783620441" "Mozilla/5.0 (Windows NT 10.0; Win64; x64) AppleWebKit/537.36 (KHTML, like Gecko) Chrome/125.0.6422.60 Safari/537.36 Edge/12.246"
34.122.147.229 - - [09/Jul/2026:20:07:27 +0200] "GET /wp-content/plugins/elementor/assets/css/widget-social-icons.min.css?ver=3.24.0 HTTP/1.1" 200 12018 "http://elettroservicegroup.it/z0f76a1d14fd21a8fb5fd0d03e0fdc3d3cedae52f?wsidchk=10065811&pdata=http%253A%252F%252Felettroservicegroup.it&id=7fa3b767c460b54a2be4d49030b349c7&ts=1783620441" "Mozilla/5.0 (Windows NT 10.0; Win64; x64) AppleWebKit/537.36 (KHTML, like Gecko) Chrome/125.0.6422.60 Safari/537.36 Edge/12.246"
34.122.147.229 - - [09/Jul/2026:20:07:27 +0200] "GET /wp-content/plugins/elementor/assets/lib/font-awesome/css/fontawesome.css?ver=5.15.3 HTTP/1.1" 200 12027 "http://elettroservicegroup.it/z0f76a1d14fd21a8fb5fd0d03e0fdc3d3cedae52f?wsidchk=10065811&pdata=http%253A%252F%252Felettroservicegroup.it&id=7fa3b767c460b54a2be4d49030b349c7&ts=1783620441" "Mozilla/5.0 (Windows NT 10.0; Win64; x64) AppleWebKit/537.36 (KHTML, like Gecko) Chrome/125.0.6422.60 Safari/537.36 Edge/12.246"
34.123.170.104 - - [09/Jul/2026:20:07:27 +0200] "GET /wp-content/plugins/elementor/assets/lib/font-awesome/css/solid.css?ver=5.15.3 HTTP/1.1" 200 11947 "http://elettroservicegroup.it/z0f76a1d14fd21a8fb5fd0d03e0fdc3d3cedae52f?wsidchk=10065811&pdata=http%253A%252F%252Felettroservicegroup.it&id=7fa3b767c460b54a2be4d49030b349c7&ts=1783620441" "Mozilla/5.0 (Windows NT 10.0; Win64; x64) AppleWebKit/537.36 (KHTML, like Gecko) Chrome/125.0.6422.60 Safari/537.36 Edge/12.246"
104.197.69.115 - - [09/Jul/2026:20:07:27 +0200] "GET /wp-content/plugins/gp-premium/blog/functions/css/featured-images.min.css?ver=2.5.5 HTTP/1.1" 200 11990 "http://elettroservicegroup.it/z0f76a1d14fd21a8fb5fd0d03e0fdc3d3cedae52f?wsidchk=10065811&pdata=http%253A%252F%252Felettroservicegroup.it&id=7fa3b767c460b54a2be4d49030b349c7&ts=1783620441" "Mozilla/5.0 (Windows NT 10.0; Win64; x64) AppleWebKit/537.36 (KHTML, like Gecko) Chrome/125.0.6422.60 Safari/537.36 Edge/12.246"
34.72.176.129 - - [09/Jul/2026:20:07:27 +0200] "GET /wp-content/plugins/gp-premium/menu-plus/functions/css/navigation-branding-flex.min.css?ver=2.5.5 HTTP/1.1" 200 11982 "http://elettroservicegroup.it/z0f76a1d14fd21a8fb5fd0d03e0fdc3d3cedae52f?wsidchk=10065811&pdata=http%253A%252F%252Felettroservicegroup.it&id=7fa3b767c460b54a2be4d49030b349c7&ts=1783620441" "Mozilla/5.0 (Windows NT 10.0; Win64; x64) AppleWebKit/537.36 (KHTML, like Gecko) Chrome/125.0.6422.60 Safari/537.36 Edge/12.246"
34.72.176.129 - - [09/Jul/2026:20:07:28 +0200] "GET /wp-content/plugins/complianz-gdpr-premium/DNSMPD/script.min.js?ver=1783097329 HTTP/1.1" 404 87753 "http://elettroservicegroup.it/z0f76a1d14fd21a8fb5fd0d03e0fdc3d3cedae52f?wsidchk=10065811&pdata=http%253A%252F%252Felettroservicegroup.it&id=7fa3b767c460b54a2be4d49030b349c7&ts=1783620441" "Mozilla/5.0 (Windows NT 10.0; Win64; x64) AppleWebKit/537.36 (KHTML, like Gecko) Chrome/125.0.6422.60 Safari/537.36 Edge/12.246"
34.72.176.129 - - [09/Jul/2026:20:07:27 +0200] "GET /wp-content/plugins/elementor/assets/lib/font-awesome/js/v4-shims.min.js?ver=4.1.4 HTTP/1.1" 404 87837 "http://elettroservicegroup.it/z0f76a1d14fd21a8fb5fd0d03e0fdc3d3cedae52f?wsidchk=10065811&pdata=http%253A%252F%252Felettroservicegroup.it&id=7fa3b767c460b54a2be4d49030b349c7&ts=1783620441" "Mozilla/5.0 (Windows NT 10.0; Win64; x64) AppleWebKit/537.36 (KHTML, like Gecko) Chrome/125.0.6422.60 Safari/537.36 Edge/12.246"
34.122.147.229 - - [09/Jul/2026:20:07:27 +0200] "GET /wp-content/plugins/gp-premium/menu-plus/functions/js/sticky.min.js?ver=2.5.5 HTTP/1.1" 404 87795 "http://elettroservicegroup.it/z0f76a1d14fd21a8fb5fd0d03e0fdc3d3cedae52f?wsidchk=10065811&pdata=http%253A%252F%252Felettroservicegroup.it&id=7fa3b767c460b54a2be4d49030b349c7&ts=1783620441" "Mozilla/5.0 (Windows NT 10.0; Win64; x64) AppleWebKit/537.36 (KHTML, like Gecko) Chrome/125.0.6422.60 Safari/537.36 Edge/12.246"
34.123.170.104 - - [09/Jul/2026:20:07:27 +0200] "GET /wp-includes/js/jquery/jquery-migrate.min.js?ver=3.4.1 HTTP/1.1" 404 87613 "http://elettroservicegroup.it/z0f76a1d14fd21a8fb5fd0d03e0fdc3d3cedae52f?wsidchk=10065811&pdata=http%253A%252F%252Felettroservicegroup.it&id=7fa3b767c460b54a2be4d49030b349c7&ts=1783620441" "Mozilla/5.0 (Windows NT 10.0; Win64; x64) AppleWebKit/537.36 (KHTML, like Gecko) Chrome/125.0.6422.60 Safari/537.36 Edge/12.246"
34.123.170.104 - - [09/Jul/2026:20:07:27 +0200] "GET /wp-includes/js/jquery/jquery.min.js?ver=3.7.1 HTTP/1.1" 404 87557 "http://elettroservicegroup.it/z0f76a1d14fd21a8fb5fd0d03e0fdc3d3cedae52f?wsidchk=10065811&pdata=http%253A%252F%252Felettroservicegroup.it&id=7fa3b767c460b54a2be4d49030b349c7&ts=1783620441" "Mozilla/5.0 (Windows NT 10.0; Win64; x64) AppleWebKit/537.36 (KHTML, like Gecko) Chrome/125.0.6422.60 Safari/537.36 Edge/12.246"
34.72.176.129 - - [09/Jul/2026:20:07:33 +0200] "GET /wp-content/themes/generatepress/assets/js/menu.min.js?ver=3.6.1 HTTP/1.1" 404 87697 "http://elettroservicegroup.it/z0f76a1d14fd21a8fb5fd0d03e0fdc3d3cedae52f?wsidchk=10065811&pdata=http%253A%252F%252Felettroservicegroup.it&id=7fa3b767c460b54a2be4d49030b349c7&ts=1783620441" "Mozilla/5.0 (Windows NT 10.0; Win64; x64) AppleWebKit/537.36 (KHTML, like Gecko) Chrome/125.0.6422.60 Safari/537.36 Edge/12.246"
34.72.176.129 - - [09/Jul/2026:20:07:33 +0200] "GET /wp-content/plugins/elementor/assets/js/webpack.runtime.min.js?ver=4.1.4 HTTP/1.1" 404 87753 "http://elettroservicegroup.it/z0f76a1d14fd21a8fb5fd0d03e0fdc3d3cedae52f?wsidchk=10065811&pdata=http%253A%252F%252Felettroservicegroup.it&id=7fa3b767c460b54a2be4d49030b349c7&ts=1783620441" "Mozilla/5.0 (Windows NT 10.0; Win64; x64) AppleWebKit/537.36 (KHTML, like Gecko) Chrome/125.0.6422.60 Safari/537.36 Edge/12.246"
104.197.69.115 - - [09/Jul/2026:20:07:33 +0200] "GET /wp-content/themes/generatepress/assets/js/back-to-top.min.js?ver=3.6.1 HTTP/1.1" 404 87746 "http://elettroservicegroup.it/z0f76a1d14fd21a8fb5fd0d03e0fdc3d3cedae52f?wsidchk=10065811&pdata=http%253A%252F%252Felettroservicegroup.it&id=7fa3b767c460b54a2be4d49030b349c7&ts=1783620441" "Mozilla/5.0 (Windows NT 10.0; Win64; x64) AppleWebKit/537.36 (KHTML, like Gecko) Chrome/125.0.6422.60 Safari/537.36 Edge/12.246"
34.72.176.129 - - [09/Jul/2026:20:07:33 +0200] "GET /wp-includes/js/jquery/ui/core.min.js?ver=1.13.3 HTTP/1.1" 404 87571 "http://elettroservicegroup.it/z0f76a1d14fd21a8fb5fd0d03e0fdc3d3cedae52f?wsidchk=10065811&pdata=http%253A%252F%252Felettroservicegroup.it&id=7fa3b767c460b54a2be4d49030b349c7&ts=1783620441" "Mozilla/5.0 (Windows NT 10.0; Win64; x64) AppleWebKit/537.36 (KHTML, like Gecko) Chrome/125.0.6422.60 Safari/537.36 Edge/12.246"
104.197.69.115 - - [09/Jul/2026:20:07:33 +0200] "GET /wp-content/plugins/elementor/assets/js/frontend-modules.min.js?ver=4.1.4 HTTP/1.1" 404 87760 "http://elettroservicegroup.it/z0f76a1d14fd21a8fb5fd0d03e0fdc3d3cedae52f?wsidchk=10065811&pdata=http%253A%252F%252Felettroservicegroup.it&id=7fa3b767c460b54a2be4d49030b349c7&ts=1783620441" "Mozilla/5.0 (Windows NT 10.0; Win64; x64) AppleWebKit/537.36 (KHTML, like Gecko) Chrome/125.0.6422.60 Safari/537.36 Edge/12.246"
104.197.69.115 - - [09/Jul/2026:20:07:37 +0200] "GET /wp-content/plugins/google-analytics-for-wordpress/assets/js/frontend-gtag.min.js?ver=10.2.2 HTTP/1.1" 404 87886 "http://elettroservicegroup.it/z0f76a1d14fd21a8fb5fd0d03e0fdc3d3cedae52f?wsidchk=10065811&pdata=http%253A%252F%252Felettroservicegroup.it&id=7fa3b767c460b54a2be4d49030b349c7&ts=1783620441" "Mozilla/5.0 (Windows NT 10.0; Win64; x64) AppleWebKit/537.36 (KHTML, like Gecko) Chrome/125.0.6422.60 Safari/537.36 Edge/12.246"
34.72.176.129 - - [09/Jul/2026:20:07:37 +0200] "GET /wp-content/plugins/complianz-gdpr-premium/cookiebanner/js/complianz.min.js?ver=1783097327 HTTP/1.1" 404 87844 "http://elettroservicegroup.it/z0f76a1d14fd21a8fb5fd0d03e0fdc3d3cedae52f?wsidchk=10065811&pdata=http%253A%252F%252Felettroservicegroup.it&id=7fa3b767c460b54a2be4d49030b349c7&ts=1783620441" "Mozilla/5.0 (Windows NT 10.0; Win64; x64) AppleWebKit/537.36 (KHTML, like Gecko) Chrome/125.0.6422.60 Safari/537.36 Edge/12.246"
34.123.170.104 - - [09/Jul/2026:20:07:37 +0200] "GET /wp-content/plugins/elementor/assets/js/frontend.min.js?ver=4.1.4 HTTP/1.1" 404 87704 "http://elettroservicegroup.it/z0f76a1d14fd21a8fb5fd0d03e0fdc3d3cedae52f?wsidchk=10065811&pdata=http%253A%252F%252Felettroservicegroup.it&id=7fa3b767c460b54a2be4d49030b349c7&ts=1783620441" "Mozilla/5.0 (Windows NT 10.0; Win64; x64) AppleWebKit/537.36 (KHTML, like Gecko) Chrome/125.0.6422.60 Safari/537.36 Edge/12.246"
65.108.235.243 - - [09/Jul/2026:22:49:52 +0200] "POST /wp-cron.php?doing_wp_cron=1783630192.3767991065979003906250 HTTP/1.1" 200 1 "-" "WordPress/7.0; https://elettroservicegroup.it"
119.91.20.139 - - [09/Jul/2026:22:49:43 +0200] "GET / HTTP/1.1" 301 - "-" "Mozilla/5.0 (iPhone; CPU iPhone OS 13_2_3 like Mac OS X) AppleWebKit/605.1.15 (KHTML, like Gecko) Version/13.0.3 Mobile/15E148 Safari/604.1"
65.108.235.243 - - [09/Jul/2026:22:56:41 +0200] "POST /wp-cron.php?doing_wp_cron=1783630601.7808399200439453125000 HTTP/1.1" 200 1 "-" "WordPress/7.0; https://elettroservicegroup.it"
216.244.66.196 - - [09/Jul/2026:22:56:34 +0200] "GET /robots.txt HTTP/1.1" 200 177 "-" "Mozilla/5.0 (compatible; DotBot/1.2; +https://opensiteexplorer.org/dotbot; help@moz.com)"
65.108.235.243 - - [09/Jul/2026:23:00:06 +0200] "POST /wp-cron.php?doing_wp_cron=1783630806.2659540176391601562500 HTTP/1.1" 200 1 "-" "WordPress/7.0; https://elettroservicegroup.it"
216.244.66.196 - - [09/Jul/2026:22:59:57 +0200] "GET /cookie-policy-ue/ HTTP/1.1" 200 109903 "-" "Mozilla/5.0 (compatible; DotBot/1.2; +https://opensiteexplorer.org/dotbot; help@moz.com)"
65.108.235.243 - - [10/Jul/2026:00:28:53 +0200] "POST /wp-cron.php?doing_wp_cron=1783636133.0653851032257080078125 HTTP/1.1" 200 1 "-" "WordPress/7.0; https://elettroservicegroup.it"
95.32.236.157 - - [10/Jul/2026:00:28:48 +0200] "GET http://elettroservicegroup.it/wp-json/wp/v2/users HTTP/1.1" 301 - "https://www.google.com" "Mozilla/5.0 (X11; Linux x86_64) AppleWebKit/537.36 (KHTML, like Gecko) Chrome/119.0.0.0 Safari/537.36"
95.32.236.157 - - [10/Jul/2026:00:28:54 +0200] "GET http://elettroservicegroup.it/?author=1 HTTP/1.1" 404 70388 "https://www.google.com" "Mozilla/5.0 (X11; Linux x86_64) AppleWebKit/537.36 (KHTML, like Gecko) Chrome/119.0.0.0 Safari/537.36"
95.32.236.157 - - [10/Jul/2026:00:29:30 +0200] "GET http://elettroservicegroup.it/wp-login.php HTTP/1.1" 302 - "https://www.google.com" "Mozilla/5.0 (X11; Linux x86_64) AppleWebKit/537.36 (KHTML, like Gecko) Chrome/119.0.0.0 Safari/537.36"
5.107.214.152 - - [10/Jul/2026:00:29:34 +0200] "GET http://elettroservicegroup.it/wp-login.php HTTP/1.1" 200 11953 "https://www.google.com" "Mozilla/5.0 (X11; Linux x86_64) AppleWebKit/537.36 (KHTML, like Gecko) Chrome/119.0.0.0 Safari/537.36"
177.200.37.85 - - [10/Jul/2026:00:29:47 +0200] "GET http://elettroservicegroup.it/wp-login.php HTTP/1.1" 302 - "https://www.google.com" "Mozilla/5.0 (X11; Linux x86_64) AppleWebKit/537.36 (KHTML, like Gecko) Chrome/119.0.0.0 Safari/537.36"
95.32.236.157 - - [10/Jul/2026:00:29:20 +0200] "POST http://elettroservicegroup.it/xmlrpc.php HTTP/1.1" 400 437 "-" "Apache-HttpClient/4.5.13 (Java/11.0.31)"
65.108.235.243 - - [10/Jul/2026:00:30:02 +0200] "POST /wp-cron.php?doing_wp_cron=1783636202.7776939868927001953125 HTTP/1.1" 200 1 "-" "WordPress/7.0; https://elettroservicegroup.it"
168.121.99.65 - - [10/Jul/2026:00:30:02 +0200] "GET http://elettroservicegroup.it/wp-login.php HTTP/1.1" 302 - "https://www.google.com" "Mozilla/5.0 (X11; Linux x86_64) AppleWebKit/537.36 (KHTML, like Gecko) Chrome/119.0.0.0 Safari/537.36"
177.200.37.85 - - [10/Jul/2026:00:29:51 +0200] "POST http://elettroservicegroup.it/wp-login.php HTTP/1.1" 301 - "http://elettroservicegroup.it/wp-login.php" "Mozilla/5.0 (X11; Linux x86_64) AppleWebKit/537.36 (KHTML, like Gecko) Chrome/119.0.0.0 Safari/537.36"
80.76.61.113 - - [10/Jul/2026:00:29:36 +0200] "POST http://elettroservicegroup.it/wp-login.php HTTP/1.1" 200 11925 "http://elettroservicegroup.it/wp-login.php" "Mozilla/5.0 (X11; Linux x86_64) AppleWebKit/537.36 (KHTML, like Gecko) Chrome/119.0.0.0 Safari/537.36"
168.121.99.65 - - [10/Jul/2026:00:30:07 +0200] "POST http://elettroservicegroup.it/wp-login.php HTTP/1.1" 301 - "http://elettroservicegroup.it/wp-login.php" "Mozilla/5.0 (X11; Linux x86_64) AppleWebKit/537.36 (KHTML, like Gecko) Chrome/119.0.0.0 Safari/537.36"
45.134.20.133 - - [10/Jul/2026:01:09:14 +0200] "GET /bless.php HTTP/1.1" 200 11915 "-" "Mozilla/5.0 (Macintosh; Intel Mac OS X 10_15_6) AppleWebKit/537.36 (KHTML, like Gecko) Chrome/84.0.4147.105 Safari/537.36"
45.134.20.130 - - [10/Jul/2026:01:09:21 +0200] "GET /O-Simple.php HTTP/1.1" 200 11917 "-" "Mozilla/5.0 (Windows NT 10.0; Win64; x64) AppleWebKit/537.36 (KHTML, like Gecko) Chrome/69.0.3497.100 Safari/537.36"
45.134.20.114 - - [10/Jul/2026:01:09:22 +0200] "GET /lock360.php HTTP/1.1" 200 11926 "-" "Mozilla/5.0 (X11; Ubuntu; Linux x86_64; rv:79.0) Gecko/20100101 Firefox/79.0"
45.134.20.124 - - [10/Jul/2026:01:09:23 +0200] "GET /zwso.php HTTP/1.1" 200 11924 "-" "Mozilla/5.0 (Windows NT 10.0; Win64; x64) AppleWebKit/537.36 (KHTML, like Gecko) Chrome/74.0.3729.169 Safari/537.36"
45.134.20.130 - - [10/Jul/2026:01:09:24 +0200] "GET /chosen.php HTTP/1.1" 200 11897 "-" "Mozilla/5.0 (Macintosh; Intel Mac OS X 10_15_6) AppleWebKit/537.36 (KHTML, like Gecko) Chrome/84.0.4147.105 Safari/537.36"
45.134.20.126 - - [10/Jul/2026:01:09:25 +0200] "GET /about.php HTTP/1.1" 200 11789 "-" "Mozilla/5.0 (Linux x86_64; rv:79.0) Gecko/20100101 Firefox/79.0"
45.134.20.114 - - [10/Jul/2026:01:09:27 +0200] "GET /admin.php HTTP/1.1" 200 11895 "-" "Mozilla/5.0 (Windows NT 10.0) AppleWebKit/537.36 (KHTML, like Gecko) Chrome/72.0.3626.121 Safari/537.36"
45.134.20.122 - - [10/Jul/2026:01:09:28 +0200] "GET /mah.php HTTP/1.1" 200 11862 "-" "Mozilla/5.0 (compatible; MSIE 10.0; Windows NT 6.1; Trident/6.0)"
45.134.20.110 - - [10/Jul/2026:01:09:29 +0200] "GET /.wp/wso.php HTTP/1.1" 200 11965 "-" "Mozilla/5.0 (Macintosh; Intel Mac OS X 10_10_1) AppleWebKit/537.36 (KHTML, like Gecko) Chrome/39.0.2171.95 Safari/537.36"
45.134.20.132 - - [10/Jul/2026:01:09:30 +0200] "GET /core.php HTTP/1.1" 200 11870 "-" "Mozilla/5.0 (X11; Ubuntu; Linux i686; rv:79.0) Gecko/20100101 Firefox/79.0"
45.134.20.128 - - [10/Jul/2026:01:09:31 +0200] "GET /robots.php HTTP/1.1" 200 11897 "-" "Mozilla/5.0 (Windows NT 10.0; Win64; x64; rv:71.0) Gecko/20100101 Firefox/71.0"
45.134.20.122 - - [10/Jul/2026:01:09:38 +0200] "GET /inputs.php HTTP/1.1" 200 11910 "-" "Mozilla/5.0 (Windows NT 10.0; Win64; x64) AppleWebKit/537.36 (KHTML, like Gecko) Chrome/84.0.4147.105 Safari/537.36 OPR/70.0.3728.95"
45.134.20.134 - - [10/Jul/2026:01:09:39 +0200] "GET /mini.php HTTP/1.1" 200 11838 "-" "Mozilla/5.0 (Windows NT 10.0; Win64; x64) AppleWebKit/537.36 (KHTML, like Gecko) Chrome/70.0.3538.110 Safari/537.36"
45.134.20.132 - - [10/Jul/2026:01:09:40 +0200] "GET /goods.php HTTP/1.1" 200 11825 "-" "Mozilla/5.0 (Windows NT 10.0; Win64; x64; rv:79.0) Gecko/20100101 Firefox/79.0"
45.134.20.107 - - [10/Jul/2026:01:09:41 +0200] "GET /file5.php HTTP/1.1" 200 11910 "-" "Mozilla/5.0 (Windows NT 10.0; Win64; x64; rv:66.0) Gecko/20100101 Firefox/66.0"
45.134.20.105 - - [10/Jul/2026:01:09:43 +0200] "GET /ahax.php HTTP/1.1" 200 11910 "-" "Mozilla/5.0 (Windows NT 10.0; Win64; x64; rv:72.0) Gecko/20100101 Firefox/72.0"
45.134.20.136 - - [10/Jul/2026:01:09:44 +0200] "GET /f35.php HTTP/1.1" 200 11761 "-" "Mozilla/5.0 (Windows NT 10.0; Win64; x64) AppleWebKit/537.36 (KHTML, like Gecko) Chrome/80.0.3987.149 Safari/537.36"
45.134.20.105 - - [10/Jul/2026:01:09:45 +0200] "GET /simple.php HTTP/1.1" 200 11824 "-" "Mozilla/5.0 (X11; Linux x86_64) AppleWebKit/537.36 (KHTML, like Gecko) Chrome/84.0.4147.105 Safari/537.36 OPR/70.0.3728.95"
45.134.20.111 - - [10/Jul/2026:01:09:46 +0200] "GET /amax.php HTTP/1.1" 200 11894 "-" "Mozilla/5.0 (Windows NT 6.1; Win64; x64) AppleWebKit/537.36 (KHTML, like Gecko) Chrome/78.0.3904.108 Safari/537.36"
45.134.20.134 - - [10/Jul/2026:01:09:47 +0200] "GET /update/f35.php HTTP/1.1" 200 11784 "-" "Mozilla/5.0 (Windows NT 6.1; Win64; x64) AppleWebKit/537.36 (KHTML, like Gecko) Chrome/58.0.3029.110 Safari/537.3"
45.134.20.116 - - [10/Jul/2026:01:09:48 +0200] "GET /wp-content/hello.php HTTP/1.1" 200 11894 "-" "Mozilla/5.0 (Macintosh; Intel Mac OS X 10_12_6) AppleWebKit/537.36 (KHTML, like Gecko) Chrome/58.0.3029.110 Safari/537.3"
45.134.20.129 - - [10/Jul/2026:01:09:50 +0200] "GET /wp-admin/maint/bootstrap.php HTTP/1.1" 200 11857 "-" "Mozilla/5.0 (Windows NT 10.0; Win64; x64; rv:72.0) Gecko/20100101 Firefox/72.0"
45.134.20.116 - - [10/Jul/2026:01:09:51 +0200] "GET /themes/zMousse/otuz1.php HTTP/1.1" 200 11928 "-" "Mozilla/5.0 (X11; Linux x86_64) AppleWebKit/537.36 (KHTML, like Gecko) Chrome/84.0.4147.105 Safari/537.36 OPR/70.0.3728.95"
45.134.20.136 - - [10/Jul/2026:01:09:52 +0200] "GET /wp-content/edit-wolf.php HTTP/1.1" 200 11913 "-" "Mozilla/5.0 (Windows NT 10.0) AppleWebKit/537.36 (KHTML, like Gecko) Chrome/72.0.3626.121 Safari/537.36"
45.134.20.106 - - [10/Jul/2026:01:09:53 +0200] "GET /wp-content/plugins/ubh/up.php HTTP/1.1" 200 11877 "-" "Mozilla/5.0 (Windows NT 10.0; Win64; x64; rv:77.0) Gecko/20100101 Firefox/77.0"
45.134.20.111 - - [10/Jul/2026:01:09:54 +0200] "GET /wp-admin/images/bootstrap.php HTTP/1.1" 200 11904 "-" "Mozilla/5.0 (Windows NT 10.0; Win64; x64) AppleWebKit/537.36 (KHTML, like Gecko) Chrome/70.0.3538.77 Safari/537.36"
45.134.20.119 - - [10/Jul/2026:01:09:55 +0200] "GET /images/upload.php HTTP/1.1" 200 11905 "-" "Mozilla/5.0 (Windows NT 10.0; Win64; x64) AppleWebKit/537.36 (KHTML, like Gecko) Chrome/79.0.3945.130 Safari/537.36"
45.134.20.124 - - [10/Jul/2026:01:09:56 +0200] "GET /wp-content/plugins/seoplugins/db.php?u HTTP/1.1" 200 11928 "-" "Mozilla/5.0 (Windows NT 6.1; Win64; x64) AppleWebKit/537.36 (KHTML, like Gecko) Chrome/58.0.3029.110 Safari/537.3"
45.134.20.116 - - [10/Jul/2026:01:09:58 +0200] "GET /wp-content/themes/pridmag/db.php?u HTTP/1.1" 200 11914 "-" "Mozilla/5.0 (Windows NT 10.0; Win64; x64) AppleWebKit/537.36 (KHTML, like Gecko) Chrome/83.0.4103.61 Safari/537.36"
45.134.20.107 - - [10/Jul/2026:01:09:59 +0200] "GET /wp-content/plugins/linkpreview/db.php?u HTTP/1.1" 200 11928 "-" "Mozilla/5.0 (Windows NT 10.0; Win64; x64) AppleWebKit/537.36 (KHTML, like Gecko) Chrome/80.0.3987.149 Safari/537.36"
45.134.20.114 - - [10/Jul/2026:01:10:00 +0200] "GET /admin/uploads/bn_1_1754420677.phtml HTTP/1.1" 200 11969 "-" "Mozilla/5.0 (Windows NT 10.0; WOW64) AppleWebKit/537.36 (KHTML, like Gecko) Chrome/72.0.3626.121 Safari/537.36"
45.134.20.109 - - [10/Jul/2026:01:10:16 +0200] "GET /update/ HTTP/1.1" 200 11860 "-" "Mozilla/5.0 (Windows NT 10.0; Win64; x64; rv:77.0) Gecko/20100101 Firefox/77.0"
45.134.20.111 - - [10/Jul/2026:01:10:18 +0200] "GET /wp-content/ HTTP/1.1" 200 11833 "-" "Mozilla/5.0 (Windows NT 10.0; Win64; x64; rv:71.0) Gecko/20100101 Firefox/71.0"
45.134.20.125 - - [10/Jul/2026:01:10:19 +0200] "GET /wp-admin/maint/ HTTP/1.1" 200 11885 "-" "Mozilla/5.0 (Macintosh; Intel Mac OS X 10_15_6) AppleWebKit/537.36 (KHTML, like Gecko) Chrome/84.0.4147.125 Safari/537.36"
45.134.20.109 - - [10/Jul/2026:01:10:20 +0200] "GET /themes/zMousse/ HTTP/1.1" 200 11945 "-" "Mozilla/5.0 (Windows NT 10.0; Win64; x64; rv:66.0) Gecko/20100101 Firefox/66.0"
45.134.20.126 - - [10/Jul/2026:01:10:21 +0200] "GET /wp-content/plugins/ubh/ HTTP/1.1" 200 11916 "-" "Mozilla/5.0 (Windows NT 10.0; Win64; x64) AppleWebKit/537.36 (KHTML, like Gecko) Chrome/74.0.3729.157 Safari/537.36"
45.134.20.106 - - [10/Jul/2026:01:10:23 +0200] "GET /wp-admin/images/ HTTP/1.1" 200 11930 "-" "Mozilla/5.0 (Windows NT 10.0; WOW64; x64) AppleWebKit/537.36 (KHTML, like Gecko) Chrome/84.0.4147.105 Safari/537.36 OPR/70.0.3728.95"
45.134.20.132 - - [10/Jul/2026:01:10:24 +0200] "GET /wp-content/plugins/seoplugins/ HTTP/1.1" 200 11816 "-" "Mozilla/5.0 (Windows NT 10.0; Win64; x64; rv:67.0) Gecko/20100101 Firefox/67.0"
45.134.20.133 - - [10/Jul/2026:01:10:25 +0200] "GET /wp-content/themes/pridmag/ HTTP/1.1" 200 11939 "-" "Mozilla/5.0 (Windows NT 10.0; Win64; x64) AppleWebKit/537.36 (KHTML, like Gecko) Chrome/74.0.3729.169 Safari/537.36"
45.134.20.118 - - [10/Jul/2026:01:10:26 +0200] "GET /wp-content/plugins/linkpreview/ HTTP/1.1" 200 11904 "-" "Mozilla/5.0 (X11; Fedora; Linux x86_64; rv:79.0) Gecko/20100101 Firefox/79.0"
45.134.20.125 - - [10/Jul/2026:01:10:28 +0200] "GET /modules/mod_simplefileuploadv1.3/elements/ HTTP/1.1" 200 11953 "-" "Mozilla/5.0 (Windows NT 10.0; Win64; x64) AppleWebKit/537.36 (KHTML, like Gecko) Chrome/83.0.4103.61 Safari/537.36"
45.134.20.112 - - [10/Jul/2026:01:10:29 +0200] "GET /wp-content/plugins/pwnd/ HTTP/1.1" 200 11889 "-" "Mozilla/5.0 (Windows NT 10.0) AppleWebKit/537.36 (KHTML, like Gecko) Chrome/72.0.3626.121 Safari/537.36"
45.134.20.108 - - [10/Jul/2026:01:10:30 +0200] "GET /wp-content/plugins/pwnd-1/ HTTP/1.1" 200 11924 "-" "Mozilla/5.0 (Windows NT 10.0; Win64; x64; rv:75.0) Gecko/20100101 Firefox/75.0"
45.134.20.118 - - [10/Jul/2026:01:10:31 +0200] "GET /wp-admin/css/colors/midnight/ HTTP/1.1" 200 11841 "-" "Mozilla/5.0 (Windows NT 10.0; Win64; x64; rv:72.0) Gecko/20100101 Firefox/72.0"
45.134.20.118 - - [10/Jul/2026:01:10:32 +0200] "GET /vendor/phpunit/phpunit/src/Util/PHP/ HTTP/1.1" 200 11913 "-" "Mozilla/5.0 (Macintosh; Intel Mac OS X 10_15_6) AppleWebKit/537.36 (KHTML, like Gecko) Chrome/84.0.4147.125 Safari/537.36"
45.134.20.126 - - [10/Jul/2026:01:10:33 +0200] "GET /wp-includes/style-engine/ HTTP/1.1" 200 11890 "-" "Mozilla/5.0 (Windows NT 6.1; Win64; x64) AppleWebKit/537.36 (KHTML, like Gecko) Chrome/74.0.3729.169 Safari/537.36"
45.134.20.104 - - [10/Jul/2026:01:10:34 +0200] "GET /wp-content/plugins/core-plugin/ HTTP/1.1" 200 11895 "-" "Mozilla/5.0 (Windows NT 10.0; WOW64) AppleWebKit/537.36 (KHTML, like Gecko) Chrome/84.0.4147.105 Safari/537.36"
45.134.20.128 - - [10/Jul/2026:01:10:35 +0200] "GET /wp-content/plugins/ HTTP/1.1" 200 11839 "-" "Mozilla/5.0 (Windows NT 10.0; Win64; x64) AppleWebKit/537.36 (KHTML, like Gecko) Chrome/83.0.4103.61 Safari/537.36"
45.134.20.112 - - [10/Jul/2026:01:10:36 +0200] "GET /js/ HTTP/1.1" 200 11865 "-" "Mozilla/5.0 (X11; Fedora; Linux x86_64; rv:79.0) Gecko/20100101 Firefox/79.0"
45.134.20.137 - - [10/Jul/2026:01:10:38 +0200] "GET /.well-known/pki-validation/ HTTP/1.1" 200 11892 "-" "Mozilla/5.0 (Linux x86_64; rv:79.0) Gecko/20100101 Firefox/79.0"
45.134.20.132 - - [10/Jul/2026:01:10:39 +0200] "GET /wp-includes/js/ HTTP/1.1" 200 11798 "-" "Mozilla/5.0 (Windows NT 10.0; WOW64; x64) AppleWebKit/537.36 (KHTML, like Gecko) Chrome/84.0.4147.105 Safari/537.36 OPR/70.0.3728.95"
45.134.20.137 - - [10/Jul/2026:01:10:40 +0200] "GET /wp-content/upgrade/ HTTP/1.1" 200 11850 "-" "Mozilla/5.0 (Windows NT 10.0; WOW64; Trident/7.0; .NET4.0C; .NET4.0E; .NET CLR 2.0.50727; .NET CLR 3.0.30729; .NET CLR 3.5.30729; rv:11.0) like Gecko"
45.134.20.125 - - [10/Jul/2026:01:10:42 +0200] "GET /wp-content/languages/ HTTP/1.1" 200 11867 "-" "Mozilla/5.0 (Windows NT 10.0; WOW64; Trident/7.0; .NET4.0C; .NET4.0E; .NET CLR 2.0.50727; .NET CLR 3.0.30729; .NET CLR 3.5.30729; rv:11.0) like Gecko"
45.134.20.108 - - [10/Jul/2026:01:10:43 +0200] "GET /wp-content/themes/ HTTP/1.1" 200 11817 "-" "Mozilla/5.0 (X11; Ubuntu; Linux i686; rv:79.0) Gecko/20100101 Firefox/79.0"
45.134.20.133 - - [10/Jul/2026:01:10:44 +0200] "GET /wp-content/plugins/elementor/ HTTP/1.1" 200 11957 "-" "Mozilla/5.0 (Windows NT 10.0; Win64; x64) AppleWebKit/537.36 (KHTML, like Gecko) Chrome/83.0.4103.61 Safari/537.36"
45.134.20.122 - - [10/Jul/2026:01:10:45 +0200] "GET /wp-includes/IXR/ HTTP/1.1" 200 11881 "-" "Mozilla/5.0 (Windows NT 10.0; Win64; x64) AppleWebKit/537.36 (KHTML, like Gecko) Chrome/79.0.3945.79 Safari/537.36"
45.134.20.122 - - [10/Jul/2026:01:10:46 +0200] "GET /wp-includes/widgets/ HTTP/1.1" 200 11895 "-" "Mozilla/5.0 (Windows NT 10.0; Win64; x64) AppleWebKit/537.36 (KHTML, like Gecko) Chrome/79.0.3945.88 Safari/537.36"
45.134.20.137 - - [10/Jul/2026:01:10:52 +0200] "GET /wp-includes/images/smilies/ HTTP/1.1" 200 11964 "-" "Mozilla/5.0 (Windows NT 10.0; Win64; x64; rv:66.0) Gecko/20100101 Firefox/66.0"
45.134.20.130 - - [10/Jul/2026:01:10:54 +0200] "GET /wp-includes/js/crop/ HTTP/1.1" 200 12012 "-" "Mozilla/5.0 (Windows NT 6.1; Win64; x64) AppleWebKit/537.36 (KHTML, like Gecko) Chrome/80.0.3987.149 Safari/537.36"
45.134.20.116 - - [10/Jul/2026:01:10:55 +0200] "GET /wp-includes/PHPMailer/ HTTP/1.1" 200 11946 "-" "Mozilla/5.0 (Windows NT 10.0; Win64; x64) AppleWebKit/537.36 (KHTML, like Gecko) Chrome/74.0.3729.169 Safari/537.36"
45.134.20.132 - - [10/Jul/2026:01:11:01 +0200] "GET /cgi-bin/ HTTP/1.1" 200 11880 "-" "Mozilla/5.0 (Windows NT 10.0; Win64; x64) AppleWebKit/537.36 (KHTML, like Gecko) Chrome/70.0.3538.110 Safari/537.36"
45.134.20.105 - - [10/Jul/2026:01:11:03 +0200] "GET /wp-admin/js/ HTTP/1.1" 200 11962 "-" "Mozilla/5.0 (Windows NT 10.0; Win64; x64; rv:71.0) Gecko/20100101 Firefox/71.0"
45.134.20.105 - - [10/Jul/2026:01:11:04 +0200] "GET /wp-includes/js/jquery/ HTTP/1.1" 200 11964 "-" "Mozilla/5.0 (X11; Linux x86_64) AppleWebKit/537.36 (KHTML, like Gecko) Chrome/84.0.4147.105 Safari/537.36 OPR/70.0.3728.95"
45.134.20.114 - - [10/Jul/2026:01:11:05 +0200] "GET /wp-includes/block-supports/ HTTP/1.1" 200 11908 "-" "Mozilla/5.0 (Windows NT 10.0; Win64; x64; rv:66.0) Gecko/20100101 Firefox/66.0"
45.134.20.125 - - [10/Jul/2026:01:11:06 +0200] "GET /wp-admin/network/ HTTP/1.1" 200 11877 "-" "Mozilla/5.0 (Windows NT 10.0; Win64; x64) AppleWebKit/537.36 (KHTML, like Gecko) Chrome/84.0.4147.105 Safari/537.36 OPR/70.0.3728.95"
45.134.20.108 - - [10/Jul/2026:01:11:07 +0200] "GET /wp-admin/ HTTP/1.1" 200 11923 "-" "Mozilla/5.0 (Macintosh; Intel Mac OS X 10_10_1) AppleWebKit/537.36 (KHTML, like Gecko) Chrome/39.0.2171.95 Safari/537.36"
45.134.20.122 - - [10/Jul/2026:01:11:09 +0200] "GET /wp-includes/blocks/table/int/tmpl/ HTTP/1.1" 200 11950 "-" "Mozilla/5.0 (Windows NT 10.0; Win64; x64) AppleWebKit/537.36 (KHTML, like Gecko) Chrome/74.0.3729.169 Safari/537.36"
45.134.20.113 - - [10/Jul/2026:01:11:10 +0200] "GET /wp-includes/ HTTP/1.1" 200 11854 "-" "Mozilla/5.0 (Windows NT 10.0; Win64; x64; rv:75.0) Gecko/20100101 Firefox/75.0"
45.134.20.128 - - [10/Jul/2026:01:11:11 +0200] "GET /wp-includes/customize/ HTTP/1.1" 200 11937 "-" "Mozilla/5.0 (Windows NT 10.0; Win64; x64; rv:67.0) Gecko/20100101 Firefox/67.0"
45.134.20.109 - - [10/Jul/2026:01:11:12 +0200] "GET /wp-includes/SimplePie/ HTTP/1.1" 200 11901 "-" "Mozilla/5.0 (Windows NT 6.1; Win64; x64) AppleWebKit/537.36 (KHTML, like Gecko) Chrome/58.0.3029.110 Safari/537.3"
45.134.20.123 - - [10/Jul/2026:01:11:14 +0200] "GET /wp-includes/theme-compat/ HTTP/1.1" 200 11934 "-" "Mozilla/5.0 (Windows NT 10.0; Win64; x64) AppleWebKit/537.36 (KHTML, like Gecko) Chrome/74.0.3729.169 Safari/537.36"
45.134.20.112 - - [10/Jul/2026:01:11:15 +0200] "GET /wp-includes/Requests/ HTTP/1.1" 200 11951 "-" "Mozilla/5.0 (Windows NT 10.0; Win64; x64) AppleWebKit/537.36 (KHTML, like Gecko) Chrome/84.0.4147.105 Safari/537.36 OPR/70.0.3728.95"
45.134.20.113 - - [10/Jul/2026:01:11:16 +0200] "GET /wp-includes/ID3/ HTTP/1.1" 200 11861 "-" "Mozilla/5.0 (Windows NT 6.1; Win64; x64) AppleWebKit/537.36 (KHTML, like Gecko) Chrome/78.0.3904.108 Safari/537.36"
45.134.20.107 - - [10/Jul/2026:01:11:17 +0200] "GET /wp-content/x/ HTTP/1.1" 200 11903 "-" "Mozilla/5.0 (Windows NT 10.0; Win64; x64) AppleWebKit/537.36 (KHTML, like Gecko) Chrome/74.0.3729.157 Safari/537.36"
45.134.20.128 - - [10/Jul/2026:01:11:18 +0200] "GET /wp-includes/assets/ HTTP/1.1" 200 12010 "-" "Mozilla/5.0 (Windows NT 10.0; Win64; x64) AppleWebKit/537.36 (KHTML, like Gecko) Chrome/58.0.3029.110 Safari/537.3"
45.134.20.132 - - [10/Jul/2026:01:11:19 +0200] "GET /wp-includes/fonts/ HTTP/1.1" 200 11906 "-" "Mozilla/5.0 (Windows NT 10.0; Win64; x64) AppleWebKit/537.36 (KHTML, like Gecko) Chrome/74.0.3729.157 Safari/537.36"
45.134.20.125 - - [10/Jul/2026:01:11:26 +0200] "GET /autoload_classmap/ HTTP/1.1" 200 11937 "-" "Mozilla/5.0 (X11; Linux i686; rv:79.0) Gecko/20100101 Firefox/79.0"
45.134.20.114 - - [10/Jul/2026:01:11:27 +0200] "GET /wp-content/themes/tflow/ HTTP/1.1" 200 11795 "-" "Mozilla/5.0 (Macintosh; Intel Mac OS X 10_12_6) AppleWebKit/537.36 (KHTML, like Gecko) Chrome/58.0.3029.110 Safari/537.3"
45.134.20.134 - - [10/Jul/2026:01:11:28 +0200] "GET /templates/beez3/ HTTP/1.1" 200 11812 "-" "Mozilla/5.0 (Windows NT 10.0; Win64; x64) AppleWebKit/537.36 (KHTML, like Gecko) Chrome/81.0.4044.129 Safari/537.36"
45.134.20.108 - - [10/Jul/2026:01:11:29 +0200] "GET /wp-admin/css/colors/blue/ HTTP/1.1" 200 11915 "-" "Mozilla/5.0 (Windows NT 6.3; Win64; x64; rv:73.0) Gecko/20100101 Firefox/73.0"
45.134.20.126 - - [10/Jul/2026:01:11:36 +0200] "GET /components/com_jea/views/form/tmpl/ HTTP/1.1" 200 11917 "-" "Mozilla/5.0 (Macintosh; Intel Mac OS X 10.15; rv:79.0) Gecko/20100101 Firefox/79.0"
45.134.20.119 - - [10/Jul/2026:01:11:37 +0200] "GET /templates/beez/ HTTP/1.1" 200 11910 "-" "Mozilla/5.0 (Windows NT 10.0; Win64; x64) AppleWebKit/537.36 (KHTML, like Gecko) Chrome/74.0.3729.169 Safari/537.36"
45.134.20.135 - - [10/Jul/2026:01:11:38 +0200] "GET /wp-admin/css/colors/light/ HTTP/1.1" 200 11900 "-" "Mozilla/5.0 (X11; Linux i686; rv:79.0) Gecko/20100101 Firefox/79.0"
45.134.20.109 - - [10/Jul/2026:01:11:39 +0200] "GET /wp-content/uploads/ HTTP/1.1" 200 11900 "-" "Mozilla/5.0 (Macintosh; Intel Mac OS X 10_15_6) AppleWebKit/537.36 (KHTML, like Gecko) Chrome/84.0.4147.105 Safari/537.36 OPR/70.0.3728.95"
45.134.20.130 - - [10/Jul/2026:01:11:41 +0200] "GET /wp-includes/rest-api/ HTTP/1.1" 200 11926 "-" "Mozilla/5.0 (Windows NT 10.0; Win64; x64; rv:67.0) Gecko/20100101 Firefox/67.0"
45.134.20.132 - - [10/Jul/2026:01:11:42 +0200] "GET /css/ HTTP/1.1" 200 11892 "-" "Mozilla/5.0 (Macintosh; Intel Mac OS X 10_10_1) AppleWebKit/537.36 (KHTML, like Gecko) Chrome/39.0.2171.95 Safari/537.36"
45.134.20.138 - - [10/Jul/2026:01:11:43 +0200] "GET /wp-admin/user/ HTTP/1.1" 200 11915 "-" "Mozilla/5.0 (Windows NT 6.3; Win64; x64; rv:73.0) Gecko/20100101 Firefox/73.0"
45.134.20.108 - - [10/Jul/2026:01:11:44 +0200] "GET /assets/ HTTP/1.1" 200 11875 "-" "Mozilla/5.0 (compatible; MSIE 10.0; Windows NT 6.1; Trident/6.0)"
45.134.20.104 - - [10/Jul/2026:01:11:45 +0200] "GET /wp-admin/css/ HTTP/1.1" 200 11857 "-" "Mozilla/5.0 (Windows NT 10.0; WOW64) AppleWebKit/537.36 (KHTML, like Gecko) Chrome/72.0.3626.121 Safari/537.36"
45.134.20.129 - - [10/Jul/2026:01:11:46 +0200] "GET /wp-includes/rest-api/endpoints/ HTTP/1.1" 200 11949 "-" "Mozilla/5.0 (Windows NT 10.0; Win64; x64) AppleWebKit/537.36 (KHTML, like Gecko) Chrome/74.0.3729.169 Safari/537.36"
45.134.20.120 - - [10/Jul/2026:01:11:47 +0200] "GET /wp-content/plugins/wp-theme-editor/ HTTP/1.1" 200 11908 "-" "Mozilla/5.0 (Windows NT 10.0; WOW64) AppleWebKit/537.36 (KHTML, like Gecko) Chrome/72.0.3626.121 Safari/537.36"
45.134.20.119 - - [10/Jul/2026:01:11:49 +0200] "GET /wp-content/plugins/up/ HTTP/1.1" 200 11974 "-" "Mozilla/5.0 (Windows NT 10.0; WOW64; x64) AppleWebKit/537.36 (KHTML, like Gecko) Chrome/84.0.4147.105 Safari/537.36 OPR/70.0.3728.95"
45.134.20.111 - - [10/Jul/2026:01:11:50 +0200] "GET /fonts/ HTTP/1.1" 200 11895 "-" "Mozilla/5.0 (Windows NT 6.1; Win64; x64) AppleWebKit/537.36 (KHTML, like Gecko) Chrome/78.0.3904.108 Safari/537.36"
45.134.20.110 - - [10/Jul/2026:01:11:51 +0200] "GET /wp-admin/includes/ HTTP/1.1" 200 11938 "-" "Mozilla/5.0 (Windows NT 6.1; Win64; x64) AppleWebKit/537.36 (KHTML, like Gecko) Chrome/80.0.3987.149 Safari/537.36"
45.134.20.106 - - [10/Jul/2026:01:11:52 +0200] "GET /images/images/ HTTP/1.1" 200 11813 "-" "Mozilla/5.0 (compatible; MSIE 10.0; Windows NT 6.1; Trident/6.0)"
45.134.20.113 - - [10/Jul/2026:01:11:53 +0200] "GET /wp-admin/css/colors/ocean/ HTTP/1.1" 200 11860 "-" "Mozilla/5.0 (X11; Linux i686; rv:79.0) Gecko/20100101 Firefox/79.0"
45.134.20.131 - - [10/Jul/2026:01:11:54 +0200] "GET /wp-content/plugins/dummyyummy/ HTTP/1.1" 200 11973 "-" "Mozilla/5.0 (Windows NT 6.1; Win64; x64) AppleWebKit/537.36 (KHTML, like Gecko) Chrome/78.0.3904.108 Safari/537.36"
45.134.20.111 - - [10/Jul/2026:01:11:56 +0200] "GET /wp-includes/pomo/ HTTP/1.1" 200 11873 "-" "Mozilla/5.0 (Windows NT 10.0; Win64; x64) AppleWebKit/537.36 (KHTML, like Gecko) Chrome/79.0.3945.130 Safari/537.36"
45.134.20.110 - - [10/Jul/2026:01:11:57 +0200] "GET /wp-content/themes/twentytwentythree/patterns/ HTTP/1.1" 200 11903 "-" "Mozilla/5.0 (Windows NT 10.0; Win64; x64) AppleWebKit/537.36 (KHTML, like Gecko) Chrome/75.0.3770.100 Safari/537.36"
45.134.20.111 - - [10/Jul/2026:01:11:58 +0200] "GET /wp-admin/css/colors/sunrise/ HTTP/1.1" 200 11986 "-" "Mozilla/5.0 (Windows NT 10.0; Win64; x64; rv:74.0) Gecko/20100101 Firefox/74.0"
45.134.20.114 - - [10/Jul/2026:01:12:04 +0200] "GET /wp-includes/block-patterns/ HTTP/1.1" 200 11968 "-" "Mozilla/5.0 (Windows NT 6.1; Win64; x64) AppleWebKit/537.36 (KHTML, like Gecko) Chrome/74.0.3729.169 Safari/537.36"
45.134.20.111 - - [10/Jul/2026:01:12:05 +0200] "GET /wp-includes/certificates/ HTTP/1.1" 200 11906 "-" "Mozilla/5.0 (Windows NT 10.0; Win64; x64) AppleWebKit/537.36 (KHTML, like Gecko) Chrome/79.0.3945.130 Safari/537.36"
45.134.20.134 - - [10/Jul/2026:01:12:07 +0200] "GET /wp-content/cache/ HTTP/1.1" 200 11813 "-" "Mozilla/5.0 (Windows NT 6.1; Win64; x64) AppleWebKit/537.36 (KHTML, like Gecko) Chrome/74.0.3729.169 Safari/537.36"
45.134.20.138 - - [10/Jul/2026:01:12:08 +0200] "GET /assets/images/ HTTP/1.1" 200 11903 "-" "Mozilla/5.0 (Windows NT 10.0; Win64; x64; rv:72.0) Gecko/20100101 Firefox/72.0"
45.134.20.118 - - [10/Jul/2026:01:12:09 +0200] "GET /wp-admin/js/widgets/ HTTP/1.1" 200 11887 "-" "Mozilla/5.0 (Windows NT 10.0; Win64; x64) AppleWebKit/537.36 (KHTML, like Gecko) Chrome/74.0.3729.157 Safari/537.36"
