38.30.253.234 - - [11/Jul/2026:14:10:10 +0200] "GET /wp-content/uploads/2022/01/lavastoviglie2-2-768x512.jpg HTTP/1.1" 200 79921 "-" "Mozilla/5.0 (compatible; crawler)"
65.108.235.243 - - [11/Jul/2026:14:13:10 +0200] "POST /wp-cron.php?doing_wp_cron=1783771990.7923350334167480468750 HTTP/1.1" 200 1 "-" "WordPress/7.0.1; https://parma.elettroservicegroup.it"
216.73.216.229 - - [11/Jul/2026:14:13:08 +0200] "GET /sitemap.xml HTTP/2.0" 200 313 "-" "Mozilla/5.0 AppleWebKit/537.36 (KHTML, like Gecko; compatible; ClaudeBot/1.0; +claudebot@anthropic.com)"
65.108.235.243 - - [11/Jul/2026:14:13:12 +0200] "POST /wp-json/complianz/v1/wsc-scan HTTP/1.1" 400 88 "-" "WordPress/7.0.1; https://parma.elettroservicegroup.it"
196.240.104.43 - - [11/Jul/2026:14:38:29 +0200] "GET /wp-json/link-factory/v1/health HTTP/1.1" 200 107 "-" "undici"
196.240.104.43 - - [11/Jul/2026:14:38:29 +0200] "GET /wp-login.php HTTP/1.1" 200 11874 "-" "Mozilla/5.0 (X11; Linux x86_64) AppleWebKit/537.36 (KHTML, like Gecko) Chrome/127.0 Safari/537.36"
196.240.104.43 - - [11/Jul/2026:14:38:29 +0200] "GET /login/ HTTP/1.1" 200 11870 "-" "Mozilla/5.0 (X11; Linux x86_64) AppleWebKit/537.36 (KHTML, like Gecko) Chrome/127.0 Safari/537.36"
196.240.104.43 - - [11/Jul/2026:14:38:30 +0200] "GET /wplogin/ HTTP/1.1" 200 11904 "-" "Mozilla/5.0 (X11; Linux x86_64) AppleWebKit/537.36 (KHTML, like Gecko) Chrome/127.0 Safari/537.36"
196.240.104.43 - - [11/Jul/2026:14:38:30 +0200] "GET /wp-login/ HTTP/1.1" 200 11905 "-" "Mozilla/5.0 (X11; Linux x86_64) AppleWebKit/537.36 (KHTML, like Gecko) Chrome/127.0 Safari/537.36"
196.240.104.43 - - [11/Jul/2026:14:38:30 +0200] "GET /signin/ HTTP/1.1" 200 11903 "-" "Mozilla/5.0 (X11; Linux x86_64) AppleWebKit/537.36 (KHTML, like Gecko) Chrome/127.0 Safari/537.36"
196.240.104.43 - - [11/Jul/2026:14:38:30 +0200] "GET /sign-in/ HTTP/1.1" 200 11904 "-" "Mozilla/5.0 (X11; Linux x86_64) AppleWebKit/537.36 (KHTML, like Gecko) Chrome/127.0 Safari/537.36"
196.240.104.43 - - [11/Jul/2026:14:38:31 +0200] "GET /admin/ HTTP/1.1" 200 11942 "-" "Mozilla/5.0 (X11; Linux x86_64) AppleWebKit/537.36 (KHTML, like Gecko) Chrome/127.0 Safari/537.36"
196.240.104.43 - - [11/Jul/2026:14:38:31 +0200] "GET /connexion/ HTTP/1.1" 200 11946 "-" "Mozilla/5.0 (X11; Linux x86_64) AppleWebKit/537.36 (KHTML, like Gecko) Chrome/127.0 Safari/537.36"
196.240.104.43 - - [11/Jul/2026:14:38:31 +0200] "GET /acceso/ HTTP/1.1" 200 11943 "-" "Mozilla/5.0 (X11; Linux x86_64) AppleWebKit/537.36 (KHTML, like Gecko) Chrome/127.0 Safari/537.36"
196.240.104.43 - - [11/Jul/2026:14:38:31 +0200] "GET /entrar/ HTTP/1.1" 200 11943 "-" "Mozilla/5.0 (X11; Linux x86_64) AppleWebKit/537.36 (KHTML, like Gecko) Chrome/127.0 Safari/537.36"
196.240.104.43 - - [11/Jul/2026:14:38:32 +0200] "GET /giris/ HTTP/1.1" 200 11931 "-" "Mozilla/5.0 (X11; Linux x86_64) AppleWebKit/537.36 (KHTML, like Gecko) Chrome/127.0 Safari/537.36"
196.240.104.43 - - [11/Jul/2026:14:38:32 +0200] "GET /dashboard/ HTTP/1.1" 200 11935 "-" "Mozilla/5.0 (X11; Linux x86_64) AppleWebKit/537.36 (KHTML, like Gecko) Chrome/127.0 Safari/537.36"
196.240.104.43 - - [11/Jul/2026:14:38:32 +0200] "GET /members/ HTTP/1.1" 200 11933 "-" "Mozilla/5.0 (X11; Linux x86_64) AppleWebKit/537.36 (KHTML, like Gecko) Chrome/127.0 Safari/537.36"
65.108.235.243 - - [11/Jul/2026:14:40:13 +0200] "POST /wp-cron.php?doing_wp_cron=1783773613.1770019531250000000000 HTTP/1.1" 200 1 "-" "WordPress/7.0.1; https://parma.elettroservicegroup.it"
104.210.140.135 - - [11/Jul/2026:14:40:05 +0200] "GET /robots.txt HTTP/2.0" 200 104 "-" "Mozilla/5.0 (Macintosh; Intel Mac OS X 10_15_7) AppleWebKit/537.36 (KHTML, like Gecko) Chrome/131.0.0.0 Safari/537.36; compatible; OAI-SearchBot/1.0; +https://openai.com/searchbot"
65.108.235.243 - - [11/Jul/2026:14:48:04 +0200] "POST /wp-cron.php?doing_wp_cron=1783774084.2652568817138671875000 HTTP/1.1" 200 1 "-" "WordPress/7.0.1; https://parma.elettroservicegroup.it"
47.128.23.231 - - [11/Jul/2026:14:47:55 +0200] "GET /robots.txt HTTP/1.1" 403 189 "-" "Mozilla/5.0 (Linux; Android 5.0) AppleWebKit/537.36 (KHTML, like Gecko) Mobile Safari/537.36 (compatible; Bytespider; spider-feedback@bytedance.com)"
65.108.235.243 - - [11/Jul/2026:15:20:35 +0200] "POST /wp-cron.php?doing_wp_cron=1783776035.7830379009246826171875 HTTP/1.1" 200 1 "-" "WordPress/7.0.1; https://parma.elettroservicegroup.it"
74.7.230.51 - - [11/Jul/2026:15:20:28 +0200] "GET /robots.txt HTTP/2.0" 301 1 "-" "Mozilla/5.0 (Macintosh; Intel Mac OS X 10_15_7) AppleWebKit/537.36 (KHTML, like Gecko) Chrome/131.0.0.0 Safari/537.36; compatible; OAI-SearchBot/1.4; robots.txt; +https://openai.com/searchbot"
74.7.230.51 - - [11/Jul/2026:15:20:36 +0200] "GET /robots.txt HTTP/2.0" 200 104 "https://www.parma.elettroservicegroup.it/robots.txt" "Mozilla/5.0 (Macintosh; Intel Mac OS X 10_15_7) AppleWebKit/537.36 (KHTML, like Gecko) Chrome/131.0.0.0 Safari/537.36; compatible; OAI-SearchBot/1.4; robots.txt; +https://openai.com/searchbot"
65.108.235.243 - - [11/Jul/2026:15:20:38 +0200] "POST /wp-json/complianz/v1/wsc-scan HTTP/1.1" 400 88 "-" "WordPress/7.0.1; https://parma.elettroservicegroup.it"
176.20.196.227 - - [11/Jul/2026:15:22:19 +0200] "GET /wp-content/uploads/2022/01/elettro7-300x120.jpg HTTP/1.1" 200 7007 "-" "Mozilla/5.0 (compatible; crawler)"
65.108.235.243 - - [11/Jul/2026:16:19:10 +0200] "POST /wp-cron.php?doing_wp_cron=1783779549.9692840576171875000000 HTTP/1.1" 200 1 "-" "WordPress/7.0.1; https://parma.elettroservicegroup.it"
138.246.253.24 - - [11/Jul/2026:16:19:02 +0200] "GET /robots.txt HTTP/1.1" 200 189 "-" "Mozilla/5.0 (Windows NT 10.0; Win64; x64) AppleWebKit/537.36 (KHTML, like Gecko) Chrome/103.0.5060.134 Safari/537.36"
65.108.235.243 - - [11/Jul/2026:16:23:24 +0200] "POST /wp-cron.php?doing_wp_cron=1783779804.5740261077880859375000 HTTP/1.1" 200 1 "-" "WordPress/7.0.1; https://parma.elettroservicegroup.it"
65.108.235.243 - - [11/Jul/2026:16:23:22 +0200] "POST /?wordfence_syncAttackData=1783779802.3675 HTTP/1.1" 200 1 "-" "WordPress/7.0.1; https://parma.elettroservicegroup.it"
209.141.32.143 - - [11/Jul/2026:16:23:16 +0200] "GET /wp-content/plugins/blocksy-companion/readme.txt HTTP/1.1" 404 87986 "-" "Mozilla/5.0 (Windows NT 10.0; Win64; x64) AppleWebKit/537.36 (KHTML, like Gecko) Chrome/120.1.2.3 Safari/537.36 Edg/121.0.623.86"
65.108.235.243 - - [11/Jul/2026:16:23:26 +0200] "POST /wp-json/complianz/v1/wsc-scan HTTP/1.1" 400 88 "-" "WordPress/7.0.1; https://parma.elettroservicegroup.it"
52.167.144.150 - - [11/Jul/2026:16:24:49 +0200] "GET /assistenza-lavatrici-whirlpool-fidenza/ HTTP/2.0" 200 22808 "-" "Mozilla/5.0 AppleWebKit/537.36 (KHTML, like Gecko; compatible; bingbot/2.0; +http://www.bing.com/bingbot.htm) Chrome/116.0.1938.76 Safari/537.36"
74.7.242.15 - - [11/Jul/2026:17:19:55 +0200] "GET /sitemap.rss HTTP/2.0" 200 1349 "-" "Mozilla/5.0 AppleWebKit/537.36 (KHTML, like Gecko; compatible; GPTBot/1.4; +https://openai.com/gptbot)"
65.108.235.243 - - [11/Jul/2026:17:20:03 +0200] "POST /wp-cron.php?doing_wp_cron=1783783203.3708670139312744140625 HTTP/1.1" 200 1 "-" "WordPress/7.0.1; https://parma.elettroservicegroup.it"
74.7.230.8 - - [11/Jul/2026:17:19:55 +0200] "GET /robots.txt HTTP/2.0" 200 104 "-" "Mozilla/5.0 (Macintosh; Intel Mac OS X 10_15_7) AppleWebKit/537.36 (KHTML, like Gecko) Chrome/131.0.0.0 Safari/537.36; compatible; OAI-SearchBot/1.4; robots.txt; +https://openai.com/searchbot"
65.108.235.243 - - [11/Jul/2026:17:40:01 +0200] "POST /wp-cron.php?doing_wp_cron=1783784401.8742721080780029296875 HTTP/1.1" 200 1 "-" "WordPress/7.0.1; https://parma.elettroservicegroup.it"
74.7.242.15 - - [11/Jul/2026:17:39:53 +0200] "GET /sitemap.xml HTTP/2.0" 200 313 "-" "Mozilla/5.0 AppleWebKit/537.36 (KHTML, like Gecko; compatible; GPTBot/1.4; +https://openai.com/gptbot)"
65.108.235.243 - - [11/Jul/2026:17:40:04 +0200] "POST /wp-json/complianz/v1/wsc-scan HTTP/1.1" 400 88 "-" "WordPress/7.0.1; https://parma.elettroservicegroup.it"
65.108.235.243 - - [11/Jul/2026:17:59:45 +0200] "POST /wp-cron.php?doing_wp_cron=1783785585.8698821067810058593750 HTTP/1.1" 200 1 "-" "WordPress/7.0.1; https://parma.elettroservicegroup.it"
34.182.36.51 - - [11/Jul/2026:17:59:38 +0200] "GET /.git/config HTTP/1.1" 301 - "-" "Mozilla/5.0 (X11; Linux x86_64)"
65.108.235.243 - - [11/Jul/2026:18:23:03 +0200] "POST /wp-cron.php?doing_wp_cron=1783786983.6806290149688720703125 HTTP/1.1" 200 1 "-" "WordPress/7.0.1; https://parma.elettroservicegroup.it"
177.203.53.131 - - [11/Jul/2026:18:22:57 +0200] "GET /?feed=xmlsitemap26 HTTP/1.1" 301 - "-" "Mozilla/5.0 (X11; Linux x86_64; rv:121.0) Gecko/20100101 Firefox/121.0"
177.203.53.131 - - [11/Jul/2026:18:23:04 +0200] "GET /?feed=xmlsitemap26 HTTP/1.1" 404 268 "-" "Mozilla/5.0 (X11; Linux x86_64; rv:121.0) Gecko/20100101 Firefox/121.0"
177.203.53.131 - - [11/Jul/2026:18:23:05 +0200] "GET /?feed=xmlsitemap26 HTTP/1.1" 301 - "-" "Mozilla/5.0 (X11; Linux x86_64; rv:121.0) Gecko/20100101 Firefox/121.0"
177.203.53.131 - - [11/Jul/2026:18:23:07 +0200] "GET /?feed=xmlsitemap26 HTTP/1.1" 404 268 "-" "Mozilla/5.0 (X11; Linux x86_64; rv:121.0) Gecko/20100101 Firefox/121.0"
65.108.235.243 - - [11/Jul/2026:18:23:17 +0200] "POST /wp-cron.php?doing_wp_cron=1783786997.6631140708923339843750 HTTP/1.1" 200 1 "-" "WordPress/7.0.1; https://parma.elettroservicegroup.it"
177.203.53.131 - - [11/Jul/2026:18:23:16 +0200] "GET /sitemap26.xml HTTP/1.1" 302 - "-" "Mozilla/5.0 (Windows NT 10.0; Win64; x64; rv:123.0) Gecko/20100101 Firefox/123.0"
177.203.53.131 - - [11/Jul/2026:18:23:18 +0200] "GET /sitemap.xml HTTP/1.1" 200 547 "-" "Mozilla/5.0 (Windows NT 10.0; Win64; x64; rv:123.0) Gecko/20100101 Firefox/123.0"
188.130.197.26 - - [11/Jul/2026:18:23:32 +0200] "GET /?feed=xmlsitemap26 HTTP/1.1" 301 - "-" "Mozilla/5.0 (X11; Linux x86_64; rv:121.0) Gecko/20100101 Firefox/121.0"
65.108.235.243 - - [11/Jul/2026:18:23:59 +0200] "POST /wp-cron.php?doing_wp_cron=1783787039.5683419704437255859375 HTTP/1.1" 200 1 "-" "WordPress/7.0.1; https://parma.elettroservicegroup.it"
157.22.112.36 - - [11/Jul/2026:18:23:58 +0200] "GET /?feed=xmlsitemap27 HTTP/1.1" 301 - "-" "Mozilla/5.0 (Linux; Android 12; Redmi Note 11) AppleWebKit/537.36 Chrome/120.0.0.0 Mobile Safari/537.36"
157.22.112.36 - - [11/Jul/2026:18:24:00 +0200] "GET /?feed=xmlsitemap27 HTTP/1.1" 404 268 "-" "Mozilla/5.0 (Linux; Android 12; Redmi Note 11) AppleWebKit/537.36 Chrome/120.0.0.0 Mobile Safari/537.36"
45.83.11.235 - - [11/Jul/2026:18:24:01 +0200] "GET /sitemap25.xml HTTP/1.1" 302 - "-" "Mozilla/5.0 (Linux; Android 14; Pixel 7) AppleWebKit/537.36 Chrome/122.0.0.0 Mobile Safari/537.36"
157.22.112.36 - - [11/Jul/2026:18:24:02 +0200] "GET /?feed=xmlsitemap27 HTTP/1.1" 404 268 "-" "Mozilla/5.0 (Macintosh; Intel Mac OS X 14_1) AppleWebKit/537.36 Chrome/121.0.0.0 Safari/537.36"
65.108.235.243 - - [11/Jul/2026:18:24:07 +0200] "POST /wp-cron.php?doing_wp_cron=1783787047.4725770950317382812500 HTTP/1.1" 200 1 "-" "WordPress/7.0.1; https://parma.elettroservicegroup.it"
45.83.11.235 - - [11/Jul/2026:18:24:06 +0200] "GET /?feed=xmlsitemap23 HTTP/1.1" 404 268 "-" "Mozilla/5.0 (Windows NT 10.0; Win64; x64) AppleWebKit/537.36 Chrome/122.0.0.0 Safari/537.36"
45.83.11.235 - - [11/Jul/2026:18:24:07 +0200] "GET /?feed=xmlsitemap23 HTTP/1.1" 404 268 "-" "Mozilla/5.0 (Windows NT 10.0; Win64; x64) AppleWebKit/537.36 Chrome/122.0.0.0 Safari/537.36"
45.83.11.235 - - [11/Jul/2026:18:24:08 +0200] "GET /sitemap.xml HTTP/1.1" 200 547 "-" "Mozilla/5.0 (Linux; Android 14; Pixel 7) AppleWebKit/537.36 Chrome/122.0.0.0 Mobile Safari/537.36"
195.158.194.15 - - [11/Jul/2026:18:24:09 +0200] "GET /?feed=xmlsitemap27 HTTP/1.1" 404 268 "-" "Mozilla/5.0 (Macintosh; Intel Mac OS X 14_1) AppleWebKit/537.36 Chrome/121.0.0.0 Safari/537.36"
195.158.194.15 - - [11/Jul/2026:18:24:11 +0200] "GET /?feed=xmlsitemap27 HTTP/1.1" 404 268 "-" "Mozilla/5.0 (Macintosh; Intel Mac OS X 14_1) AppleWebKit/537.36 Chrome/121.0.0.0 Safari/537.36"
177.203.53.131 - - [11/Jul/2026:18:24:16 +0200] "GET /?feed=xmlsitemap29 HTTP/1.1" 404 268 "-" "Mozilla/5.0 (Macintosh; Intel Mac OS X 13.5; rv:122.0) Gecko/20100101 Firefox/122.0"
138.16.21.28 - - [11/Jul/2026:18:24:17 +0200] "GET /sitemap29.xml HTTP/1.1" 302 - "-" "Mozilla/5.0 (Macintosh; Intel Mac OS X 14_1) AppleWebKit/537.36 Chrome/121.0.0.0 Safari/537.36 Edg/121.0.0.0"
138.16.21.28 - - [11/Jul/2026:18:24:19 +0200] "GET /sitemap.xml HTTP/1.1" 200 547 "-" "Mozilla/5.0 (Macintosh; Intel Mac OS X 14_1) AppleWebKit/537.36 Chrome/121.0.0.0 Safari/537.36 Edg/121.0.0.0"
45.83.11.235 - - [11/Jul/2026:18:24:23 +0200] "GET /?feed=xmlsitemap29 HTTP/1.1" 404 268 "-" "Mozilla/5.0 (Macintosh; Intel Mac OS X 13.5; rv:122.0) Gecko/20100101 Firefox/122.0"
45.83.11.235 - - [11/Jul/2026:18:24:24 +0200] "GET /?feed=xmlsitemap29 HTTP/1.1" 404 268 "-" "Mozilla/5.0 (Macintosh; Intel Mac OS X 13.5; rv:122.0) Gecko/20100101 Firefox/122.0"
188.130.197.26 - - [11/Jul/2026:18:24:25 +0200] "GET /?feed=xmlsitemap23 HTTP/1.1" 404 268 "-" "Mozilla/5.0 (Windows NT 10.0; Win64; x64) AppleWebKit/537.36 Chrome/122.0.0.0 Safari/537.36"
195.158.194.15 - - [11/Jul/2026:18:24:26 +0200] "GET /sitemap30.xml HTTP/1.1" 302 - "-" "Mozilla/5.0 (Windows NT 10.0; Win64; x64) AppleWebKit/537.36 Chrome/122.0.0.0 Safari/537.36"
195.158.194.15 - - [11/Jul/2026:18:24:28 +0200] "GET /sitemap.xml HTTP/1.1" 200 547 "-" "Mozilla/5.0 (Windows NT 10.0; Win64; x64) AppleWebKit/537.36 Chrome/122.0.0.0 Safari/537.36"
188.130.197.26 - - [11/Jul/2026:18:24:37 +0200] "GET /?feed=xmlsitemap27 HTTP/1.1" 301 - "-" "Mozilla/5.0 (Linux; Android 12; Redmi Note 11) AppleWebKit/537.36 Chrome/120.0.0.0 Mobile Safari/537.36"
188.130.197.26 - - [11/Jul/2026:18:24:41 +0200] "GET /?feed=xmlsitemap27 HTTP/1.1" 404 268 "-" "Mozilla/5.0 (Linux; Android 12; Redmi Note 11) AppleWebKit/537.36 Chrome/120.0.0.0 Mobile Safari/537.36"
138.16.21.28 - - [11/Jul/2026:18:24:43 +0200] "GET /?feed=xmlsitemap27 HTTP/1.1" 301 - "-" "Mozilla/5.0 (Linux; Android 12; Redmi Note 11) AppleWebKit/537.36 Chrome/120.0.0.0 Mobile Safari/537.36"
138.16.21.28 - - [11/Jul/2026:18:24:44 +0200] "GET /?feed=xmlsitemap27 HTTP/1.1" 404 268 "-" "Mozilla/5.0 (Linux; Android 12; Redmi Note 11) AppleWebKit/537.36 Chrome/120.0.0.0 Mobile Safari/537.36"
65.108.235.243 - - [11/Jul/2026:18:25:15 +0200] "POST /wp-cron.php?doing_wp_cron=1783787115.2642259597778320312500 HTTP/1.1" 200 1 "-" "WordPress/7.0.1; https://parma.elettroservicegroup.it"
188.130.197.26 - - [11/Jul/2026:18:25:14 +0200] "GET /sitemap29.xml HTTP/1.1" 302 - "-" "Mozilla/5.0 (X11; Linux x86_64) AppleWebKit/537.36 Chrome/120.0.0.0 Safari/537.36"
177.203.53.131 - - [11/Jul/2026:18:25:30 +0200] "GET /?feed=xmlsitemap30 HTTP/1.1" 404 268 "-" "Mozilla/5.0 (Macintosh; Intel Mac OS X 14_1) AppleWebKit/537.36 Chrome/121.0.0.0 Safari/537.36"
195.158.194.15 - - [11/Jul/2026:18:25:31 +0200] "GET /?feed=xmlsitemap30 HTTP/1.1" 404 268 "-" "Mozilla/5.0 (Macintosh; Intel Mac OS X 14_1) AppleWebKit/537.36 Chrome/121.0.0.0 Safari/537.36"
188.130.197.26 - - [11/Jul/2026:18:25:36 +0200] "GET /sitemap23.xml HTTP/1.1" 302 - "-" "Mozilla/5.0 (Linux; Android 13; Samsung Galaxy S23) AppleWebKit/537.36 Chrome/121.0.0.0 Mobile Safari/537.36"
157.22.112.36 - - [11/Jul/2026:18:25:40 +0200] "GET /?feed=xmlsitemap23 HTTP/1.1" 301 - "-" "Mozilla/5.0 (Windows NT 10.0; Win64; x64) AppleWebKit/537.36 Chrome/122.0.0.0 Safari/537.36"
157.22.112.36 - - [11/Jul/2026:18:25:42 +0200] "GET /?feed=xmlsitemap23 HTTP/1.1" 404 268 "-" "Mozilla/5.0 (Windows NT 10.0; Win64; x64) AppleWebKit/537.36 Chrome/122.0.0.0 Safari/537.36"
177.203.53.131 - - [11/Jul/2026:18:25:44 +0200] "GET /?feed=xmlsitemap23 HTTP/1.1" 301 - "-" "Mozilla/5.0 (Windows NT 10.0; Win64; x64) AppleWebKit/537.36 Chrome/122.0.0.0 Safari/537.36"
188.130.197.26 - - [11/Jul/2026:18:25:46 +0200] "GET /sitemap.xml HTTP/1.1" 200 547 "-" "Mozilla/5.0 (Linux; Android 13; Samsung Galaxy S23) AppleWebKit/537.36 Chrome/121.0.0.0 Mobile Safari/537.36"
177.203.53.131 - - [11/Jul/2026:18:25:46 +0200] "GET /?feed=xmlsitemap23 HTTP/1.1" 404 268 "-" "Mozilla/5.0 (Windows NT 10.0; Win64; x64) AppleWebKit/537.36 Chrome/122.0.0.0 Safari/537.36"
157.22.112.36 - - [11/Jul/2026:18:25:48 +0200] "GET /sitemap27.xml HTTP/1.1" 302 - "-" "Mozilla/5.0 (Macintosh; Intel Mac OS X 13.5; rv:122.0) Gecko/20100101 Firefox/122.0"
65.108.235.243 - - [11/Jul/2026:18:25:51 +0200] "POST /wp-cron.php?doing_wp_cron=1783787151.1703300476074218750000 HTTP/1.1" 200 1 "-" "WordPress/7.0.1; https://parma.elettroservicegroup.it"
188.130.197.26 - - [11/Jul/2026:18:25:49 +0200] "GET /sitemap.xml HTTP/1.1" 200 547 "-" "Mozilla/5.0 (X11; Linux x86_64) AppleWebKit/537.36 Chrome/120.0.0.0 Safari/537.36"
157.22.112.36 - - [11/Jul/2026:18:25:50 +0200] "GET /sitemap.xml HTTP/1.1" 200 547 "-" "Mozilla/5.0 (Macintosh; Intel Mac OS X 13.5; rv:122.0) Gecko/20100101 Firefox/122.0"
177.203.53.131 - - [11/Jul/2026:18:25:58 +0200] "GET /sitemap30.xml HTTP/1.1" 302 - "-" "Mozilla/5.0 (Windows NT 10.0; Win64; x64) AppleWebKit/537.36 Chrome/121.0.0.0 Safari/537.36"
195.158.194.15 - - [11/Jul/2026:18:26:01 +0200] "GET /?feed=xmlsitemap30 HTTP/1.1" 301 - "-" "Mozilla/5.0 (Windows NT 10.0; Win64; x64) AppleWebKit/537.36 Chrome/121.0.0.0 Safari/537.36"
138.16.21.28 - - [11/Jul/2026:18:26:03 +0200] "GET /post-sitemap2.xml HTTP/1.1" 404 420 "-" "Mozilla/5.0 (Windows NT 10.0; Win64; x64; rv:123.0) Gecko/20100101 Firefox/123.0"
195.158.194.15 - - [11/Jul/2026:18:26:02 +0200] "GET /?feed=xmlsitemap26 HTTP/1.1" 404 268 "-" "Mozilla/5.0 (Macintosh; Intel Mac OS X 14_1) AppleWebKit/537.36 Chrome/121.0.0.0 Safari/537.36"
138.16.21.28 - - [11/Jul/2026:18:26:04 +0200] "GET /?feed=xmlsitemap25 HTTP/1.1" 301 - "-" "Mozilla/5.0 (Windows NT 10.0; Win64; x64; rv:123.0) Gecko/20100101 Firefox/123.0"
195.158.194.15 - - [11/Jul/2026:18:26:06 +0200] "GET /?feed=xmlsitemap25 HTTP/1.1" 404 268 "-" "Mozilla/5.0 (Windows NT 10.0; Win64; x64) AppleWebKit/537.36 Chrome/122.0.0.0 Safari/537.36"
195.158.194.15 - - [11/Jul/2026:18:26:06 +0200] "GET /?feed=xmlsitemap30 HTTP/1.1" 404 268 "-" "Mozilla/5.0 (Windows NT 10.0; Win64; x64) AppleWebKit/537.36 Chrome/121.0.0.0 Safari/537.36"
177.203.53.131 - - [11/Jul/2026:18:26:06 +0200] "GET /sitemap.xml HTTP/1.1" 200 547 "-" "Mozilla/5.0 (Windows NT 10.0; Win64; x64) AppleWebKit/537.36 Chrome/121.0.0.0 Safari/537.36"
138.16.21.28 - - [11/Jul/2026:18:26:06 +0200] "GET /?feed=xmlsitemap25 HTTP/1.1" 404 268 "-" "Mozilla/5.0 (Windows NT 10.0; Win64; x64; rv:123.0) Gecko/20100101 Firefox/123.0"
45.83.11.235 - - [11/Jul/2026:18:26:17 +0200] "GET /sitemap23.xml HTTP/1.1" 302 - "-" "Mozilla/5.0 (Linux; Android 13; Samsung Galaxy S23) AppleWebKit/537.36 Chrome/121.0.0.0 Mobile Safari/537.36"
188.130.197.26 - - [11/Jul/2026:18:26:17 +0200] "GET /post-sitemap2.xml HTTP/1.1" 404 420 "-" "Mozilla/5.0 (Windows NT 10.0; Win64; x64) AppleWebKit/537.36 Chrome/122.0.0.0 Safari/537.36 Edg/122.0.0.0"
45.83.11.235 - - [11/Jul/2026:18:26:18 +0200] "GET /sitemap.xml HTTP/1.1" 200 547 "-" "Mozilla/5.0 (Linux; Android 13; Samsung Galaxy S23) AppleWebKit/537.36 Chrome/121.0.0.0 Mobile Safari/537.36"
177.203.53.131 - - [11/Jul/2026:18:26:44 +0200] "GET /sitemap25.xml HTTP/1.1" 302 - "-" "Mozilla/5.0 (X11; Linux x86_64; rv:121.0) Gecko/20100101 Firefox/121.0"
177.203.53.131 - - [11/Jul/2026:18:26:46 +0200] "GET /sitemap.xml HTTP/1.1" 200 547 "-" "Mozilla/5.0 (X11; Linux x86_64; rv:121.0) Gecko/20100101 Firefox/121.0"
65.108.235.243 - - [11/Jul/2026:18:26:53 +0200] "POST /wp-cron.php?doing_wp_cron=1783787213.5795080661773681640625 HTTP/1.1" 200 1 "-" "WordPress/7.0.1; https://parma.elettroservicegroup.it"
45.83.11.235 - - [11/Jul/2026:18:26:52 +0200] "GET /sitemap26.xml HTTP/1.1" 302 - "-" "Mozilla/5.0 (Windows NT 10.0; Win64; x64) AppleWebKit/537.36 Chrome/122.0.0.0 Safari/537.36"
45.83.11.235 - - [11/Jul/2026:18:26:54 +0200] "GET /sitemap.xml HTTP/1.1" 200 547 "-" "Mozilla/5.0 (Windows NT 10.0; Win64; x64) AppleWebKit/537.36 Chrome/122.0.0.0 Safari/537.36"
188.130.197.26 - - [11/Jul/2026:18:26:55 +0200] "GET /sitemap27.xml HTTP/1.1" 302 - "-" "Mozilla/5.0 (X11; Linux x86_64) AppleWebKit/537.36 Chrome/120.0.0.0 Safari/537.36"
34.56.248.133 - - [11/Jul/2026:18:27:12 +0200] "GET /.git/config HTTP/1.1" 404 87734 "-" "-"
65.108.235.243 - - [11/Jul/2026:18:41:21 +0200] "POST /wp-cron.php?doing_wp_cron=1783788081.5827140808105468750000 HTTP/1.1" 200 1 "-" "WordPress/7.0.1; https://parma.elettroservicegroup.it"
172.203.190.141 - - [11/Jul/2026:18:41:20 +0200] "GET /robots.txt HTTP/2.0" 200 104 "-" "Mozilla/5.0 (Macintosh; Intel Mac OS X 10_15_7) AppleWebKit/537.36 (KHTML, like Gecko) Chrome/131.0.0.0 Safari/537.36; compatible; OAI-SearchBot/1.0; +https://openai.com/searchbot"
65.108.235.243 - - [11/Jul/2026:18:41:22 +0200] "POST /wp-json/complianz/v1/wsc-scan HTTP/1.1" 400 88 "-" "WordPress/7.0.1; https://parma.elettroservicegroup.it"
65.108.235.243 - - [11/Jul/2026:18:44:57 +0200] "POST /wp-cron.php?doing_wp_cron=1783788297.9734349250793457031250 HTTP/1.1" 200 1 "-" "WordPress/7.0.1; https://parma.elettroservicegroup.it"
216.73.216.229 - - [11/Jul/2026:18:44:51 +0200] "GET /robots.txt HTTP/2.0" 200 104 "-" "Mozilla/5.0 AppleWebKit/537.36 (KHTML, like Gecko; compatible; ClaudeBot/1.0; +claudebot@anthropic.com)"
65.108.235.243 - - [11/Jul/2026:19:16:16 +0200] "POST /wp-cron.php?doing_wp_cron=1783790176.4699571132659912109375 HTTP/1.1" 200 1 "-" "WordPress/7.0.1; https://parma.elettroservicegroup.it"
66.249.64.69 - - [11/Jul/2026:19:16:09 +0200] "GET /robots.txt HTTP/1.1" 200 104 "-" "Mozilla/5.0 (compatible; Googlebot/2.1; +http://www.google.com/bot.html)"
66.249.64.70 - - [11/Jul/2026:19:16:17 +0200] "GET /?p=19047 HTTP/1.1" 404 16955 "-" "Mozilla/5.0 (Linux; Android 6.0.1; Nexus 5X Build/MMB29P) AppleWebKit/537.36 (KHTML, like Gecko) Chrome/150.0.7871.46 Mobile Safari/537.36 (compatible; Googlebot/2.1; +http://www.google.com/bot.html)"
65.108.235.243 - - [11/Jul/2026:19:41:18 +0200] "POST /wp-cron.php?doing_wp_cron=1783791678.7672390937805175781250 HTTP/1.1" 200 1 "-" "WordPress/7.0.1; https://parma.elettroservicegroup.it"
47.128.23.40 - - [11/Jul/2026:19:41:12 +0200] "GET /robots.txt HTTP/1.1" 403 189 "-" "Mozilla/5.0 (Linux; Android 5.0) AppleWebKit/537.36 (KHTML, like Gecko) Mobile Safari/537.36 (compatible; Bytespider; spider-feedback@bytedance.com)"
65.108.235.243 - - [11/Jul/2026:19:52:10 +0200] "POST /wp-cron.php?doing_wp_cron=1783792330.6806340217590332031250 HTTP/1.1" 200 1 "-" "WordPress/7.0.1; https://parma.elettroservicegroup.it"
216.73.216.229 - - [11/Jul/2026:19:52:04 +0200] "GET /robots.txt HTTP/2.0" 200 104 "-" "Mozilla/5.0 AppleWebKit/537.36 (KHTML, like Gecko; compatible; ClaudeBot/1.0; +claudebot@anthropic.com)"
65.108.235.243 - - [11/Jul/2026:19:52:12 +0200] "POST /wp-json/complianz/v1/wsc-scan HTTP/1.1" 400 88 "-" "WordPress/7.0.1; https://parma.elettroservicegroup.it"
196.196.169.123 - - [11/Jul/2026:20:18:45 +0200] "POST /xmlrpc.php HTTP/1.1" 403 52 "-" "undici"
65.108.235.243 - - [11/Jul/2026:20:18:51 +0200] "POST /wp-cron.php?doing_wp_cron=1783793931.1816029548645019531250 HTTP/1.1" 200 1 "-" "WordPress/7.0.1; https://parma.elettroservicegroup.it"
196.196.169.123 - - [11/Jul/2026:20:18:45 +0200] "GET /wp-json/wp/v2/categories?search=Uncategorized&per_page=100 HTTP/1.1" 200 1448 "-" "undici"
196.196.169.123 - - [11/Jul/2026:20:18:51 +0200] "POST /wp-json/wp/v2/posts HTTP/1.1" 401 102 "-" "undici"
196.196.169.123 - - [11/Jul/2026:20:18:53 +0200] "GET /wp-login.php HTTP/1.1" 200 2798 "-" "Mozilla/5.0 (X11; Linux x86_64) AppleWebKit/537.36 (KHTML, like Gecko) Chrome/127.0 Safari/537.36"
196.196.169.123 - - [11/Jul/2026:20:18:54 +0200] "POST /wp-login.php HTTP/1.1" 200 2920 "https://parma.elettroservicegroup.it/wp-login.php" "Mozilla/5.0 (X11; Linux x86_64) AppleWebKit/537.36 (KHTML, like Gecko) Chrome/127.0 Safari/537.36"
196.196.169.123 - - [11/Jul/2026:20:18:57 +0200] "GET /wp-json/wp/v2/settings HTTP/1.1" 401 84 "-" "undici"
196.196.169.123 - - [11/Jul/2026:20:18:59 +0200] "GET /wp-login.php HTTP/1.1" 200 2798 "-" "Mozilla/5.0 (X11; Linux x86_64) AppleWebKit/537.36 (KHTML, like Gecko) Chrome/127.0 Safari/537.36"
196.196.169.123 - - [11/Jul/2026:20:18:59 +0200] "POST /wp-login.php HTTP/1.1" 200 2920 "https://parma.elettroservicegroup.it/wp-login.php" "Mozilla/5.0 (X11; Linux x86_64) AppleWebKit/537.36 (KHTML, like Gecko) Chrome/127.0 Safari/537.36"
65.108.235.243 - - [11/Jul/2026:20:30:00 +0200] "POST /wp-cron.php?doing_wp_cron=1783794599.9799211025238037109375 HTTP/1.1" 200 1 "-" "WordPress/7.0.1; https://parma.elettroservicegroup.it"
51.36.170.149 - - [11/Jul/2026:20:29:46 +0200] "GET /assistenza-lavatrici-smeg-parma/ HTTP/2.0" 200 22737 "-" "Mozilla/5.0 (Linux; Android 6.0; Nexus 5 Build/MRA58N) AppleWebKit/537.36 (KHTML, like Gecko) Chrome/42.0.1690.1423 Mobile Safari/537.36"
151.245.248.250 - - [11/Jul/2026:20:30:02 +0200] "GET /wp-content/uploads/elementor/css/post-17342.css?ver=1783794598 HTTP/2.0" 200 2020 "https://parma.elettroservicegroup.it/assistenza-lavatrici-smeg-parma/" "Mozilla/5.0 (Linux; Android 6.0; Nexus 5 Build/MRA58N) AppleWebKit/537.36 (KHTML, like Gecko) Chrome/42.0.1690.1423 Mobile Safari/537.36"
151.245.248.250 - - [11/Jul/2026:20:30:03 +0200] "GET /wp-content/uploads/2022/01/LAVATRICE-e1641219705563.webp HTTP/2.0" 206 500 "https://parma.elettroservicegroup.it/assistenza-lavatrici-smeg-parma/" "Mozilla/5.0 (Linux; Android 6.0; Nexus 5 Build/MRA58N) AppleWebKit/537.36 (KHTML, like Gecko) Chrome/42.0.1690.1423 Mobile Safari/537.36"
151.245.248.250 - - [11/Jul/2026:20:30:03 +0200] "GET /wp-content/uploads/2026/05/logo.png HTTP/2.0" 206 500 "https://parma.elettroservicegroup.it/assistenza-lavatrici-smeg-parma/" "Mozilla/5.0 (Linux; Android 6.0; Nexus 5 Build/MRA58N) AppleWebKit/537.36 (KHTML, like Gecko) Chrome/42.0.1690.1423 Mobile Safari/537.36"
151.245.248.250 - - [11/Jul/2026:20:30:03 +0200] "GET /wp-content/uploads/2022/01/TECNIC-LAVATRICE-2-300x169.jpg HTTP/2.0" 206 500 "https://parma.elettroservicegroup.it/assistenza-lavatrici-smeg-parma/" "Mozilla/5.0 (Linux; Android 6.0; Nexus 5 Build/MRA58N) AppleWebKit/537.36 (KHTML, like Gecko) Chrome/42.0.1690.1423 Mobile Safari/537.36"
151.245.248.250 - - [11/Jul/2026:20:30:03 +0200] "GET /wp-json/complianz/v1/banner?lang=it&locale=it_IT&token=ywhce HTTP/2.0" 200 81 "https://parma.elettroservicegroup.it/assistenza-lavatrici-smeg-parma/" "Mozilla/5.0 (Linux; Android 6.0; Nexus 5 Build/MRA58N) AppleWebKit/537.36 (KHTML, like Gecko) Chrome/42.0.1690.1423 Mobile Safari/537.36"
151.245.248.250 - - [11/Jul/2026:20:30:05 +0200] "GET /wp-content/uploads/complianz/css/banner-1-optin.css?v=46 HTTP/2.0" 200 2857 "https://parma.elettroservicegroup.it/assistenza-lavatrici-smeg-parma/" "Mozilla/5.0 (Linux; Android 6.0; Nexus 5 Build/MRA58N) AppleWebKit/537.36 (KHTML, like Gecko) Chrome/42.0.1690.1423 Mobile Safari/537.36"
151.245.248.250 - - [11/Jul/2026:20:30:05 +0200] "GET /wp-json/complianz/v1/cookie_data HTTP/2.0" 200 - "https://parma.elettroservicegroup.it/assistenza-lavatrici-smeg-parma/" "Mozilla/5.0 (Linux; Android 6.0; Nexus 5 Build/MRA58N) AppleWebKit/537.36 (KHTML, like Gecko) Chrome/42.0.1690.1423 Mobile Safari/537.36"
31.57.52.96 - - [11/Jul/2026:20:49:33 +0200] "GET /wp-content/uploads/2021/10/LAVATRICE-2-300x187.jpg HTTP/2.0" 200 12226 "https://parma.elettroservicegroup.it/assistenza-lavatrici-indesit-parma/" "Mozilla/5.0 (Macintosh; Intel Mac OS X 10_15_7) AppleWebKit/537.36 (KHTML, like Gecko) Chrome/130.0.0.0 Safari/537.36"
65.108.235.243 - - [11/Jul/2026:21:03:15 +0200] "POST /wp-cron.php?doing_wp_cron=1783796595.6746609210968017578125 HTTP/1.1" 200 1 "-" "WordPress/7.0.1; https://parma.elettroservicegroup.it"
94.154.43.185 - - [11/Jul/2026:21:03:04 +0200] "GET /.env HTTP/1.1" 301 - "-" "Mozilla/5.0 (Windows NT 10.0; Win64; x64) AppleWebKit/537.36 (KHTML, like Gecko) Chrome/147.0.0.0 Safari/537.36"
94.154.43.183 - - [11/Jul/2026:21:03:16 +0200] "GET /.env HTTP/1.1" 404 87710 "-" "Mozilla/5.0 (Windows NT 10.0; Win64; x64) AppleWebKit/537.36 (KHTML, like Gecko) Chrome/147.0.0.0 Safari/537.36"
65.108.235.243 - - [11/Jul/2026:21:03:19 +0200] "POST /wp-json/complianz/v1/wsc-scan HTTP/1.1" 400 88 "-" "WordPress/7.0.1; https://parma.elettroservicegroup.it"
65.108.235.243 - - [11/Jul/2026:21:12:59 +0200] "POST /wp-cron.php?doing_wp_cron=1783797179.8652050495147705078125 HTTP/1.1" 200 1 "-" "WordPress/7.0.1; https://parma.elettroservicegroup.it"
43.166.134.114 - - [11/Jul/2026:21:12:50 +0200] "GET / HTTP/1.1" 200 166318 "-" "Mozilla/5.0 (iPhone; CPU iPhone OS 13_2_3 like Mac OS X) AppleWebKit/605.1.15 (KHTML, like Gecko) Version/13.0.3 Mobile/15E148 Safari/604.1"
65.108.235.243 - - [11/Jul/2026:21:25:58 +0200] "POST /wp-cron.php?doing_wp_cron=1783797958.5781819820404052734375 HTTP/1.1" 200 1 "-" "WordPress/7.0.1; https://parma.elettroservicegroup.it"
94.154.43.186 - - [11/Jul/2026:21:25:44 +0200] "GET / HTTP/1.1" 301 - "-" "Mozilla/5.0 (Windows NT 10.0; Win64; x64) AppleWebKit/537.36 (KHTML, like Gecko) Chrome/147.0.0.0 Safari/537.36"
94.154.43.229 - - [11/Jul/2026:21:25:58 +0200] "GET / HTTP/1.1" 415 162178 "-" "Mozilla/5.0 (Windows NT 10.0; Win64; x64) AppleWebKit/537.36 (KHTML, like Gecko) Chrome/147.0.0.0 Safari/537.36"
65.108.235.243 - - [11/Jul/2026:21:51:12 +0200] "POST /wp-cron.php?doing_wp_cron=1783799472.7769711017608642578125 HTTP/1.1" 200 1 "-" "WordPress/7.0.1; https://parma.elettroservicegroup.it"
40.77.167.6 - - [11/Jul/2026:21:51:08 +0200] "GET /sitemap.rss HTTP/2.0" 200 1348 "-" "Mozilla/5.0 AppleWebKit/537.36 (KHTML, like Gecko; compatible; bingbot/2.0; +http://www.bing.com/bingbot.htm) Chrome/116.0.1938.76 Safari/537.36"
65.108.235.243 - - [11/Jul/2026:22:54:31 +0200] "POST /wp-cron.php?doing_wp_cron=1783803271.0665390491485595703125 HTTP/1.1" 200 1 "-" "WordPress/7.0.1; https://parma.elettroservicegroup.it"
52.167.144.150 - - [11/Jul/2026:22:54:23 +0200] "GET /sitemap.xml HTTP/2.0" 200 312 "-" "Mozilla/5.0 AppleWebKit/537.36 (KHTML, like Gecko; compatible; bingbot/2.0; +http://www.bing.com/bingbot.htm) Chrome/116.0.1938.76 Safari/537.36"
65.108.235.243 - - [11/Jul/2026:22:54:37 +0200] "POST /wp-json/complianz/v1/wsc-scan HTTP/1.1" 400 88 "-" "WordPress/7.0.1; https://parma.elettroservicegroup.it"
65.108.235.243 - - [11/Jul/2026:22:54:39 +0200] "POST /wp-admin/admin-ajax.php?action=wordfence_testAjax HTTP/1.1" 200 16 "-" "WordPress/7.0.1; https://parma.elettroservicegroup.it"
65.108.235.243 - - [11/Jul/2026:22:54:41 +0200] "GET /wp-admin/admin-ajax.php?action=wordfence_doScan&isFork=0&scanMode=quick&cronKey=484a3e90d5fecc7053901f70e9a56898&signature=b10143e882d5df296cd1378311c175a29f176158e74d2d7885dc8d3db9fa2e91 HTTP/1.1" 200 1 "-" "WordPress/7.0.1; https://parma.elettroservicegroup.it"
147.90.209.169 - - [11/Jul/2026:23:45:19 +0200] "HEAD / HTTP/1.1" 415 - "-" "python-requests/2.32.4"
66.249.64.71 - - [12/Jul/2026:00:08:04 +0200] "GET /wp-content/uploads/2021/10/cropped-cropped-cropped-cropped-logo_white_background-180x180.png HTTP/1.1" 200 21353 "-" "Googlebot-Image/1.0"
66.249.64.71 - - [12/Jul/2026:00:08:08 +0200] "GET /wp-content/uploads/2021/10/cropped-cropped-cropped-cropped-logo_white_background-192x192.png HTTP/1.1" 200 19089 "-" "Googlebot-Image/1.0"
65.108.235.243 - - [12/Jul/2026:00:08:12 +0200] "POST /wp-cron.php?doing_wp_cron=1783807692.7716751098632812500000 HTTP/1.1" 200 1 "-" "WordPress/7.0.1; https://parma.elettroservicegroup.it"
66.249.64.71 - - [12/Jul/2026:00:08:06 +0200] "GET /favicon.ico HTTP/1.1" 302 1 "-" "Googlebot-Image/1.0"
66.249.64.70 - - [12/Jul/2026:00:08:13 +0200] "GET /wp-content/uploads/2021/10/cropped-cropped-cropped-cropped-logo_white_background-32x32.png HTTP/1.1" 200 1525 "-" "Googlebot-Image/1.0"
65.108.235.243 - - [12/Jul/2026:00:08:15 +0200] "POST /wp-json/complianz/v1/wsc-scan HTTP/1.1" 400 88 "-" "WordPress/7.0.1; https://parma.elettroservicegroup.it"
40.77.167.77 - - [12/Jul/2026:00:16:32 +0200] "GET /assistenza-ariston-parma/ HTTP/2.0" 200 22775 "-" "Mozilla/5.0 AppleWebKit/537.36 (KHTML, like Gecko; compatible; bingbot/2.0; +http://www.bing.com/bingbot.htm) Chrome/116.0.1938.76 Safari/537.36"
65.108.235.243 - - [12/Jul/2026:00:16:55 +0200] "POST /wp-cron.php?doing_wp_cron=1783808215.0654680728912353515625 HTTP/1.1" 200 1 "-" "WordPress/7.0.1; https://parma.elettroservicegroup.it"
65.55.210.25 - - [12/Jul/2026:00:16:53 +0200] "GET /assistenza-ariston-parma HTTP/2.0" 301 - "-" "Mozilla/5.0 AppleWebKit/537.36 (KHTML, like Gecko; compatible; bingbot/2.0; +http://www.bing.com/bingbot.htm) Chrome/136.0.0.0 Safari/537.36"
65.108.235.243 - - [12/Jul/2026:00:28:04 +0200] "POST /wp-content/plugins/burst-statistics/endpoint.php HTTP/1.1" 200 1 "-" "WordPress/7.0.1; https://parma.elettroservicegroup.it"
65.108.235.243 - - [12/Jul/2026:00:28:05 +0200] "POST /wp-cron.php?doing_wp_cron=1783808885.2830960750579833984375 HTTP/1.1" 200 1 "-" "WordPress/7.0.1; https://parma.elettroservicegroup.it"
151.41.203.180 - - [12/Jul/2026:00:27:57 +0200] "GET /assistenza-whirlpool-parma/?gad_source=1&gad_campaignid=23795906066&gclid=Cj0KCQjwof_QBhCgARIsADaMzOcTtmn-9gJATHNfxA8q59-VzjWRVAGSWCajwdgMG733V2CotaLP9IYaAhmkEALw_wcB HTTP/1.1" 200 151092 "-" "Mozilla/5.0 (X11; Ubuntu; Linux i686; rv:24.0) Gecko/20100101 Firefox/24.0 Chrome/80.0.3987.132 Safari/537.36"
65.108.235.243 - - [12/Jul/2026:00:37:18 +0200] "POST /wp-cron.php?doing_wp_cron=1783809438.1765289306640625000000 HTTP/1.1" 200 1 "-" "WordPress/7.0.1; https://parma.elettroservicegroup.it"
40.77.177.103 - - [12/Jul/2026:00:37:13 +0200] "GET /wp-content/uploads/elementor/css/post-17270.css?ver=1783193651 HTTP/2.0" 404 91696 "https://parma.elettroservicegroup.it/assistenza-ariston-parma/" "Mozilla/5.0 AppleWebKit/537.36 (KHTML, like Gecko; compatible; bingbot/2.0; +http://www.bing.com/bingbot.htm) Chrome/136.0.0.0 Safari/537.36"
65.108.235.243 - - [12/Jul/2026:00:42:32 +0200] "POST /wp-cron.php?doing_wp_cron=1783809752.7743229866027832031250 HTTP/1.1" 200 1 "-" "WordPress/7.0.1; https://parma.elettroservicegroup.it"
52.167.144.161 - - [12/Jul/2026:00:42:24 +0200] "GET /sitemap.xml HTTP/2.0" 200 313 "-" "Mozilla/5.0 AppleWebKit/537.36 (KHTML, like Gecko; compatible; bingbot/2.0; +http://www.bing.com/bingbot.htm) Chrome/116.0.1938.76 Safari/537.36"
65.108.235.243 - - [12/Jul/2026:01:12:06 +0200] "POST /wp-json/complianz/v1/wsc-scan HTTP/1.1" 400 88 "-" "WordPress/7.0.1; https://parma.elettroservicegroup.it"
43.162.103.213 - - [12/Jul/2026:01:12:06 +0200] "GET / HTTP/1.1" 200 166318 "http://parma.elettroservicegroup.it" "Mozilla/5.0 (iPhone; CPU iPhone OS 13_2_3 like Mac OS X) AppleWebKit/605.1.15 (KHTML, like Gecko) Version/13.0.3 Mobile/15E148 Safari/604.1"
65.108.235.243 - - [12/Jul/2026:01:21:13 +0200] "POST /wp-cron.php?doing_wp_cron=1783812073.0573439598083496093750 HTTP/1.1" 200 1 "-" "WordPress/7.0.1; https://parma.elettroservicegroup.it"
66.249.64.71 - - [12/Jul/2026:01:21:03 +0200] "GET /assistenza-condizionatori/ HTTP/1.1" 404 16977 "-" "Mozilla/5.0 (Linux; Android 6.0.1; Nexus 5X Build/MMB29P) AppleWebKit/537.36 (KHTML, like Gecko) Chrome/150.0.7871.46 Mobile Safari/537.36 (compatible; Googlebot/2.1; +http://www.google.com/bot.html)"
52.167.144.229 - - [12/Jul/2026:01:52:33 +0200] "GET /termini-e-condizioni/ HTTP/2.0" 200 18198 "-" "Mozilla/5.0 AppleWebKit/537.36 (KHTML, like Gecko; compatible; bingbot/2.0; +http://www.bing.com/bingbot.htm) Chrome/116.0.1938.76 Safari/537.36"
65.108.235.243 - - [12/Jul/2026:02:07:43 +0200] "POST /wp-cron.php?doing_wp_cron=1783814863.2447690963745117187500 HTTP/1.1" 200 1 "-" "WordPress/7.0.1; https://parma.elettroservicegroup.it"
43.166.142.76 - - [12/Jul/2026:02:07:36 +0200] "GET / HTTP/1.1" 200 166318 "-" "Mozilla/5.0 (iPhone; CPU iPhone OS 13_2_3 like Mac OS X) AppleWebKit/605.1.15 (KHTML, like Gecko) Version/13.0.3 Mobile/15E148 Safari/604.1"
65.108.235.243 - - [12/Jul/2026:02:07:54 +0200] "POST /wp-cron.php?doing_wp_cron=1783814873.9536559581756591796875 HTTP/1.1" 200 1 "-" "WordPress/7.0.1; https://parma.elettroservicegroup.it"
52.167.144.161 - - [12/Jul/2026:02:07:52 +0200] "GET /sitemap.rss HTTP/2.0" 200 1348 "-" "Mozilla/5.0 AppleWebKit/537.36 (KHTML, like Gecko; compatible; bingbot/2.0; +http://www.bing.com/bingbot.htm) Chrome/116.0.1938.76 Safari/537.36"
43.156.36.169 - - [12/Jul/2026:02:19:01 +0200] "GET /assistenza-ariston-parma/ HTTP/1.1" 200 11909 "-" "Mozilla/5.0 (iPhone; CPU iPhone OS 13_2_3 like Mac OS X) AppleWebKit/605.1.15 (KHTML, like Gecko) Version/13.0.3 Mobile/15E148 Safari/604.1"
65.108.235.243 - - [12/Jul/2026:02:22:27 +0200] "POST /wp-cron.php?doing_wp_cron=1783815747.1520020961761474609375 HTTP/1.1" 200 1 "-" "WordPress/7.0.1; https://parma.elettroservicegroup.it"
216.73.216.229 - - [12/Jul/2026:02:22:21 +0200] "GET /robots.txt HTTP/2.0" 200 104 "-" "Mozilla/5.0 AppleWebKit/537.36 (KHTML, like Gecko; compatible; ClaudeBot/1.0; +claudebot@anthropic.com)"
65.108.235.243 - - [12/Jul/2026:02:22:29 +0200] "POST /wp-json/complianz/v1/wsc-scan HTTP/1.1" 400 88 "-" "WordPress/7.0.1; https://parma.elettroservicegroup.it"
49.51.132.100 - - [12/Jul/2026:02:25:41 +0200] "GET /feed/ HTTP/1.1" 200 11869 "-" "Mozilla/5.0 (iPhone; CPU iPhone OS 13_2_3 like Mac OS X) AppleWebKit/605.1.15 (KHTML, like Gecko) Version/13.0.3 Mobile/15E148 Safari/604.1"
65.108.235.243 - - [12/Jul/2026:02:38:14 +0200] "POST /wp-cron.php?doing_wp_cron=1783816694.2483019828796386718750 HTTP/1.1" 200 1 "-" "WordPress/7.0.1; https://parma.elettroservicegroup.it"
119.28.89.249 - - [12/Jul/2026:02:37:58 +0200] "GET /assistenza-smeg-parma/ HTTP/1.1" 200 150960 "-" "Mozilla/5.0 (iPhone; CPU iPhone OS 13_2_3 like Mac OS X) AppleWebKit/605.1.15 (KHTML, like Gecko) Version/13.0.3 Mobile/15E148 Safari/604.1"
65.108.235.243 - - [12/Jul/2026:02:49:35 +0200] "POST /wp-cron.php?doing_wp_cron=1783817375.8545260429382324218750 HTTP/1.1" 200 1 "-" "WordPress/7.0.1; https://parma.elettroservicegroup.it"
43.153.62.161 - - [12/Jul/2026:02:49:26 +0200] "GET /assistenza-whirlpool-parma/ HTTP/1.1" 200 151252 "-" "Mozilla/5.0 (iPhone; CPU iPhone OS 13_2_3 like Mac OS X) AppleWebKit/605.1.15 (KHTML, like Gecko) Version/13.0.3 Mobile/15E148 Safari/604.1"
43.157.38.228 - - [12/Jul/2026:02:50:56 +0200] "GET /comments/feed/ HTTP/1.1" 200 11836 "-" "Mozilla/5.0 (iPhone; CPU iPhone OS 13_2_3 like Mac OS X) AppleWebKit/605.1.15 (KHTML, like Gecko) Version/13.0.3 Mobile/15E148 Safari/604.1"
65.108.235.243 - - [12/Jul/2026:03:00:32 +0200] "POST /wp-cron.php?doing_wp_cron=1783818032.3666510581970214843750 HTTP/1.1" 200 1 "-" "WordPress/7.0.1; https://parma.elettroservicegroup.it"
43.159.152.184 - - [12/Jul/2026:03:00:25 +0200] "GET /assistenza-lavatrici-parma HTTP/1.1" 301 - "-" "Mozilla/5.0 (iPhone; CPU iPhone OS 13_2_3 like Mac OS X) AppleWebKit/605.1.15 (KHTML, like Gecko) Version/13.0.3 Mobile/15E148 Safari/604.1"
43.159.152.184 - - [12/Jul/2026:03:00:34 +0200] "GET /assistenza-lavatrici-parma/ HTTP/1.1" 200 147613 "https://parma.elettroservicegroup.it/assistenza-lavatrici-parma" "Mozilla/5.0 (iPhone; CPU iPhone OS 13_2_3 like Mac OS X) AppleWebKit/605.1.15 (KHTML, like Gecko) Version/13.0.3 Mobile/15E148 Safari/604.1"
65.108.235.243 - - [12/Jul/2026:03:05:56 +0200] "POST /wp-cron.php?doing_wp_cron=1783818356.0519349575042724609375 HTTP/1.1" 200 1 "-" "WordPress/7.0.1; https://parma.elettroservicegroup.it"
170.106.143.6 - - [12/Jul/2026:03:05:50 +0200] "GET /wp-json/oembed/1.0/embed?url=https%3A%2F%2Fparma.elettroservicegroup.it%2F HTTP/1.1" 200 2201 "-" "Mozilla/5.0 (iPhone; CPU iPhone OS 13_2_3 like Mac OS X) AppleWebKit/605.1.15 (KHTML, like Gecko) Version/13.0.3 Mobile/15E148 Safari/604.1"
43.153.113.127 - - [12/Jul/2026:03:12:10 +0200] "GET /xmlrpc.php?rsd HTTP/1.1" 403 52 "-" "Mozilla/5.0 (iPhone; CPU iPhone OS 13_2_3 like Mac OS X) AppleWebKit/605.1.15 (KHTML, like Gecko) Version/13.0.3 Mobile/15E148 Safari/604.1"
138.124.22.63 - - [12/Jul/2026:03:12:57 +0200] "HEAD / HTTP/1.1" 200 - "-" "curl/8.6.0"
43.159.143.190 - - [12/Jul/2026:03:14:41 +0200] "GET /assistenza-aeg-parma/ HTTP/1.1" 200 11901 "-" "Mozilla/5.0 (iPhone; CPU iPhone OS 13_2_3 like Mac OS X) AppleWebKit/605.1.15 (KHTML, like Gecko) Version/13.0.3 Mobile/15E148 Safari/604.1"