209.50.163.89 - - [09/Jul/2026:18:16:12 +0200] "POST /wp-admin/update.php?action=upload-plugin HTTP/2.0" 301 - "https://verona.elettroservicegroup.it/wp-admin/update.php?action=upload-plugin" "Mozilla/5.0 (Windows NT 10.0; Win64; x64; rv:133.0) Gecko/20100101 Firefox/133.0"
65.111.0.110 - - [09/Jul/2026:18:16:13 +0200] "GET /wp-login.php HTTP/2.0" 200 3125 "-" "Mozilla/5.0 (Windows NT 10.0; Win64; x64; rv:133.0) Gecko/20100101 Firefox/133.0"
66.249.64.169 - - [09/Jul/2026:18:17:17 +0200] "GET /?h=6997257281100 HTTP/1.1" 301 312 "-" "Mozilla/5.0 (Linux; Android 6.0.1; Nexus 5X Build/MMB29P) AppleWebKit/537.36 (KHTML, like Gecko) Chrome/150.0.7871.46 Mobile Safari/537.36 (compatible; Googlebot/2.1; +http://www.google.com/bot.html)"
66.249.64.171 - - [09/Jul/2026:18:17:17 +0200] "GET /index.php/?h=6997257281100 HTTP/1.1" 301 - "-" "Mozilla/5.0 (Linux; Android 6.0.1; Nexus 5X Build/MMB29P) AppleWebKit/537.36 (KHTML, like Gecko) Chrome/150.0.7871.46 Mobile Safari/537.36 (compatible; Googlebot/2.1; +http://www.google.com/bot.html)"
66.249.64.169 - - [09/Jul/2026:18:21:05 +0200] "GET /?h=26543039161100 HTTP/1.1" 301 313 "-" "Mozilla/5.0 (Linux; Android 6.0.1; Nexus 5X Build/MMB29P) AppleWebKit/537.36 (KHTML, like Gecko) Chrome/150.0.7871.46 Mobile Safari/537.36 (compatible; Googlebot/2.1; +http://www.google.com/bot.html)"
66.249.64.171 - - [09/Jul/2026:18:21:06 +0200] "GET /index.php/?h=26543039161100 HTTP/1.1" 301 - "-" "Mozilla/5.0 (Linux; Android 6.0.1; Nexus 5X Build/MMB29P) AppleWebKit/537.36 (KHTML, like Gecko) Chrome/150.0.7871.46 Mobile Safari/537.36 (compatible; Googlebot/2.1; +http://www.google.com/bot.html)"
212.193.3.149 - - [09/Jul/2026:18:21:36 +0200] "HEAD / HTTP/1.1" 301 - "-" "Mozilla/5.0 (compatible; Googlebot/2.1; +http://www.google.com/bot.html)"
66.249.64.170 - - [09/Jul/2026:18:22:57 +0200] "GET /?h=7162958801100 HTTP/1.1" 301 312 "-" "Mozilla/5.0 (Linux; Android 6.0.1; Nexus 5X Build/MMB29P) AppleWebKit/537.36 (KHTML, like Gecko) Chrome/150.0.7871.46 Mobile Safari/537.36 (compatible; Googlebot/2.1; +http://www.google.com/bot.html)"
66.249.64.169 - - [09/Jul/2026:18:22:57 +0200] "GET /index.php/?h=7162958801100 HTTP/1.1" 301 - "-" "Mozilla/5.0 (Linux; Android 6.0.1; Nexus 5X Build/MMB29P) AppleWebKit/537.36 (KHTML, like Gecko) Chrome/150.0.7871.46 Mobile Safari/537.36 (compatible; Googlebot/2.1; +http://www.google.com/bot.html)"
66.249.64.171 - - [09/Jul/2026:18:22:58 +0200] "GET /?h=33748862041100 HTTP/1.1" 301 313 "-" "Mozilla/5.0 (compatible; Googlebot/2.1; +http://www.google.com/bot.html)"
66.249.64.169 - - [09/Jul/2026:18:22:58 +0200] "GET /index.php/?h=33748862041100 HTTP/1.1" 301 - "-" "Mozilla/5.0 (compatible; Googlebot/2.1; +http://www.google.com/bot.html)"
66.249.64.170 - - [09/Jul/2026:18:24:30 +0200] "GET /?h=19380305241100 HTTP/1.1" 301 313 "-" "Mozilla/5.0 (compatible; Googlebot/2.1; +http://www.google.com/bot.html)"
66.249.64.171 - - [09/Jul/2026:18:24:30 +0200] "GET /index.php/?h=19380305241100 HTTP/1.1" 301 - "-" "Mozilla/5.0 (compatible; Googlebot/2.1; +http://www.google.com/bot.html)"
66.249.64.170 - - [09/Jul/2026:18:25:59 +0200] "GET /?h=16199197121100 HTTP/1.1" 301 313 "-" "Mozilla/5.0 (Linux; Android 6.0.1; Nexus 5X Build/MMB29P) AppleWebKit/537.36 (KHTML, like Gecko) Chrome/150.0.7871.46 Mobile Safari/537.36 (compatible; Googlebot/2.1; +http://www.google.com/bot.html)"
66.249.64.170 - - [09/Jul/2026:18:25:59 +0200] "GET /index.php/?h=16199197121100 HTTP/1.1" 301 - "-" "Mozilla/5.0 (Linux; Android 6.0.1; Nexus 5X Build/MMB29P) AppleWebKit/537.36 (KHTML, like Gecko) Chrome/150.0.7871.46 Mobile Safari/537.36 (compatible; Googlebot/2.1; +http://www.google.com/bot.html)"
65.108.235.243 - - [09/Jul/2026:18:26:18 +0200] "POST /wp-cron.php?doing_wp_cron=1783614378.3772110939025878906250 HTTP/1.1" 200 1 "-" "WordPress/7.0; https://verona.elettroservicegroup.it"
216.26.237.238 - - [09/Jul/2026:18:26:12 +0200] "GET /wp-login.php HTTP/2.0" 200 3125 "-" "Mozilla/5.0 (Windows NT 10.0; Win64; x64; rv:133.0) Gecko/20100101 Firefox/133.0"
65.108.235.243 - - [09/Jul/2026:18:26:19 +0200] "GET / HTTP/1.1" 301 296 "-" "WP Fastest Cache Preload Bot"
65.108.235.243 - - [09/Jul/2026:18:26:19 +0200] "GET /index.php/ HTTP/1.1" 301 - "-" "WP Fastest Cache Preload Bot"
216.26.237.238 - - [09/Jul/2026:18:26:22 +0200] "GET /wp-login.php?wp_lang=en_US HTTP/2.0" 200 2329 "-" "Mozilla/5.0 (Windows NT 10.0; Win64; x64; rv:133.0) Gecko/20100101 Firefox/133.0"
216.26.237.238 - - [09/Jul/2026:18:26:24 +0200] "POST /wp-login.php HTTP/2.0" 302 1 "https://verona.elettroservicegroup.it/wp-login.php" "Mozilla/5.0 (Windows NT 10.0; Win64; x64; rv:133.0) Gecko/20100101 Firefox/133.0"
65.108.235.243 - - [09/Jul/2026:18:26:28 +0200] "POST /wp-cron.php?doing_wp_cron=1783614388.6787319183349609375000 HTTP/1.1" 200 1 "-" "WordPress/7.0; https://verona.elettroservicegroup.it"
216.26.237.238 - - [09/Jul/2026:18:26:26 +0200] "GET /wp-admin/ HTTP/2.0" 200 84399 "https://verona.elettroservicegroup.it/wp-login.php" "Mozilla/5.0 (Windows NT 10.0; Win64; x64; rv:133.0) Gecko/20100101 Firefox/133.0"
216.26.237.238 - - [09/Jul/2026:18:26:30 +0200] "GET /wp-admin/ HTTP/2.0" 200 84395 "-" "Mozilla/5.0 (Windows NT 10.0; Win64; x64; rv:133.0) Gecko/20100101 Firefox/133.0"
216.26.237.238 - - [09/Jul/2026:18:26:35 +0200] "GET /wp-admin/admin-ajax.php?action=rest-nonce HTTP/2.0" 400 5 "-" "Mozilla/5.0 (Windows NT 10.0; Win64; x64; rv:133.0) Gecko/20100101 Firefox/133.0"
216.26.237.238 - - [09/Jul/2026:18:26:36 +0200] "GET /wp-admin/plugins.php HTTP/2.0" 200 65411 "-" "Mozilla/5.0 (Windows NT 10.0; Win64; x64; rv:133.0) Gecko/20100101 Firefox/133.0"
216.26.237.238 - - [09/Jul/2026:18:26:41 +0200] "GET /wp-admin/plugins.php HTTP/2.0" 200 65428 "-" "Mozilla/5.0 (Windows NT 10.0; Win64; x64; rv:133.0) Gecko/20100101 Firefox/133.0"
216.26.237.238 - - [09/Jul/2026:18:26:44 +0200] "GET /wp-admin/plugins.php HTTP/2.0" 200 65412 "-" "Mozilla/5.0 (Windows NT 10.0; Win64; x64; rv:133.0) Gecko/20100101 Firefox/133.0"
216.26.237.238 - - [09/Jul/2026:18:26:48 +0200] "GET /wp-admin/plugin-install.php HTTP/2.0" 200 59656 "-" "Mozilla/5.0 (Windows NT 10.0; Win64; x64; rv:133.0) Gecko/20100101 Firefox/133.0"
216.26.237.238 - - [09/Jul/2026:18:26:51 +0200] "POST /wp-admin/update.php?action=upload-plugin HTTP/2.0" 301 - "https://verona.elettroservicegroup.it/wp-admin/update.php?action=upload-plugin" "Mozilla/5.0 (Windows NT 10.0; Win64; x64; rv:133.0) Gecko/20100101 Firefox/133.0"
209.50.167.151 - - [09/Jul/2026:18:26:54 +0200] "GET /wp-login.php HTTP/2.0" 200 3125 "-" "Mozilla/5.0 (Windows NT 10.0; Win64; x64; rv:133.0) Gecko/20100101 Firefox/133.0"
209.50.167.151 - - [09/Jul/2026:18:26:58 +0200] "GET /wp-login.php?wp_lang=en_US HTTP/2.0" 200 2329 "-" "Mozilla/5.0 (Windows NT 10.0; Win64; x64) AppleWebKit/537.36 (KHTML, like Gecko) Chrome/124.0.0.0 Safari/537.36"
209.50.167.151 - - [09/Jul/2026:18:27:00 +0200] "POST /wp-login.php HTTP/2.0" 302 1 "https://verona.elettroservicegroup.it/wp-login.php" "Mozilla/5.0 (Windows NT 10.0; Win64; x64) AppleWebKit/537.36 (KHTML, like Gecko) Chrome/124.0.0.0 Safari/537.36"
65.108.235.243 - - [09/Jul/2026:18:27:02 +0200] "POST /wp-cron.php?doing_wp_cron=1783614422.5826621055603027343750 HTTP/1.1" 200 1 "-" "WordPress/7.0; https://verona.elettroservicegroup.it"
209.50.167.151 - - [09/Jul/2026:18:27:00 +0200] "GET /wp-admin/ HTTP/2.0" 200 84411 "https://verona.elettroservicegroup.it/wp-login.php" "Mozilla/5.0 (Windows NT 10.0; Win64; x64) AppleWebKit/537.36 (KHTML, like Gecko) Chrome/124.0.0.0 Safari/537.36"
209.50.167.151 - - [09/Jul/2026:18:27:04 +0200] "GET /wp-admin/ HTTP/2.0" 200 84416 "-" "Mozilla/5.0 (Windows NT 10.0; Win64; x64) AppleWebKit/537.36 (KHTML, like Gecko) Chrome/124.0.0.0 Safari/537.36"
209.50.167.151 - - [09/Jul/2026:18:27:09 +0200] "GET /wp-admin/admin-ajax.php?action=rest-nonce HTTP/2.0" 400 5 "-" "Mozilla/5.0 (Windows NT 10.0; Win64; x64) AppleWebKit/537.36 (KHTML, like Gecko) Chrome/124.0.0.0 Safari/537.36"
209.50.167.151 - - [09/Jul/2026:18:27:11 +0200] "GET /wp-admin/plugins.php HTTP/2.0" 200 65433 "-" "Mozilla/5.0 (Windows NT 10.0; Win64; x64) AppleWebKit/537.36 (KHTML, like Gecko) Chrome/124.0.0.0 Safari/537.36"
209.50.167.151 - - [09/Jul/2026:18:27:15 +0200] "GET /wp-admin/plugins.php HTTP/2.0" 200 65433 "-" "Mozilla/5.0 (Windows NT 10.0; Win64; x64) AppleWebKit/537.36 (KHTML, like Gecko) Chrome/124.0.0.0 Safari/537.36"
209.50.167.151 - - [09/Jul/2026:18:27:19 +0200] "GET /wp-admin/plugins.php HTTP/2.0" 200 65433 "-" "Mozilla/5.0 (Windows NT 10.0; Win64; x64) AppleWebKit/537.36 (KHTML, like Gecko) Chrome/124.0.0.0 Safari/537.36"
209.50.167.151 - - [09/Jul/2026:18:27:21 +0200] "GET /wp-admin/plugin-install.php HTTP/2.0" 200 59684 "-" "Mozilla/5.0 (Windows NT 10.0; Win64; x64) AppleWebKit/537.36 (KHTML, like Gecko) Chrome/124.0.0.0 Safari/537.36"
209.50.167.151 - - [09/Jul/2026:18:27:25 +0200] "POST /wp-admin/update.php?action=upload-plugin HTTP/2.0" 301 - "https://verona.elettroservicegroup.it/wp-admin/update.php?action=upload-plugin" "Mozilla/5.0 (Windows NT 10.0; Win64; x64) AppleWebKit/537.36 (KHTML, like Gecko) Chrome/124.0.0.0 Safari/537.36"
216.26.239.130 - - [09/Jul/2026:18:27:26 +0200] "GET /wp-login.php HTTP/2.0" 200 11847 "-" "Mozilla/5.0 (Macintosh; Intel Mac OS X 10_15_7) AppleWebKit/605.1.15 (KHTML, like Gecko) Version/18.0 Safari/605.1.15"
216.26.239.130 - - [09/Jul/2026:18:27:28 +0200] "GET /wp-login.php?wp_lang=en_US HTTP/2.0" 200 11918 "-" "Mozilla/5.0 (Macintosh; Intel Mac OS X 10_15_7) AppleWebKit/605.1.15 (KHTML, like Gecko) Version/18.0 Safari/605.1.15"
65.108.235.243 - - [09/Jul/2026:18:27:29 +0200] "POST /wp-cron.php?doing_wp_cron=1783614449.7720389366149902343750 HTTP/1.1" 200 1 "-" "WordPress/7.0; https://verona.elettroservicegroup.it"
216.26.253.135 - - [09/Jul/2026:18:27:28 +0200] "GET /wp-login.php?wp_lang=en_US HTTP/2.0" 200 2329 "-" "Mozilla/5.0 (Windows NT 10.0; Win64; x64; rv:133.0) Gecko/20100101 Firefox/133.0"
216.26.253.135 - - [09/Jul/2026:18:27:32 +0200] "POST /wp-login.php HTTP/2.0" 302 1 "https://verona.elettroservicegroup.it/wp-login.php" "Mozilla/5.0 (Windows NT 10.0; Win64; x64; rv:133.0) Gecko/20100101 Firefox/133.0"
216.26.253.135 - - [09/Jul/2026:18:27:34 +0200] "GET /wp-admin/ HTTP/2.0" 200 84398 "https://verona.elettroservicegroup.it/wp-login.php" "Mozilla/5.0 (Windows NT 10.0; Win64; x64; rv:133.0) Gecko/20100101 Firefox/133.0"
216.26.253.135 - - [09/Jul/2026:18:27:37 +0200] "GET /wp-admin/ HTTP/2.0" 200 84392 "-" "Mozilla/5.0 (Windows NT 10.0; Win64; x64; rv:133.0) Gecko/20100101 Firefox/133.0"
216.26.253.135 - - [09/Jul/2026:18:27:40 +0200] "GET /wp-admin/admin-ajax.php?action=rest-nonce HTTP/2.0" 400 5 "-" "Mozilla/5.0 (Windows NT 10.0; Win64; x64; rv:133.0) Gecko/20100101 Firefox/133.0"
216.26.253.135 - - [09/Jul/2026:18:27:41 +0200] "GET /wp-admin/plugins.php HTTP/2.0" 200 65418 "-" "Mozilla/5.0 (Windows NT 10.0; Win64; x64; rv:133.0) Gecko/20100101 Firefox/133.0"
216.26.253.135 - - [09/Jul/2026:18:27:44 +0200] "GET /wp-admin/plugins.php HTTP/2.0" 200 65418 "-" "Mozilla/5.0 (Windows NT 10.0; Win64; x64; rv:133.0) Gecko/20100101 Firefox/133.0"
216.26.253.135 - - [09/Jul/2026:18:27:44 +0200] "GET /wp-admin/plugins.php HTTP/2.0" 200 65418 "-" "Mozilla/5.0 (Windows NT 10.0; Win64; x64; rv:133.0) Gecko/20100101 Firefox/133.0"
216.26.253.135 - - [09/Jul/2026:18:27:45 +0200] "GET /wp-admin/plugin-install.php HTTP/2.0" 200 59660 "-" "Mozilla/5.0 (Windows NT 10.0; Win64; x64; rv:133.0) Gecko/20100101 Firefox/133.0"
216.26.253.135 - - [09/Jul/2026:18:27:47 +0200] "POST /wp-admin/update.php?action=upload-plugin HTTP/2.0" 301 - "https://verona.elettroservicegroup.it/wp-admin/update.php?action=upload-plugin" "Mozilla/5.0 (Windows NT 10.0; Win64; x64; rv:133.0) Gecko/20100101 Firefox/133.0"
216.26.238.37 - - [09/Jul/2026:18:27:48 +0200] "GET /wp-login.php HTTP/2.0" 200 3125 "-" "Mozilla/5.0 (Macintosh; Intel Mac OS X 10_15_7) AppleWebKit/605.1.15 (KHTML, like Gecko) Version/18.0 Safari/605.1.15"
216.26.238.37 - - [09/Jul/2026:18:27:50 +0200] "GET /wp-login.php?wp_lang=en_US HTTP/2.0" 200 2329 "-" "Mozilla/5.0 (Macintosh; Intel Mac OS X 10_15_7) AppleWebKit/605.1.15 (KHTML, like Gecko) Version/18.0 Safari/605.1.15"
216.26.238.37 - - [09/Jul/2026:18:27:51 +0200] "POST /wp-login.php HTTP/2.0" 302 1 "https://verona.elettroservicegroup.it/wp-login.php" "Mozilla/5.0 (Macintosh; Intel Mac OS X 10_15_7) AppleWebKit/605.1.15 (KHTML, like Gecko) Version/18.0 Safari/605.1.15"
216.26.238.37 - - [09/Jul/2026:18:27:51 +0200] "GET /wp-admin/ HTTP/2.0" 200 84411 "https://verona.elettroservicegroup.it/wp-login.php" "Mozilla/5.0 (Macintosh; Intel Mac OS X 10_15_7) AppleWebKit/605.1.15 (KHTML, like Gecko) Version/18.0 Safari/605.1.15"
216.26.238.37 - - [09/Jul/2026:18:27:52 +0200] "GET /wp-admin/ HTTP/2.0" 200 84412 "-" "Mozilla/5.0 (Macintosh; Intel Mac OS X 10_15_7) AppleWebKit/605.1.15 (KHTML, like Gecko) Version/18.0 Safari/605.1.15"
216.26.238.37 - - [09/Jul/2026:18:27:54 +0200] "GET /wp-admin/admin-ajax.php?action=rest-nonce HTTP/2.0" 400 5 "-" "Mozilla/5.0 (Macintosh; Intel Mac OS X 10_15_7) AppleWebKit/605.1.15 (KHTML, like Gecko) Version/18.0 Safari/605.1.15"
216.26.238.37 - - [09/Jul/2026:18:27:55 +0200] "GET /wp-admin/plugins.php HTTP/2.0" 200 65429 "-" "Mozilla/5.0 (Macintosh; Intel Mac OS X 10_15_7) AppleWebKit/605.1.15 (KHTML, like Gecko) Version/18.0 Safari/605.1.15"
216.26.238.37 - - [09/Jul/2026:18:27:57 +0200] "GET /wp-admin/plugins.php HTTP/2.0" 200 65429 "-" "Mozilla/5.0 (Macintosh; Intel Mac OS X 10_15_7) AppleWebKit/605.1.15 (KHTML, like Gecko) Version/18.0 Safari/605.1.15"
216.26.238.37 - - [09/Jul/2026:18:28:00 +0200] "GET /wp-admin/plugins.php HTTP/2.0" 200 65429 "-" "Mozilla/5.0 (Macintosh; Intel Mac OS X 10_15_7) AppleWebKit/605.1.15 (KHTML, like Gecko) Version/18.0 Safari/605.1.15"
216.26.238.37 - - [09/Jul/2026:18:28:03 +0200] "GET /wp-admin/plugin-install.php HTTP/2.0" 200 59681 "-" "Mozilla/5.0 (Macintosh; Intel Mac OS X 10_15_7) AppleWebKit/605.1.15 (KHTML, like Gecko) Version/18.0 Safari/605.1.15"
66.249.64.170 - - [09/Jul/2026:18:28:07 +0200] "GET /?h=44468315081100 HTTP/1.1" 301 313 "-" "Mozilla/5.0 (Linux; Android 6.0.1; Nexus 5X Build/MMB29P) AppleWebKit/537.36 (KHTML, like Gecko) Chrome/150.0.7871.46 Mobile Safari/537.36 (compatible; Googlebot/2.1; +http://www.google.com/bot.html)"
216.26.238.37 - - [09/Jul/2026:18:28:07 +0200] "POST /wp-admin/update.php?action=upload-plugin HTTP/2.0" 301 - "https://verona.elettroservicegroup.it/wp-admin/update.php?action=upload-plugin" "Mozilla/5.0 (Macintosh; Intel Mac OS X 10_15_7) AppleWebKit/605.1.15 (KHTML, like Gecko) Version/18.0 Safari/605.1.15"
66.249.64.171 - - [09/Jul/2026:18:28:07 +0200] "GET /index.php/?h=44468315081100 HTTP/1.1" 301 - "-" "Mozilla/5.0 (Linux; Android 6.0.1; Nexus 5X Build/MMB29P) AppleWebKit/537.36 (KHTML, like Gecko) Chrome/150.0.7871.46 Mobile Safari/537.36 (compatible; Googlebot/2.1; +http://www.google.com/bot.html)"
209.50.171.120 - - [09/Jul/2026:18:28:09 +0200] "GET /wp-login.php HTTP/2.0" 200 3125 "-" "Mozilla/5.0 (Macintosh; Intel Mac OS X 10_15_7) AppleWebKit/605.1.15 (KHTML, like Gecko) Version/18.0 Safari/605.1.15"
209.50.171.120 - - [09/Jul/2026:18:28:11 +0200] "GET /wp-login.php?wp_lang=en_US HTTP/2.0" 200 2329 "-" "Mozilla/5.0 (Windows NT 10.0; Win64; x64; rv:133.0) Gecko/20100101 Firefox/133.0"
209.50.171.120 - - [09/Jul/2026:18:28:13 +0200] "POST /wp-login.php HTTP/2.0" 302 1 "https://verona.elettroservicegroup.it/wp-login.php" "Mozilla/5.0 (Windows NT 10.0; Win64; x64; rv:133.0) Gecko/20100101 Firefox/133.0"
66.249.64.170 - - [09/Jul/2026:18:28:15 +0200] "GET /?h=21293884761100 HTTP/1.1" 301 313 "-" "Mozilla/5.0 (Linux; Android 6.0.1; Nexus 5X Build/MMB29P) AppleWebKit/537.36 (KHTML, like Gecko) Chrome/150.0.7871.46 Mobile Safari/537.36 (compatible; Googlebot/2.1; +http://www.google.com/bot.html)"
66.249.64.170 - - [09/Jul/2026:18:28:15 +0200] "GET /index.php/?h=21293884761100 HTTP/1.1" 301 - "-" "Mozilla/5.0 (Linux; Android 6.0.1; Nexus 5X Build/MMB29P) AppleWebKit/537.36 (KHTML, like Gecko) Chrome/150.0.7871.46 Mobile Safari/537.36 (compatible; Googlebot/2.1; +http://www.google.com/bot.html)"
209.50.171.120 - - [09/Jul/2026:18:28:14 +0200] "GET /wp-admin/ HTTP/2.0" 200 84397 "https://verona.elettroservicegroup.it/wp-login.php" "Mozilla/5.0 (Windows NT 10.0; Win64; x64; rv:133.0) Gecko/20100101 Firefox/133.0"
209.50.171.120 - - [09/Jul/2026:18:28:17 +0200] "GET /wp-admin/ HTTP/2.0" 200 84394 "-" "Mozilla/5.0 (Windows NT 10.0; Win64; x64; rv:133.0) Gecko/20100101 Firefox/133.0"
209.50.171.120 - - [09/Jul/2026:18:28:20 +0200] "GET /wp-admin/admin-ajax.php?action=rest-nonce HTTP/2.0" 400 5 "-" "Mozilla/5.0 (Windows NT 10.0; Win64; x64; rv:133.0) Gecko/20100101 Firefox/133.0"
209.50.171.120 - - [09/Jul/2026:18:28:21 +0200] "GET /wp-admin/plugins.php HTTP/2.0" 200 65415 "-" "Mozilla/5.0 (Windows NT 10.0; Win64; x64; rv:133.0) Gecko/20100101 Firefox/133.0"
65.108.235.243 - - [09/Jul/2026:18:28:28 +0200] "POST /wp-cron.php?doing_wp_cron=1783614508.4646539688110351562500 HTTP/1.1" 200 1 "-" "WordPress/7.0; https://verona.elettroservicegroup.it"
209.50.171.120 - - [09/Jul/2026:18:28:26 +0200] "GET /wp-admin/plugins.php HTTP/2.0" 200 65415 "-" "Mozilla/5.0 (Windows NT 10.0; Win64; x64; rv:133.0) Gecko/20100101 Firefox/133.0"
209.50.171.120 - - [09/Jul/2026:18:28:29 +0200] "GET /wp-admin/plugins.php HTTP/2.0" 200 65415 "-" "Mozilla/5.0 (Windows NT 10.0; Win64; x64; rv:133.0) Gecko/20100101 Firefox/133.0"
209.50.171.120 - - [09/Jul/2026:18:28:33 +0200] "GET /wp-admin/plugin-install.php HTTP/2.0" 200 59653 "-" "Mozilla/5.0 (Windows NT 10.0; Win64; x64; rv:133.0) Gecko/20100101 Firefox/133.0"
209.50.171.120 - - [09/Jul/2026:18:28:37 +0200] "POST /wp-admin/update.php?action=upload-plugin HTTP/2.0" 301 - "https://verona.elettroservicegroup.it/wp-admin/update.php?action=upload-plugin" "Mozilla/5.0 (Windows NT 10.0; Win64; x64; rv:133.0) Gecko/20100101 Firefox/133.0"
45.3.40.190 - - [09/Jul/2026:18:28:39 +0200] "GET /wp-login.php HTTP/2.0" 200 3125 "-" "Mozilla/5.0 (Windows NT 10.0; Win64; x64; rv:133.0) Gecko/20100101 Firefox/133.0"
65.108.235.243 - - [09/Jul/2026:18:28:43 +0200] "POST /wp-cron.php?doing_wp_cron=1783614523.6690928936004638671875 HTTP/1.1" 200 1 "-" "WordPress/7.0; https://verona.elettroservicegroup.it"
45.3.40.190 - - [09/Jul/2026:18:28:42 +0200] "GET /wp-login.php?wp_lang=en_US HTTP/2.0" 200 2329 "-" "Mozilla/5.0 (Windows NT 10.0; Win64; x64; rv:133.0) Gecko/20100101 Firefox/133.0"
45.3.40.190 - - [09/Jul/2026:18:28:44 +0200] "POST /wp-login.php HTTP/2.0" 302 1 "https://verona.elettroservicegroup.it/wp-login.php" "Mozilla/5.0 (Windows NT 10.0; Win64; x64; rv:133.0) Gecko/20100101 Firefox/133.0"
45.3.40.190 - - [09/Jul/2026:18:28:45 +0200] "GET /wp-admin/ HTTP/2.0" 200 84398 "https://verona.elettroservicegroup.it/wp-login.php" "Mozilla/5.0 (Windows NT 10.0; Win64; x64; rv:133.0) Gecko/20100101 Firefox/133.0"
45.3.40.190 - - [09/Jul/2026:18:28:48 +0200] "GET /wp-admin/ HTTP/2.0" 200 84396 "-" "Mozilla/5.0 (Windows NT 10.0; Win64; x64; rv:133.0) Gecko/20100101 Firefox/133.0"
45.3.40.190 - - [09/Jul/2026:18:28:51 +0200] "GET /wp-admin/admin-ajax.php?action=rest-nonce HTTP/2.0" 400 5 "-" "Mozilla/5.0 (Windows NT 10.0; Win64; x64; rv:133.0) Gecko/20100101 Firefox/133.0"
45.3.40.190 - - [09/Jul/2026:18:28:52 +0200] "GET /wp-admin/plugins.php HTTP/2.0" 200 65406 "-" "Mozilla/5.0 (Windows NT 10.0; Win64; x64; rv:133.0) Gecko/20100101 Firefox/133.0"
45.3.40.190 - - [09/Jul/2026:18:28:54 +0200] "GET /wp-admin/plugins.php HTTP/2.0" 200 65407 "-" "Mozilla/5.0 (Windows NT 10.0; Win64; x64; rv:133.0) Gecko/20100101 Firefox/133.0"
45.3.40.190 - - [09/Jul/2026:18:28:56 +0200] "GET /wp-admin/plugins.php HTTP/2.0" 200 65407 "-" "Mozilla/5.0 (Windows NT 10.0; Win64; x64; rv:133.0) Gecko/20100101 Firefox/133.0"
45.3.40.190 - - [09/Jul/2026:18:28:58 +0200] "GET /wp-admin/plugin-install.php HTTP/2.0" 200 59658 "-" "Mozilla/5.0 (Windows NT 10.0; Win64; x64; rv:133.0) Gecko/20100101 Firefox/133.0"
45.3.40.190 - - [09/Jul/2026:18:29:00 +0200] "POST /wp-admin/update.php?action=upload-plugin HTTP/2.0" 301 - "https://verona.elettroservicegroup.it/wp-admin/update.php?action=upload-plugin" "Mozilla/5.0 (Windows NT 10.0; Win64; x64; rv:133.0) Gecko/20100101 Firefox/133.0"
104.207.33.65 - - [09/Jul/2026:18:29:01 +0200] "GET /wp-login.php HTTP/2.0" 200 3125 "-" "Mozilla/5.0 (Windows NT 10.0; Win64; x64; rv:133.0) Gecko/20100101 Firefox/133.0"
104.207.33.65 - - [09/Jul/2026:18:29:03 +0200] "GET /wp-login.php?wp_lang=en_US HTTP/2.0" 200 2329 "-" "Mozilla/5.0 (Windows NT 10.0; Win64; x64) AppleWebKit/537.36 (KHTML, like Gecko) Chrome/124.0.0.0 Safari/537.36"
104.207.33.65 - - [09/Jul/2026:18:29:04 +0200] "POST /wp-login.php HTTP/2.0" 302 1 "https://verona.elettroservicegroup.it/wp-login.php" "Mozilla/5.0 (Windows NT 10.0; Win64; x64) AppleWebKit/537.36 (KHTML, like Gecko) Chrome/124.0.0.0 Safari/537.36"
104.207.33.65 - - [09/Jul/2026:18:29:05 +0200] "GET /wp-admin/ HTTP/2.0" 200 84420 "https://verona.elettroservicegroup.it/wp-login.php" "Mozilla/5.0 (Windows NT 10.0; Win64; x64) AppleWebKit/537.36 (KHTML, like Gecko) Chrome/124.0.0.0 Safari/537.36"
66.249.64.171 - - [09/Jul/2026:18:29:08 +0200] "GET /?h=16995283561100 HTTP/1.1" 301 313 "-" "Mozilla/5.0 (compatible; Googlebot/2.1; +http://www.google.com/bot.html)"
66.249.64.169 - - [09/Jul/2026:18:29:09 +0200] "GET /index.php/?h=16995283561100 HTTP/1.1" 301 - "-" "Mozilla/5.0 (compatible; Googlebot/2.1; +http://www.google.com/bot.html)"
104.207.33.65 - - [09/Jul/2026:18:29:08 +0200] "GET /wp-admin/ HTTP/2.0" 200 84417 "-" "Mozilla/5.0 (Windows NT 10.0; Win64; x64) AppleWebKit/537.36 (KHTML, like Gecko) Chrome/124.0.0.0 Safari/537.36"
104.207.33.65 - - [09/Jul/2026:18:29:10 +0200] "GET /wp-admin/admin-ajax.php?action=rest-nonce HTTP/2.0" 400 5 "-" "Mozilla/5.0 (Windows NT 10.0; Win64; x64) AppleWebKit/537.36 (KHTML, like Gecko) Chrome/124.0.0.0 Safari/537.36"
104.207.33.65 - - [09/Jul/2026:18:29:11 +0200] "GET /wp-admin/plugins.php HTTP/2.0" 200 65449 "-" "Mozilla/5.0 (Windows NT 10.0; Win64; x64) AppleWebKit/537.36 (KHTML, like Gecko) Chrome/124.0.0.0 Safari/537.36"
104.207.33.65 - - [09/Jul/2026:18:29:14 +0200] "GET /wp-admin/plugins.php HTTP/2.0" 200 65450 "-" "Mozilla/5.0 (Windows NT 10.0; Win64; x64) AppleWebKit/537.36 (KHTML, like Gecko) Chrome/124.0.0.0 Safari/537.36"
104.207.33.65 - - [09/Jul/2026:18:29:16 +0200] "GET /wp-admin/plugins.php HTTP/2.0" 200 65447 "-" "Mozilla/5.0 (Windows NT 10.0; Win64; x64) AppleWebKit/537.36 (KHTML, like Gecko) Chrome/124.0.0.0 Safari/537.36"
104.207.33.65 - - [09/Jul/2026:18:29:19 +0200] "GET /wp-admin/plugin-install.php HTTP/2.0" 200 59680 "-" "Mozilla/5.0 (Windows NT 10.0; Win64; x64) AppleWebKit/537.36 (KHTML, like Gecko) Chrome/124.0.0.0 Safari/537.36"
104.207.33.65 - - [09/Jul/2026:18:29:22 +0200] "POST /wp-admin/update.php?action=upload-plugin HTTP/2.0" 301 - "https://verona.elettroservicegroup.it/wp-admin/update.php?action=upload-plugin" "Mozilla/5.0 (Windows NT 10.0; Win64; x64) AppleWebKit/537.36 (KHTML, like Gecko) Chrome/124.0.0.0 Safari/537.36"
216.26.224.246 - - [09/Jul/2026:18:29:23 +0200] "GET /wp-login.php HTTP/2.0" 200 3125 "-" "Mozilla/5.0 (Windows NT 10.0; Win64; x64) AppleWebKit/537.36 (KHTML, like Gecko) Chrome/124.0.0.0 Safari/537.36"
216.26.224.246 - - [09/Jul/2026:18:29:25 +0200] "GET /wp-login.php?wp_lang=en_US HTTP/2.0" 200 2329 "-" "Mozilla/5.0 (Macintosh; Intel Mac OS X 10_15_7) AppleWebKit/605.1.15 (KHTML, like Gecko) Version/18.0 Safari/605.1.15"
65.108.235.243 - - [09/Jul/2026:18:29:27 +0200] "POST /wp-cron.php?doing_wp_cron=1783614567.1708068847656250000000 HTTP/1.1" 200 1 "-" "WordPress/7.0; https://verona.elettroservicegroup.it"
216.26.224.246 - - [09/Jul/2026:18:29:26 +0200] "POST /wp-login.php HTTP/2.0" 302 1 "https://verona.elettroservicegroup.it/wp-login.php" "Mozilla/5.0 (Macintosh; Intel Mac OS X 10_15_7) AppleWebKit/605.1.15 (KHTML, like Gecko) Version/18.0 Safari/605.1.15"
216.26.224.246 - - [09/Jul/2026:18:29:27 +0200] "GET /wp-admin/ HTTP/2.0" 200 84410 "https://verona.elettroservicegroup.it/wp-login.php" "Mozilla/5.0 (Macintosh; Intel Mac OS X 10_15_7) AppleWebKit/605.1.15 (KHTML, like Gecko) Version/18.0 Safari/605.1.15"
216.26.224.246 - - [09/Jul/2026:18:29:30 +0200] "GET /wp-admin/ HTTP/2.0" 200 84409 "-" "Mozilla/5.0 (Macintosh; Intel Mac OS X 10_15_7) AppleWebKit/605.1.15 (KHTML, like Gecko) Version/18.0 Safari/605.1.15"
216.26.224.246 - - [09/Jul/2026:18:29:33 +0200] "GET /wp-admin/admin-ajax.php?action=rest-nonce HTTP/2.0" 400 5 "-" "Mozilla/5.0 (Macintosh; Intel Mac OS X 10_15_7) AppleWebKit/605.1.15 (KHTML, like Gecko) Version/18.0 Safari/605.1.15"
216.26.224.246 - - [09/Jul/2026:18:29:34 +0200] "GET /wp-admin/plugins.php HTTP/2.0" 200 65437 "-" "Mozilla/5.0 (Macintosh; Intel Mac OS X 10_15_7) AppleWebKit/605.1.15 (KHTML, like Gecko) Version/18.0 Safari/605.1.15"
216.26.224.246 - - [09/Jul/2026:18:29:37 +0200] "GET /wp-admin/plugins.php HTTP/2.0" 200 65434 "-" "Mozilla/5.0 (Macintosh; Intel Mac OS X 10_15_7) AppleWebKit/605.1.15 (KHTML, like Gecko) Version/18.0 Safari/605.1.15"
216.26.224.246 - - [09/Jul/2026:18:29:39 +0200] "GET /wp-admin/plugins.php HTTP/2.0" 200 65438 "-" "Mozilla/5.0 (Macintosh; Intel Mac OS X 10_15_7) AppleWebKit/605.1.15 (KHTML, like Gecko) Version/18.0 Safari/605.1.15"
216.26.224.246 - - [09/Jul/2026:18:29:42 +0200] "GET /wp-admin/plugin-install.php HTTP/2.0" 200 59676 "-" "Mozilla/5.0 (Macintosh; Intel Mac OS X 10_15_7) AppleWebKit/605.1.15 (KHTML, like Gecko) Version/18.0 Safari/605.1.15"
216.26.224.246 - - [09/Jul/2026:18:29:44 +0200] "POST /wp-admin/update.php?action=upload-plugin HTTP/2.0" 301 - "https://verona.elettroservicegroup.it/wp-admin/update.php?action=upload-plugin" "Mozilla/5.0 (Macintosh; Intel Mac OS X 10_15_7) AppleWebKit/605.1.15 (KHTML, like Gecko) Version/18.0 Safari/605.1.15"
104.207.41.247 - - [09/Jul/2026:18:29:46 +0200] "GET /wp-login.php HTTP/2.0" 200 3125 "-" "Mozilla/5.0 (Windows NT 10.0; Win64; x64) AppleWebKit/537.36 (KHTML, like Gecko) Chrome/124.0.0.0 Safari/537.36"
104.207.41.247 - - [09/Jul/2026:18:29:47 +0200] "GET /wp-login.php?wp_lang=en_US HTTP/2.0" 200 2329 "-" "Mozilla/5.0 (Windows NT 10.0; Win64; x64) AppleWebKit/537.36 (KHTML, like Gecko) Chrome/124.0.0.0 Safari/537.36"
104.207.41.247 - - [09/Jul/2026:18:29:49 +0200] "POST /wp-login.php HTTP/2.0" 302 1 "https://verona.elettroservicegroup.it/wp-login.php" "Mozilla/5.0 (Windows NT 10.0; Win64; x64) AppleWebKit/537.36 (KHTML, like Gecko) Chrome/124.0.0.0 Safari/537.36"
104.207.41.247 - - [09/Jul/2026:18:29:50 +0200] "GET /wp-admin/ HTTP/2.0" 200 84409 "https://verona.elettroservicegroup.it/wp-login.php" "Mozilla/5.0 (Windows NT 10.0; Win64; x64) AppleWebKit/537.36 (KHTML, like Gecko) Chrome/124.0.0.0 Safari/537.36"
104.207.41.247 - - [09/Jul/2026:18:29:52 +0200] "GET /wp-admin/ HTTP/2.0" 200 84414 "-" "Mozilla/5.0 (Windows NT 10.0; Win64; x64) AppleWebKit/537.36 (KHTML, like Gecko) Chrome/124.0.0.0 Safari/537.36"
104.207.41.247 - - [09/Jul/2026:18:29:55 +0200] "GET /wp-admin/admin-ajax.php?action=rest-nonce HTTP/2.0" 400 5 "-" "Mozilla/5.0 (Windows NT 10.0; Win64; x64) AppleWebKit/537.36 (KHTML, like Gecko) Chrome/124.0.0.0 Safari/537.36"
104.207.41.247 - - [09/Jul/2026:18:29:57 +0200] "GET /wp-admin/plugins.php HTTP/2.0" 200 65448 "-" "Mozilla/5.0 (Windows NT 10.0; Win64; x64) AppleWebKit/537.36 (KHTML, like Gecko) Chrome/124.0.0.0 Safari/537.36"
104.207.41.247 - - [09/Jul/2026:18:29:59 +0200] "GET /wp-admin/plugins.php HTTP/2.0" 200 65455 "-" "Mozilla/5.0 (Windows NT 10.0; Win64; x64) AppleWebKit/537.36 (KHTML, like Gecko) Chrome/124.0.0.0 Safari/537.36"
104.207.41.247 - - [09/Jul/2026:18:30:02 +0200] "GET /wp-admin/plugins.php HTTP/2.0" 200 65453 "-" "Mozilla/5.0 (Windows NT 10.0; Win64; x64) AppleWebKit/537.36 (KHTML, like Gecko) Chrome/124.0.0.0 Safari/537.36"
104.207.41.247 - - [09/Jul/2026:18:30:05 +0200] "GET /wp-admin/plugin-install.php HTTP/2.0" 200 59683 "-" "Mozilla/5.0 (Windows NT 10.0; Win64; x64) AppleWebKit/537.36 (KHTML, like Gecko) Chrome/124.0.0.0 Safari/537.36"
104.207.41.247 - - [09/Jul/2026:18:30:08 +0200] "POST /wp-admin/update.php?action=upload-plugin HTTP/2.0" 301 - "https://verona.elettroservicegroup.it/wp-admin/update.php?action=upload-plugin" "Mozilla/5.0 (Windows NT 10.0; Win64; x64) AppleWebKit/537.36 (KHTML, like Gecko) Chrome/124.0.0.0 Safari/537.36"
104.207.40.97 - - [09/Jul/2026:18:30:09 +0200] "GET /wp-login.php HTTP/2.0" 200 3125 "-" "Mozilla/5.0 (Windows NT 10.0; Win64; x64) AppleWebKit/537.36 (KHTML, like Gecko) Chrome/124.0.0.0 Safari/537.36"
104.207.40.97 - - [09/Jul/2026:18:30:11 +0200] "GET /wp-login.php?wp_lang=en_US HTTP/2.0" 200 2329 "-" "Mozilla/5.0 (Windows NT 10.0; Win64; x64; rv:133.0) Gecko/20100101 Firefox/133.0"
104.207.40.97 - - [09/Jul/2026:18:30:12 +0200] "POST /wp-login.php HTTP/2.0" 302 1 "https://verona.elettroservicegroup.it/wp-login.php" "Mozilla/5.0 (Windows NT 10.0; Win64; x64; rv:133.0) Gecko/20100101 Firefox/133.0"
104.207.40.97 - - [09/Jul/2026:18:30:14 +0200] "GET /wp-admin/ HTTP/2.0" 200 84380 "https://verona.elettroservicegroup.it/wp-login.php" "Mozilla/5.0 (Windows NT 10.0; Win64; x64; rv:133.0) Gecko/20100101 Firefox/133.0"
104.207.40.97 - - [09/Jul/2026:18:30:17 +0200] "GET /wp-admin/ HTTP/2.0" 200 84383 "-" "Mozilla/5.0 (Windows NT 10.0; Win64; x64; rv:133.0) Gecko/20100101 Firefox/133.0"
104.207.40.97 - - [09/Jul/2026:18:30:20 +0200] "GET /wp-admin/admin-ajax.php?action=rest-nonce HTTP/2.0" 400 5 "-" "Mozilla/5.0 (Windows NT 10.0; Win64; x64; rv:133.0) Gecko/20100101 Firefox/133.0"
104.207.40.97 - - [09/Jul/2026:18:30:22 +0200] "GET /wp-admin/plugins.php HTTP/2.0" 200 65411 "-" "Mozilla/5.0 (Windows NT 10.0; Win64; x64; rv:133.0) Gecko/20100101 Firefox/133.0"
65.108.235.243 - - [09/Jul/2026:18:30:26 +0200] "POST /wp-cron.php?doing_wp_cron=1783614626.8779609203338623046875 HTTP/1.1" 200 1 "-" "WordPress/7.0; https://verona.elettroservicegroup.it"
104.207.40.97 - - [09/Jul/2026:18:30:25 +0200] "GET /wp-admin/plugins.php HTTP/2.0" 200 65415 "-" "Mozilla/5.0 (Windows NT 10.0; Win64; x64; rv:133.0) Gecko/20100101 Firefox/133.0"
104.207.40.97 - - [09/Jul/2026:18:30:27 +0200] "GET /wp-admin/plugins.php HTTP/2.0" 200 65410 "-" "Mozilla/5.0 (Windows NT 10.0; Win64; x64; rv:133.0) Gecko/20100101 Firefox/133.0"
104.207.40.97 - - [09/Jul/2026:18:30:29 +0200] "GET /wp-admin/plugin-install.php HTTP/2.0" 200 59654 "-" "Mozilla/5.0 (Windows NT 10.0; Win64; x64; rv:133.0) Gecko/20100101 Firefox/133.0"
104.207.40.97 - - [09/Jul/2026:18:30:33 +0200] "POST /wp-admin/update.php?action=upload-plugin HTTP/2.0" 301 - "https://verona.elettroservicegroup.it/wp-admin/update.php?action=upload-plugin" "Mozilla/5.0 (Windows NT 10.0; Win64; x64; rv:133.0) Gecko/20100101 Firefox/133.0"
209.50.174.222 - - [09/Jul/2026:18:30:34 +0200] "GET /wp-login.php HTTP/2.0" 200 3125 "-" "Mozilla/5.0 (Macintosh; Intel Mac OS X 10_15_7) AppleWebKit/605.1.15 (KHTML, like Gecko) Version/18.0 Safari/605.1.15"
66.249.89.235 - - [09/Jul/2026:18:31:40 +0200] "GET /index.php/?h=9540430961100 HTTP/1.1" 301 - "-" "Mozilla/5.0 (X11; Linux x86_64) AppleWebKit/537.36 (KHTML, like Gecko) Chrome/150.0.7871.46 Safari/537.36"
66.249.89.235 - - [09/Jul/2026:18:31:42 +0200] "GET /?h=15987288361100 HTTP/1.1" 301 313 "-" "Mozilla/5.0 (X11; Linux x86_64) AppleWebKit/537.36 (KHTML, like Gecko) Chrome/150.0.7871.46 Safari/537.36"
66.249.89.233 - - [09/Jul/2026:18:31:43 +0200] "GET /index.php/?h=15987288361100 HTTP/1.1" 301 - "-" "Mozilla/5.0 (X11; Linux x86_64) AppleWebKit/537.36 (KHTML, like Gecko) Chrome/150.0.7871.46 Safari/537.36"
212.193.3.149 - - [09/Jul/2026:18:32:25 +0200] "HEAD / HTTP/1.1" 301 - "-" "Mozilla/5.0 (compatible; Googlebot/2.1; +http://www.google.com/bot.html)"
105.112.73.230 - - [09/Jul/2026:18:32:30 +0200] "GET /assistenza-rex-electrolux-verona/ HTTP/1.1" 301 296 "-" "Mozilla/5.0 (X11; Linux i686) AppleWebKit/533.2 (KHTML, like Gecko) Chrome/31.0.876.0 Safari/533.2"
159.0.146.253 - - [09/Jul/2026:18:32:35 +0200] "GET /index.php/ HTTP/1.1" 301 - "-" "Mozilla/5.0 (Windows NT 5.0) AppleWebKit/535.0 (KHTML, like Gecko) Chrome/13.0.845.0 Safari/535.0"
66.249.64.169 - - [09/Jul/2026:18:35:25 +0200] "GET /?h=21284604521100 HTTP/1.1" 301 313 "-" "Mozilla/5.0 (compatible; Googlebot/2.1; +http://www.google.com/bot.html)"
66.249.64.170 - - [09/Jul/2026:18:35:26 +0200] "GET /index.php/?h=21284604521100 HTTP/1.1" 301 - "-" "Mozilla/5.0 (compatible; Googlebot/2.1; +http://www.google.com/bot.html)"
66.249.64.171 - - [09/Jul/2026:18:36:03 +0200] "GET /?h=41099931121100 HTTP/1.1" 301 313 "-" "Mozilla/5.0 (Linux; Android 6.0.1; Nexus 5X Build/MMB29P) AppleWebKit/537.36 (KHTML, like Gecko) Chrome/150.0.7871.46 Mobile Safari/537.36 (compatible; Googlebot/2.1; +http://www.google.com/bot.html)"
66.249.64.171 - - [09/Jul/2026:18:36:03 +0200] "GET /index.php/?h=41099931121100 HTTP/1.1" 301 - "-" "Mozilla/5.0 (Linux; Android 6.0.1; Nexus 5X Build/MMB29P) AppleWebKit/537.36 (KHTML, like Gecko) Chrome/150.0.7871.46 Mobile Safari/537.36 (compatible; Googlebot/2.1; +http://www.google.com/bot.html)"
66.249.64.169 - - [09/Jul/2026:18:37:14 +0200] "GET /?h=27222525801100 HTTP/1.1" 301 313 "-" "Mozilla/5.0 (Linux; Android 6.0.1; Nexus 5X Build/MMB29P) AppleWebKit/537.36 (KHTML, like Gecko) Chrome/150.0.7871.46 Mobile Safari/537.36 (compatible; Googlebot/2.1; +http://www.google.com/bot.html)"
66.249.64.171 - - [09/Jul/2026:18:37:15 +0200] "GET /index.php/?h=27222525801100 HTTP/1.1" 301 - "-" "Mozilla/5.0 (Linux; Android 6.0.1; Nexus 5X Build/MMB29P) AppleWebKit/537.36 (KHTML, like Gecko) Chrome/150.0.7871.46 Mobile Safari/537.36 (compatible; Googlebot/2.1; +http://www.google.com/bot.html)"
66.249.64.169 - - [09/Jul/2026:18:37:26 +0200] "GET /?h=30875837001100 HTTP/1.1" 301 313 "-" "Mozilla/5.0 (compatible; Googlebot/2.1; +http://www.google.com/bot.html)"
66.249.64.170 - - [09/Jul/2026:18:37:26 +0200] "GET /index.php/?h=30875837001100 HTTP/1.1" 301 - "-" "Mozilla/5.0 (compatible; Googlebot/2.1; +http://www.google.com/bot.html)"
65.108.235.243 - - [09/Jul/2026:18:39:40 +0200] "POST /wp-cron.php?doing_wp_cron=1783615180.0738489627838134765625 HTTP/1.1" 200 1 "-" "WordPress/7.0; https://verona.elettroservicegroup.it"
104.207.37.219 - - [09/Jul/2026:18:39:33 +0200] "GET /wp-login.php HTTP/2.0" 200 3125 "-" "Mozilla/5.0 (Windows NT 10.0; Win64; x64) AppleWebKit/537.36 (KHTML, like Gecko) Chrome/124.0.0.0 Safari/537.36"
65.108.235.243 - - [09/Jul/2026:18:39:42 +0200] "GET / HTTP/1.1" 301 296 "-" "WP Fastest Cache Preload Bot"
65.108.235.243 - - [09/Jul/2026:18:39:42 +0200] "GET /index.php/ HTTP/1.1" 301 - "-" "WP Fastest Cache Preload Bot"
104.207.37.219 - - [09/Jul/2026:18:39:44 +0200] "GET /wp-login.php?wp_lang=en_US HTTP/2.0" 200 2329 "-" "Mozilla/5.0 (Windows NT 10.0; Win64; x64; rv:133.0) Gecko/20100101 Firefox/133.0"
104.207.37.219 - - [09/Jul/2026:18:39:46 +0200] "POST /wp-login.php HTTP/2.0" 302 1 "https://verona.elettroservicegroup.it/wp-login.php" "Mozilla/5.0 (Windows NT 10.0; Win64; x64; rv:133.0) Gecko/20100101 Firefox/133.0"
104.207.37.219 - - [09/Jul/2026:18:39:49 +0200] "GET /wp-admin/ HTTP/2.0" 200 84389 "https://verona.elettroservicegroup.it/wp-login.php" "Mozilla/5.0 (Windows NT 10.0; Win64; x64; rv:133.0) Gecko/20100101 Firefox/133.0"
104.207.37.219 - - [09/Jul/2026:18:39:54 +0200] "GET /wp-admin/ HTTP/2.0" 200 84385 "-" "Mozilla/5.0 (Windows NT 10.0; Win64; x64; rv:133.0) Gecko/20100101 Firefox/133.0"
104.207.37.219 - - [09/Jul/2026:18:39:59 +0200] "GET /wp-admin/admin-ajax.php?action=rest-nonce HTTP/2.0" 400 5 "-" "Mozilla/5.0 (Windows NT 10.0; Win64; x64; rv:133.0) Gecko/20100101 Firefox/133.0"
104.207.37.219 - - [09/Jul/2026:18:40:03 +0200] "GET /wp-admin/plugins.php HTTP/2.0" 200 65423 "-" "Mozilla/5.0 (Windows NT 10.0; Win64; x64; rv:133.0) Gecko/20100101 Firefox/133.0"
104.207.37.219 - - [09/Jul/2026:18:40:09 +0200] "GET /wp-admin/plugins.php HTTP/2.0" 200 65416 "-" "Mozilla/5.0 (Windows NT 10.0; Win64; x64; rv:133.0) Gecko/20100101 Firefox/133.0"
104.207.37.219 - - [09/Jul/2026:18:40:11 +0200] "GET /wp-admin/plugins.php HTTP/2.0" 200 65414 "-" "Mozilla/5.0 (Windows NT 10.0; Win64; x64; rv:133.0) Gecko/20100101 Firefox/133.0"
104.207.37.219 - - [09/Jul/2026:18:40:16 +0200] "GET /wp-admin/plugin-install.php HTTP/2.0" 200 59659 "-" "Mozilla/5.0 (Windows NT 10.0; Win64; x64; rv:133.0) Gecko/20100101 Firefox/133.0"
104.207.37.219 - - [09/Jul/2026:18:40:19 +0200] "POST /wp-admin/update.php?action=upload-plugin HTTP/2.0" 301 - "https://verona.elettroservicegroup.it/wp-admin/update.php?action=upload-plugin" "Mozilla/5.0 (Windows NT 10.0; Win64; x64; rv:133.0) Gecko/20100101 Firefox/133.0"
216.26.253.9 - - [09/Jul/2026:18:40:22 +0200] "GET /wp-login.php HTTP/2.0" 200 11951 "-" "Mozilla/5.0 (Macintosh; Intel Mac OS X 10_15_7) AppleWebKit/605.1.15 (KHTML, like Gecko) Version/18.0 Safari/605.1.15"
216.26.253.9 - - [09/Jul/2026:18:40:22 +0200] "GET /wp-login.php?wp_lang=en_US HTTP/2.0" 200 11954 "-" "Mozilla/5.0 (Windows NT 10.0; Win64; x64) AppleWebKit/537.36 (KHTML, like Gecko) Chrome/124.0.0.0 Safari/537.36"
45.3.36.182 - - [09/Jul/2026:18:40:25 +0200] "GET /wp-login.php?wp_lang=en_US HTTP/2.0" 200 11994 "-" "Mozilla/5.0 (Windows NT 10.0; Win64; x64; rv:133.0) Gecko/20100101 Firefox/133.0"
65.108.235.243 - - [09/Jul/2026:18:40:27 +0200] "POST /wp-cron.php?doing_wp_cron=1783615227.5176160335540771484375 HTTP/1.1" 200 1 "-" "WordPress/7.0; https://verona.elettroservicegroup.it"
65.111.2.237 - - [09/Jul/2026:18:40:27 +0200] "GET /wp-login.php?wp_lang=en_US HTTP/2.0" 200 2329 "-" "Mozilla/5.0 (Macintosh; Intel Mac OS X 10_15_7) AppleWebKit/605.1.15 (KHTML, like Gecko) Version/18.0 Safari/605.1.15"
65.111.2.237 - - [09/Jul/2026:18:40:27 +0200] "POST /wp-login.php HTTP/2.0" 302 1 "https://verona.elettroservicegroup.it/wp-login.php" "Mozilla/5.0 (Macintosh; Intel Mac OS X 10_15_7) AppleWebKit/605.1.15 (KHTML, like Gecko) Version/18.0 Safari/605.1.15"
65.111.2.237 - - [09/Jul/2026:18:40:28 +0200] "GET /wp-admin/ HTTP/2.0" 200 84411 "https://verona.elettroservicegroup.it/wp-login.php" "Mozilla/5.0 (Macintosh; Intel Mac OS X 10_15_7) AppleWebKit/605.1.15 (KHTML, like Gecko) Version/18.0 Safari/605.1.15"
65.111.2.237 - - [09/Jul/2026:18:40:33 +0200] "GET /wp-admin/ HTTP/2.0" 200 84414 "-" "Mozilla/5.0 (Macintosh; Intel Mac OS X 10_15_7) AppleWebKit/605.1.15 (KHTML, like Gecko) Version/18.0 Safari/605.1.15"
65.111.2.237 - - [09/Jul/2026:18:40:37 +0200] "GET /wp-admin/admin-ajax.php?action=rest-nonce HTTP/2.0" 400 5 "-" "Mozilla/5.0 (Macintosh; Intel Mac OS X 10_15_7) AppleWebKit/605.1.15 (KHTML, like Gecko) Version/18.0 Safari/605.1.15"
65.111.2.237 - - [09/Jul/2026:18:40:40 +0200] "GET /wp-admin/plugins.php HTTP/2.0" 200 65451 "-" "Mozilla/5.0 (Macintosh; Intel Mac OS X 10_15_7) AppleWebKit/605.1.15 (KHTML, like Gecko) Version/18.0 Safari/605.1.15"
65.111.2.237 - - [09/Jul/2026:18:40:43 +0200] "GET /wp-admin/plugins.php HTTP/2.0" 200 65452 "-" "Mozilla/5.0 (Macintosh; Intel Mac OS X 10_15_7) AppleWebKit/605.1.15 (KHTML, like Gecko) Version/18.0 Safari/605.1.15"
65.111.2.237 - - [09/Jul/2026:18:40:47 +0200] "GET /wp-admin/plugins.php HTTP/2.0" 200 65448 "-" "Mozilla/5.0 (Macintosh; Intel Mac OS X 10_15_7) AppleWebKit/605.1.15 (KHTML, like Gecko) Version/18.0 Safari/605.1.15"
65.111.2.237 - - [09/Jul/2026:18:40:49 +0200] "GET /wp-admin/plugin-install.php HTTP/2.0" 200 59684 "-" "Mozilla/5.0 (Macintosh; Intel Mac OS X 10_15_7) AppleWebKit/605.1.15 (KHTML, like Gecko) Version/18.0 Safari/605.1.15"
65.111.2.237 - - [09/Jul/2026:18:40:52 +0200] "POST /wp-admin/update.php?action=upload-plugin HTTP/2.0" 301 - "https://verona.elettroservicegroup.it/wp-admin/update.php?action=upload-plugin" "Mozilla/5.0 (Macintosh; Intel Mac OS X 10_15_7) AppleWebKit/605.1.15 (KHTML, like Gecko) Version/18.0 Safari/605.1.15"
209.50.186.47 - - [09/Jul/2026:18:40:56 +0200] "GET /wp-login.php HTTP/2.0" 200 3125 "-" "Mozilla/5.0 (Windows NT 10.0; Win64; x64; rv:133.0) Gecko/20100101 Firefox/133.0"
209.50.186.47 - - [09/Jul/2026:18:40:59 +0200] "GET /wp-login.php?wp_lang=en_US HTTP/2.0" 200 2329 "-" "Mozilla/5.0 (Macintosh; Intel Mac OS X 10_15_7) AppleWebKit/605.1.15 (KHTML, like Gecko) Version/18.0 Safari/605.1.15"
209.50.186.47 - - [09/Jul/2026:18:41:01 +0200] "POST /wp-login.php HTTP/2.0" 302 1 "https://verona.elettroservicegroup.it/wp-login.php" "Mozilla/5.0 (Macintosh; Intel Mac OS X 10_15_7) AppleWebKit/605.1.15 (KHTML, like Gecko) Version/18.0 Safari/605.1.15"
209.50.186.47 - - [09/Jul/2026:18:41:02 +0200] "GET /wp-admin/ HTTP/2.0" 200 84408 "https://verona.elettroservicegroup.it/wp-login.php" "Mozilla/5.0 (Macintosh; Intel Mac OS X 10_15_7) AppleWebKit/605.1.15 (KHTML, like Gecko) Version/18.0 Safari/605.1.15"
209.50.186.47 - - [09/Jul/2026:18:41:03 +0200] "GET /wp-admin/ HTTP/2.0" 200 84410 "-" "Mozilla/5.0 (Macintosh; Intel Mac OS X 10_15_7) AppleWebKit/605.1.15 (KHTML, like Gecko) Version/18.0 Safari/605.1.15"
209.50.186.47 - - [09/Jul/2026:18:41:05 +0200] "GET /wp-admin/admin-ajax.php?action=rest-nonce HTTP/2.0" 400 5 "-" "Mozilla/5.0 (Macintosh; Intel Mac OS X 10_15_7) AppleWebKit/605.1.15 (KHTML, like Gecko) Version/18.0 Safari/605.1.15"
209.50.186.47 - - [09/Jul/2026:18:41:05 +0200] "GET /wp-admin/plugins.php HTTP/2.0" 200 65443 "-" "Mozilla/5.0 (Macintosh; Intel Mac OS X 10_15_7) AppleWebKit/605.1.15 (KHTML, like Gecko) Version/18.0 Safari/605.1.15"
209.50.186.47 - - [09/Jul/2026:18:41:06 +0200] "GET /wp-admin/plugins.php HTTP/2.0" 200 65436 "-" "Mozilla/5.0 (Macintosh; Intel Mac OS X 10_15_7) AppleWebKit/605.1.15 (KHTML, like Gecko) Version/18.0 Safari/605.1.15"
209.50.186.47 - - [09/Jul/2026:18:41:08 +0200] "GET /wp-admin/plugins.php HTTP/2.0" 200 65436 "-" "Mozilla/5.0 (Macintosh; Intel Mac OS X 10_15_7) AppleWebKit/605.1.15 (KHTML, like Gecko) Version/18.0 Safari/605.1.15"
209.50.186.47 - - [09/Jul/2026:18:41:09 +0200] "GET /wp-admin/plugin-install.php HTTP/2.0" 200 59674 "-" "Mozilla/5.0 (Macintosh; Intel Mac OS X 10_15_7) AppleWebKit/605.1.15 (KHTML, like Gecko) Version/18.0 Safari/605.1.15"
209.50.186.47 - - [09/Jul/2026:18:41:10 +0200] "POST /wp-admin/update.php?action=upload-plugin HTTP/2.0" 301 - "https://verona.elettroservicegroup.it/wp-admin/update.php?action=upload-plugin" "Mozilla/5.0 (Macintosh; Intel Mac OS X 10_15_7) AppleWebKit/605.1.15 (KHTML, like Gecko) Version/18.0 Safari/605.1.15"
65.111.28.43 - - [09/Jul/2026:18:41:11 +0200] "GET /wp-login.php HTTP/2.0" 200 11902 "-" "Mozilla/5.0 (Windows NT 10.0; Win64; x64; rv:133.0) Gecko/20100101 Firefox/133.0"
65.111.28.43 - - [09/Jul/2026:18:41:11 +0200] "GET /wp-login.php?wp_lang=en_US HTTP/2.0" 200 11990 "-" "Mozilla/5.0 (Macintosh; Intel Mac OS X 10_15_7) AppleWebKit/605.1.15 (KHTML, like Gecko) Version/18.0 Safari/605.1.15"
216.26.247.1 - - [09/Jul/2026:18:41:12 +0200] "GET /wp-login.php?wp_lang=en_US HTTP/2.0" 200 11875 "-" "Mozilla/5.0 (Macintosh; Intel Mac OS X 10_15_7) AppleWebKit/605.1.15 (KHTML, like Gecko) Version/18.0 Safari/605.1.15"
104.207.41.211 - - [09/Jul/2026:18:41:13 +0200] "GET /wp-login.php?wp_lang=en_US HTTP/2.0" 200 2329 "-" "Mozilla/5.0 (Windows NT 10.0; Win64; x64) AppleWebKit/537.36 (KHTML, like Gecko) Chrome/124.0.0.0 Safari/537.36"
104.207.41.211 - - [09/Jul/2026:18:41:14 +0200] "POST /wp-login.php HTTP/2.0" 302 1 "https://verona.elettroservicegroup.it/wp-login.php" "Mozilla/5.0 (Windows NT 10.0; Win64; x64) AppleWebKit/537.36 (KHTML, like Gecko) Chrome/124.0.0.0 Safari/537.36"
104.207.41.211 - - [09/Jul/2026:18:41:14 +0200] "GET /wp-admin/ HTTP/2.0" 200 84416 "https://verona.elettroservicegroup.it/wp-login.php" "Mozilla/5.0 (Windows NT 10.0; Win64; x64) AppleWebKit/537.36 (KHTML, like Gecko) Chrome/124.0.0.0 Safari/537.36"
104.207.41.211 - - [09/Jul/2026:18:41:15 +0200] "GET /wp-admin/ HTTP/2.0" 200 84418 "-" "Mozilla/5.0 (Windows NT 10.0; Win64; x64) AppleWebKit/537.36 (KHTML, like Gecko) Chrome/124.0.0.0 Safari/537.36"
104.207.41.211 - - [09/Jul/2026:18:41:20 +0200] "GET /wp-admin/admin-ajax.php?action=rest-nonce HTTP/2.0" 400 5 "-" "Mozilla/5.0 (Windows NT 10.0; Win64; x64) AppleWebKit/537.36 (KHTML, like Gecko) Chrome/124.0.0.0 Safari/537.36"
104.207.41.211 - - [09/Jul/2026:18:41:20 +0200] "GET /wp-admin/plugins.php HTTP/2.0" 200 65449 "-" "Mozilla/5.0 (Windows NT 10.0; Win64; x64) AppleWebKit/537.36 (KHTML, like Gecko) Chrome/124.0.0.0 Safari/537.36"
104.207.41.211 - - [09/Jul/2026:18:41:21 +0200] "GET /wp-admin/plugins.php HTTP/2.0" 200 65449 "-" "Mozilla/5.0 (Windows NT 10.0; Win64; x64) AppleWebKit/537.36 (KHTML, like Gecko) Chrome/124.0.0.0 Safari/537.36"
104.207.41.211 - - [09/Jul/2026:18:41:22 +0200] "GET /wp-admin/plugins.php HTTP/2.0" 200 65451 "-" "Mozilla/5.0 (Windows NT 10.0; Win64; x64) AppleWebKit/537.36 (KHTML, like Gecko) Chrome/124.0.0.0 Safari/537.36"
104.207.41.211 - - [09/Jul/2026:18:41:23 +0200] "GET /wp-admin/plugin-install.php HTTP/2.0" 200 59688 "-" "Mozilla/5.0 (Windows NT 10.0; Win64; x64) AppleWebKit/537.36 (KHTML, like Gecko) Chrome/124.0.0.0 Safari/537.36"
104.207.41.211 - - [09/Jul/2026:18:41:26 +0200] "POST /wp-admin/update.php?action=upload-plugin HTTP/2.0" 301 - "https://verona.elettroservicegroup.it/wp-admin/update.php?action=upload-plugin" "Mozilla/5.0 (Windows NT 10.0; Win64; x64) AppleWebKit/537.36 (KHTML, like Gecko) Chrome/124.0.0.0 Safari/537.36"
65.108.235.243 - - [09/Jul/2026:18:41:27 +0200] "POST /wp-cron.php?doing_wp_cron=1783615287.0270149707794189453125 HTTP/1.1" 200 1 "-" "WordPress/7.0; https://verona.elettroservicegroup.it"
216.26.244.116 - - [09/Jul/2026:18:41:26 +0200] "GET /wp-login.php HTTP/2.0" 200 3125 "-" "Mozilla/5.0 (Macintosh; Intel Mac OS X 10_15_7) AppleWebKit/605.1.15 (KHTML, like Gecko) Version/18.0 Safari/605.1.15"
216.26.244.116 - - [09/Jul/2026:18:41:29 +0200] "GET /wp-login.php?wp_lang=en_US HTTP/2.0" 200 2329 "-" "Mozilla/5.0 (Windows NT 10.0; Win64; x64) AppleWebKit/537.36 (KHTML, like Gecko) Chrome/124.0.0.0 Safari/537.36"
216.26.244.116 - - [09/Jul/2026:18:41:29 +0200] "POST /wp-login.php HTTP/2.0" 302 1 "https://verona.elettroservicegroup.it/wp-login.php" "Mozilla/5.0 (Windows NT 10.0; Win64; x64) AppleWebKit/537.36 (KHTML, like Gecko) Chrome/124.0.0.0 Safari/537.36"
216.26.244.116 - - [09/Jul/2026:18:41:29 +0200] "GET /wp-admin/ HTTP/2.0" 200 84419 "https://verona.elettroservicegroup.it/wp-login.php" "Mozilla/5.0 (Windows NT 10.0; Win64; x64) AppleWebKit/537.36 (KHTML, like Gecko) Chrome/124.0.0.0 Safari/537.36"
216.26.244.116 - - [09/Jul/2026:18:41:30 +0200] "GET /wp-admin/ HTTP/2.0" 200 84417 "-" "Mozilla/5.0 (Windows NT 10.0; Win64; x64) AppleWebKit/537.36 (KHTML, like Gecko) Chrome/124.0.0.0 Safari/537.36"
216.26.244.116 - - [09/Jul/2026:18:41:32 +0200] "GET /wp-admin/admin-ajax.php?action=rest-nonce HTTP/2.0" 400 5 "-" "Mozilla/5.0 (Windows NT 10.0; Win64; x64) AppleWebKit/537.36 (KHTML, like Gecko) Chrome/124.0.0.0 Safari/537.36"
216.26.244.116 - - [09/Jul/2026:18:41:32 +0200] "GET /wp-admin/plugins.php HTTP/2.0" 200 65458 "-" "Mozilla/5.0 (Windows NT 10.0; Win64; x64) AppleWebKit/537.36 (KHTML, like Gecko) Chrome/124.0.0.0 Safari/537.36"
216.26.244.116 - - [09/Jul/2026:18:41:33 +0200] "GET /wp-admin/plugins.php HTTP/2.0" 200 65458 "-" "Mozilla/5.0 (Windows NT 10.0; Win64; x64) AppleWebKit/537.36 (KHTML, like Gecko) Chrome/124.0.0.0 Safari/537.36"
216.26.244.116 - - [09/Jul/2026:18:41:34 +0200] "GET /wp-admin/plugins.php HTTP/2.0" 200 65452 "-" "Mozilla/5.0 (Windows NT 10.0; Win64; x64) AppleWebKit/537.36 (KHTML, like Gecko) Chrome/124.0.0.0 Safari/537.36"
216.26.244.116 - - [09/Jul/2026:18:41:35 +0200] "GET /wp-admin/plugin-install.php HTTP/2.0" 200 59685 "-" "Mozilla/5.0 (Windows NT 10.0; Win64; x64) AppleWebKit/537.36 (KHTML, like Gecko) Chrome/124.0.0.0 Safari/537.36"
216.26.244.116 - - [09/Jul/2026:18:41:36 +0200] "POST /wp-admin/update.php?action=upload-plugin HTTP/2.0" 301 - "https://verona.elettroservicegroup.it/wp-admin/update.php?action=upload-plugin" "Mozilla/5.0 (Windows NT 10.0; Win64; x64) AppleWebKit/537.36 (KHTML, like Gecko) Chrome/124.0.0.0 Safari/537.36"
65.111.11.178 - - [09/Jul/2026:18:41:37 +0200] "GET /wp-login.php HTTP/2.0" 200 3125 "-" "Mozilla/5.0 (Windows NT 10.0; Win64; x64) AppleWebKit/537.36 (KHTML, like Gecko) Chrome/124.0.0.0 Safari/537.36"
65.111.11.178 - - [09/Jul/2026:18:41:39 +0200] "GET /wp-login.php?wp_lang=en_US HTTP/2.0" 200 2329 "-" "Mozilla/5.0 (Windows NT 10.0; Win64; x64) AppleWebKit/537.36 (KHTML, like Gecko) Chrome/124.0.0.0 Safari/537.36"
65.111.11.178 - - [09/Jul/2026:18:41:39 +0200] "POST /wp-login.php HTTP/2.0" 302 1 "https://verona.elettroservicegroup.it/wp-login.php" "Mozilla/5.0 (Windows NT 10.0; Win64; x64) AppleWebKit/537.36 (KHTML, like Gecko) Chrome/124.0.0.0 Safari/537.36"
65.111.11.178 - - [09/Jul/2026:18:41:40 +0200] "GET /wp-admin/ HTTP/2.0" 200 84412 "https://verona.elettroservicegroup.it/wp-login.php" "Mozilla/5.0 (Windows NT 10.0; Win64; x64) AppleWebKit/537.36 (KHTML, like Gecko) Chrome/124.0.0.0 Safari/537.36"
65.111.11.178 - - [09/Jul/2026:18:41:41 +0200] "GET /wp-admin/ HTTP/2.0" 200 84413 "-" "Mozilla/5.0 (Windows NT 10.0; Win64; x64) AppleWebKit/537.36 (KHTML, like Gecko) Chrome/124.0.0.0 Safari/537.36"
65.111.11.178 - - [09/Jul/2026:18:41:42 +0200] "GET /wp-admin/admin-ajax.php?action=rest-nonce HTTP/2.0" 400 5 "-" "Mozilla/5.0 (Windows NT 10.0; Win64; x64) AppleWebKit/537.36 (KHTML, like Gecko) Chrome/124.0.0.0 Safari/537.36"
65.111.11.178 - - [09/Jul/2026:18:41:43 +0200] "GET /wp-admin/plugins.php HTTP/2.0" 200 65451 "-" "Mozilla/5.0 (Windows NT 10.0; Win64; x64) AppleWebKit/537.36 (KHTML, like Gecko) Chrome/124.0.0.0 Safari/537.36"
65.111.11.178 - - [09/Jul/2026:18:41:44 +0200] "GET /wp-admin/plugins.php HTTP/2.0" 200 65454 "-" "Mozilla/5.0 (Windows NT 10.0; Win64; x64) AppleWebKit/537.36 (KHTML, like Gecko) Chrome/124.0.0.0 Safari/537.36"
