65.111.11.178 - - [09/Jul/2026:18:41:45 +0200] "GET /wp-admin/plugins.php HTTP/2.0" 200 65449 "-" "Mozilla/5.0 (Windows NT 10.0; Win64; x64) AppleWebKit/537.36 (KHTML, like Gecko) Chrome/124.0.0.0 Safari/537.36"
65.111.11.178 - - [09/Jul/2026:18:41:46 +0200] "GET /wp-admin/plugin-install.php HTTP/2.0" 200 59682 "-" "Mozilla/5.0 (Windows NT 10.0; Win64; x64) AppleWebKit/537.36 (KHTML, like Gecko) Chrome/124.0.0.0 Safari/537.36"
65.111.11.178 - - [09/Jul/2026:18:41:48 +0200] "POST /wp-admin/update.php?action=upload-plugin HTTP/2.0" 301 - "https://verona.elettroservicegroup.it/wp-admin/update.php?action=upload-plugin" "Mozilla/5.0 (Windows NT 10.0; Win64; x64) AppleWebKit/537.36 (KHTML, like Gecko) Chrome/124.0.0.0 Safari/537.36"
104.207.39.221 - - [09/Jul/2026:18:41:50 +0200] "GET /wp-login.php HTTP/2.0" 200 3125 "-" "Mozilla/5.0 (Macintosh; Intel Mac OS X 10_15_7) AppleWebKit/605.1.15 (KHTML, like Gecko) Version/18.0 Safari/605.1.15"
104.207.39.221 - - [09/Jul/2026:18:41:51 +0200] "GET /wp-login.php?wp_lang=en_US HTTP/2.0" 200 2329 "-" "Mozilla/5.0 (Windows NT 10.0; Win64; x64; rv:133.0) Gecko/20100101 Firefox/133.0"
104.207.39.221 - - [09/Jul/2026:18:41:51 +0200] "POST /wp-login.php HTTP/2.0" 302 1 "https://verona.elettroservicegroup.it/wp-login.php" "Mozilla/5.0 (Windows NT 10.0; Win64; x64; rv:133.0) Gecko/20100101 Firefox/133.0"
104.207.39.221 - - [09/Jul/2026:18:41:52 +0200] "GET /wp-admin/ HTTP/2.0" 200 84384 "https://verona.elettroservicegroup.it/wp-login.php" "Mozilla/5.0 (Windows NT 10.0; Win64; x64; rv:133.0) Gecko/20100101 Firefox/133.0"
66.249.64.171 - - [09/Jul/2026:18:41:52 +0200] "GET /?h=38783571281100 HTTP/1.1" 301 313 "-" "Mozilla/5.0 (compatible; Googlebot/2.1; +http://www.google.com/bot.html)"
66.249.64.171 - - [09/Jul/2026:18:41:53 +0200] "GET /index.php/?h=38783571281100 HTTP/1.1" 301 - "-" "Mozilla/5.0 (compatible; Googlebot/2.1; +http://www.google.com/bot.html)"
104.207.39.221 - - [09/Jul/2026:18:41:53 +0200] "GET /wp-admin/ HTTP/2.0" 200 84383 "-" "Mozilla/5.0 (Windows NT 10.0; Win64; x64; rv:133.0) Gecko/20100101 Firefox/133.0"
104.207.39.221 - - [09/Jul/2026:18:41:55 +0200] "GET /wp-admin/admin-ajax.php?action=rest-nonce HTTP/2.0" 400 5 "-" "Mozilla/5.0 (Windows NT 10.0; Win64; x64; rv:133.0) Gecko/20100101 Firefox/133.0"
104.207.39.221 - - [09/Jul/2026:18:41:55 +0200] "GET /wp-admin/plugins.php HTTP/2.0" 200 65407 "-" "Mozilla/5.0 (Windows NT 10.0; Win64; x64; rv:133.0) Gecko/20100101 Firefox/133.0"
104.207.39.221 - - [09/Jul/2026:18:41:56 +0200] "GET /wp-admin/plugins.php HTTP/2.0" 200 65411 "-" "Mozilla/5.0 (Windows NT 10.0; Win64; x64; rv:133.0) Gecko/20100101 Firefox/133.0"
104.207.39.221 - - [09/Jul/2026:18:41:58 +0200] "GET /wp-admin/plugins.php HTTP/2.0" 200 65405 "-" "Mozilla/5.0 (Windows NT 10.0; Win64; x64; rv:133.0) Gecko/20100101 Firefox/133.0"
212.193.3.149 - - [09/Jul/2026:18:41:58 +0200] "HEAD / HTTP/1.1" 301 - "-" "Mozilla/5.0 (compatible; Googlebot/2.1; +http://www.google.com/bot.html)"
104.207.39.221 - - [09/Jul/2026:18:41:59 +0200] "GET /wp-admin/plugin-install.php HTTP/2.0" 200 59657 "-" "Mozilla/5.0 (Windows NT 10.0; Win64; x64; rv:133.0) Gecko/20100101 Firefox/133.0"
104.207.39.221 - - [09/Jul/2026:18:42:00 +0200] "POST /wp-admin/update.php?action=upload-plugin HTTP/2.0" 301 - "https://verona.elettroservicegroup.it/wp-admin/update.php?action=upload-plugin" "Mozilla/5.0 (Windows NT 10.0; Win64; x64; rv:133.0) Gecko/20100101 Firefox/133.0"
65.108.235.243 - - [09/Jul/2026:18:42:02 +0200] "POST /wp-cron.php?doing_wp_cron=1783615322.4902329444885253906250 HTTP/1.1" 200 1 "-" "WordPress/7.0; https://verona.elettroservicegroup.it"
45.3.50.94 - - [09/Jul/2026:18:42:02 +0200] "GET /wp-login.php HTTP/2.0" 200 3125 "-" "Mozilla/5.0 (Windows NT 10.0; Win64; x64) AppleWebKit/537.36 (KHTML, like Gecko) Chrome/124.0.0.0 Safari/537.36"
45.3.50.94 - - [09/Jul/2026:18:42:03 +0200] "GET /wp-login.php?wp_lang=en_US HTTP/2.0" 200 2329 "-" "Mozilla/5.0 (Windows NT 10.0; Win64; x64) AppleWebKit/537.36 (KHTML, like Gecko) Chrome/124.0.0.0 Safari/537.36"
45.3.50.94 - - [09/Jul/2026:18:42:04 +0200] "POST /wp-login.php HTTP/2.0" 302 1 "https://verona.elettroservicegroup.it/wp-login.php" "Mozilla/5.0 (Windows NT 10.0; Win64; x64) AppleWebKit/537.36 (KHTML, like Gecko) Chrome/124.0.0.0 Safari/537.36"
45.3.50.94 - - [09/Jul/2026:18:42:04 +0200] "GET /wp-admin/ HTTP/2.0" 200 84416 "https://verona.elettroservicegroup.it/wp-login.php" "Mozilla/5.0 (Windows NT 10.0; Win64; x64) AppleWebKit/537.36 (KHTML, like Gecko) Chrome/124.0.0.0 Safari/537.36"
45.3.50.94 - - [09/Jul/2026:18:42:05 +0200] "GET /wp-admin/ HTTP/2.0" 200 84414 "-" "Mozilla/5.0 (Windows NT 10.0; Win64; x64) AppleWebKit/537.36 (KHTML, like Gecko) Chrome/124.0.0.0 Safari/537.36"
45.3.50.94 - - [09/Jul/2026:18:42:07 +0200] "GET /wp-admin/admin-ajax.php?action=rest-nonce HTTP/2.0" 400 5 "-" "Mozilla/5.0 (Windows NT 10.0; Win64; x64) AppleWebKit/537.36 (KHTML, like Gecko) Chrome/124.0.0.0 Safari/537.36"
45.3.50.94 - - [09/Jul/2026:18:42:07 +0200] "GET /wp-admin/plugins.php HTTP/2.0" 200 65443 "-" "Mozilla/5.0 (Windows NT 10.0; Win64; x64) AppleWebKit/537.36 (KHTML, like Gecko) Chrome/124.0.0.0 Safari/537.36"
45.3.50.94 - - [09/Jul/2026:18:42:08 +0200] "GET /wp-admin/plugins.php HTTP/2.0" 200 65439 "-" "Mozilla/5.0 (Windows NT 10.0; Win64; x64) AppleWebKit/537.36 (KHTML, like Gecko) Chrome/124.0.0.0 Safari/537.36"
45.3.50.94 - - [09/Jul/2026:18:42:09 +0200] "GET /wp-admin/plugins.php HTTP/2.0" 200 65441 "-" "Mozilla/5.0 (Windows NT 10.0; Win64; x64) AppleWebKit/537.36 (KHTML, like Gecko) Chrome/124.0.0.0 Safari/537.36"
45.3.50.94 - - [09/Jul/2026:18:42:10 +0200] "GET /wp-admin/plugin-install.php HTTP/2.0" 200 59688 "-" "Mozilla/5.0 (Windows NT 10.0; Win64; x64) AppleWebKit/537.36 (KHTML, like Gecko) Chrome/124.0.0.0 Safari/537.36"
45.3.50.94 - - [09/Jul/2026:18:42:12 +0200] "POST /wp-admin/update.php?action=upload-plugin HTTP/2.0" 301 - "https://verona.elettroservicegroup.it/wp-admin/update.php?action=upload-plugin" "Mozilla/5.0 (Windows NT 10.0; Win64; x64) AppleWebKit/537.36 (KHTML, like Gecko) Chrome/124.0.0.0 Safari/537.36"
65.108.235.243 - - [09/Jul/2026:18:42:13 +0200] "POST /wp-cron.php?doing_wp_cron=1783615333.4179000854492187500000 HTTP/1.1" 200 1 "-" "WordPress/7.0; https://verona.elettroservicegroup.it"
104.207.37.210 - - [09/Jul/2026:18:42:13 +0200] "GET /wp-login.php HTTP/2.0" 200 3125 "-" "Mozilla/5.0 (Macintosh; Intel Mac OS X 10_15_7) AppleWebKit/605.1.15 (KHTML, like Gecko) Version/18.0 Safari/605.1.15"
104.207.37.210 - - [09/Jul/2026:18:42:14 +0200] "GET /wp-login.php?wp_lang=en_US HTTP/2.0" 200 2329 "-" "Mozilla/5.0 (Macintosh; Intel Mac OS X 10_15_7) AppleWebKit/605.1.15 (KHTML, like Gecko) Version/18.0 Safari/605.1.15"
104.207.37.210 - - [09/Jul/2026:18:42:15 +0200] "POST /wp-login.php HTTP/2.0" 302 1 "https://verona.elettroservicegroup.it/wp-login.php" "Mozilla/5.0 (Macintosh; Intel Mac OS X 10_15_7) AppleWebKit/605.1.15 (KHTML, like Gecko) Version/18.0 Safari/605.1.15"
104.207.37.210 - - [09/Jul/2026:18:42:15 +0200] "GET /wp-admin/ HTTP/2.0" 200 84413 "https://verona.elettroservicegroup.it/wp-login.php" "Mozilla/5.0 (Macintosh; Intel Mac OS X 10_15_7) AppleWebKit/605.1.15 (KHTML, like Gecko) Version/18.0 Safari/605.1.15"
104.207.37.210 - - [09/Jul/2026:18:42:16 +0200] "GET /wp-admin/ HTTP/2.0" 200 84416 "-" "Mozilla/5.0 (Macintosh; Intel Mac OS X 10_15_7) AppleWebKit/605.1.15 (KHTML, like Gecko) Version/18.0 Safari/605.1.15"
104.207.37.210 - - [09/Jul/2026:18:42:19 +0200] "GET /wp-admin/admin-ajax.php?action=rest-nonce HTTP/2.0" 400 5 "-" "Mozilla/5.0 (Macintosh; Intel Mac OS X 10_15_7) AppleWebKit/605.1.15 (KHTML, like Gecko) Version/18.0 Safari/605.1.15"
104.207.37.210 - - [09/Jul/2026:18:42:19 +0200] "GET /wp-admin/plugins.php HTTP/2.0" 200 65454 "-" "Mozilla/5.0 (Macintosh; Intel Mac OS X 10_15_7) AppleWebKit/605.1.15 (KHTML, like Gecko) Version/18.0 Safari/605.1.15"
104.207.37.210 - - [09/Jul/2026:18:42:21 +0200] "GET /wp-admin/plugins.php HTTP/2.0" 200 65474 "-" "Mozilla/5.0 (Macintosh; Intel Mac OS X 10_15_7) AppleWebKit/605.1.15 (KHTML, like Gecko) Version/18.0 Safari/605.1.15"
65.108.235.243 - - [09/Jul/2026:18:42:26 +0200] "POST /wp-cron.php?doing_wp_cron=1783615346.1809918880462646484375 HTTP/1.1" 200 1 "-" "WordPress/7.0; https://verona.elettroservicegroup.it"
104.207.37.210 - - [09/Jul/2026:18:42:24 +0200] "GET /wp-admin/plugins.php HTTP/2.0" 200 65476 "-" "Mozilla/5.0 (Macintosh; Intel Mac OS X 10_15_7) AppleWebKit/605.1.15 (KHTML, like Gecko) Version/18.0 Safari/605.1.15"
104.207.37.210 - - [09/Jul/2026:18:42:27 +0200] "GET /wp-admin/plugin-install.php HTTP/2.0" 200 59680 "-" "Mozilla/5.0 (Macintosh; Intel Mac OS X 10_15_7) AppleWebKit/605.1.15 (KHTML, like Gecko) Version/18.0 Safari/605.1.15"
104.207.37.210 - - [09/Jul/2026:18:42:29 +0200] "POST /wp-admin/update.php?action=upload-plugin HTTP/2.0" 301 - "https://verona.elettroservicegroup.it/wp-admin/update.php?action=upload-plugin" "Mozilla/5.0 (Macintosh; Intel Mac OS X 10_15_7) AppleWebKit/605.1.15 (KHTML, like Gecko) Version/18.0 Safari/605.1.15"
65.111.30.145 - - [09/Jul/2026:18:42:30 +0200] "GET /wp-login.php HTTP/2.0" 200 3125 "-" "Mozilla/5.0 (Macintosh; Intel Mac OS X 10_15_7) AppleWebKit/605.1.15 (KHTML, like Gecko) Version/18.0 Safari/605.1.15"
65.111.30.145 - - [09/Jul/2026:18:42:32 +0200] "GET /wp-login.php?wp_lang=en_US HTTP/2.0" 200 2329 "-" "Mozilla/5.0 (Macintosh; Intel Mac OS X 10_15_7) AppleWebKit/605.1.15 (KHTML, like Gecko) Version/18.0 Safari/605.1.15"
65.111.30.145 - - [09/Jul/2026:18:42:32 +0200] "POST /wp-login.php HTTP/2.0" 302 1 "https://verona.elettroservicegroup.it/wp-login.php" "Mozilla/5.0 (Macintosh; Intel Mac OS X 10_15_7) AppleWebKit/605.1.15 (KHTML, like Gecko) Version/18.0 Safari/605.1.15"
65.111.30.145 - - [09/Jul/2026:18:42:34 +0200] "GET /wp-admin/ HTTP/2.0" 200 84418 "https://verona.elettroservicegroup.it/wp-login.php" "Mozilla/5.0 (Macintosh; Intel Mac OS X 10_15_7) AppleWebKit/605.1.15 (KHTML, like Gecko) Version/18.0 Safari/605.1.15"
65.111.30.145 - - [09/Jul/2026:18:42:36 +0200] "GET /wp-admin/ HTTP/2.0" 200 84418 "-" "Mozilla/5.0 (Macintosh; Intel Mac OS X 10_15_7) AppleWebKit/605.1.15 (KHTML, like Gecko) Version/18.0 Safari/605.1.15"
65.111.30.145 - - [09/Jul/2026:18:42:38 +0200] "GET /wp-admin/admin-ajax.php?action=rest-nonce HTTP/2.0" 400 5 "-" "Mozilla/5.0 (Macintosh; Intel Mac OS X 10_15_7) AppleWebKit/605.1.15 (KHTML, like Gecko) Version/18.0 Safari/605.1.15"
65.111.30.145 - - [09/Jul/2026:18:42:40 +0200] "GET /wp-admin/plugins.php HTTP/2.0" 200 65453 "-" "Mozilla/5.0 (Macintosh; Intel Mac OS X 10_15_7) AppleWebKit/605.1.15 (KHTML, like Gecko) Version/18.0 Safari/605.1.15"
65.111.30.145 - - [09/Jul/2026:18:42:42 +0200] "GET /wp-admin/plugins.php HTTP/2.0" 200 65449 "-" "Mozilla/5.0 (Macintosh; Intel Mac OS X 10_15_7) AppleWebKit/605.1.15 (KHTML, like Gecko) Version/18.0 Safari/605.1.15"
65.111.30.145 - - [09/Jul/2026:18:42:44 +0200] "GET /wp-admin/plugins.php HTTP/2.0" 200 65454 "-" "Mozilla/5.0 (Macintosh; Intel Mac OS X 10_15_7) AppleWebKit/605.1.15 (KHTML, like Gecko) Version/18.0 Safari/605.1.15"
65.111.30.145 - - [09/Jul/2026:18:42:46 +0200] "GET /wp-admin/plugin-install.php HTTP/2.0" 200 59679 "-" "Mozilla/5.0 (Macintosh; Intel Mac OS X 10_15_7) AppleWebKit/605.1.15 (KHTML, like Gecko) Version/18.0 Safari/605.1.15"
65.111.30.145 - - [09/Jul/2026:18:42:48 +0200] "POST /wp-admin/update.php?action=upload-plugin HTTP/2.0" 301 - "https://verona.elettroservicegroup.it/wp-admin/update.php?action=upload-plugin" "Mozilla/5.0 (Macintosh; Intel Mac OS X 10_15_7) AppleWebKit/605.1.15 (KHTML, like Gecko) Version/18.0 Safari/605.1.15"
216.26.229.6 - - [09/Jul/2026:18:42:50 +0200] "GET /wp-login.php HTTP/2.0" 200 3125 "-" "Mozilla/5.0 (Windows NT 10.0; Win64; x64; rv:133.0) Gecko/20100101 Firefox/133.0"
66.249.64.170 - - [09/Jul/2026:18:44:28 +0200] "GET /?h=22700706481100 HTTP/1.1" 301 313 "-" "Mozilla/5.0 (compatible; Googlebot/2.1; +http://www.google.com/bot.html)"
66.249.64.170 - - [09/Jul/2026:18:44:28 +0200] "GET /index.php/?h=22700706481100 HTTP/1.1" 301 - "-" "Mozilla/5.0 (compatible; Googlebot/2.1; +http://www.google.com/bot.html)"
66.249.64.170 - - [09/Jul/2026:18:47:15 +0200] "GET /?h=27857103241100 HTTP/1.1" 301 313 "-" "Mozilla/5.0 (Linux; Android 6.0.1; Nexus 5X Build/MMB29P) AppleWebKit/537.36 (KHTML, like Gecko) Chrome/150.0.7871.46 Mobile Safari/537.36 (compatible; Googlebot/2.1; +http://www.google.com/bot.html)"
66.249.64.169 - - [09/Jul/2026:18:47:15 +0200] "GET /index.php/?h=27857103241100 HTTP/1.1" 301 - "-" "Mozilla/5.0 (Linux; Android 6.0.1; Nexus 5X Build/MMB29P) AppleWebKit/537.36 (KHTML, like Gecko) Chrome/150.0.7871.46 Mobile Safari/537.36 (compatible; Googlebot/2.1; +http://www.google.com/bot.html)"
66.249.64.171 - - [09/Jul/2026:18:48:22 +0200] "GET /?h=12463169441100 HTTP/1.1" 301 313 "-" "Mozilla/5.0 (compatible; Googlebot/2.1; +http://www.google.com/bot.html)"
66.249.64.169 - - [09/Jul/2026:18:48:23 +0200] "GET /index.php/?h=12463169441100 HTTP/1.1" 301 - "-" "Mozilla/5.0 (compatible; Googlebot/2.1; +http://www.google.com/bot.html)"
66.249.64.169 - - [09/Jul/2026:18:49:04 +0200] "GET /?h=40459102201100 HTTP/1.1" 301 313 "-" "Mozilla/5.0 (Linux; Android 6.0.1; Nexus 5X Build/MMB29P) AppleWebKit/537.36 (KHTML, like Gecko) Chrome/150.0.7871.46 Mobile Safari/537.36 (compatible; Googlebot/2.1; +http://www.google.com/bot.html)"
66.249.64.171 - - [09/Jul/2026:18:49:04 +0200] "GET /index.php/?h=40459102201100 HTTP/1.1" 301 - "-" "Mozilla/5.0 (Linux; Android 6.0.1; Nexus 5X Build/MMB29P) AppleWebKit/537.36 (KHTML, like Gecko) Chrome/150.0.7871.46 Mobile Safari/537.36 (compatible; Googlebot/2.1; +http://www.google.com/bot.html)"
66.249.64.169 - - [09/Jul/2026:18:49:11 +0200] "GET /?h=11125487001100 HTTP/1.1" 301 313 "-" "Mozilla/5.0 (compatible; Googlebot/2.1; +http://www.google.com/bot.html)"
66.249.64.170 - - [09/Jul/2026:18:49:11 +0200] "GET /index.php/?h=11125487001100 HTTP/1.1" 301 - "-" "Mozilla/5.0 (compatible; Googlebot/2.1; +http://www.google.com/bot.html)"
66.249.64.169 - - [09/Jul/2026:18:49:49 +0200] "GET /?h=41034208521100 HTTP/1.1" 301 313 "-" "Mozilla/5.0 (compatible; Googlebot/2.1; +http://www.google.com/bot.html)"
66.249.64.169 - - [09/Jul/2026:18:49:49 +0200] "GET /index.php/?h=41034208521100 HTTP/1.1" 301 - "-" "Mozilla/5.0 (compatible; Googlebot/2.1; +http://www.google.com/bot.html)"
66.249.89.233 - - [09/Jul/2026:18:50:02 +0200] "GET /?h=15393218721100 HTTP/1.1" 301 313 "-" "Mozilla/5.0 (X11; Linux x86_64) AppleWebKit/537.36 (KHTML, like Gecko) Chrome/150.0.7871.46 Safari/537.36"
66.249.89.234 - - [09/Jul/2026:18:50:03 +0200] "GET /index.php/?h=15393218721100 HTTP/1.1" 301 - "-" "Mozilla/5.0 (X11; Linux x86_64) AppleWebKit/537.36 (KHTML, like Gecko) Chrome/150.0.7871.46 Safari/537.36"
66.249.64.170 - - [09/Jul/2026:18:50:05 +0200] "GET /?h=28749035761100 HTTP/1.1" 301 313 "-" "Mozilla/5.0 (compatible; Googlebot/2.1; +http://www.google.com/bot.html)"
66.249.64.170 - - [09/Jul/2026:18:50:05 +0200] "GET /?h=28749035761100 HTTP/1.1" 301 313 "-" "Mozilla/5.0 (Linux; Android 6.0.1; Nexus 5X Build/MMB29P) AppleWebKit/537.36 (KHTML, like Gecko) Chrome/150.0.7871.46 Mobile Safari/537.36 (compatible; Googlebot/2.1; +http://www.google.com/bot.html)"
66.249.64.171 - - [09/Jul/2026:18:50:05 +0200] "GET /index.php/?h=28749035761100 HTTP/1.1" 301 - "-" "Mozilla/5.0 (compatible; Googlebot/2.1; +http://www.google.com/bot.html)"
66.249.64.169 - - [09/Jul/2026:18:50:05 +0200] "GET /index.php/?h=28749035761100 HTTP/1.1" 301 - "-" "Mozilla/5.0 (Linux; Android 6.0.1; Nexus 5X Build/MMB29P) AppleWebKit/537.36 (KHTML, like Gecko) Chrome/150.0.7871.46 Mobile Safari/537.36 (compatible; Googlebot/2.1; +http://www.google.com/bot.html)"
102.30.5.167 - - [09/Jul/2026:18:50:27 +0200] "GET /?h=13109101001100 HTTP/1.1" 301 313 "-" "Mozilla/5.0 (compatible; MSIE 7.0; Windows 98; Win 9x 4.90; Trident/3.0)"
189.28.77.112 - - [09/Jul/2026:18:50:31 +0200] "GET /index.php/?h=13109101001100 HTTP/1.1" 301 - "-" "Opera/9.39.(Windows NT 6.1; zh-HK) Presto/2.9.162 Version/11.00"
66.249.64.170 - - [09/Jul/2026:18:51:17 +0200] "GET /?h=6993840601100 HTTP/1.1" 301 312 "-" "Mozilla/5.0 (Linux; Android 6.0.1; Nexus 5X Build/MMB29P) AppleWebKit/537.36 (KHTML, like Gecko) Chrome/150.0.7871.46 Mobile Safari/537.36 (compatible; Googlebot/2.1; +http://www.google.com/bot.html)"
66.249.64.171 - - [09/Jul/2026:18:51:17 +0200] "GET /index.php/?h=6993840601100 HTTP/1.1" 301 - "-" "Mozilla/5.0 (Linux; Android 6.0.1; Nexus 5X Build/MMB29P) AppleWebKit/537.36 (KHTML, like Gecko) Chrome/150.0.7871.46 Mobile Safari/537.36 (compatible; Googlebot/2.1; +http://www.google.com/bot.html)"
66.249.89.234 - - [09/Jul/2026:18:51:22 +0200] "GET /?h=41674485401100 HTTP/1.1" 301 313 "-" "Mozilla/5.0 (X11; Linux x86_64) AppleWebKit/537.36 (KHTML, like Gecko) Chrome/150.0.7871.46 Safari/537.36"
66.249.89.234 - - [09/Jul/2026:18:51:22 +0200] "GET /index.php/?h=41674485401100 HTTP/1.1" 301 - "-" "Mozilla/5.0 (X11; Linux x86_64) AppleWebKit/537.36 (KHTML, like Gecko) Chrome/150.0.7871.46 Safari/537.36"
66.249.89.234 - - [09/Jul/2026:18:52:12 +0200] "GET /index.php/?h=7421194161100 HTTP/1.1" 301 - "-" "Mozilla/5.0 (X11; Linux x86_64) AppleWebKit/537.36 (KHTML, like Gecko) Chrome/150.0.7871.46 Safari/537.36"
212.193.3.149 - - [09/Jul/2026:18:52:38 +0200] "HEAD / HTTP/1.1" 301 - "-" "Mozilla/5.0 (compatible; Googlebot/2.1; +http://www.google.com/bot.html)"
66.249.64.169 - - [09/Jul/2026:18:53:32 +0200] "GET /?h=38059294801100 HTTP/1.1" 301 313 "-" "Mozilla/5.0 (Linux; Android 6.0.1; Nexus 5X Build/MMB29P) AppleWebKit/537.36 (KHTML, like Gecko) Chrome/150.0.7871.46 Mobile Safari/537.36 (compatible; Googlebot/2.1; +http://www.google.com/bot.html)"
66.249.64.171 - - [09/Jul/2026:18:53:32 +0200] "GET /index.php/?h=38059294801100 HTTP/1.1" 301 - "-" "Mozilla/5.0 (Linux; Android 6.0.1; Nexus 5X Build/MMB29P) AppleWebKit/537.36 (KHTML, like Gecko) Chrome/150.0.7871.46 Mobile Safari/537.36 (compatible; Googlebot/2.1; +http://www.google.com/bot.html)"
66.249.64.169 - - [09/Jul/2026:18:53:55 +0200] "GET /?h=15997075881100 HTTP/1.1" 301 313 "-" "Mozilla/5.0 (Linux; Android 6.0.1; Nexus 5X Build/MMB29P) AppleWebKit/537.36 (KHTML, like Gecko) Chrome/150.0.7871.46 Mobile Safari/537.36 (compatible; Googlebot/2.1; +http://www.google.com/bot.html)"
66.249.64.169 - - [09/Jul/2026:18:53:55 +0200] "GET /index.php/?h=15997075881100 HTTP/1.1" 301 - "-" "Mozilla/5.0 (Linux; Android 6.0.1; Nexus 5X Build/MMB29P) AppleWebKit/537.36 (KHTML, like Gecko) Chrome/150.0.7871.46 Mobile Safari/537.36 (compatible; Googlebot/2.1; +http://www.google.com/bot.html)"
66.249.64.170 - - [09/Jul/2026:18:53:57 +0200] "GET /?h=29541407121100 HTTP/1.1" 301 313 "-" "Mozilla/5.0 (compatible; Googlebot/2.1; +http://www.google.com/bot.html)"
66.249.64.169 - - [09/Jul/2026:18:53:57 +0200] "GET /index.php/?h=29541407121100 HTTP/1.1" 301 - "-" "Mozilla/5.0 (compatible; Googlebot/2.1; +http://www.google.com/bot.html)"
66.249.64.169 - - [09/Jul/2026:18:54:05 +0200] "GET /?h=30909959041100 HTTP/1.1" 301 313 "-" "Mozilla/5.0 (compatible; Googlebot/2.1; +http://www.google.com/bot.html)"
66.249.64.169 - - [09/Jul/2026:18:54:05 +0200] "GET /index.php/?h=30909959041100 HTTP/1.1" 301 - "-" "Mozilla/5.0 (compatible; Googlebot/2.1; +http://www.google.com/bot.html)"
66.249.64.170 - - [09/Jul/2026:18:56:39 +0200] "GET /?h=15412331241100 HTTP/1.1" 301 313 "-" "Mozilla/5.0 (compatible; Googlebot/2.1; +http://www.google.com/bot.html)"
66.249.64.169 - - [09/Jul/2026:18:56:39 +0200] "GET /index.php/?h=15412331241100 HTTP/1.1" 301 - "-" "Mozilla/5.0 (compatible; Googlebot/2.1; +http://www.google.com/bot.html)"
66.249.64.170 - - [09/Jul/2026:18:57:43 +0200] "GET /?h=31414702641100 HTTP/1.1" 301 313 "-" "Mozilla/5.0 (compatible; Googlebot/2.1; +http://www.google.com/bot.html)"
66.249.64.169 - - [09/Jul/2026:18:57:43 +0200] "GET /index.php/?h=31414702641100 HTTP/1.1" 301 - "-" "Mozilla/5.0 (compatible; Googlebot/2.1; +http://www.google.com/bot.html)"
66.249.64.170 - - [09/Jul/2026:18:58:13 +0200] "GET /?h=35772208001100 HTTP/1.1" 301 313 "-" "Mozilla/5.0 (compatible; Googlebot/2.1; +http://www.google.com/bot.html)"
66.249.64.169 - - [09/Jul/2026:18:58:13 +0200] "GET /index.php/?h=35772208001100 HTTP/1.1" 301 - "-" "Mozilla/5.0 (compatible; Googlebot/2.1; +http://www.google.com/bot.html)"
66.249.64.170 - - [09/Jul/2026:18:58:40 +0200] "GET /?h=36333259681100 HTTP/1.1" 301 313 "-" "Mozilla/5.0 (compatible; Googlebot/2.1; +http://www.google.com/bot.html)"
66.249.64.170 - - [09/Jul/2026:18:58:40 +0200] "GET /index.php/?h=36333259681100 HTTP/1.1" 301 - "-" "Mozilla/5.0 (compatible; Googlebot/2.1; +http://www.google.com/bot.html)"
212.193.3.149 - - [09/Jul/2026:19:01:02 +0200] "HEAD / HTTP/1.1" 301 - "-" "Mozilla/5.0 (compatible; Googlebot/2.1; +http://www.google.com/bot.html)"
216.26.245.253 - - [09/Jul/2026:19:01:10 +0200] "GET /wp-login.php HTTP/2.0" 200 11850 "-" "Mozilla/5.0 (Macintosh; Intel Mac OS X 10_15_7) AppleWebKit/605.1.15 (KHTML, like Gecko) Version/18.0 Safari/605.1.15"
216.26.245.253 - - [09/Jul/2026:19:01:12 +0200] "GET /wp-login.php?wp_lang=en_US HTTP/2.0" 200 11970 "-" "Mozilla/5.0 (Macintosh; Intel Mac OS X 10_15_7) AppleWebKit/605.1.15 (KHTML, like Gecko) Version/18.0 Safari/605.1.15"
65.108.235.243 - - [09/Jul/2026:19:01:19 +0200] "POST /wp-cron.php?doing_wp_cron=1783616479.5758340358734130859375 HTTP/1.1" 200 1 "-" "WordPress/7.0; https://verona.elettroservicegroup.it"
151.123.176.20 - - [09/Jul/2026:19:01:15 +0200] "GET /wp-login.php?wp_lang=en_US HTTP/2.0" 200 2329 "-" "Mozilla/5.0 (Macintosh; Intel Mac OS X 10_15_7) AppleWebKit/605.1.15 (KHTML, like Gecko) Version/18.0 Safari/605.1.15"
65.108.235.243 - - [09/Jul/2026:19:01:21 +0200] "POST /wp-json/complianz/v1/wsc-scan HTTP/1.1" 301 296 "-" "WordPress/7.0; https://verona.elettroservicegroup.it"
65.108.235.243 - - [09/Jul/2026:19:01:21 +0200] "POST /index.php/ HTTP/1.1" 301 - "-" "WordPress/7.0; https://verona.elettroservicegroup.it"
151.123.176.20 - - [09/Jul/2026:19:01:21 +0200] "POST /wp-login.php HTTP/2.0" 302 1 "https://verona.elettroservicegroup.it/wp-login.php" "Mozilla/5.0 (Macintosh; Intel Mac OS X 10_15_7) AppleWebKit/605.1.15 (KHTML, like Gecko) Version/18.0 Safari/605.1.15"
151.123.176.20 - - [09/Jul/2026:19:01:23 +0200] "GET /wp-admin/ HTTP/2.0" 200 84415 "https://verona.elettroservicegroup.it/wp-login.php" "Mozilla/5.0 (Macintosh; Intel Mac OS X 10_15_7) AppleWebKit/605.1.15 (KHTML, like Gecko) Version/18.0 Safari/605.1.15"
151.123.176.20 - - [09/Jul/2026:19:01:25 +0200] "GET /wp-admin/ HTTP/2.0" 200 84417 "-" "Mozilla/5.0 (Macintosh; Intel Mac OS X 10_15_7) AppleWebKit/605.1.15 (KHTML, like Gecko) Version/18.0 Safari/605.1.15"
65.108.235.243 - - [09/Jul/2026:19:01:27 +0200] "POST /wp-cron.php?doing_wp_cron=1783616487.1917479038238525390625 HTTP/1.1" 200 1 "-" "WordPress/7.0; https://verona.elettroservicegroup.it"
151.123.176.20 - - [09/Jul/2026:19:01:26 +0200] "GET /wp-admin/admin-ajax.php?action=rest-nonce HTTP/2.0" 400 5 "-" "Mozilla/5.0 (Macintosh; Intel Mac OS X 10_15_7) AppleWebKit/605.1.15 (KHTML, like Gecko) Version/18.0 Safari/605.1.15"
151.123.176.20 - - [09/Jul/2026:19:01:28 +0200] "GET /wp-admin/plugins.php HTTP/2.0" 200 65578 "-" "Mozilla/5.0 (Macintosh; Intel Mac OS X 10_15_7) AppleWebKit/605.1.15 (KHTML, like Gecko) Version/18.0 Safari/605.1.15"
151.123.176.20 - - [09/Jul/2026:19:01:33 +0200] "GET /wp-admin/plugins.php HTTP/2.0" 200 65579 "-" "Mozilla/5.0 (Macintosh; Intel Mac OS X 10_15_7) AppleWebKit/605.1.15 (KHTML, like Gecko) Version/18.0 Safari/605.1.15"
151.123.176.20 - - [09/Jul/2026:19:01:38 +0200] "GET /wp-admin/plugins.php HTTP/2.0" 200 65576 "-" "Mozilla/5.0 (Macintosh; Intel Mac OS X 10_15_7) AppleWebKit/605.1.15 (KHTML, like Gecko) Version/18.0 Safari/605.1.15"
151.123.176.20 - - [09/Jul/2026:19:01:39 +0200] "GET /wp-admin/plugin-install.php HTTP/2.0" 200 59695 "-" "Mozilla/5.0 (Macintosh; Intel Mac OS X 10_15_7) AppleWebKit/605.1.15 (KHTML, like Gecko) Version/18.0 Safari/605.1.15"
151.123.176.20 - - [09/Jul/2026:19:01:41 +0200] "POST /wp-admin/update.php?action=upload-plugin HTTP/2.0" 301 - "https://verona.elettroservicegroup.it/wp-admin/update.php?action=upload-plugin" "Mozilla/5.0 (Macintosh; Intel Mac OS X 10_15_7) AppleWebKit/605.1.15 (KHTML, like Gecko) Version/18.0 Safari/605.1.15"
45.3.36.182 - - [09/Jul/2026:19:01:43 +0200] "GET /wp-login.php HTTP/2.0" 200 11937 "-" "Mozilla/5.0 (Windows NT 10.0; Win64; x64) AppleWebKit/537.36 (KHTML, like Gecko) Chrome/124.0.0.0 Safari/537.36"
45.3.36.182 - - [09/Jul/2026:19:01:48 +0200] "GET /wp-login.php?wp_lang=en_US HTTP/2.0" 200 11925 "-" "Mozilla/5.0 (Windows NT 10.0; Win64; x64) AppleWebKit/537.36 (KHTML, like Gecko) Chrome/124.0.0.0 Safari/537.36"
104.207.49.82 - - [09/Jul/2026:19:01:50 +0200] "GET /wp-login.php?wp_lang=en_US HTTP/2.0" 200 11884 "-" "Mozilla/5.0 (Macintosh; Intel Mac OS X 10_15_7) AppleWebKit/605.1.15 (KHTML, like Gecko) Version/18.0 Safari/605.1.15"
104.207.44.214 - - [09/Jul/2026:19:01:53 +0200] "GET /wp-login.php?wp_lang=en_US HTTP/2.0" 200 12014 "-" "Mozilla/5.0 (Macintosh; Intel Mac OS X 10_15_7) AppleWebKit/605.1.15 (KHTML, like Gecko) Version/18.0 Safari/605.1.15"
104.207.40.163 - - [09/Jul/2026:19:01:56 +0200] "GET /wp-login.php?wp_lang=en_US HTTP/2.0" 200 2329 "-" "Mozilla/5.0 (Macintosh; Intel Mac OS X 10_15_7) AppleWebKit/605.1.15 (KHTML, like Gecko) Version/18.0 Safari/605.1.15"
104.207.40.163 - - [09/Jul/2026:19:01:57 +0200] "POST /wp-login.php HTTP/2.0" 302 1 "https://verona.elettroservicegroup.it/wp-login.php" "Mozilla/5.0 (Macintosh; Intel Mac OS X 10_15_7) AppleWebKit/605.1.15 (KHTML, like Gecko) Version/18.0 Safari/605.1.15"
104.207.40.163 - - [09/Jul/2026:19:01:58 +0200] "GET /wp-admin/ HTTP/2.0" 200 84403 "https://verona.elettroservicegroup.it/wp-login.php" "Mozilla/5.0 (Macintosh; Intel Mac OS X 10_15_7) AppleWebKit/605.1.15 (KHTML, like Gecko) Version/18.0 Safari/605.1.15"
104.207.40.163 - - [09/Jul/2026:19:01:59 +0200] "GET /wp-admin/ HTTP/2.0" 200 84408 "-" "Mozilla/5.0 (Macintosh; Intel Mac OS X 10_15_7) AppleWebKit/605.1.15 (KHTML, like Gecko) Version/18.0 Safari/605.1.15"
65.108.235.243 - - [09/Jul/2026:19:02:02 +0200] "POST /wp-cron.php?doing_wp_cron=1783616522.2748570442199707031250 HTTP/1.1" 200 1 "-" "WordPress/7.0; https://verona.elettroservicegroup.it"
104.207.40.163 - - [09/Jul/2026:19:02:02 +0200] "GET /wp-admin/admin-ajax.php?action=rest-nonce HTTP/2.0" 400 5 "-" "Mozilla/5.0 (Macintosh; Intel Mac OS X 10_15_7) AppleWebKit/605.1.15 (KHTML, like Gecko) Version/18.0 Safari/605.1.15"
104.207.40.163 - - [09/Jul/2026:19:02:02 +0200] "GET /wp-admin/plugins.php HTTP/2.0" 200 65595 "-" "Mozilla/5.0 (Macintosh; Intel Mac OS X 10_15_7) AppleWebKit/605.1.15 (KHTML, like Gecko) Version/18.0 Safari/605.1.15"
104.207.40.163 - - [09/Jul/2026:19:02:03 +0200] "GET /wp-admin/plugins.php HTTP/2.0" 200 65592 "-" "Mozilla/5.0 (Macintosh; Intel Mac OS X 10_15_7) AppleWebKit/605.1.15 (KHTML, like Gecko) Version/18.0 Safari/605.1.15"
104.207.40.163 - - [09/Jul/2026:19:02:07 +0200] "GET /wp-admin/plugins.php HTTP/2.0" 200 65592 "-" "Mozilla/5.0 (Macintosh; Intel Mac OS X 10_15_7) AppleWebKit/605.1.15 (KHTML, like Gecko) Version/18.0 Safari/605.1.15"
104.207.40.163 - - [09/Jul/2026:19:02:08 +0200] "GET /wp-admin/plugin-install.php HTTP/2.0" 200 59696 "-" "Mozilla/5.0 (Macintosh; Intel Mac OS X 10_15_7) AppleWebKit/605.1.15 (KHTML, like Gecko) Version/18.0 Safari/605.1.15"
104.207.40.163 - - [09/Jul/2026:19:02:10 +0200] "POST /wp-admin/update.php?action=upload-plugin HTTP/2.0" 301 - "https://verona.elettroservicegroup.it/wp-admin/update.php?action=upload-plugin" "Mozilla/5.0 (Macintosh; Intel Mac OS X 10_15_7) AppleWebKit/605.1.15 (KHTML, like Gecko) Version/18.0 Safari/605.1.15"
209.50.181.177 - - [09/Jul/2026:19:02:12 +0200] "GET /wp-login.php HTTP/2.0" 200 3125 "-" "Mozilla/5.0 (Windows NT 10.0; Win64; x64) AppleWebKit/537.36 (KHTML, like Gecko) Chrome/124.0.0.0 Safari/537.36"
209.50.181.177 - - [09/Jul/2026:19:02:15 +0200] "GET /wp-login.php?wp_lang=en_US HTTP/2.0" 200 2329 "-" "Mozilla/5.0 (Windows NT 10.0; Win64; x64; rv:133.0) Gecko/20100101 Firefox/133.0"
209.50.181.177 - - [09/Jul/2026:19:02:16 +0200] "POST /wp-login.php HTTP/2.0" 302 1 "https://verona.elettroservicegroup.it/wp-login.php" "Mozilla/5.0 (Windows NT 10.0; Win64; x64; rv:133.0) Gecko/20100101 Firefox/133.0"
209.50.181.177 - - [09/Jul/2026:19:02:16 +0200] "GET /wp-admin/ HTTP/2.0" 200 84394 "https://verona.elettroservicegroup.it/wp-login.php" "Mozilla/5.0 (Windows NT 10.0; Win64; x64; rv:133.0) Gecko/20100101 Firefox/133.0"
209.50.181.177 - - [09/Jul/2026:19:02:18 +0200] "GET /wp-admin/ HTTP/2.0" 200 84393 "-" "Mozilla/5.0 (Windows NT 10.0; Win64; x64; rv:133.0) Gecko/20100101 Firefox/133.0"
209.50.181.177 - - [09/Jul/2026:19:02:21 +0200] "GET /wp-admin/admin-ajax.php?action=rest-nonce HTTP/2.0" 400 5 "-" "Mozilla/5.0 (Windows NT 10.0; Win64; x64; rv:133.0) Gecko/20100101 Firefox/133.0"
209.50.181.177 - - [09/Jul/2026:19:02:21 +0200] "GET /wp-admin/plugins.php HTTP/2.0" 200 65552 "-" "Mozilla/5.0 (Windows NT 10.0; Win64; x64; rv:133.0) Gecko/20100101 Firefox/133.0"
209.50.181.177 - - [09/Jul/2026:19:02:21 +0200] "GET /wp-admin/plugins.php HTTP/2.0" 200 65553 "-" "Mozilla/5.0 (Windows NT 10.0; Win64; x64; rv:133.0) Gecko/20100101 Firefox/133.0"
209.50.181.177 - - [09/Jul/2026:19:02:22 +0200] "GET /wp-admin/plugins.php HTTP/2.0" 200 65553 "-" "Mozilla/5.0 (Windows NT 10.0; Win64; x64; rv:133.0) Gecko/20100101 Firefox/133.0"
209.50.181.177 - - [09/Jul/2026:19:02:23 +0200] "GET /wp-admin/plugin-install.php HTTP/2.0" 200 59660 "-" "Mozilla/5.0 (Windows NT 10.0; Win64; x64; rv:133.0) Gecko/20100101 Firefox/133.0"
209.50.181.177 - - [09/Jul/2026:19:02:24 +0200] "POST /wp-admin/update.php?action=upload-plugin HTTP/2.0" 301 - "https://verona.elettroservicegroup.it/wp-admin/update.php?action=upload-plugin" "Mozilla/5.0 (Windows NT 10.0; Win64; x64; rv:133.0) Gecko/20100101 Firefox/133.0"
65.108.235.243 - - [09/Jul/2026:19:02:28 +0200] "POST /wp-cron.php?doing_wp_cron=1783616548.3935549259185791015625 HTTP/1.1" 200 1 "-" "WordPress/7.0; https://verona.elettroservicegroup.it"
65.111.30.243 - - [09/Jul/2026:19:02:28 +0200] "GET /wp-login.php HTTP/2.0" 200 3125 "-" "Mozilla/5.0 (Macintosh; Intel Mac OS X 10_15_7) AppleWebKit/605.1.15 (KHTML, like Gecko) Version/18.0 Safari/605.1.15"
65.111.30.243 - - [09/Jul/2026:19:02:29 +0200] "GET /wp-login.php?wp_lang=en_US HTTP/2.0" 200 2329 "-" "Mozilla/5.0 (Macintosh; Intel Mac OS X 10_15_7) AppleWebKit/605.1.15 (KHTML, like Gecko) Version/18.0 Safari/605.1.15"
65.111.30.243 - - [09/Jul/2026:19:02:30 +0200] "POST /wp-login.php HTTP/2.0" 302 1 "https://verona.elettroservicegroup.it/wp-login.php" "Mozilla/5.0 (Macintosh; Intel Mac OS X 10_15_7) AppleWebKit/605.1.15 (KHTML, like Gecko) Version/18.0 Safari/605.1.15"
65.111.30.243 - - [09/Jul/2026:19:02:31 +0200] "GET /wp-admin/ HTTP/2.0" 200 84406 "https://verona.elettroservicegroup.it/wp-login.php" "Mozilla/5.0 (Macintosh; Intel Mac OS X 10_15_7) AppleWebKit/605.1.15 (KHTML, like Gecko) Version/18.0 Safari/605.1.15"
65.111.30.243 - - [09/Jul/2026:19:02:34 +0200] "GET /wp-admin/ HTTP/2.0" 200 84411 "-" "Mozilla/5.0 (Macintosh; Intel Mac OS X 10_15_7) AppleWebKit/605.1.15 (KHTML, like Gecko) Version/18.0 Safari/605.1.15"
65.111.30.243 - - [09/Jul/2026:19:02:37 +0200] "GET /wp-admin/admin-ajax.php?action=rest-nonce HTTP/2.0" 400 5 "-" "Mozilla/5.0 (Macintosh; Intel Mac OS X 10_15_7) AppleWebKit/605.1.15 (KHTML, like Gecko) Version/18.0 Safari/605.1.15"
65.111.30.243 - - [09/Jul/2026:19:02:39 +0200] "GET /wp-admin/plugins.php HTTP/2.0" 200 65570 "-" "Mozilla/5.0 (Macintosh; Intel Mac OS X 10_15_7) AppleWebKit/605.1.15 (KHTML, like Gecko) Version/18.0 Safari/605.1.15"
65.111.30.243 - - [09/Jul/2026:19:02:39 +0200] "GET /wp-admin/plugins.php HTTP/2.0" 200 65569 "-" "Mozilla/5.0 (Macintosh; Intel Mac OS X 10_15_7) AppleWebKit/605.1.15 (KHTML, like Gecko) Version/18.0 Safari/605.1.15"
65.111.30.243 - - [09/Jul/2026:19:02:41 +0200] "GET /wp-admin/plugins.php HTTP/2.0" 200 65568 "-" "Mozilla/5.0 (Macintosh; Intel Mac OS X 10_15_7) AppleWebKit/605.1.15 (KHTML, like Gecko) Version/18.0 Safari/605.1.15"
65.111.30.243 - - [09/Jul/2026:19:02:43 +0200] "GET /wp-admin/plugin-install.php HTTP/2.0" 200 59688 "-" "Mozilla/5.0 (Macintosh; Intel Mac OS X 10_15_7) AppleWebKit/605.1.15 (KHTML, like Gecko) Version/18.0 Safari/605.1.15"
65.111.30.243 - - [09/Jul/2026:19:02:46 +0200] "POST /wp-admin/update.php?action=upload-plugin HTTP/2.0" 301 - "https://verona.elettroservicegroup.it/wp-admin/update.php?action=upload-plugin" "Mozilla/5.0 (Macintosh; Intel Mac OS X 10_15_7) AppleWebKit/605.1.15 (KHTML, like Gecko) Version/18.0 Safari/605.1.15"
209.50.165.64 - - [09/Jul/2026:19:02:47 +0200] "GET /wp-login.php HTTP/2.0" 200 3125 "-" "Mozilla/5.0 (Windows NT 10.0; Win64; x64; rv:133.0) Gecko/20100101 Firefox/133.0"
209.50.165.64 - - [09/Jul/2026:19:02:49 +0200] "GET /wp-login.php?wp_lang=en_US HTTP/2.0" 200 2329 "-" "Mozilla/5.0 (Windows NT 10.0; Win64; x64) AppleWebKit/537.36 (KHTML, like Gecko) Chrome/124.0.0.0 Safari/537.36"
209.50.165.64 - - [09/Jul/2026:19:02:50 +0200] "POST /wp-login.php HTTP/2.0" 302 1 "https://verona.elettroservicegroup.it/wp-login.php" "Mozilla/5.0 (Windows NT 10.0; Win64; x64) AppleWebKit/537.36 (KHTML, like Gecko) Chrome/124.0.0.0 Safari/537.36"
209.50.165.64 - - [09/Jul/2026:19:02:50 +0200] "GET /wp-admin/ HTTP/2.0" 200 84409 "https://verona.elettroservicegroup.it/wp-login.php" "Mozilla/5.0 (Windows NT 10.0; Win64; x64) AppleWebKit/537.36 (KHTML, like Gecko) Chrome/124.0.0.0 Safari/537.36"
209.50.165.64 - - [09/Jul/2026:19:02:52 +0200] "GET /wp-admin/ HTTP/2.0" 200 84410 "-" "Mozilla/5.0 (Windows NT 10.0; Win64; x64) AppleWebKit/537.36 (KHTML, like Gecko) Chrome/124.0.0.0 Safari/537.36"
209.50.165.64 - - [09/Jul/2026:19:02:55 +0200] "GET /wp-admin/admin-ajax.php?action=rest-nonce HTTP/2.0" 400 5 "-" "Mozilla/5.0 (Windows NT 10.0; Win64; x64) AppleWebKit/537.36 (KHTML, like Gecko) Chrome/124.0.0.0 Safari/537.36"
209.50.165.64 - - [09/Jul/2026:19:02:57 +0200] "GET /wp-admin/plugins.php HTTP/2.0" 200 65583 "-" "Mozilla/5.0 (Windows NT 10.0; Win64; x64) AppleWebKit/537.36 (KHTML, like Gecko) Chrome/124.0.0.0 Safari/537.36"
209.50.165.64 - - [09/Jul/2026:19:03:00 +0200] "GET /wp-admin/plugins.php HTTP/2.0" 200 65585 "-" "Mozilla/5.0 (Windows NT 10.0; Win64; x64) AppleWebKit/537.36 (KHTML, like Gecko) Chrome/124.0.0.0 Safari/537.36"
209.50.165.64 - - [09/Jul/2026:19:03:02 +0200] "GET /wp-admin/plugins.php HTTP/2.0" 200 65585 "-" "Mozilla/5.0 (Windows NT 10.0; Win64; x64) AppleWebKit/537.36 (KHTML, like Gecko) Chrome/124.0.0.0 Safari/537.36"
209.50.165.64 - - [09/Jul/2026:19:03:03 +0200] "GET /wp-admin/plugin-install.php HTTP/2.0" 200 59690 "-" "Mozilla/5.0 (Windows NT 10.0; Win64; x64) AppleWebKit/537.36 (KHTML, like Gecko) Chrome/124.0.0.0 Safari/537.36"
209.50.165.64 - - [09/Jul/2026:19:03:07 +0200] "POST /wp-admin/update.php?action=upload-plugin HTTP/2.0" 301 - "https://verona.elettroservicegroup.it/wp-admin/update.php?action=upload-plugin" "Mozilla/5.0 (Windows NT 10.0; Win64; x64) AppleWebKit/537.36 (KHTML, like Gecko) Chrome/124.0.0.0 Safari/537.36"
217.181.90.170 - - [09/Jul/2026:19:03:08 +0200] "GET /wp-login.php HTTP/2.0" 200 3125 "-" "Mozilla/5.0 (Windows NT 10.0; Win64; x64; rv:133.0) Gecko/20100101 Firefox/133.0"
217.181.90.170 - - [09/Jul/2026:19:03:09 +0200] "GET /wp-login.php?wp_lang=en_US HTTP/2.0" 200 2329 "-" "Mozilla/5.0 (Windows NT 10.0; Win64; x64) AppleWebKit/537.36 (KHTML, like Gecko) Chrome/124.0.0.0 Safari/537.36"
217.181.90.170 - - [09/Jul/2026:19:03:09 +0200] "POST /wp-login.php HTTP/2.0" 302 1 "https://verona.elettroservicegroup.it/wp-login.php" "Mozilla/5.0 (Windows NT 10.0; Win64; x64) AppleWebKit/537.36 (KHTML, like Gecko) Chrome/124.0.0.0 Safari/537.36"
217.181.90.170 - - [09/Jul/2026:19:03:09 +0200] "GET /wp-admin/ HTTP/2.0" 200 84407 "https://verona.elettroservicegroup.it/wp-login.php" "Mozilla/5.0 (Windows NT 10.0; Win64; x64) AppleWebKit/537.36 (KHTML, like Gecko) Chrome/124.0.0.0 Safari/537.36"
217.181.90.170 - - [09/Jul/2026:19:03:10 +0200] "GET /wp-admin/ HTTP/2.0" 200 84407 "-" "Mozilla/5.0 (Windows NT 10.0; Win64; x64) AppleWebKit/537.36 (KHTML, like Gecko) Chrome/124.0.0.0 Safari/537.36"
217.181.90.170 - - [09/Jul/2026:19:03:11 +0200] "GET /wp-admin/admin-ajax.php?action=rest-nonce HTTP/2.0" 400 5 "-" "Mozilla/5.0 (Windows NT 10.0; Win64; x64) AppleWebKit/537.36 (KHTML, like Gecko) Chrome/124.0.0.0 Safari/537.36"
217.181.90.170 - - [09/Jul/2026:19:03:12 +0200] "GET /wp-admin/plugins.php HTTP/2.0" 200 65574 "-" "Mozilla/5.0 (Windows NT 10.0; Win64; x64) AppleWebKit/537.36 (KHTML, like Gecko) Chrome/124.0.0.0 Safari/537.36"
217.181.90.170 - - [09/Jul/2026:19:03:13 +0200] "GET /wp-admin/plugins.php HTTP/2.0" 200 65578 "-" "Mozilla/5.0 (Windows NT 10.0; Win64; x64) AppleWebKit/537.36 (KHTML, like Gecko) Chrome/124.0.0.0 Safari/537.36"
217.181.90.170 - - [09/Jul/2026:19:03:14 +0200] "GET /wp-admin/plugins.php HTTP/2.0" 200 65574 "-" "Mozilla/5.0 (Windows NT 10.0; Win64; x64) AppleWebKit/537.36 (KHTML, like Gecko) Chrome/124.0.0.0 Safari/537.36"
217.181.90.170 - - [09/Jul/2026:19:03:15 +0200] "GET /wp-admin/plugin-install.php HTTP/2.0" 200 59685 "-" "Mozilla/5.0 (Windows NT 10.0; Win64; x64) AppleWebKit/537.36 (KHTML, like Gecko) Chrome/124.0.0.0 Safari/537.36"
217.181.90.170 - - [09/Jul/2026:19:03:16 +0200] "POST /wp-admin/update.php?action=upload-plugin HTTP/2.0" 301 - "https://verona.elettroservicegroup.it/wp-admin/update.php?action=upload-plugin" "Mozilla/5.0 (Windows NT 10.0; Win64; x64) AppleWebKit/537.36 (KHTML, like Gecko) Chrome/124.0.0.0 Safari/537.36"
216.26.230.132 - - [09/Jul/2026:19:03:17 +0200] "GET /wp-login.php HTTP/2.0" 200 3125 "-" "Mozilla/5.0 (Windows NT 10.0; Win64; x64; rv:133.0) Gecko/20100101 Firefox/133.0"
216.26.230.132 - - [09/Jul/2026:19:03:20 +0200] "GET /wp-login.php?wp_lang=en_US HTTP/2.0" 200 2329 "-" "Mozilla/5.0 (Macintosh; Intel Mac OS X 10_15_7) AppleWebKit/605.1.15 (KHTML, like Gecko) Version/18.0 Safari/605.1.15"
216.26.230.132 - - [09/Jul/2026:19:03:20 +0200] "POST /wp-login.php HTTP/2.0" 302 1 "https://verona.elettroservicegroup.it/wp-login.php" "Mozilla/5.0 (Macintosh; Intel Mac OS X 10_15_7) AppleWebKit/605.1.15 (KHTML, like Gecko) Version/18.0 Safari/605.1.15"
216.26.230.132 - - [09/Jul/2026:19:03:21 +0200] "GET /wp-admin/ HTTP/2.0" 200 84402 "https://verona.elettroservicegroup.it/wp-login.php" "Mozilla/5.0 (Macintosh; Intel Mac OS X 10_15_7) AppleWebKit/605.1.15 (KHTML, like Gecko) Version/18.0 Safari/605.1.15"
216.26.230.132 - - [09/Jul/2026:19:03:22 +0200] "GET /wp-admin/ HTTP/2.0" 200 84410 "-" "Mozilla/5.0 (Macintosh; Intel Mac OS X 10_15_7) AppleWebKit/605.1.15 (KHTML, like Gecko) Version/18.0 Safari/605.1.15"
216.26.230.132 - - [09/Jul/2026:19:03:25 +0200] "GET /wp-admin/admin-ajax.php?action=rest-nonce HTTP/2.0" 400 5 "-" "Mozilla/5.0 (Macintosh; Intel Mac OS X 10_15_7) AppleWebKit/605.1.15 (KHTML, like Gecko) Version/18.0 Safari/605.1.15"
65.108.235.243 - - [09/Jul/2026:19:03:26 +0200] "POST /wp-cron.php?doing_wp_cron=1783616606.3805398941040039062500 HTTP/1.1" 200 1 "-" "WordPress/7.0; https://verona.elettroservicegroup.it"
216.26.230.132 - - [09/Jul/2026:19:03:25 +0200] "GET /wp-admin/plugins.php HTTP/2.0" 200 65581 "-" "Mozilla/5.0 (Macintosh; Intel Mac OS X 10_15_7) AppleWebKit/605.1.15 (KHTML, like Gecko) Version/18.0 Safari/605.1.15"
216.26.230.132 - - [09/Jul/2026:19:03:27 +0200] "GET /wp-admin/plugins.php HTTP/2.0" 200 65580 "-" "Mozilla/5.0 (Macintosh; Intel Mac OS X 10_15_7) AppleWebKit/605.1.15 (KHTML, like Gecko) Version/18.0 Safari/605.1.15"
216.26.230.132 - - [09/Jul/2026:19:03:30 +0200] "GET /wp-admin/plugins.php HTTP/2.0" 200 65578 "-" "Mozilla/5.0 (Macintosh; Intel Mac OS X 10_15_7) AppleWebKit/605.1.15 (KHTML, like Gecko) Version/18.0 Safari/605.1.15"
216.26.230.132 - - [09/Jul/2026:19:03:31 +0200] "GET /wp-admin/plugin-install.php HTTP/2.0" 200 59683 "-" "Mozilla/5.0 (Macintosh; Intel Mac OS X 10_15_7) AppleWebKit/605.1.15 (KHTML, like Gecko) Version/18.0 Safari/605.1.15"
216.26.230.132 - - [09/Jul/2026:19:03:33 +0200] "POST /wp-admin/update.php?action=upload-plugin HTTP/2.0" 301 - "https://verona.elettroservicegroup.it/wp-admin/update.php?action=upload-plugin" "Mozilla/5.0 (Macintosh; Intel Mac OS X 10_15_7) AppleWebKit/605.1.15 (KHTML, like Gecko) Version/18.0 Safari/605.1.15"
104.207.50.133 - - [09/Jul/2026:19:03:34 +0200] "GET /wp-login.php HTTP/2.0" 200 3125 "-" "Mozilla/5.0 (Windows NT 10.0; Win64; x64; rv:133.0) Gecko/20100101 Firefox/133.0"
104.207.50.133 - - [09/Jul/2026:19:03:34 +0200] "GET /wp-login.php?wp_lang=en_US HTTP/2.0" 200 2329 "-" "Mozilla/5.0 (Macintosh; Intel Mac OS X 10_15_7) AppleWebKit/605.1.15 (KHTML, like Gecko) Version/18.0 Safari/605.1.15"
104.207.50.133 - - [09/Jul/2026:19:03:35 +0200] "POST /wp-login.php HTTP/2.0" 302 1 "https://verona.elettroservicegroup.it/wp-login.php" "Mozilla/5.0 (Macintosh; Intel Mac OS X 10_15_7) AppleWebKit/605.1.15 (KHTML, like Gecko) Version/18.0 Safari/605.1.15"
104.207.50.133 - - [09/Jul/2026:19:03:35 +0200] "GET /wp-admin/ HTTP/2.0" 200 84405 "https://verona.elettroservicegroup.it/wp-login.php" "Mozilla/5.0 (Macintosh; Intel Mac OS X 10_15_7) AppleWebKit/605.1.15 (KHTML, like Gecko) Version/18.0 Safari/605.1.15"
104.207.50.133 - - [09/Jul/2026:19:03:36 +0200] "GET /wp-admin/ HTTP/2.0" 200 84407 "-" "Mozilla/5.0 (Macintosh; Intel Mac OS X 10_15_7) AppleWebKit/605.1.15 (KHTML, like Gecko) Version/18.0 Safari/605.1.15"
104.207.50.133 - - [09/Jul/2026:19:03:37 +0200] "GET /wp-admin/admin-ajax.php?action=rest-nonce HTTP/2.0" 400 5 "-" "Mozilla/5.0 (Macintosh; Intel Mac OS X 10_15_7) AppleWebKit/605.1.15 (KHTML, like Gecko) Version/18.0 Safari/605.1.15"
104.207.50.133 - - [09/Jul/2026:19:03:37 +0200] "GET /wp-admin/plugins.php HTTP/2.0" 200 65583 "-" "Mozilla/5.0 (Macintosh; Intel Mac OS X 10_15_7) AppleWebKit/605.1.15 (KHTML, like Gecko) Version/18.0 Safari/605.1.15"
104.207.50.133 - - [09/Jul/2026:19:03:37 +0200] "GET /wp-admin/plugins.php HTTP/2.0" 200 65577 "-" "Mozilla/5.0 (Macintosh; Intel Mac OS X 10_15_7) AppleWebKit/605.1.15 (KHTML, like Gecko) Version/18.0 Safari/605.1.15"
104.207.50.133 - - [09/Jul/2026:19:03:38 +0200] "GET /wp-admin/plugins.php HTTP/2.0" 200 65577 "-" "Mozilla/5.0 (Macintosh; Intel Mac OS X 10_15_7) AppleWebKit/605.1.15 (KHTML, like Gecko) Version/18.0 Safari/605.1.15"
104.207.50.133 - - [09/Jul/2026:19:03:38 +0200] "GET /wp-admin/plugin-install.php HTTP/2.0" 200 59683 "-" "Mozilla/5.0 (Macintosh; Intel Mac OS X 10_15_7) AppleWebKit/605.1.15 (KHTML, like Gecko) Version/18.0 Safari/605.1.15"
104.207.50.133 - - [09/Jul/2026:19:03:40 +0200] "POST /wp-admin/update.php?action=upload-plugin HTTP/2.0" 301 - "https://verona.elettroservicegroup.it/wp-admin/update.php?action=upload-plugin" "Mozilla/5.0 (Macintosh; Intel Mac OS X 10_15_7) AppleWebKit/605.1.15 (KHTML, like Gecko) Version/18.0 Safari/605.1.15"
45.3.35.11 - - [09/Jul/2026:19:03:41 +0200] "GET /wp-login.php HTTP/2.0" 200 11877 "-" "Mozilla/5.0 (Macintosh; Intel Mac OS X 10_15_7) AppleWebKit/605.1.15 (KHTML, like Gecko) Version/18.0 Safari/605.1.15"
45.3.35.11 - - [09/Jul/2026:19:03:42 +0200] "GET /wp-login.php?wp_lang=en_US HTTP/2.0" 200 11984 "-" "Mozilla/5.0 (Windows NT 10.0; Win64; x64; rv:133.0) Gecko/20100101 Firefox/133.0"
65.108.235.243 - - [09/Jul/2026:19:03:44 +0200] "POST /wp-cron.php?doing_wp_cron=1783616624.0706429481506347656250 HTTP/1.1" 200 1 "-" "WordPress/7.0; https://verona.elettroservicegroup.it"
216.26.242.171 - - [09/Jul/2026:19:03:43 +0200] "GET /wp-login.php?wp_lang=en_US HTTP/2.0" 200 2329 "-" "Mozilla/5.0 (Windows NT 10.0; Win64; x64) AppleWebKit/537.36 (KHTML, like Gecko) Chrome/124.0.0.0 Safari/537.36"
65.108.235.243 - - [09/Jul/2026:19:03:44 +0200] "GET / HTTP/1.1" 301 296 "-" "WP Fastest Cache Preload Bot"
65.108.235.243 - - [09/Jul/2026:19:03:44 +0200] "GET /index.php/ HTTP/1.1" 301 - "-" "WP Fastest Cache Preload Bot"
216.26.242.171 - - [09/Jul/2026:19:03:44 +0200] "POST /wp-login.php HTTP/2.0" 302 1 "https://verona.elettroservicegroup.it/wp-login.php" "Mozilla/5.0 (Windows NT 10.0; Win64; x64) AppleWebKit/537.36 (KHTML, like Gecko) Chrome/124.0.0.0 Safari/537.36"
216.26.242.171 - - [09/Jul/2026:19:03:45 +0200] "GET /wp-admin/ HTTP/2.0" 200 84418 "https://verona.elettroservicegroup.it/wp-login.php" "Mozilla/5.0 (Windows NT 10.0; Win64; x64) AppleWebKit/537.36 (KHTML, like Gecko) Chrome/124.0.0.0 Safari/537.36"
216.26.242.171 - - [09/Jul/2026:19:03:46 +0200] "GET /wp-admin/ HTTP/2.0" 200 84417 "-" "Mozilla/5.0 (Windows NT 10.0; Win64; x64) AppleWebKit/537.36 (KHTML, like Gecko) Chrome/124.0.0.0 Safari/537.36"
216.26.242.171 - - [09/Jul/2026:19:03:50 +0200] "GET /wp-admin/admin-ajax.php?action=rest-nonce HTTP/2.0" 400 5 "-" "Mozilla/5.0 (Windows NT 10.0; Win64; x64) AppleWebKit/537.36 (KHTML, like Gecko) Chrome/124.0.0.0 Safari/537.36"
216.26.242.171 - - [09/Jul/2026:19:03:51 +0200] "GET /wp-admin/plugins.php HTTP/2.0" 200 65581 "-" "Mozilla/5.0 (Windows NT 10.0; Win64; x64) AppleWebKit/537.36 (KHTML, like Gecko) Chrome/124.0.0.0 Safari/537.36"
216.26.242.171 - - [09/Jul/2026:19:03:54 +0200] "GET /wp-admin/plugins.php HTTP/2.0" 200 65581 "-" "Mozilla/5.0 (Windows NT 10.0; Win64; x64) AppleWebKit/537.36 (KHTML, like Gecko) Chrome/124.0.0.0 Safari/537.36"
216.26.242.171 - - [09/Jul/2026:19:03:55 +0200] "GET /wp-admin/plugins.php HTTP/2.0" 200 65579 "-" "Mozilla/5.0 (Windows NT 10.0; Win64; x64) AppleWebKit/537.36 (KHTML, like Gecko) Chrome/124.0.0.0 Safari/537.36"
216.26.242.171 - - [09/Jul/2026:19:03:57 +0200] "GET /wp-admin/plugin-install.php HTTP/2.0" 200 59683 "-" "Mozilla/5.0 (Windows NT 10.0; Win64; x64) AppleWebKit/537.36 (KHTML, like Gecko) Chrome/124.0.0.0 Safari/537.36"
216.26.242.171 - - [09/Jul/2026:19:03:58 +0200] "POST /wp-admin/update.php?action=upload-plugin HTTP/2.0" 301 - "https://verona.elettroservicegroup.it/wp-admin/update.php?action=upload-plugin" "Mozilla/5.0 (Windows NT 10.0; Win64; x64) AppleWebKit/537.36 (KHTML, like Gecko) Chrome/124.0.0.0 Safari/537.36"
65.111.6.21 - - [09/Jul/2026:19:03:59 +0200] "GET /wp-login.php HTTP/2.0" 200 3125 "-" "Mozilla/5.0 (Macintosh; Intel Mac OS X 10_15_7) AppleWebKit/605.1.15 (KHTML, like Gecko) Version/18.0 Safari/605.1.15"
65.111.6.21 - - [09/Jul/2026:19:04:01 +0200] "GET /wp-login.php?wp_lang=en_US HTTP/2.0" 200 2329 "-" "Mozilla/5.0 (Windows NT 10.0; Win64; x64) AppleWebKit/537.36 (KHTML, like Gecko) Chrome/124.0.0.0 Safari/537.36"
65.111.6.21 - - [09/Jul/2026:19:04:01 +0200] "POST /wp-login.php HTTP/2.0" 302 1 "https://verona.elettroservicegroup.it/wp-login.php" "Mozilla/5.0 (Windows NT 10.0; Win64; x64) AppleWebKit/537.36 (KHTML, like Gecko) Chrome/124.0.0.0 Safari/537.36"
65.111.6.21 - - [09/Jul/2026:19:04:02 +0200] "GET /wp-admin/ HTTP/2.0" 200 84419 "https://verona.elettroservicegroup.it/wp-login.php" "Mozilla/5.0 (Windows NT 10.0; Win64; x64) AppleWebKit/537.36 (KHTML, like Gecko) Chrome/124.0.0.0 Safari/537.36"
65.111.6.21 - - [09/Jul/2026:19:04:03 +0200] "GET /wp-admin/ HTTP/2.0" 200 84421 "-" "Mozilla/5.0 (Windows NT 10.0; Win64; x64) AppleWebKit/537.36 (KHTML, like Gecko) Chrome/124.0.0.0 Safari/537.36"
65.111.6.21 - - [09/Jul/2026:19:04:05 +0200] "GET /wp-admin/admin-ajax.php?action=rest-nonce HTTP/2.0" 400 5 "-" "Mozilla/5.0 (Windows NT 10.0; Win64; x64) AppleWebKit/537.36 (KHTML, like Gecko) Chrome/124.0.0.0 Safari/537.36"
65.111.6.21 - - [09/Jul/2026:19:04:06 +0200] "GET /wp-admin/plugins.php HTTP/2.0" 200 65580 "-" "Mozilla/5.0 (Windows NT 10.0; Win64; x64) AppleWebKit/537.36 (KHTML, like Gecko) Chrome/124.0.0.0 Safari/537.36"
65.111.6.21 - - [09/Jul/2026:19:04:07 +0200] "GET /wp-admin/plugins.php HTTP/2.0" 200 65577 "-" "Mozilla/5.0 (Windows NT 10.0; Win64; x64) AppleWebKit/537.36 (KHTML, like Gecko) Chrome/124.0.0.0 Safari/537.36"
65.111.6.21 - - [09/Jul/2026:19:04:09 +0200] "GET /wp-admin/plugins.php HTTP/2.0" 200 65579 "-" "Mozilla/5.0 (Windows NT 10.0; Win64; x64) AppleWebKit/537.36 (KHTML, like Gecko) Chrome/124.0.0.0 Safari/537.36"
65.111.6.21 - - [09/Jul/2026:19:04:10 +0200] "GET /wp-admin/plugin-install.php HTTP/2.0" 200 59689 "-" "Mozilla/5.0 (Windows NT 10.0; Win64; x64) AppleWebKit/537.36 (KHTML, like Gecko) Chrome/124.0.0.0 Safari/537.36"
65.111.6.21 - - [09/Jul/2026:19:04:11 +0200] "POST /wp-admin/update.php?action=upload-plugin HTTP/2.0" 301 - "https://verona.elettroservicegroup.it/wp-admin/update.php?action=upload-plugin" "Mozilla/5.0 (Windows NT 10.0; Win64; x64) AppleWebKit/537.36 (KHTML, like Gecko) Chrome/124.0.0.0 Safari/537.36"
216.26.252.241 - - [09/Jul/2026:19:04:12 +0200] "GET /wp-login.php HTTP/2.0" 200 3125 "-" "Mozilla/5.0 (Windows NT 10.0; Win64; x64; rv:133.0) Gecko/20100101 Firefox/133.0"
102.165.53.82 - - [09/Jul/2026:19:04:34 +0200] "GET /18486-2/ HTTP/1.1" 200 11838 "https://verona.elettroservicegroup.it/" "Mozilla/5.0 (X11; Linux x86_64; rv:147.0) Gecko/20100101 Firefox/147.0"
66.249.64.169 - - [09/Jul/2026:19:06:26 +0200] "GET /?h=40453641481100 HTTP/1.1" 301 313 "-" "Mozilla/5.0 (Linux; Android 6.0.1; Nexus 5X Build/MMB29P) AppleWebKit/537.36 (KHTML, like Gecko) Chrome/150.0.7871.46 Mobile Safari/537.36 (compatible; Googlebot/2.1; +http://www.google.com/bot.html)"
66.249.64.170 - - [09/Jul/2026:19:06:26 +0200] "GET /index.php/?h=40453641481100 HTTP/1.1" 301 - "-" "Mozilla/5.0 (Linux; Android 6.0.1; Nexus 5X Build/MMB29P) AppleWebKit/537.36 (KHTML, like Gecko) Chrome/150.0.7871.46 Mobile Safari/537.36 (compatible; Googlebot/2.1; +http://www.google.com/bot.html)"
66.249.64.171 - - [09/Jul/2026:19:07:57 +0200] "GET /?h=40541430761100 HTTP/1.1" 301 313 "-" "Mozilla/5.0 (Linux; Android 6.0.1; Nexus 5X Build/MMB29P) AppleWebKit/537.36 (KHTML, like Gecko) Chrome/150.0.7871.46 Mobile Safari/537.36 (compatible; Googlebot/2.1; +http://www.google.com/bot.html)"
