65.108.235.243 - - [15/Jul/2026:02:34:59 +0200] "POST /wp-cron.php?doing_wp_cron=1784075699.3948791027069091796875 HTTP/1.1" 200 1 "-" "WordPress/7.0.1; https://elettroservicegroup.it"
124.128.142.166 - - [15/Jul/2026:02:34:47 +0200] "GET / HTTP/2.0" 200 21598 "-" "Mozilla/5.0 (Linux; Android 5.0; SM-G900P Build/LRX21T) AppleWebKit/537.36 (KHTML, like Gecko) Chrome/47.0.9864.1352 Mobile Safari/537.36"
124.128.142.166 - - [15/Jul/2026:02:35:00 +0200] "GET /wp-content/plugins/header-footer-elementor/inc/widgets-css/frontend.css?ver=2.9.1 HTTP/2.0" 200 8711 "https://elettroservicegroup.it/" "Mozilla/5.0 (Linux; Android 5.0; SM-G900P Build/LRX21T) AppleWebKit/537.36 (KHTML, like Gecko) Chrome/47.0.9864.1352 Mobile Safari/537.36"
124.128.142.166 - - [15/Jul/2026:02:35:00 +0200] "GET /wp-content/plugins/all-in-one-seo-pack/dist/Lite/assets/css/table-of-contents/global.e90f6d47.css?ver=4.9.10 HTTP/2.0" 200 420 "https://elettroservicegroup.it/" "Mozilla/5.0 (Linux; Android 5.0; SM-G900P Build/LRX21T) AppleWebKit/537.36 (KHTML, like Gecko) Chrome/47.0.9864.1352 Mobile Safari/537.36"
124.128.142.166 - - [15/Jul/2026:02:35:00 +0200] "GET /wp-content/plugins/complianz-gdpr-premium/assets/css/cookieblocker.min.css?ver=1783097327 HTTP/2.0" 200 615 "https://elettroservicegroup.it/" "Mozilla/5.0 (Linux; Android 5.0; SM-G900P Build/LRX21T) AppleWebKit/537.36 (KHTML, like Gecko) Chrome/47.0.9864.1352 Mobile Safari/537.36"
124.128.142.166 - - [15/Jul/2026:02:35:00 +0200] "GET /wp-content/plugins/header-footer-elementor/assets/css/header-footer-elementor.css?ver=2.9.1 HTTP/2.0" 200 260 "https://elettroservicegroup.it/" "Mozilla/5.0 (Linux; Android 5.0; SM-G900P Build/LRX21T) AppleWebKit/537.36 (KHTML, like Gecko) Chrome/47.0.9864.1352 Mobile Safari/537.36"
124.128.142.166 - - [15/Jul/2026:02:35:00 +0200] "GET /wp-content/plugins/elementor/assets/lib/eicons/css/elementor-icons.min.css?ver=5.50.0 HTTP/2.0" 200 4125 "https://elettroservicegroup.it/" "Mozilla/5.0 (Linux; Android 5.0; SM-G900P Build/LRX21T) AppleWebKit/537.36 (KHTML, like Gecko) Chrome/47.0.9864.1352 Mobile Safari/537.36"
124.128.142.166 - - [15/Jul/2026:02:35:00 +0200] "GET /wp-content/plugins/elementor/assets/css/frontend.min.css?ver=4.1.4 HTTP/2.0" 200 6618 "https://elettroservicegroup.it/" "Mozilla/5.0 (Linux; Android 5.0; SM-G900P Build/LRX21T) AppleWebKit/537.36 (KHTML, like Gecko) Chrome/47.0.9864.1352 Mobile Safari/537.36"
124.128.142.166 - - [15/Jul/2026:02:35:00 +0200] "GET /wp-content/uploads/elementor/css/post-14146.css?ver=1784043855 HTTP/2.0" 200 428 "https://elettroservicegroup.it/" "Mozilla/5.0 (Linux; Android 5.0; SM-G900P Build/LRX21T) AppleWebKit/537.36 (KHTML, like Gecko) Chrome/47.0.9864.1352 Mobile Safari/537.36"
124.128.142.166 - - [15/Jul/2026:02:35:00 +0200] "GET /wp-content/plugins/elementor/assets/lib/font-awesome/css/all.min.css?ver=4.1.4 HTTP/2.0" 200 12402 "https://elettroservicegroup.it/" "Mozilla/5.0 (Linux; Android 5.0; SM-G900P Build/LRX21T) AppleWebKit/537.36 (KHTML, like Gecko) Chrome/47.0.9864.1352 Mobile Safari/537.36"
124.128.142.166 - - [15/Jul/2026:02:35:00 +0200] "GET /wp-content/plugins/elementor/assets/css/widget-spacer.min.css?ver=4.1.4 HTTP/2.0" 200 287 "https://elettroservicegroup.it/" "Mozilla/5.0 (Linux; Android 5.0; SM-G900P Build/LRX21T) AppleWebKit/537.36 (KHTML, like Gecko) Chrome/47.0.9864.1352 Mobile Safari/537.36"
124.128.142.166 - - [15/Jul/2026:02:35:00 +0200] "GET /wp-content/plugins/elementor/assets/lib/font-awesome/css/v4-shims.min.css?ver=4.1.4 HTTP/2.0" 200 3986 "https://elettroservicegroup.it/" "Mozilla/5.0 (Linux; Android 5.0; SM-G900P Build/LRX21T) AppleWebKit/537.36 (KHTML, like Gecko) Chrome/47.0.9864.1352 Mobile Safari/537.36"
124.128.142.166 - - [15/Jul/2026:02:35:00 +0200] "GET /wp-content/plugins/elementor/assets/css/widget-heading.min.css?ver=4.1.4 HTTP/2.0" 200 127 "https://elettroservicegroup.it/" "Mozilla/5.0 (Linux; Android 5.0; SM-G900P Build/LRX21T) AppleWebKit/537.36 (KHTML, like Gecko) Chrome/47.0.9864.1352 Mobile Safari/537.36"
124.128.142.166 - - [15/Jul/2026:02:35:00 +0200] "GET /wp-content/plugins/elementor/assets/lib/animations/styles/zoomIn.min.css?ver=4.1.4 HTTP/2.0" 200 87 "https://elettroservicegroup.it/" "Mozilla/5.0 (Linux; Android 5.0; SM-G900P Build/LRX21T) AppleWebKit/537.36 (KHTML, like Gecko) Chrome/47.0.9864.1352 Mobile Safari/537.36"
124.128.142.166 - - [15/Jul/2026:02:35:00 +0200] "GET /wp-content/plugins/elementor/assets/lib/animations/styles/bounceIn.min.css?ver=4.1.4 HTTP/2.0" 200 186 "https://elettroservicegroup.it/" "Mozilla/5.0 (Linux; Android 5.0; SM-G900P Build/LRX21T) AppleWebKit/537.36 (KHTML, like Gecko) Chrome/47.0.9864.1352 Mobile Safari/537.36"
124.128.142.166 - - [15/Jul/2026:02:35:00 +0200] "GET /wp-content/uploads/elementor/css/post-14366.css?ver=1784043855 HTTP/2.0" 200 310 "https://elettroservicegroup.it/" "Mozilla/5.0 (Linux; Android 5.0; SM-G900P Build/LRX21T) AppleWebKit/537.36 (KHTML, like Gecko) Chrome/47.0.9864.1352 Mobile Safari/537.36"
124.128.142.166 - - [15/Jul/2026:02:35:00 +0200] "GET /wp-content/uploads/elementor/css/post-13305.css?ver=1784048980 HTTP/2.0" 200 2452 "https://elettroservicegroup.it/" "Mozilla/5.0 (Linux; Android 5.0; SM-G900P Build/LRX21T) AppleWebKit/537.36 (KHTML, like Gecko) Chrome/47.0.9864.1352 Mobile Safari/537.36"
124.128.142.166 - - [15/Jul/2026:02:35:00 +0200] "GET /wp-content/plugins/elementor/assets/lib/eicons/css/elementor-icons.min.css?ver=5.34.0 HTTP/2.0" 200 4125 "https://elettroservicegroup.it/" "Mozilla/5.0 (Linux; Android 5.0; SM-G900P Build/LRX21T) AppleWebKit/537.36 (KHTML, like Gecko) Chrome/47.0.9864.1352 Mobile Safari/537.36"
124.128.142.166 - - [15/Jul/2026:02:35:00 +0200] "GET /wp-content/plugins/elementor/assets/css/widget-icon-list.min.css?ver=3.24.3 HTTP/2.0" 200 928 "https://elettroservicegroup.it/" "Mozilla/5.0 (Linux; Android 5.0; SM-G900P Build/LRX21T) AppleWebKit/537.36 (KHTML, like Gecko) Chrome/47.0.9864.1352 Mobile Safari/537.36"
124.128.142.166 - - [15/Jul/2026:02:35:00 +0200] "GET /wp-content/plugins/elementor/assets/css/widget-social-icons.min.css?ver=3.24.0 HTTP/2.0" 200 1039 "https://elettroservicegroup.it/" "Mozilla/5.0 (Linux; Android 5.0; SM-G900P Build/LRX21T) AppleWebKit/537.36 (KHTML, like Gecko) Chrome/47.0.9864.1352 Mobile Safari/537.36"
124.128.142.166 - - [15/Jul/2026:02:35:00 +0200] "GET /wp-content/themes/generatepress/assets/css/main.min.css?ver=3.6.1 HTTP/2.0" 200 4410 "https://elettroservicegroup.it/" "Mozilla/5.0 (Linux; Android 5.0; SM-G900P Build/LRX21T) AppleWebKit/537.36 (KHTML, like Gecko) Chrome/47.0.9864.1352 Mobile Safari/537.36"
124.128.142.166 - - [15/Jul/2026:02:35:00 +0200] "GET /wp-content/plugins/elementor/assets/lib/font-awesome/css/brands.css?ver=5.15.3 HTTP/2.0" 200 298 "https://elettroservicegroup.it/" "Mozilla/5.0 (Linux; Android 5.0; SM-G900P Build/LRX21T) AppleWebKit/537.36 (KHTML, like Gecko) Chrome/47.0.9864.1352 Mobile Safari/537.36"
124.128.142.166 - - [15/Jul/2026:02:35:00 +0200] "GET /wp-content/plugins/elementor/assets/lib/font-awesome/css/fontawesome.css?ver=5.15.3 HTTP/2.0" 200 12535 "https://elettroservicegroup.it/" "Mozilla/5.0 (Linux; Android 5.0; SM-G900P Build/LRX21T) AppleWebKit/537.36 (KHTML, like Gecko) Chrome/47.0.9864.1352 Mobile Safari/537.36"
124.128.142.166 - - [15/Jul/2026:02:35:00 +0200] "GET /wp-content/plugins/elementor/assets/lib/font-awesome/css/solid.css?ver=5.15.3 HTTP/2.0" 200 299 "https://elettroservicegroup.it/" "Mozilla/5.0 (Linux; Android 5.0; SM-G900P Build/LRX21T) AppleWebKit/537.36 (KHTML, like Gecko) Chrome/47.0.9864.1352 Mobile Safari/537.36"
124.128.142.166 - - [15/Jul/2026:02:35:00 +0200] "GET /wp-content/plugins/elementor/assets/lib/font-awesome/css/regular.min.css?ver=5.15.3 HTTP/2.0" 200 282 "https://elettroservicegroup.it/" "Mozilla/5.0 (Linux; Android 5.0; SM-G900P Build/LRX21T) AppleWebKit/537.36 (KHTML, like Gecko) Chrome/47.0.9864.1352 Mobile Safari/537.36"
124.128.142.166 - - [15/Jul/2026:02:35:00 +0200] "GET /wp-content/plugins/gp-premium/menu-plus/functions/css/navigation-branding-flex.min.css?ver=2.5.5 HTTP/2.0" 200 542 "https://elettroservicegroup.it/" "Mozilla/5.0 (Linux; Android 5.0; SM-G900P Build/LRX21T) AppleWebKit/537.36 (KHTML, like Gecko) Chrome/47.0.9864.1352 Mobile Safari/537.36"
124.128.142.166 - - [15/Jul/2026:02:35:00 +0200] "GET /wp-content/plugins/elementor/assets/lib/font-awesome/css/solid.min.css?ver=5.15.3 HTTP/2.0" 200 286 "https://elettroservicegroup.it/" "Mozilla/5.0 (Linux; Android 5.0; SM-G900P Build/LRX21T) AppleWebKit/537.36 (KHTML, like Gecko) Chrome/47.0.9864.1352 Mobile Safari/537.36"
124.128.142.166 - - [15/Jul/2026:02:35:00 +0200] "GET /wp-content/uploads/elementor/google-fonts/css/robotoslab.css?ver=1742274091 HTTP/2.0" 200 708 "https://elettroservicegroup.it/" "Mozilla/5.0 (Linux; Android 5.0; SM-G900P Build/LRX21T) AppleWebKit/537.36 (KHTML, like Gecko) Chrome/47.0.9864.1352 Mobile Safari/537.36"
124.128.142.166 - - [15/Jul/2026:02:35:00 +0200] "GET /wp-content/plugins/elementor/assets/lib/font-awesome/js/v4-shims.min.js?ver=4.1.4 HTTP/2.0" 200 4043 "https://elettroservicegroup.it/" "Mozilla/5.0 (Linux; Android 5.0; SM-G900P Build/LRX21T) AppleWebKit/537.36 (KHTML, like Gecko) Chrome/47.0.9864.1352 Mobile Safari/537.36"
124.128.142.166 - - [15/Jul/2026:02:35:00 +0200] "GET /wp-includes/js/jquery/jquery-migrate.min.js?ver=3.4.1 HTTP/2.0" 200 4685 "https://elettroservicegroup.it/" "Mozilla/5.0 (Linux; Android 5.0; SM-G900P Build/LRX21T) AppleWebKit/537.36 (KHTML, like Gecko) Chrome/47.0.9864.1352 Mobile Safari/537.36"
124.128.142.166 - - [15/Jul/2026:02:35:00 +0200] "GET /wp-content/uploads/elementor/google-fonts/css/roboto.css?ver=1742274089 HTTP/2.0" 200 1874 "https://elettroservicegroup.it/" "Mozilla/5.0 (Linux; Android 5.0; SM-G900P Build/LRX21T) AppleWebKit/537.36 (KHTML, like Gecko) Chrome/47.0.9864.1352 Mobile Safari/537.36"
124.128.142.166 - - [15/Jul/2026:02:35:00 +0200] "GET /wp-content/plugins/elementor/assets/lib/font-awesome/css/fontawesome.min.css?ver=5.15.3 HTTP/2.0" 200 12179 "https://elettroservicegroup.it/" "Mozilla/5.0 (Linux; Android 5.0; SM-G900P Build/LRX21T) AppleWebKit/537.36 (KHTML, like Gecko) Chrome/47.0.9864.1352 Mobile Safari/537.36"
124.128.142.166 - - [15/Jul/2026:02:35:00 +0200] "GET /wp-includes/js/jquery/jquery.min.js?ver=3.7.1 HTTP/2.0" 200 29769 "https://elettroservicegroup.it/" "Mozilla/5.0 (Linux; Android 5.0; SM-G900P Build/LRX21T) AppleWebKit/537.36 (KHTML, like Gecko) Chrome/47.0.9864.1352 Mobile Safari/537.36"
124.128.142.166 - - [15/Jul/2026:02:35:00 +0200] "GET /wp-content/uploads/2021/10/cropped-cropped-cropped-logo_white_background.png HTTP/2.0" 206 500 "https://elettroservicegroup.it/" "Mozilla/5.0 (Linux; Android 5.0; SM-G900P Build/LRX21T) AppleWebKit/537.36 (KHTML, like Gecko) Chrome/47.0.9864.1352 Mobile Safari/537.36"
124.128.142.166 - - [15/Jul/2026:02:35:00 +0200] "GET /wp-content/plugins/elementor/assets/js/webpack.runtime.min.js?ver=4.1.4 HTTP/2.0" 200 2340 "https://elettroservicegroup.it/" "Mozilla/5.0 (Linux; Android 5.0; SM-G900P Build/LRX21T) AppleWebKit/537.36 (KHTML, like Gecko) Chrome/47.0.9864.1352 Mobile Safari/537.36"
124.128.142.166 - - [15/Jul/2026:02:35:00 +0200] "GET /wp-content/plugins/gp-premium/menu-plus/functions/js/sticky.min.js?ver=2.5.5 HTTP/2.0" 200 2670 "https://elettroservicegroup.it/" "Mozilla/5.0 (Linux; Android 5.0; SM-G900P Build/LRX21T) AppleWebKit/537.36 (KHTML, like Gecko) Chrome/47.0.9864.1352 Mobile Safari/537.36"
124.128.142.166 - - [15/Jul/2026:02:35:00 +0200] "GET /wp-includes/js/jquery/ui/core.min.js?ver=1.13.3 HTTP/2.0" 200 6820 "https://elettroservicegroup.it/" "Mozilla/5.0 (Linux; Android 5.0; SM-G900P Build/LRX21T) AppleWebKit/537.36 (KHTML, like Gecko) Chrome/47.0.9864.1352 Mobile Safari/537.36"
124.128.142.166 - - [15/Jul/2026:02:35:00 +0200] "GET /wp-content/plugins/elementor/assets/js/frontend-modules.min.js?ver=4.1.4 HTTP/2.0" 200 15454 "https://elettroservicegroup.it/" "Mozilla/5.0 (Linux; Android 5.0; SM-G900P Build/LRX21T) AppleWebKit/537.36 (KHTML, like Gecko) Chrome/47.0.9864.1352 Mobile Safari/537.36"
124.128.142.166 - - [15/Jul/2026:02:35:00 +0200] "GET /wp-content/themes/generatepress/assets/js/menu.min.js?ver=3.6.1 HTTP/2.0" 200 1688 "https://elettroservicegroup.it/" "Mozilla/5.0 (Linux; Android 5.0; SM-G900P Build/LRX21T) AppleWebKit/537.36 (KHTML, like Gecko) Chrome/47.0.9864.1352 Mobile Safari/537.36"
124.128.142.166 - - [15/Jul/2026:02:35:00 +0200] "GET /wp-content/plugins/elementor/assets/js/frontend.min.js?ver=4.1.4 HTTP/2.0" 200 10140 "https://elettroservicegroup.it/" "Mozilla/5.0 (Linux; Android 5.0; SM-G900P Build/LRX21T) AppleWebKit/537.36 (KHTML, like Gecko) Chrome/47.0.9864.1352 Mobile Safari/537.36"
124.128.142.166 - - [15/Jul/2026:02:35:00 +0200] "GET /wp-content/plugins/google-analytics-for-wordpress/assets/js/frontend-gtag.min.js?ver=10.2.2 HTTP/2.0" 200 3075 "https://elettroservicegroup.it/" "Mozilla/5.0 (Linux; Android 5.0; SM-G900P Build/LRX21T) AppleWebKit/537.36 (KHTML, like Gecko) Chrome/47.0.9864.1352 Mobile Safari/537.36"
124.128.142.166 - - [15/Jul/2026:02:35:00 +0200] "GET /wp-content/themes/generatepress/assets/js/back-to-top.min.js?ver=3.6.1 HTTP/2.0" 200 336 "https://elettroservicegroup.it/" "Mozilla/5.0 (Linux; Android 5.0; SM-G900P Build/LRX21T) AppleWebKit/537.36 (KHTML, like Gecko) Chrome/47.0.9864.1352 Mobile Safari/537.36"
124.128.142.166 - - [15/Jul/2026:02:35:01 +0200] "GET /wp-content/uploads/2021/10/TECNICO-ELETTRODOMESTICI.jpg HTTP/2.0" 206 500 "https://elettroservicegroup.it/wp-content/uploads/elementor/css/post-13305.css?ver=1784048980" "Mozilla/5.0 (Linux; Android 5.0; SM-G900P Build/LRX21T) AppleWebKit/537.36 (KHTML, like Gecko) Chrome/47.0.9864.1352 Mobile Safari/537.36"
124.128.142.166 - - [15/Jul/2026:02:35:01 +0200] "GET /wp-content/plugins/complianz-gdpr-premium/cookiebanner/js/complianz.min.js?ver=1783097327 HTTP/2.0" 200 10762 "https://elettroservicegroup.it/" "Mozilla/5.0 (Linux; Android 5.0; SM-G900P Build/LRX21T) AppleWebKit/537.36 (KHTML, like Gecko) Chrome/47.0.9864.1352 Mobile Safari/537.36"
124.128.142.166 - - [15/Jul/2026:02:35:01 +0200] "GET /wp-content/uploads/2021/10/TECNICO-ELETTRODOMESTICI.jpg HTTP/2.0" 304 - "https://elettroservicegroup.it/wp-content/uploads/elementor/css/post-13305.css?ver=1784048980" "Mozilla/5.0 (Linux; Android 5.0; SM-G900P Build/LRX21T) AppleWebKit/537.36 (KHTML, like Gecko) Chrome/47.0.9864.1352 Mobile Safari/537.36"
124.128.142.166 - - [15/Jul/2026:02:35:01 +0200] "GET /wp-content/plugins/elementor/assets/js/section-frontend-handlers.d85ab872da118940910d.bundle.min.js HTTP/2.0" 200 230 "https://elettroservicegroup.it/" "Mozilla/5.0 (Linux; Android 5.0; SM-G900P Build/LRX21T) AppleWebKit/537.36 (KHTML, like Gecko) Chrome/47.0.9864.1352 Mobile Safari/537.36"
124.128.142.166 - - [15/Jul/2026:02:35:01 +0200] "GET /wp-content/plugins/elementor/assets/js/text-editor.45609661e409413f1cef.bundle.min.js HTTP/2.0" 200 592 "https://elettroservicegroup.it/" "Mozilla/5.0 (Linux; Android 5.0; SM-G900P Build/LRX21T) AppleWebKit/537.36 (KHTML, like Gecko) Chrome/47.0.9864.1352 Mobile Safari/537.36"
124.128.142.166 - - [15/Jul/2026:02:35:01 +0200] "GET /wp-content/plugins/elementor/assets/js/shared-frontend-handlers.03caa53373b56d3bab67.bundle.min.js HTTP/2.0" 200 2515 "https://elettroservicegroup.it/" "Mozilla/5.0 (Linux; Android 5.0; SM-G900P Build/LRX21T) AppleWebKit/537.36 (KHTML, like Gecko) Chrome/47.0.9864.1352 Mobile Safari/537.36"
124.128.142.166 - - [15/Jul/2026:02:35:01 +0200] "GET /wp-content/uploads/2021/10/TECNICO-ELETTRODOMESTICI.jpg HTTP/2.0" 206 23710 "https://elettroservicegroup.it/wp-content/uploads/elementor/css/post-13305.css?ver=1784048980" "Mozilla/5.0 (Linux; Android 5.0; SM-G900P Build/LRX21T) AppleWebKit/537.36 (KHTML, like Gecko) Chrome/47.0.9864.1352 Mobile Safari/537.36"
124.128.142.166 - - [15/Jul/2026:02:35:01 +0200] "GET /wp-json/complianz/v1/banner?lang=it&locale=it_IT&token=xpxeh HTTP/2.0" 200 82 "https://elettroservicegroup.it/" "Mozilla/5.0 (Linux; Android 5.0; SM-G900P Build/LRX21T) AppleWebKit/537.36 (KHTML, like Gecko) Chrome/47.0.9864.1352 Mobile Safari/537.36"
124.128.142.166 - - [15/Jul/2026:02:35:03 +0200] "GET /wp-content/uploads/complianz/css/banner-1-optin.css?v=45 HTTP/2.0" 200 2893 "https://elettroservicegroup.it/" "Mozilla/5.0 (Linux; Android 5.0; SM-G900P Build/LRX21T) AppleWebKit/537.36 (KHTML, like Gecko) Chrome/47.0.9864.1352 Mobile Safari/537.36"
124.128.142.166 - - [15/Jul/2026:02:35:03 +0200] "GET /wp-json/complianz/v1/cookie_data HTTP/2.0" 200 - "https://elettroservicegroup.it/" "Mozilla/5.0 (Linux; Android 5.0; SM-G900P Build/LRX21T) AppleWebKit/537.36 (KHTML, like Gecko) Chrome/47.0.9864.1352 Mobile Safari/537.36"
189.81.227.194 - - [15/Jul/2026:02:55:24 +0200] "GET /wp-content/uploads/2021/10/cropped-cropped-cropped-logo_white_background.png HTTP/1.1" 200 38971 "-" "Mozilla/5.0 (compatible; crawler)"
65.108.235.243 - - [15/Jul/2026:03:23:53 +0200] "POST /wp-json/complianz/v1/wsc-scan HTTP/1.1" 400 88 "-" "WordPress/7.0.1; https://elettroservicegroup.it"
43.159.148.45 - - [15/Jul/2026:03:39:14 +0200] "POST /wp-json/gutenkit/v1/install-active-plugin HTTP/1.1" 403 17006 "-" "Mozilla/5.0 (iPhone; CPU iPhone OS 18_3_2 like Mac OS X) AppleWebKit/605.1.15 (KHTML, like Gecko) Version/18.3.1 Mobile/15E148 Safari/604.1"
66.132.172.34 - - [15/Jul/2026:04:01:20 +0200] "GET / HTTP/1.1" 301 - "-" "Mozilla/5.0 (compatible; CensysInspect/1.1; +https://about.censys.io/)"
65.108.235.243 - - [15/Jul/2026:04:01:29 +0200] "POST /wp-cron.php?doing_wp_cron=1784080888.9876248836517333984375 HTTP/1.1" 200 1 "-" "WordPress/7.0.1; https://elettroservicegroup.it"
65.108.235.243 - - [15/Jul/2026:04:01:26 +0200] "POST /?wordfence_syncAttackData=1784080886.2975 HTTP/1.1" 200 1 "-" "WordPress/7.0.1; https://elettroservicegroup.it"
66.132.172.34 - - [15/Jul/2026:04:01:41 +0200] "GET / HTTP/1.1" 415 140430 "-" "Mozilla/5.0 (compatible; CensysInspect/1.1; +https://about.censys.io/)"
66.132.172.34 - - [15/Jul/2026:04:02:32 +0200] "GET /wp-json/?_fields=name,description,home,gmt_offset,timezone_string,namespaces HTTP/1.1" 200 12053 "-" "Mozilla/5.0 (compatible; CensysInspect/1.1; +https://about.censys.io/)"
66.132.172.34 - - [15/Jul/2026:04:02:41 +0200] "GET / HTTP/1.1" 421 362 "-" "Mozilla/5.0 (compatible; CensysInspect/1.1; +https://about.censys.io/)"
65.108.235.243 - - [15/Jul/2026:04:11:59 +0200] "POST /wp-cron.php?doing_wp_cron=1784081519.5922670364379882812500 HTTP/1.1" 200 1 "-" "WordPress/7.0.1; https://elettroservicegroup.it"
66.132.195.63 - - [15/Jul/2026:04:11:50 +0200] "GET / HTTP/1.1" 301 - "-" "Mozilla/5.0 (compatible; CensysInspect/1.1; +https://about.censys.io/)"
66.132.195.63 - - [15/Jul/2026:04:12:24 +0200] "GET / HTTP/1.1" 415 140430 "-" "Mozilla/5.0 (compatible; CensysInspect/1.1; +https://about.censys.io/)"
66.132.195.63 - - [15/Jul/2026:04:14:05 +0200] "GET /wp-json/?_fields=name,description,home,gmt_offset,timezone_string,namespaces HTTP/1.1" 200 11994 "-" "Mozilla/5.0 (compatible; CensysInspect/1.1; +https://about.censys.io/)"
66.132.195.63 - - [15/Jul/2026:04:14:24 +0200] "GET / HTTP/1.1" 421 362 "-" "Mozilla/5.0 (compatible; CensysInspect/1.1; +https://about.censys.io/)"
65.108.235.243 - - [15/Jul/2026:04:34:48 +0200] "POST /wp-cron.php?doing_wp_cron=1784082888.5803389549255371093750 HTTP/1.1" 200 1 "-" "WordPress/7.0.1; https://elettroservicegroup.it"
216.73.217.5 - - [15/Jul/2026:04:34:38 +0200] "GET /robots.txt HTTP/2.0" 200 99 "-" "Mozilla/5.0 AppleWebKit/537.36 (KHTML, like Gecko; compatible; ClaudeBot/1.0; +claudebot@anthropic.com)"
65.108.235.243 - - [15/Jul/2026:04:34:51 +0200] "POST /wp-json/complianz/v1/wsc-scan HTTP/1.1" 400 88 "-" "WordPress/7.0.1; https://elettroservicegroup.it"
65.108.235.243 - - [15/Jul/2026:04:55:46 +0200] "POST /wp-cron.php?doing_wp_cron=1784084146.8964829444885253906250 HTTP/1.1" 200 1 "-" "WordPress/7.0.1; https://elettroservicegroup.it"
79.45.102.64 - - [15/Jul/2026:04:55:43 +0200] "GET /favicon.ico HTTP/2.0" 302 1 "-" "NetworkingExtension/8624.2.5.10.8 Network/5812.122.1 iOS/26.5.2"
79.45.102.64 - - [15/Jul/2026:04:55:47 +0200] "GET /wp-content/uploads/2021/10/cropped-cropped-cropped-cropped-logo_white_background-32x32.png HTTP/2.0" 200 1525 "-" "NetworkingExtension/8624.2.5.10.8 Network/5812.122.1 iOS/26.5.2"
79.45.102.64 - - [15/Jul/2026:04:55:43 +0200] "GET /apple-touch-icon-precomposed.png HTTP/2.0" 404 17626 "-" "NetworkingExtension/8624.2.5.10.8 Network/5812.122.1 iOS/26.5.2"
79.45.102.64 - - [15/Jul/2026:04:55:43 +0200] "GET /apple-touch-icon.png HTTP/2.0" 404 17608 "-" "NetworkingExtension/8624.2.5.10.8 Network/5812.122.1 iOS/26.5.2"
79.45.102.64 - - [15/Jul/2026:04:55:43 +0200] "GET / HTTP/2.0" 200 21581 "-" "Mozilla/5.0 (Macintosh; Intel Mac OS X 10_11_1) AppleWebKit/601.2.4 (KHTML, like Gecko) Version/9.0.1 Safari/601.2.4 facebookexternalhit/1.1 Facebot Twitterbot/1.0"
79.45.102.64 - - [15/Jul/2026:04:55:47 +0200] "GET /wp-content/uploads/2021/10/cropped-cropped-cropped-cropped-logo_white_background-32x32.png HTTP/2.0" 200 1525 "-" "NetworkingExtension/8624.2.5.10.8 Network/5812.122.1 iOS/26.5.2"
79.45.102.64 - - [15/Jul/2026:04:55:47 +0200] "GET /wp-content/uploads/2021/10/cropped-cropped-cropped-cropped-logo_white_background-192x192.png HTTP/2.0" 200 19089 "-" "NetworkingExtension/8624.2.5.10.8 Network/5812.122.1 iOS/26.5.2"
79.45.102.64 - - [15/Jul/2026:04:55:47 +0200] "GET /wp-content/uploads/2021/10/cropped-cropped-cropped-cropped-logo_white_background-180x180.png HTTP/2.0" 200 21353 "-" "NetworkingExtension/8624.2.5.10.8 Network/5812.122.1 iOS/26.5.2"
79.45.102.64 - - [15/Jul/2026:04:55:47 +0200] "GET /wp-content/uploads/2021/10/cropped-logo_white_background.png HTTP/2.0" 200 38971 "-" "NetworkingExtension/8624.2.5.10.8 Network/5812.122.1 iOS/26.5.2"
2a06:98c0:3600::103 - - [15/Jul/2026:04:56:52 +0200] "POST /xmlrpc.php HTTP/2.0" 403 52 "-" "AppsScript-XMLRPC"
65.108.235.243 - - [15/Jul/2026:04:56:59 +0200] "POST /wp-cron.php?doing_wp_cron=1784084219.5139479637145996093750 HTTP/1.1" 200 1 "-" "WordPress/7.0.1; https://elettroservicegroup.it"
2a06:98c0:3600::103 - - [15/Jul/2026:04:56:56 +0200] "GET /wp-admin/ HTTP/2.0" 302 1 "-" "Mozilla/5.0 (AppsScript)"
65.108.235.243 - - [15/Jul/2026:04:57:03 +0200] "POST /wp-cron.php?doing_wp_cron=1784084223.7220649719238281250000 HTTP/1.1" 200 1 "-" "WordPress/7.0.1; https://elettroservicegroup.it"
65.108.235.243 - - [15/Jul/2026:04:56:58 +0200] "POST /wp-admin/admin-ajax.php?action=as_async_request_queue_runner&nonce=fa70a6f571 HTTP/1.1" 200 1 "-" "WordPress/7.0.1; https://elettroservicegroup.it"
2a06:98c0:3600::103 - - [15/Jul/2026:04:57:06 +0200] "GET /wp-login.php?redirect_to=https%3A%2F%2Felettroservicegroup.it%2Fwp-admin%2F&reauth=1 HTTP/2.0" 200 4692 "https://elettroservicegroup.it/" "Mozilla/5.0 (AppsScript)"
2a06:98c0:3600::103 - - [15/Jul/2026:04:57:13 +0200] "GET /wp-login.php?redirect_to=https%3A%2F%2Felettroservicegroup.it%2Fwp-admin%2F&reauth=1 HTTP/2.0" 200 4692 "https://elettroservicegroup.it/" "Mozilla/5.0 (AppsScript)"
2a06:98c0:3600::103 - - [15/Jul/2026:04:57:18 +0200] "POST /wp-login.php HTTP/2.0" 503 6747 "https://elettroservicegroup.it/wp-login.php?redirect_to=https%3A%2F%2Felettroservicegroup.it%2Fwp-admin%2F&reauth=1" "Mozilla/5.0 (AppsScript)"
74.7.175.173 - - [15/Jul/2026:04:57:21 +0200] "GET /robots.txt HTTP/2.0" 200 99 "-" "Mozilla/5.0 (Macintosh; Intel Mac OS X 10_15_7) AppleWebKit/537.36 (KHTML, like Gecko) Chrome/131.0.0.0 Safari/537.36; compatible; OAI-SearchBot/1.4; robots.txt; +https://openai.com/searchbot"
2a06:98c0:3600::103 - - [15/Jul/2026:04:57:23 +0200] "GET /wp-admin/ HTTP/2.0" 503 6747 "https://elettroservicegroup.it/wp-login.php?redirect_to=https%3A%2F%2Felettroservicegroup.it%2Fwp-admin%2F&reauth=1" "Mozilla/5.0 (AppsScript)"
49.51.195.195 - - [15/Jul/2026:05:15:44 +0200] "GET / HTTP/1.1" 200 23488 "http://elettroservicegroup.it" "Mozilla/5.0 (iPhone; CPU iPhone OS 13_2_3 like Mac OS X) AppleWebKit/605.1.15 (KHTML, like Gecko) Version/13.0.3 Mobile/15E148 Safari/604.1"
79.117.136.16 - - [15/Jul/2026:05:51:12 +0200] "POST /xmlrpc.php HTTP/1.1" 200 11887 "-" "Mozilla/5.0 (Windows NT 10.0; Win64; x64) AppleWebKit/537.36"
65.108.235.243 - - [15/Jul/2026:05:57:22 +0200] "POST /wp-json/complianz/v1/wsc-scan HTTP/1.1" 400 88 "-" "WordPress/7.0.1; https://elettroservicegroup.it"
43.153.87.54 - - [15/Jul/2026:05:57:21 +0200] "GET / HTTP/1.1" 200 23477 "http://www.elettroservicegroup.it" "Mozilla/5.0 (iPhone; CPU iPhone OS 13_2_3 like Mac OS X) AppleWebKit/605.1.15 (KHTML, like Gecko) Version/13.0.3 Mobile/15E148 Safari/604.1"
65.108.235.243 - - [15/Jul/2026:06:25:18 +0200] "POST /wp-cron.php?doing_wp_cron=1784089518.4960300922393798828125 HTTP/1.1" 200 1 "-" "WordPress/7.0.1; https://elettroservicegroup.it"
216.73.217.5 - - [15/Jul/2026:06:25:08 +0200] "GET /robots.txt HTTP/2.0" 200 99 "-" "Mozilla/5.0 AppleWebKit/537.36 (KHTML, like Gecko; compatible; ClaudeBot/1.0; +claudebot@anthropic.com)"
65.108.235.243 - - [15/Jul/2026:06:33:10 +0200] "POST /wp-cron.php?doing_wp_cron=1784089990.1877279281616210937500 HTTP/1.1" 200 1 "-" "WordPress/7.0.1; https://elettroservicegroup.it"
173.252.87.25 - - [15/Jul/2026:06:33:03 +0200] "GET /robots.txt HTTP/2.0" 200 177 "-" "facebookexternalhit/1.1 (+http://www.facebook.com/externalhit_uatext.php)"
65.108.235.243 - - [15/Jul/2026:07:48:19 +0200] "POST /wp-cron.php?doing_wp_cron=1784094499.1844120025634765625000 HTTP/1.1" 200 1 "-" "WordPress/7.0.1; https://elettroservicegroup.it"
52.167.144.20 - - [15/Jul/2026:07:48:10 +0200] "GET /sitemap.xml HTTP/2.0" 200 311 "-" "Mozilla/5.0 AppleWebKit/537.36 (KHTML, like Gecko; compatible; bingbot/2.0; +http://www.bing.com/bingbot.htm) Chrome/116.0.1938.76 Safari/537.36"
65.108.235.243 - - [15/Jul/2026:07:48:21 +0200] "POST /wp-json/complianz/v1/wsc-scan HTTP/1.1" 400 88 "-" "WordPress/7.0.1; https://elettroservicegroup.it"
65.108.235.243 - - [15/Jul/2026:07:59:37 +0200] "POST /wp-cron.php?doing_wp_cron=1784095176.9868249893188476562500 HTTP/1.1" 200 1 "-" "WordPress/7.0.1; https://elettroservicegroup.it"
216.73.217.5 - - [15/Jul/2026:07:59:27 +0200] "GET /robots.txt HTTP/2.0" 200 99 "-" "Mozilla/5.0 AppleWebKit/537.36 (KHTML, like Gecko; compatible; ClaudeBot/1.0; +claudebot@anthropic.com)"
175.27.171.245 - - [15/Jul/2026:08:16:17 +0200] "GET / HTTP/1.1" 200 23444 "http://elettroservicegroup.it" "Mozilla/5.0 (iPhone; CPU iPhone OS 13_2_3 like Mac OS X) AppleWebKit/605.1.15 (KHTML, like Gecko) Version/13.0.3 Mobile/15E148 Safari/604.1"
65.108.235.243 - - [15/Jul/2026:08:34:23 +0200] "POST /wp-cron.php?doing_wp_cron=1784097263.3797669410705566406250 HTTP/1.1" 200 1 "-" "WordPress/7.0.1; https://elettroservicegroup.it"
52.167.144.181 - - [15/Jul/2026:08:34:15 +0200] "GET /sitemaps.xml HTTP/2.0" 302 1 "-" "Mozilla/5.0 AppleWebKit/537.36 (KHTML, like Gecko; compatible; bingbot/2.0; +http://www.bing.com/bingbot.htm) Chrome/116.0.1938.76 Safari/537.36"
52.167.144.181 - - [15/Jul/2026:08:34:24 +0200] "GET /sitemap.xml HTTP/2.0" 200 311 "-" "Mozilla/5.0 AppleWebKit/537.36 (KHTML, like Gecko; compatible; bingbot/2.0; +http://www.bing.com/bingbot.htm) Chrome/116.0.1938.76 Safari/537.36"
43.153.76.247 - - [15/Jul/2026:08:41:34 +0200] "GET / HTTP/1.1" 200 23488 "http://elettroservicegroup.it" "Mozilla/5.0 (iPhone; CPU iPhone OS 13_2_3 like Mac OS X) AppleWebKit/605.1.15 (KHTML, like Gecko) Version/13.0.3 Mobile/15E148 Safari/604.1"
65.108.235.243 - - [15/Jul/2026:08:43:55 +0200] "POST /wp-cron.php?doing_wp_cron=1784097835.2829790115356445312500 HTTP/1.1" 200 1 "-" "WordPress/7.0.1; https://elettroservicegroup.it"
40.77.167.78 - - [15/Jul/2026:08:43:46 +0200] "GET /sitemap.rss HTTP/2.0" 200 721 "-" "Mozilla/5.0 AppleWebKit/537.36 (KHTML, like Gecko; compatible; bingbot/2.0; +http://www.bing.com/bingbot.htm) Chrome/116.0.1938.76 Safari/537.36"
65.108.235.243 - - [15/Jul/2026:09:17:52 +0200] "POST /wp-json/complianz/v1/wsc-scan HTTP/1.1" 400 88 "-" "WordPress/7.0.1; https://elettroservicegroup.it"
49.51.183.220 - - [15/Jul/2026:09:17:51 +0200] "GET / HTTP/1.1" 200 23477 "http://www.elettroservicegroup.it" "Mozilla/5.0 (iPhone; CPU iPhone OS 13_2_3 like Mac OS X) AppleWebKit/605.1.15 (KHTML, like Gecko) Version/13.0.3 Mobile/15E148 Safari/604.1"
18.199.223.114 - - [15/Jul/2026:09:19:56 +0200] "HEAD / HTTP/1.1" 200 - "-" "CheckMarkNetwork/1.0 (+http://www.checkmarknetwork.com/spider.html)"
18.199.223.114 - - [15/Jul/2026:09:19:56 +0200] "GET /robots.txt HTTP/1.1" 200 126 "-" "CheckMarkNetwork/1.0 (+http://www.checkmarknetwork.com/spider.html)"
18.199.223.114 - - [15/Jul/2026:09:19:58 +0200] "GET / HTTP/1.1" 200 23186 "-" "CheckMarkNetwork/1.0 (+http://www.checkmarknetwork.com/spider.html)"
18.199.223.114 - - [15/Jul/2026:09:19:58 +0200] "GET /wp-content/cache/wpfc-minified/kdwvm73z/4090j.js HTTP/1.1" 200 33588 "https://elettroservicegroup.it/" "CheckMarkNetwork/1.0 (+http://www.checkmarknetwork.com/spider.html)"
18.199.223.114 - - [15/Jul/2026:09:19:58 +0200] "GET /wp-content/cache/wpfc-minified/qwjjwn1t/4090j.js HTTP/1.1" 200 9094 "https://elettroservicegroup.it/" "CheckMarkNetwork/1.0 (+http://www.checkmarknetwork.com/spider.html)"
18.199.223.114 - - [15/Jul/2026:09:19:58 +0200] "GET /wp-content/plugins/gp-premium/menu-plus/functions/js/sticky.min.js?ver=2.5.5 HTTP/1.1" 200 2832 "https://elettroservicegroup.it/" "CheckMarkNetwork/1.0 (+http://www.checkmarknetwork.com/spider.html)"
18.199.223.114 - - [15/Jul/2026:09:19:58 +0200] "GET /wp-content/plugins/elementor/assets/js/webpack.runtime.min.js?ver=4.1.4 HTTP/1.1" 200 2539 "https://elettroservicegroup.it/" "CheckMarkNetwork/1.0 (+http://www.checkmarknetwork.com/spider.html)"
18.199.223.114 - - [15/Jul/2026:09:19:59 +0200] "GET /wp-content/plugins/elementor/assets/js/frontend-modules.min.js?ver=4.1.4 HTTP/1.1" 200 15970 "https://elettroservicegroup.it/" "CheckMarkNetwork/1.0 (+http://www.checkmarknetwork.com/spider.html)"
18.199.223.114 - - [15/Jul/2026:09:19:59 +0200] "GET /wp-includes/js/jquery/ui/core.min.js?ver=1.13.3 HTTP/1.1" 200 7106 "https://elettroservicegroup.it/" "CheckMarkNetwork/1.0 (+http://www.checkmarknetwork.com/spider.html)"
18.199.223.114 - - [15/Jul/2026:09:19:59 +0200] "GET /wp-content/plugins/elementor/assets/js/frontend.min.js?ver=4.1.4 HTTP/1.1" 200 10417 "https://elettroservicegroup.it/" "CheckMarkNetwork/1.0 (+http://www.checkmarknetwork.com/spider.html)"
18.199.223.114 - - [15/Jul/2026:09:19:59 +0200] "GET /wp-content/themes/generatepress/assets/js/menu.min.js?ver=3.6.1 HTTP/1.1" 200 1836 "https://elettroservicegroup.it/" "CheckMarkNetwork/1.0 (+http://www.checkmarknetwork.com/spider.html)"
18.199.223.114 - - [15/Jul/2026:09:19:59 +0200] "GET /wp-content/themes/generatepress/assets/js/back-to-top.min.js?ver=3.6.1 HTTP/1.1" 200 390 "https://elettroservicegroup.it/" "CheckMarkNetwork/1.0 (+http://www.checkmarknetwork.com/spider.html)"
18.199.223.114 - - [15/Jul/2026:09:19:59 +0200] "GET /wp-content/plugins/complianz-gdpr-premium/cookiebanner/js/complianz.min.js?ver=1783097327 HTTP/1.1" 200 11225 "https://elettroservicegroup.it/" "CheckMarkNetwork/1.0 (+http://www.checkmarknetwork.com/spider.html)"
18.199.223.114 - - [15/Jul/2026:09:20:00 +0200] "GET /wp-content/cache/wpfc-minified/21nu4lni/4090j.css HTTP/1.1" 200 8068 "-" "CheckMarkNetwork/1.0 (+http://www.checkmarknetwork.com/spider.html)"
18.199.223.114 - - [15/Jul/2026:09:20:00 +0200] "GET /wp-content/uploads/elementor/css/post-13305.css?ver=1783221587 HTTP/1.1" 200 2777 "-" "CheckMarkNetwork/1.0 (+http://www.checkmarknetwork.com/spider.html)"
18.199.223.114 - - [15/Jul/2026:09:20:00 +0200] "GET /wp-content/cache/wpfc-minified/6yk1ya41/4090j.css HTTP/1.1" 200 16380 "-" "CheckMarkNetwork/1.0 (+http://www.checkmarknetwork.com/spider.html)"
18.199.223.114 - - [15/Jul/2026:09:20:00 +0200] "GET /wp-content/cache/wpfc-minified/dih7xtos/4090j.css HTTP/1.1" 200 20164 "-" "CheckMarkNetwork/1.0 (+http://www.checkmarknetwork.com/spider.html)"
18.199.223.114 - - [15/Jul/2026:09:20:00 +0200] "GET /wp-content/cache/wpfc-minified/7ahyfouu/4090j.css HTTP/1.1" 200 4675 "-" "CheckMarkNetwork/1.0 (+http://www.checkmarknetwork.com/spider.html)"
18.199.223.114 - - [15/Jul/2026:09:20:00 +0200] "GET /wp-content/cache/wpfc-minified/degfepky/40914.css HTTP/1.1" 200 17367 "-" "CheckMarkNetwork/1.0 (+http://www.checkmarknetwork.com/spider.html)"
18.199.223.114 - - [15/Jul/2026:09:20:00 +0200] "GET /wp-content/cache/wpfc-minified/10hpkmg7/4090j.css HTTP/1.1" 200 506 "-" "CheckMarkNetwork/1.0 (+http://www.checkmarknetwork.com/spider.html)"
18.199.223.114 - - [15/Jul/2026:09:20:00 +0200] "GET /wp-content/uploads/elementor/css/post-14146.css?ver=1783221575 HTTP/1.1" 200 489 "-" "CheckMarkNetwork/1.0 (+http://www.checkmarknetwork.com/spider.html)"
18.199.223.114 - - [15/Jul/2026:09:20:00 +0200] "GET /wp-content/cache/wpfc-minified/eh40z7s2/4090j.css HTTP/1.1" 200 12389 "-" "CheckMarkNetwork/1.0 (+http://www.checkmarknetwork.com/spider.html)"
18.199.223.114 - - [15/Jul/2026:09:20:00 +0200] "GET /wp-content/uploads/elementor/css/post-14366.css?ver=1783221576 HTTP/1.1" 200 358 "-" "CheckMarkNetwork/1.0 (+http://www.checkmarknetwork.com/spider.html)"
18.199.223.114 - - [15/Jul/2026:09:20:03 +0200] "GET /wp-content/cache/wpfc-minified/kdwvm73z/4090j.js HTTP/1.1" 200 33588 "-" "CheckMarkNetwork/1.0 (+http://www.checkmarknetwork.com/spider.html)"
18.199.223.114 - - [15/Jul/2026:09:20:03 +0200] "GET /wp-content/cache/wpfc-minified/qwjjwn1t/4090j.js HTTP/1.1" 200 9094 "-" "CheckMarkNetwork/1.0 (+http://www.checkmarknetwork.com/spider.html)"
18.199.223.114 - - [15/Jul/2026:09:20:04 +0200] "GET /wp-content/plugins/gp-premium/menu-plus/functions/js/sticky.min.js?ver=2.5.5 HTTP/1.1" 200 2832 "-" "CheckMarkNetwork/1.0 (+http://www.checkmarknetwork.com/spider.html)"
18.199.223.114 - - [15/Jul/2026:09:20:04 +0200] "GET /wp-content/plugins/elementor/assets/js/webpack.runtime.min.js?ver=4.1.4 HTTP/1.1" 200 2539 "-" "CheckMarkNetwork/1.0 (+http://www.checkmarknetwork.com/spider.html)"
18.199.223.114 - - [15/Jul/2026:09:20:04 +0200] "GET /wp-content/plugins/elementor/assets/js/frontend-modules.min.js?ver=4.1.4 HTTP/1.1" 200 15970 "-" "CheckMarkNetwork/1.0 (+http://www.checkmarknetwork.com/spider.html)"
18.199.223.114 - - [15/Jul/2026:09:20:04 +0200] "GET /wp-includes/js/jquery/ui/core.min.js?ver=1.13.3 HTTP/1.1" 200 7106 "-" "CheckMarkNetwork/1.0 (+http://www.checkmarknetwork.com/spider.html)"
18.199.223.114 - - [15/Jul/2026:09:20:04 +0200] "GET /wp-content/plugins/elementor/assets/js/frontend.min.js?ver=4.1.4 HTTP/1.1" 200 10417 "-" "CheckMarkNetwork/1.0 (+http://www.checkmarknetwork.com/spider.html)"
18.199.223.114 - - [15/Jul/2026:09:20:04 +0200] "GET /wp-content/themes/generatepress/assets/js/menu.min.js?ver=3.6.1 HTTP/1.1" 200 1836 "-" "CheckMarkNetwork/1.0 (+http://www.checkmarknetwork.com/spider.html)"
18.199.223.114 - - [15/Jul/2026:09:20:04 +0200] "GET /wp-content/themes/generatepress/assets/js/back-to-top.min.js?ver=3.6.1 HTTP/1.1" 200 390 "-" "CheckMarkNetwork/1.0 (+http://www.checkmarknetwork.com/spider.html)"
18.199.223.114 - - [15/Jul/2026:09:20:05 +0200] "GET /wp-content/plugins/complianz-gdpr-premium/cookiebanner/js/complianz.min.js?ver=1783097327 HTTP/1.1" 200 11225 "-" "CheckMarkNetwork/1.0 (+http://www.checkmarknetwork.com/spider.html)"
65.108.235.243 - - [15/Jul/2026:10:07:02 +0200] "POST /wp-cron.php?doing_wp_cron=1784102822.5981369018554687500000 HTTP/1.1" 200 1 "-" "WordPress/7.0.1; https://elettroservicegroup.it"
51.158.145.165 - - [15/Jul/2026:10:06:55 +0200] "GET /index.php?rest_route=/wp/v2/users HTTP/2.0" 401 108 "-" "Mozilla/5.0 (Windows NT 10.0; Win64; x64) AppleWebKit/537.36 (KHTML, like Gecko) Chrome/148.0.0.0 Safari/537.36"
208.76.40.211 - - [15/Jul/2026:10:09:06 +0200] "GET / HTTP/1.1" 415 140430 "-" "Mozilla/5.0 (compatible; RecScan/2.0)"
65.108.235.243 - - [15/Jul/2026:10:26:46 +0200] "POST /wp-cron.php?doing_wp_cron=1784104006.6879889965057373046875 HTTP/1.1" 200 1 "-" "WordPress/7.0.1; https://elettroservicegroup.it"
40.77.167.159 - - [15/Jul/2026:10:26:35 +0200] "GET /sitemap.rss HTTP/2.0" 200 720 "-" "Mozilla/5.0 AppleWebKit/537.36 (KHTML, like Gecko; compatible; bingbot/2.0; +http://www.bing.com/bingbot.htm) Chrome/116.0.1938.76 Safari/537.36"
65.108.235.243 - - [15/Jul/2026:10:26:49 +0200] "POST /wp-json/complianz/v1/wsc-scan HTTP/1.1" 400 88 "-" "WordPress/7.0.1; https://elettroservicegroup.it"
65.108.235.243 - - [15/Jul/2026:10:46:00 +0200] "POST /wp-cron.php?doing_wp_cron=1784105160.1783909797668457031250 HTTP/1.1" 200 1 "-" "WordPress/7.0.1; https://elettroservicegroup.it"
216.73.217.5 - - [15/Jul/2026:10:45:48 +0200] "GET /robots.txt HTTP/2.0" 200 99 "-" "Mozilla/5.0 AppleWebKit/537.36 (KHTML, like Gecko; compatible; ClaudeBot/1.0; +claudebot@anthropic.com)"
108.165.14.24 - - [15/Jul/2026:11:19:07 +0200] "GET / HTTP/2.0" 200 23186 "-" "Mozilla/5.0 (Macintosh; Intel Mac OS X 14_4_1) AppleWebKit/605.1.15 (KHTML, like Gecko) Version/17.4.1 Safari/605.1.15"
65.108.235.243 - - [15/Jul/2026:11:20:01 +0200] "POST /wp-cron.php?doing_wp_cron=1784107201.1887090206146240234375 HTTP/1.1" 200 1 "-" "WordPress/7.0.1; https://elettroservicegroup.it"
108.165.14.24 - - [15/Jul/2026:11:19:53 +0200] "GET /imprint HTTP/2.0" 301 - "-" "Mozilla/5.0 (Windows NT 10.0; Win64; x64) AppleWebKit/537.36 (KHTML, like Gecko) Chrome/124.0.0.0 Safari/537.36"
108.165.14.24 - - [15/Jul/2026:11:20:01 +0200] "GET /imprint/ HTTP/2.0" 200 18900 "https://elettroservicegroup.it/imprint" "Mozilla/5.0 (Windows NT 10.0; Win64; x64) AppleWebKit/537.36 (KHTML, like Gecko) Chrome/124.0.0.0 Safari/537.36"
65.108.235.243 - - [15/Jul/2026:11:21:00 +0200] "POST /wp-cron.php?doing_wp_cron=1784107260.1951580047607421875000 HTTP/1.1" 200 1 "-" "WordPress/7.0.1; https://elettroservicegroup.it"
108.165.14.24 - - [15/Jul/2026:11:20:51 +0200] "GET /dichiarazione-sulla-privacy-ue HTTP/2.0" 301 - "-" "Mozilla/5.0 (Windows NT 10.0; Win64; x64) AppleWebKit/537.36 (KHTML, like Gecko) Chrome/124.0.0.0 Safari/537.36"
108.165.14.24 - - [15/Jul/2026:11:21:01 +0200] "GET /dichiarazione-sulla-privacy-ue/ HTTP/2.0" 200 22188 "https://elettroservicegroup.it/dichiarazione-sulla-privacy-ue" "Mozilla/5.0 (Windows NT 10.0; Win64; x64) AppleWebKit/537.36 (KHTML, like Gecko) Chrome/124.0.0.0 Safari/537.36"
108.165.14.24 - - [15/Jul/2026:11:21:03 +0200] "GET /dichiarazione-sulla-privacy-ue HTTP/2.0" 301 - "-" "Mozilla/5.0 (Macintosh; Intel Mac OS X 14.4; rv:125.0) Gecko/20100101 Firefox/125.0"
108.165.14.24 - - [15/Jul/2026:11:21:04 +0200] "GET /dichiarazione-sulla-privacy-ue/ HTTP/2.0" 200 22188 "https://elettroservicegroup.it/dichiarazione-sulla-privacy-ue" "Mozilla/5.0 (Macintosh; Intel Mac OS X 14.4; rv:125.0) Gecko/20100101 Firefox/125.0"
108.165.14.24 - - [15/Jul/2026:11:21:49 +0200] "GET /cookie-policy-ue HTTP/2.0" 301 - "-" "Mozilla/5.0 (Macintosh; Intel Mac OS X 14_4_1) AppleWebKit/605.1.15 (KHTML, like Gecko) Version/17.4.1 Safari/605.1.15"
108.165.14.24 - - [15/Jul/2026:11:21:57 +0200] "GET /cookie-policy-ue/ HTTP/2.0" 200 22292 "https://elettroservicegroup.it/cookie-policy-ue" "Mozilla/5.0 (Macintosh; Intel Mac OS X 14_4_1) AppleWebKit/605.1.15 (KHTML, like Gecko) Version/17.4.1 Safari/605.1.15"
108.165.14.24 - - [15/Jul/2026:11:22:42 +0200] "GET / HTTP/2.0" 200 23186 "-" "Mozilla/5.0 (Windows NT 10.0; Win64; x64; rv:125.0) Gecko/20100101 Firefox/125.0"
65.108.235.243 - - [15/Jul/2026:11:26:21 +0200] "POST /wp-cron.php?doing_wp_cron=1784107580.9848470687866210937500 HTTP/1.1" 200 1 "-" "WordPress/7.0.1; https://elettroservicegroup.it"
108.165.14.24 - - [15/Jul/2026:11:26:11 +0200] "GET /chi-siamo HTTP/2.0" 301 - "-" "Mozilla/5.0 (Windows NT 10.0; Win64; x64) AppleWebKit/537.36 (KHTML, like Gecko) Chrome/124.0.0.0 Safari/537.36 Edg/124.0.0.0"
108.165.14.24 - - [15/Jul/2026:11:26:22 +0200] "GET /chi-siamo HTTP/2.0" 301 - "-" "Mozilla/5.0 (Windows NT 10.0; Win64; x64) AppleWebKit/537.36 (KHTML, like Gecko) Chrome/124.0.0.0 Safari/537.36"
108.165.14.24 - - [15/Jul/2026:11:26:24 +0200] "GET /chi-siamo/ HTTP/2.0" 200 23947 "https://elettroservicegroup.it/chi-siamo" "Mozilla/5.0 (Windows NT 10.0; Win64; x64) AppleWebKit/537.36 (KHTML, like Gecko) Chrome/124.0.0.0 Safari/537.36"
65.108.235.243 - - [15/Jul/2026:11:31:08 +0200] "POST /wp-cron.php?doing_wp_cron=1784107868.0885450839996337890625 HTTP/1.1" 200 1 "-" "WordPress/7.0.1; https://elettroservicegroup.it"
108.165.14.24 - - [15/Jul/2026:11:31:00 +0200] "GET /termini-e-condizioni HTTP/2.0" 301 - "-" "Mozilla/5.0 (Macintosh; Intel Mac OS X 14.4; rv:125.0) Gecko/20100101 Firefox/125.0"
108.165.14.24 - - [15/Jul/2026:11:31:08 +0200] "GET /termini-e-condizioni/ HTTP/2.0" 200 19944 "https://elettroservicegroup.it/termini-e-condizioni" "Mozilla/5.0 (Macintosh; Intel Mac OS X 14.4; rv:125.0) Gecko/20100101 Firefox/125.0"
65.108.235.243 - - [15/Jul/2026:11:31:09 +0200] "POST /wp-json/complianz/v1/wsc-scan HTTP/1.1" 400 88 "-" "WordPress/7.0.1; https://elettroservicegroup.it"
108.165.14.24 - - [15/Jul/2026:11:31:10 +0200] "GET /termini-e-condizioni HTTP/2.0" 301 - "-" "Mozilla/5.0 (Windows NT 10.0; Win64; x64) AppleWebKit/537.36 (KHTML, like Gecko) Chrome/124.0.0.0 Safari/537.36"
108.165.14.24 - - [15/Jul/2026:11:31:12 +0200] "GET /termini-e-condizioni/ HTTP/2.0" 200 19944 "https://elettroservicegroup.it/termini-e-condizioni" "Mozilla/5.0 (Windows NT 10.0; Win64; x64) AppleWebKit/537.36 (KHTML, like Gecko) Chrome/124.0.0.0 Safari/537.36"
47.128.23.208 - - [15/Jul/2026:11:33:03 +0200] "GET /robots.txt HTTP/1.1" 200 11967 "-" "Mozilla/5.0 (Linux; Android 5.0) AppleWebKit/537.36 (KHTML, like Gecko) Mobile Safari/537.36 (compatible; Bytespider; spider-feedback@bytedance.com)"
95.108.213.1 - - [15/Jul/2026:11:42:36 +0200] "GET /robots.txt HTTP/1.1" 200 177 "-" "Mozilla/5.0 (compatible; YandexBot/3.0; +http://yandex.com/bots)"
65.108.235.243 - - [15/Jul/2026:11:42:45 +0200] "POST /wp-cron.php?doing_wp_cron=1784108565.7868831157684326171875 HTTP/1.1" 200 1 "-" "WordPress/7.0.1; https://elettroservicegroup.it"
95.108.213.231 - - [15/Jul/2026:11:42:37 +0200] "GET /robots.txt HTTP/1.1" 200 177 "-" "Mozilla/5.0 (compatible; YandexBot/3.0; +http://yandex.com/bots)"
95.108.213.5 - - [15/Jul/2026:11:42:46 +0200] "GET /sitemap.rss HTTP/2.0" 415 2601 "-" "Mozilla/5.0 (compatible; YandexBot/3.0; +http://yandex.com/bots)"
95.108.213.119 - - [15/Jul/2026:11:42:46 +0200] "GET /sitemap.rss HTTP/2.0" 200 688 "-" "Mozilla/5.0 (compatible; YandexBot/3.0; +http://yandex.com/bots)"