66.249.64.170 - - [15/Jul/2026:03:08:33 +0200] "GET /?h=27511929041100 HTTP/1.1" 301 313 "-" "Mozilla/5.0 (Linux; Android 6.0.1; Nexus 5X Build/MMB29P) AppleWebKit/537.36 (KHTML, like Gecko) Chrome/150.0.7871.46 Mobile Safari/537.36 (compatible; Googlebot/2.1; +http://www.google.com/bot.html)"
66.249.64.170 - - [15/Jul/2026:03:08:34 +0200] "GET /?h=1792281001100 HTTP/1.1" 301 312 "-" "Mozilla/5.0 (Linux; Android 6.0.1; Nexus 5X Build/MMB29P) AppleWebKit/537.36 (KHTML, like Gecko) Chrome/150.0.7871.46 Mobile Safari/537.36 (compatible; Googlebot/2.1; +http://www.google.com/bot.html)"
66.249.64.169 - - [15/Jul/2026:03:08:35 +0200] "GET /index.php/?h=27511929041100 HTTP/1.1" 301 - "-" "Mozilla/5.0 (Linux; Android 6.0.1; Nexus 5X Build/MMB29P) AppleWebKit/537.36 (KHTML, like Gecko) Chrome/150.0.7871.46 Mobile Safari/537.36 (compatible; Googlebot/2.1; +http://www.google.com/bot.html)"
66.249.64.171 - - [15/Jul/2026:03:08:35 +0200] "GET /index.php/?h=1792281001100 HTTP/1.1" 301 - "-" "Mozilla/5.0 (Linux; Android 6.0.1; Nexus 5X Build/MMB29P) AppleWebKit/537.36 (KHTML, like Gecko) Chrome/150.0.7871.46 Mobile Safari/537.36 (compatible; Googlebot/2.1; +http://www.google.com/bot.html)"
66.249.64.170 - - [15/Jul/2026:03:08:44 +0200] "GET /productSearch/pictureSearch?id=22059996921100 HTTP/1.1" 301 314 "-" "Mozilla/5.0 (Linux; Android 6.0.1; Nexus 5X Build/MMB29P) AppleWebKit/537.36 (KHTML, like Gecko) Chrome/150.0.7871.46 Mobile Safari/537.36 (compatible; Googlebot/2.1; +http://www.google.com/bot.html)"
66.249.64.170 - - [15/Jul/2026:03:08:44 +0200] "GET /index.php/?id=22059996921100 HTTP/1.1" 301 - "-" "Mozilla/5.0 (Linux; Android 6.0.1; Nexus 5X Build/MMB29P) AppleWebKit/537.36 (KHTML, like Gecko) Chrome/150.0.7871.46 Mobile Safari/537.36 (compatible; Googlebot/2.1; +http://www.google.com/bot.html)"
66.249.64.171 - - [15/Jul/2026:03:09:23 +0200] "GET /?h=38151291521100 HTTP/1.1" 301 313 "-" "Mozilla/5.0 (Linux; Android 6.0.1; Nexus 5X Build/MMB29P) AppleWebKit/537.36 (KHTML, like Gecko) Chrome/150.0.7871.46 Mobile Safari/537.36 (compatible; Googlebot/2.1; +http://www.google.com/bot.html)"
66.249.64.169 - - [15/Jul/2026:03:09:24 +0200] "GET /index.php/?h=38151291521100 HTTP/1.1" 301 - "-" "Mozilla/5.0 (Linux; Android 6.0.1; Nexus 5X Build/MMB29P) AppleWebKit/537.36 (KHTML, like Gecko) Chrome/150.0.7871.46 Mobile Safari/537.36 (compatible; Googlebot/2.1; +http://www.google.com/bot.html)"
40.77.167.158 - - [15/Jul/2026:03:09:54 +0200] "GET /assistenza-aeg-verona/ HTTP/2.0" 301 296 "-" "Mozilla/5.0 AppleWebKit/537.36 (KHTML, like Gecko; compatible; bingbot/2.0; +http://www.bing.com/bingbot.htm) Chrome/116.0.1938.76 Safari/537.36"
40.77.167.158 - - [15/Jul/2026:03:09:55 +0200] "GET /index.php/ HTTP/2.0" 301 - "-" "Mozilla/5.0 AppleWebKit/537.36 (KHTML, like Gecko; compatible; bingbot/2.0; +http://www.bing.com/bingbot.htm) Chrome/116.0.1938.76 Safari/537.36"
66.249.64.169 - - [15/Jul/2026:03:10:30 +0200] "GET /product/review/36721269201100 HTTP/1.1" 301 296 "-" "Mozilla/5.0 (Linux; Android 6.0.1; Nexus 5X Build/MMB29P) AppleWebKit/537.36 (KHTML, like Gecko) Chrome/150.0.7871.46 Mobile Safari/537.36 (compatible; Googlebot/2.1; +http://www.google.com/bot.html)"
66.249.64.170 - - [15/Jul/2026:03:11:07 +0200] "GET /?h=28818010921100 HTTP/1.1" 301 313 "-" "Mozilla/5.0 (compatible; Googlebot/2.1; +http://www.google.com/bot.html)"
66.249.64.170 - - [15/Jul/2026:03:11:07 +0200] "GET /index.php/?h=28818010921100 HTTP/1.1" 301 - "-" "Mozilla/5.0 (compatible; Googlebot/2.1; +http://www.google.com/bot.html)"
66.249.64.170 - - [15/Jul/2026:03:11:12 +0200] "GET /productSearch/pictureSearch?id=5950828161100 HTTP/1.1" 301 313 "-" "Mozilla/5.0 (Linux; Android 6.0.1; Nexus 5X Build/MMB29P) AppleWebKit/537.36 (KHTML, like Gecko) Chrome/150.0.7871.46 Mobile Safari/537.36 (compatible; Googlebot/2.1; +http://www.google.com/bot.html)"
66.249.64.169 - - [15/Jul/2026:03:11:12 +0200] "GET /index.php/?id=5950828161100 HTTP/1.1" 301 - "-" "Mozilla/5.0 (Linux; Android 6.0.1; Nexus 5X Build/MMB29P) AppleWebKit/537.36 (KHTML, like Gecko) Chrome/150.0.7871.46 Mobile Safari/537.36 (compatible; Googlebot/2.1; +http://www.google.com/bot.html)"
66.249.64.169 - - [15/Jul/2026:03:11:55 +0200] "GET /?h=5925628281100 HTTP/1.1" 301 312 "-" "Mozilla/5.0 (Linux; Android 6.0.1; Nexus 5X Build/MMB29P) AppleWebKit/537.36 (KHTML, like Gecko) Chrome/150.0.7871.46 Mobile Safari/537.36 (compatible; Googlebot/2.1; +http://www.google.com/bot.html)"
66.249.64.169 - - [15/Jul/2026:03:11:56 +0200] "GET /index.php/?h=5925628281100 HTTP/1.1" 301 - "-" "Mozilla/5.0 (Linux; Android 6.0.1; Nexus 5X Build/MMB29P) AppleWebKit/537.36 (KHTML, like Gecko) Chrome/150.0.7871.46 Mobile Safari/537.36 (compatible; Googlebot/2.1; +http://www.google.com/bot.html)"
66.249.64.169 - - [15/Jul/2026:03:12:20 +0200] "GET /?h=42854000921100 HTTP/1.1" 301 313 "-" "Mozilla/5.0 (Linux; Android 6.0.1; Nexus 5X Build/MMB29P) AppleWebKit/537.36 (KHTML, like Gecko) Chrome/150.0.7871.46 Mobile Safari/537.36 (compatible; Googlebot/2.1; +http://www.google.com/bot.html)"
66.249.64.171 - - [15/Jul/2026:03:12:21 +0200] "GET /index.php/?h=42854000921100 HTTP/1.1" 301 - "-" "Mozilla/5.0 (Linux; Android 6.0.1; Nexus 5X Build/MMB29P) AppleWebKit/537.36 (KHTML, like Gecko) Chrome/150.0.7871.46 Mobile Safari/537.36 (compatible; Googlebot/2.1; +http://www.google.com/bot.html)"
66.249.64.169 - - [15/Jul/2026:03:12:47 +0200] "GET /?h=1696852681100 HTTP/1.1" 301 312 "-" "Mozilla/5.0 (compatible; Googlebot/2.1; +http://www.google.com/bot.html)"
66.249.64.169 - - [15/Jul/2026:03:12:47 +0200] "GET /index.php/?h=1696852681100 HTTP/1.1" 301 - "-" "Mozilla/5.0 (compatible; Googlebot/2.1; +http://www.google.com/bot.html)"
66.249.64.170 - - [15/Jul/2026:03:13:00 +0200] "GET /product/category/view_more/7652633201100 HTTP/1.1" 301 296 "-" "Mozilla/5.0 (Linux; Android 6.0.1; Nexus 5X Build/MMB29P) AppleWebKit/537.36 (KHTML, like Gecko) Chrome/150.0.7871.46 Mobile Safari/537.36 (compatible; Googlebot/2.1; +http://www.google.com/bot.html)"
66.249.64.170 - - [15/Jul/2026:03:13:06 +0200] "GET /?h=32963204681100 HTTP/1.1" 301 313 "-" "Mozilla/5.0 (Linux; Android 6.0.1; Nexus 5X Build/MMB29P) AppleWebKit/537.36 (KHTML, like Gecko) Chrome/150.0.7871.46 Mobile Safari/537.36 (compatible; Googlebot/2.1; +http://www.google.com/bot.html)"
66.249.64.170 - - [15/Jul/2026:03:13:07 +0200] "GET /index.php/?h=32963204681100 HTTP/1.1" 301 - "-" "Mozilla/5.0 (Linux; Android 6.0.1; Nexus 5X Build/MMB29P) AppleWebKit/537.36 (KHTML, like Gecko) Chrome/150.0.7871.46 Mobile Safari/537.36 (compatible; Googlebot/2.1; +http://www.google.com/bot.html)"
66.249.64.169 - - [15/Jul/2026:03:13:44 +0200] "GET /productSearch/pictureSearch?id=13885761601100 HTTP/1.1" 301 314 "-" "Mozilla/5.0 (Linux; Android 6.0.1; Nexus 5X Build/MMB29P) AppleWebKit/537.36 (KHTML, like Gecko) Chrome/150.0.7871.46 Mobile Safari/537.36 (compatible; Googlebot/2.1; +http://www.google.com/bot.html)"
66.249.64.169 - - [15/Jul/2026:03:13:44 +0200] "GET /index.php/?id=13885761601100 HTTP/1.1" 301 - "-" "Mozilla/5.0 (Linux; Android 6.0.1; Nexus 5X Build/MMB29P) AppleWebKit/537.36 (KHTML, like Gecko) Chrome/150.0.7871.46 Mobile Safari/537.36 (compatible; Googlebot/2.1; +http://www.google.com/bot.html)"
66.249.64.169 - - [15/Jul/2026:03:14:33 +0200] "GET /?h=21602997321100 HTTP/1.1" 301 313 "-" "Mozilla/5.0 (Linux; Android 6.0.1; Nexus 5X Build/MMB29P) AppleWebKit/537.36 (KHTML, like Gecko) Chrome/150.0.7871.46 Mobile Safari/537.36 (compatible; Googlebot/2.1; +http://www.google.com/bot.html)"
66.249.64.171 - - [15/Jul/2026:03:14:33 +0200] "GET /?h=29091330401100 HTTP/1.1" 301 313 "-" "Mozilla/5.0 (Linux; Android 6.0.1; Nexus 5X Build/MMB29P) AppleWebKit/537.36 (KHTML, like Gecko) Chrome/150.0.7871.46 Mobile Safari/537.36 (compatible; Googlebot/2.1; +http://www.google.com/bot.html)"
66.249.64.169 - - [15/Jul/2026:03:14:33 +0200] "GET /index.php/?h=29091330401100 HTTP/1.1" 301 - "-" "Mozilla/5.0 (Linux; Android 6.0.1; Nexus 5X Build/MMB29P) AppleWebKit/537.36 (KHTML, like Gecko) Chrome/150.0.7871.46 Mobile Safari/537.36 (compatible; Googlebot/2.1; +http://www.google.com/bot.html)"
66.249.64.170 - - [15/Jul/2026:03:14:33 +0200] "GET /index.php/?h=21602997321100 HTTP/1.1" 301 - "-" "Mozilla/5.0 (Linux; Android 6.0.1; Nexus 5X Build/MMB29P) AppleWebKit/537.36 (KHTML, like Gecko) Chrome/150.0.7871.46 Mobile Safari/537.36 (compatible; Googlebot/2.1; +http://www.google.com/bot.html)"
66.249.64.169 - - [15/Jul/2026:03:14:49 +0200] "GET /?h=15394412321100 HTTP/1.1" 301 313 "-" "Mozilla/5.0 (Linux; Android 6.0.1; Nexus 5X Build/MMB29P) AppleWebKit/537.36 (KHTML, like Gecko) Chrome/150.0.7871.46 Mobile Safari/537.36 (compatible; Googlebot/2.1; +http://www.google.com/bot.html)"
66.249.64.169 - - [15/Jul/2026:03:14:49 +0200] "GET /?h=15394412321100 HTTP/1.1" 301 313 "-" "Mozilla/5.0 (compatible; Googlebot/2.1; +http://www.google.com/bot.html)"
66.249.64.169 - - [15/Jul/2026:03:14:49 +0200] "GET /index.php/?h=15394412321100 HTTP/1.1" 301 - "-" "Mozilla/5.0 (Linux; Android 6.0.1; Nexus 5X Build/MMB29P) AppleWebKit/537.36 (KHTML, like Gecko) Chrome/150.0.7871.46 Mobile Safari/537.36 (compatible; Googlebot/2.1; +http://www.google.com/bot.html)"
66.249.64.170 - - [15/Jul/2026:03:14:50 +0200] "GET /index.php/?h=15394412321100 HTTP/1.1" 301 - "-" "Mozilla/5.0 (compatible; Googlebot/2.1; +http://www.google.com/bot.html)"
66.249.64.170 - - [15/Jul/2026:03:15:49 +0200] "GET /shop/sold?id=top33805438681100 HTTP/1.1" 301 317 "-" "Mozilla/5.0 (Linux; Android 6.0.1; Nexus 5X Build/MMB29P) AppleWebKit/537.36 (KHTML, like Gecko) Chrome/150.0.7871.46 Mobile Safari/537.36 (compatible; Googlebot/2.1; +http://www.google.com/bot.html)"
66.249.64.171 - - [15/Jul/2026:03:15:49 +0200] "GET /index.php/?id=top33805438681100 HTTP/1.1" 301 - "-" "Mozilla/5.0 (Linux; Android 6.0.1; Nexus 5X Build/MMB29P) AppleWebKit/537.36 (KHTML, like Gecko) Chrome/150.0.7871.46 Mobile Safari/537.36 (compatible; Googlebot/2.1; +http://www.google.com/bot.html)"
66.249.64.171 - - [15/Jul/2026:03:15:49 +0200] "GET /shop/sold?id=top18190390481100 HTTP/1.1" 301 317 "-" "Mozilla/5.0 (Linux; Android 6.0.1; Nexus 5X Build/MMB29P) AppleWebKit/537.36 (KHTML, like Gecko) Chrome/150.0.7871.46 Mobile Safari/537.36 (compatible; Googlebot/2.1; +http://www.google.com/bot.html)"
66.249.64.169 - - [15/Jul/2026:03:15:50 +0200] "GET /index.php/?id=top18190390481100 HTTP/1.1" 301 - "-" "Mozilla/5.0 (Linux; Android 6.0.1; Nexus 5X Build/MMB29P) AppleWebKit/537.36 (KHTML, like Gecko) Chrome/150.0.7871.46 Mobile Safari/537.36 (compatible; Googlebot/2.1; +http://www.google.com/bot.html)"
66.249.64.170 - - [15/Jul/2026:03:16:01 +0200] "GET /?h=31331941401100 HTTP/1.1" 301 313 "-" "Mozilla/5.0 (compatible; Googlebot/2.1; +http://www.google.com/bot.html)"
66.249.64.170 - - [15/Jul/2026:03:16:01 +0200] "GET /index.php/?h=31331941401100 HTTP/1.1" 301 - "-" "Mozilla/5.0 (compatible; Googlebot/2.1; +http://www.google.com/bot.html)"
212.193.3.149 - - [15/Jul/2026:03:16:05 +0200] "HEAD / HTTP/1.1" 301 - "-" "Mozilla/5.0 (compatible; Googlebot/2.1; +http://www.google.com/bot.html)"
66.249.64.170 - - [15/Jul/2026:03:16:16 +0200] "GET /?h=12317326441100 HTTP/1.1" 301 313 "-" "Mozilla/5.0 (Linux; Android 6.0.1; Nexus 5X Build/MMB29P) AppleWebKit/537.36 (KHTML, like Gecko) Chrome/150.0.7871.46 Mobile Safari/537.36 (compatible; Googlebot/2.1; +http://www.google.com/bot.html)"
66.249.64.170 - - [15/Jul/2026:03:16:16 +0200] "GET /index.php/?h=12317326441100 HTTP/1.1" 301 - "-" "Mozilla/5.0 (Linux; Android 6.0.1; Nexus 5X Build/MMB29P) AppleWebKit/537.36 (KHTML, like Gecko) Chrome/150.0.7871.46 Mobile Safari/537.36 (compatible; Googlebot/2.1; +http://www.google.com/bot.html)"
66.249.64.169 - - [15/Jul/2026:03:16:30 +0200] "GET /productSearch/pictureSearch?id=43517284441100 HTTP/1.1" 301 314 "-" "Mozilla/5.0 (Linux; Android 6.0.1; Nexus 5X Build/MMB29P) AppleWebKit/537.36 (KHTML, like Gecko) Chrome/150.0.7871.46 Mobile Safari/537.36 (compatible; Googlebot/2.1; +http://www.google.com/bot.html)"
66.249.64.169 - - [15/Jul/2026:03:16:30 +0200] "GET /index.php/?id=43517284441100 HTTP/1.1" 301 - "-" "Mozilla/5.0 (Linux; Android 6.0.1; Nexus 5X Build/MMB29P) AppleWebKit/537.36 (KHTML, like Gecko) Chrome/150.0.7871.46 Mobile Safari/537.36 (compatible; Googlebot/2.1; +http://www.google.com/bot.html)"
66.249.64.169 - - [15/Jul/2026:03:16:33 +0200] "GET /?h=37719148641100 HTTP/1.1" 301 313 "-" "Mozilla/5.0 (compatible; Googlebot/2.1; +http://www.google.com/bot.html)"
66.249.64.169 - - [15/Jul/2026:03:16:33 +0200] "GET /index.php/?h=37719148641100 HTTP/1.1" 301 - "-" "Mozilla/5.0 (compatible; Googlebot/2.1; +http://www.google.com/bot.html)"
66.249.64.169 - - [15/Jul/2026:03:16:44 +0200] "GET /?h=32992731361100 HTTP/1.1" 301 313 "-" "Mozilla/5.0 (Linux; Android 6.0.1; Nexus 5X Build/MMB29P) AppleWebKit/537.36 (KHTML, like Gecko) Chrome/150.0.7871.46 Mobile Safari/537.36 (compatible; Googlebot/2.1; +http://www.google.com/bot.html)"
66.249.64.169 - - [15/Jul/2026:03:16:45 +0200] "GET /index.php/?h=32992731361100 HTTP/1.1" 301 - "-" "Mozilla/5.0 (Linux; Android 6.0.1; Nexus 5X Build/MMB29P) AppleWebKit/537.36 (KHTML, like Gecko) Chrome/150.0.7871.46 Mobile Safari/537.36 (compatible; Googlebot/2.1; +http://www.google.com/bot.html)"
66.249.64.169 - - [15/Jul/2026:03:16:56 +0200] "GET /?h=38829823281100 HTTP/1.1" 301 313 "-" "Mozilla/5.0 (compatible; Googlebot/2.1; +http://www.google.com/bot.html)"
66.249.64.169 - - [15/Jul/2026:03:16:56 +0200] "GET /index.php/?h=38829823281100 HTTP/1.1" 301 - "-" "Mozilla/5.0 (compatible; Googlebot/2.1; +http://www.google.com/bot.html)"
66.249.64.171 - - [15/Jul/2026:03:17:06 +0200] "GET /?h=14273413041100 HTTP/1.1" 301 313 "-" "Mozilla/5.0 (Linux; Android 6.0.1; Nexus 5X Build/MMB29P) AppleWebKit/537.36 (KHTML, like Gecko) Chrome/150.0.7871.46 Mobile Safari/537.36 (compatible; Googlebot/2.1; +http://www.google.com/bot.html)"
66.249.64.169 - - [15/Jul/2026:03:17:06 +0200] "GET /index.php/?h=14273413041100 HTTP/1.1" 301 - "-" "Mozilla/5.0 (Linux; Android 6.0.1; Nexus 5X Build/MMB29P) AppleWebKit/537.36 (KHTML, like Gecko) Chrome/150.0.7871.46 Mobile Safari/537.36 (compatible; Googlebot/2.1; +http://www.google.com/bot.html)"
66.249.64.171 - - [15/Jul/2026:03:18:04 +0200] "GET /?h=28945964841100 HTTP/1.1" 301 313 "-" "Mozilla/5.0 (Linux; Android 6.0.1; Nexus 5X Build/MMB29P) AppleWebKit/537.36 (KHTML, like Gecko) Chrome/150.0.7871.46 Mobile Safari/537.36 (compatible; Googlebot/2.1; +http://www.google.com/bot.html)"
66.249.64.171 - - [15/Jul/2026:03:18:04 +0200] "GET /index.php/?h=28945964841100 HTTP/1.1" 301 - "-" "Mozilla/5.0 (Linux; Android 6.0.1; Nexus 5X Build/MMB29P) AppleWebKit/537.36 (KHTML, like Gecko) Chrome/150.0.7871.46 Mobile Safari/537.36 (compatible; Googlebot/2.1; +http://www.google.com/bot.html)"
66.249.64.170 - - [15/Jul/2026:03:18:18 +0200] "GET /product/review/10367386881100 HTTP/1.1" 301 296 "-" "Mozilla/5.0 (Linux; Android 6.0.1; Nexus 5X Build/MMB29P) AppleWebKit/537.36 (KHTML, like Gecko) Chrome/150.0.7871.46 Mobile Safari/537.36 (compatible; Googlebot/2.1; +http://www.google.com/bot.html)"
66.249.64.169 - - [15/Jul/2026:03:18:52 +0200] "GET /product/category/view_more/22603234121100 HTTP/1.1" 301 296 "-" "Mozilla/5.0 (Linux; Android 6.0.1; Nexus 5X Build/MMB29P) AppleWebKit/537.36 (KHTML, like Gecko) Chrome/150.0.7871.46 Mobile Safari/537.36 (compatible; Googlebot/2.1; +http://www.google.com/bot.html)"
66.249.64.169 - - [15/Jul/2026:03:18:52 +0200] "GET /productSearch/pictureSearch?id=30230009881100 HTTP/1.1" 301 314 "-" "Mozilla/5.0 (Linux; Android 6.0.1; Nexus 5X Build/MMB29P) AppleWebKit/537.36 (KHTML, like Gecko) Chrome/150.0.7871.46 Mobile Safari/537.36 (compatible; Googlebot/2.1; +http://www.google.com/bot.html)"
66.249.64.169 - - [15/Jul/2026:03:18:52 +0200] "GET /index.php/?id=30230009881100 HTTP/1.1" 301 - "-" "Mozilla/5.0 (Linux; Android 6.0.1; Nexus 5X Build/MMB29P) AppleWebKit/537.36 (KHTML, like Gecko) Chrome/150.0.7871.46 Mobile Safari/537.36 (compatible; Googlebot/2.1; +http://www.google.com/bot.html)"
66.249.64.171 - - [15/Jul/2026:03:19:39 +0200] "GET /?h=39163568761100 HTTP/1.1" 301 313 "-" "Mozilla/5.0 (Linux; Android 6.0.1; Nexus 5X Build/MMB29P) AppleWebKit/537.36 (KHTML, like Gecko) Chrome/150.0.7871.46 Mobile Safari/537.36 (compatible; Googlebot/2.1; +http://www.google.com/bot.html)"
66.249.64.169 - - [15/Jul/2026:03:19:39 +0200] "GET /index.php/?h=39163568761100 HTTP/1.1" 301 - "-" "Mozilla/5.0 (Linux; Android 6.0.1; Nexus 5X Build/MMB29P) AppleWebKit/537.36 (KHTML, like Gecko) Chrome/150.0.7871.46 Mobile Safari/537.36 (compatible; Googlebot/2.1; +http://www.google.com/bot.html)"
66.249.64.170 - - [15/Jul/2026:03:19:50 +0200] "GET /?h=12174556961100 HTTP/1.1" 301 313 "-" "Mozilla/5.0 (compatible; Googlebot/2.1; +http://www.google.com/bot.html)"
66.249.64.169 - - [15/Jul/2026:03:19:50 +0200] "GET /index.php/?h=12174556961100 HTTP/1.1" 301 - "-" "Mozilla/5.0 (compatible; Googlebot/2.1; +http://www.google.com/bot.html)"
66.249.64.170 - - [15/Jul/2026:03:20:10 +0200] "GET /?h=5252855641100 HTTP/1.1" 301 312 "-" "Mozilla/5.0 (compatible; Googlebot/2.1; +http://www.google.com/bot.html)"
66.249.64.170 - - [15/Jul/2026:03:20:10 +0200] "GET /index.php/?h=5252855641100 HTTP/1.1" 301 - "-" "Mozilla/5.0 (compatible; Googlebot/2.1; +http://www.google.com/bot.html)"
66.249.64.169 - - [15/Jul/2026:03:20:19 +0200] "GET /?h=3987311401100 HTTP/1.1" 301 312 "-" "Mozilla/5.0 (Linux; Android 6.0.1; Nexus 5X Build/MMB29P) AppleWebKit/537.36 (KHTML, like Gecko) Chrome/150.0.7871.46 Mobile Safari/537.36 (compatible; Googlebot/2.1; +http://www.google.com/bot.html)"
66.249.64.169 - - [15/Jul/2026:03:20:19 +0200] "GET /index.php/?h=3987311401100 HTTP/1.1" 301 - "-" "Mozilla/5.0 (Linux; Android 6.0.1; Nexus 5X Build/MMB29P) AppleWebKit/537.36 (KHTML, like Gecko) Chrome/150.0.7871.46 Mobile Safari/537.36 (compatible; Googlebot/2.1; +http://www.google.com/bot.html)"
66.249.64.169 - - [15/Jul/2026:03:20:44 +0200] "GET /?h=7893994041100 HTTP/1.1" 301 312 "-" "Mozilla/5.0 (Linux; Android 6.0.1; Nexus 5X Build/MMB29P) AppleWebKit/537.36 (KHTML, like Gecko) Chrome/150.0.7871.46 Mobile Safari/537.36 (compatible; Googlebot/2.1; +http://www.google.com/bot.html)"
66.249.64.169 - - [15/Jul/2026:03:20:44 +0200] "GET /index.php/?h=7893994041100 HTTP/1.1" 301 - "-" "Mozilla/5.0 (Linux; Android 6.0.1; Nexus 5X Build/MMB29P) AppleWebKit/537.36 (KHTML, like Gecko) Chrome/150.0.7871.46 Mobile Safari/537.36 (compatible; Googlebot/2.1; +http://www.google.com/bot.html)"
66.249.64.169 - - [15/Jul/2026:03:20:55 +0200] "GET /?h=37912243281100 HTTP/1.1" 301 313 "-" "Mozilla/5.0 (compatible; Googlebot/2.1; +http://www.google.com/bot.html)"
66.249.64.169 - - [15/Jul/2026:03:20:56 +0200] "GET /index.php/?h=37912243281100 HTTP/1.1" 301 - "-" "Mozilla/5.0 (compatible; Googlebot/2.1; +http://www.google.com/bot.html)"
66.249.64.170 - - [15/Jul/2026:03:21:03 +0200] "GET /?h=35354627041100 HTTP/1.1" 301 313 "-" "Mozilla/5.0 (compatible; Googlebot/2.1; +http://www.google.com/bot.html)"
66.249.64.171 - - [15/Jul/2026:03:21:03 +0200] "GET /index.php/?h=35354627041100 HTTP/1.1" 301 - "-" "Mozilla/5.0 (compatible; Googlebot/2.1; +http://www.google.com/bot.html)"
66.249.64.170 - - [15/Jul/2026:03:21:17 +0200] "GET /?h=2442942201100 HTTP/1.1" 301 312 "-" "Mozilla/5.0 (Linux; Android 6.0.1; Nexus 5X Build/MMB29P) AppleWebKit/537.36 (KHTML, like Gecko) Chrome/150.0.7871.46 Mobile Safari/537.36 (compatible; Googlebot/2.1; +http://www.google.com/bot.html)"
66.249.64.169 - - [15/Jul/2026:03:21:17 +0200] "GET /index.php/?h=2442942201100 HTTP/1.1" 301 - "-" "Mozilla/5.0 (Linux; Android 6.0.1; Nexus 5X Build/MMB29P) AppleWebKit/537.36 (KHTML, like Gecko) Chrome/150.0.7871.46 Mobile Safari/537.36 (compatible; Googlebot/2.1; +http://www.google.com/bot.html)"
66.249.64.169 - - [15/Jul/2026:03:22:09 +0200] "GET /product/review/41540981241100 HTTP/1.1" 301 296 "-" "Mozilla/5.0 (Linux; Android 6.0.1; Nexus 5X Build/MMB29P) AppleWebKit/537.36 (KHTML, like Gecko) Chrome/150.0.7871.46 Mobile Safari/537.36 (compatible; Googlebot/2.1; +http://www.google.com/bot.html)"
66.249.64.169 - - [15/Jul/2026:03:22:29 +0200] "GET /?h=31498523201100 HTTP/1.1" 301 313 "-" "Mozilla/5.0 (Linux; Android 6.0.1; Nexus 5X Build/MMB29P) AppleWebKit/537.36 (KHTML, like Gecko) Chrome/150.0.7871.46 Mobile Safari/537.36 (compatible; Googlebot/2.1; +http://www.google.com/bot.html)"
66.249.64.169 - - [15/Jul/2026:03:22:30 +0200] "GET /?h=37909378641100 HTTP/1.1" 301 313 "-" "Mozilla/5.0 (compatible; Googlebot/2.1; +http://www.google.com/bot.html)"
66.249.64.170 - - [15/Jul/2026:03:22:30 +0200] "GET /index.php/?h=31498523201100 HTTP/1.1" 301 - "-" "Mozilla/5.0 (Linux; Android 6.0.1; Nexus 5X Build/MMB29P) AppleWebKit/537.36 (KHTML, like Gecko) Chrome/150.0.7871.46 Mobile Safari/537.36 (compatible; Googlebot/2.1; +http://www.google.com/bot.html)"
66.249.64.169 - - [15/Jul/2026:03:22:30 +0200] "GET /index.php/?h=37909378641100 HTTP/1.1" 301 - "-" "Mozilla/5.0 (compatible; Googlebot/2.1; +http://www.google.com/bot.html)"
66.249.64.169 - - [15/Jul/2026:03:22:58 +0200] "GET /?h=28801061801100 HTTP/1.1" 301 313 "-" "Mozilla/5.0 (compatible; Googlebot/2.1; +http://www.google.com/bot.html)"
66.249.64.169 - - [15/Jul/2026:03:22:58 +0200] "GET /index.php/?h=28801061801100 HTTP/1.1" 301 - "-" "Mozilla/5.0 (compatible; Googlebot/2.1; +http://www.google.com/bot.html)"
66.249.64.169 - - [15/Jul/2026:03:23:12 +0200] "GET /productSearch/pictureSearch?id=7238468921100 HTTP/1.1" 301 313 "-" "Mozilla/5.0 (Linux; Android 6.0.1; Nexus 5X Build/MMB29P) AppleWebKit/537.36 (KHTML, like Gecko) Chrome/150.0.7871.46 Mobile Safari/537.36 (compatible; Googlebot/2.1; +http://www.google.com/bot.html)"
66.249.64.170 - - [15/Jul/2026:03:23:13 +0200] "GET /index.php/?id=7238468921100 HTTP/1.1" 301 - "-" "Mozilla/5.0 (Linux; Android 6.0.1; Nexus 5X Build/MMB29P) AppleWebKit/537.36 (KHTML, like Gecko) Chrome/150.0.7871.46 Mobile Safari/537.36 (compatible; Googlebot/2.1; +http://www.google.com/bot.html)"
66.249.64.171 - - [15/Jul/2026:03:23:13 +0200] "GET /?h=22741378401100 HTTP/1.1" 301 313 "-" "Mozilla/5.0 (Linux; Android 6.0.1; Nexus 5X Build/MMB29P) AppleWebKit/537.36 (KHTML, like Gecko) Chrome/150.0.7871.46 Mobile Safari/537.36 (compatible; Googlebot/2.1; +http://www.google.com/bot.html)"
66.249.64.169 - - [15/Jul/2026:03:23:13 +0200] "GET /index.php/?h=22741378401100 HTTP/1.1" 301 - "-" "Mozilla/5.0 (Linux; Android 6.0.1; Nexus 5X Build/MMB29P) AppleWebKit/537.36 (KHTML, like Gecko) Chrome/150.0.7871.46 Mobile Safari/537.36 (compatible; Googlebot/2.1; +http://www.google.com/bot.html)"
66.249.64.170 - - [15/Jul/2026:03:23:38 +0200] "GET /productSearch/pictureSearch?id=17973662561100 HTTP/1.1" 301 314 "-" "Mozilla/5.0 (Linux; Android 6.0.1; Nexus 5X Build/MMB29P) AppleWebKit/537.36 (KHTML, like Gecko) Chrome/150.0.7871.46 Mobile Safari/537.36 (compatible; Googlebot/2.1; +http://www.google.com/bot.html)"
66.249.64.169 - - [15/Jul/2026:03:23:39 +0200] "GET /index.php/?id=17973662561100 HTTP/1.1" 301 - "-" "Mozilla/5.0 (Linux; Android 6.0.1; Nexus 5X Build/MMB29P) AppleWebKit/537.36 (KHTML, like Gecko) Chrome/150.0.7871.46 Mobile Safari/537.36 (compatible; Googlebot/2.1; +http://www.google.com/bot.html)"
66.249.64.169 - - [15/Jul/2026:03:24:14 +0200] "GET /?h=5307343481100 HTTP/1.1" 301 312 "-" "Mozilla/5.0 (Linux; Android 6.0.1; Nexus 5X Build/MMB29P) AppleWebKit/537.36 (KHTML, like Gecko) Chrome/150.0.7871.46 Mobile Safari/537.36 (compatible; Googlebot/2.1; +http://www.google.com/bot.html)"
66.249.64.170 - - [15/Jul/2026:03:24:14 +0200] "GET /index.php/?h=5307343481100 HTTP/1.1" 301 - "-" "Mozilla/5.0 (Linux; Android 6.0.1; Nexus 5X Build/MMB29P) AppleWebKit/537.36 (KHTML, like Gecko) Chrome/150.0.7871.46 Mobile Safari/537.36 (compatible; Googlebot/2.1; +http://www.google.com/bot.html)"
66.249.64.170 - - [15/Jul/2026:03:24:49 +0200] "GET /?h=43907158961100 HTTP/1.1" 301 313 "-" "Mozilla/5.0 (compatible; Googlebot/2.1; +http://www.google.com/bot.html)"
66.249.64.170 - - [15/Jul/2026:03:24:49 +0200] "GET /index.php/?h=43907158961100 HTTP/1.1" 301 - "-" "Mozilla/5.0 (compatible; Googlebot/2.1; +http://www.google.com/bot.html)"
66.249.64.171 - - [15/Jul/2026:03:25:30 +0200] "GET /product/category/view_more/16217981401100 HTTP/1.1" 301 296 "-" "Mozilla/5.0 (Linux; Android 6.0.1; Nexus 5X Build/MMB29P) AppleWebKit/537.36 (KHTML, like Gecko) Chrome/150.0.7871.46 Mobile Safari/537.36 (compatible; Googlebot/2.1; +http://www.google.com/bot.html)"
212.193.3.149 - - [15/Jul/2026:03:26:20 +0200] "HEAD / HTTP/1.1" 301 - "-" "Mozilla/5.0 (compatible; Googlebot/2.1; +http://www.google.com/bot.html)"
66.249.64.171 - - [15/Jul/2026:03:27:00 +0200] "GET /productSearch/pictureSearch?id=9484301921100 HTTP/1.1" 301 313 "-" "Mozilla/5.0 (Linux; Android 6.0.1; Nexus 5X Build/MMB29P) AppleWebKit/537.36 (KHTML, like Gecko) Chrome/150.0.7871.46 Mobile Safari/537.36 (compatible; Googlebot/2.1; +http://www.google.com/bot.html)"
66.249.64.170 - - [15/Jul/2026:03:27:00 +0200] "GET /index.php/?id=9484301921100 HTTP/1.1" 301 - "-" "Mozilla/5.0 (Linux; Android 6.0.1; Nexus 5X Build/MMB29P) AppleWebKit/537.36 (KHTML, like Gecko) Chrome/150.0.7871.46 Mobile Safari/537.36 (compatible; Googlebot/2.1; +http://www.google.com/bot.html)"
66.249.64.170 - - [15/Jul/2026:03:27:37 +0200] "GET /?h=18558899561100 HTTP/1.1" 301 313 "-" "Mozilla/5.0 (Linux; Android 6.0.1; Nexus 5X Build/MMB29P) AppleWebKit/537.36 (KHTML, like Gecko) Chrome/150.0.7871.46 Mobile Safari/537.36 (compatible; Googlebot/2.1; +http://www.google.com/bot.html)"
66.249.64.169 - - [15/Jul/2026:03:27:37 +0200] "GET /index.php/?h=18558899561100 HTTP/1.1" 301 - "-" "Mozilla/5.0 (Linux; Android 6.0.1; Nexus 5X Build/MMB29P) AppleWebKit/537.36 (KHTML, like Gecko) Chrome/150.0.7871.46 Mobile Safari/537.36 (compatible; Googlebot/2.1; +http://www.google.com/bot.html)"
66.249.64.170 - - [15/Jul/2026:03:27:38 +0200] "GET /?h=32351857681100 HTTP/1.1" 301 313 "-" "Mozilla/5.0 (compatible; Googlebot/2.1; +http://www.google.com/bot.html)"
66.249.64.170 - - [15/Jul/2026:03:27:38 +0200] "GET /index.php/?h=32351857681100 HTTP/1.1" 301 - "-" "Mozilla/5.0 (compatible; Googlebot/2.1; +http://www.google.com/bot.html)"
66.249.64.170 - - [15/Jul/2026:03:28:12 +0200] "GET /?h=20817265361100 HTTP/1.1" 301 313 "-" "Mozilla/5.0 (Linux; Android 6.0.1; Nexus 5X Build/MMB29P) AppleWebKit/537.36 (KHTML, like Gecko) Chrome/150.0.7871.46 Mobile Safari/537.36 (compatible; Googlebot/2.1; +http://www.google.com/bot.html)"
66.249.64.170 - - [15/Jul/2026:03:28:12 +0200] "GET /index.php/?h=20817265361100 HTTP/1.1" 301 - "-" "Mozilla/5.0 (Linux; Android 6.0.1; Nexus 5X Build/MMB29P) AppleWebKit/537.36 (KHTML, like Gecko) Chrome/150.0.7871.46 Mobile Safari/537.36 (compatible; Googlebot/2.1; +http://www.google.com/bot.html)"
66.249.64.170 - - [15/Jul/2026:03:28:19 +0200] "GET /?h=2678349961100 HTTP/1.1" 301 312 "-" "Mozilla/5.0 (compatible; Googlebot/2.1; +http://www.google.com/bot.html)"
66.249.64.170 - - [15/Jul/2026:03:28:20 +0200] "GET /index.php/?h=2678349961100 HTTP/1.1" 301 - "-" "Mozilla/5.0 (compatible; Googlebot/2.1; +http://www.google.com/bot.html)"
66.249.64.171 - - [15/Jul/2026:03:29:01 +0200] "GET /shop/sold?id=top27809239881100 HTTP/1.1" 301 317 "-" "Mozilla/5.0 (Linux; Android 6.0.1; Nexus 5X Build/MMB29P) AppleWebKit/537.36 (KHTML, like Gecko) Chrome/150.0.7871.46 Mobile Safari/537.36 (compatible; Googlebot/2.1; +http://www.google.com/bot.html)"
66.249.64.169 - - [15/Jul/2026:03:29:01 +0200] "GET /index.php/?id=top27809239881100 HTTP/1.1" 301 - "-" "Mozilla/5.0 (Linux; Android 6.0.1; Nexus 5X Build/MMB29P) AppleWebKit/537.36 (KHTML, like Gecko) Chrome/150.0.7871.46 Mobile Safari/537.36 (compatible; Googlebot/2.1; +http://www.google.com/bot.html)"
66.249.64.170 - - [15/Jul/2026:03:29:25 +0200] "GET /?h=1441944481100 HTTP/1.1" 301 312 "-" "Mozilla/5.0 (compatible; Googlebot/2.1; +http://www.google.com/bot.html)"
66.249.64.169 - - [15/Jul/2026:03:29:26 +0200] "GET /index.php/?h=1441944481100 HTTP/1.1" 301 - "-" "Mozilla/5.0 (compatible; Googlebot/2.1; +http://www.google.com/bot.html)"
66.249.64.169 - - [15/Jul/2026:03:29:30 +0200] "GET /?h=19099346721100 HTTP/1.1" 301 313 "-" "Mozilla/5.0 (compatible; Googlebot/2.1; +http://www.google.com/bot.html)"
66.249.64.169 - - [15/Jul/2026:03:29:30 +0200] "GET /index.php/?h=19099346721100 HTTP/1.1" 301 - "-" "Mozilla/5.0 (compatible; Googlebot/2.1; +http://www.google.com/bot.html)"
66.249.64.169 - - [15/Jul/2026:03:30:16 +0200] "GET /productSearch/pictureSearch?id=3668560521100 HTTP/1.1" 301 313 "-" "Mozilla/5.0 (Linux; Android 6.0.1; Nexus 5X Build/MMB29P) AppleWebKit/537.36 (KHTML, like Gecko) Chrome/150.0.7871.46 Mobile Safari/537.36 (compatible; Googlebot/2.1; +http://www.google.com/bot.html)"
66.249.64.169 - - [15/Jul/2026:03:30:17 +0200] "GET /index.php/?id=3668560521100 HTTP/1.1" 301 - "-" "Mozilla/5.0 (Linux; Android 6.0.1; Nexus 5X Build/MMB29P) AppleWebKit/537.36 (KHTML, like Gecko) Chrome/150.0.7871.46 Mobile Safari/537.36 (compatible; Googlebot/2.1; +http://www.google.com/bot.html)"
66.249.64.169 - - [15/Jul/2026:03:30:29 +0200] "GET /?h=35422438441100 HTTP/1.1" 301 313 "-" "Mozilla/5.0 (Linux; Android 6.0.1; Nexus 5X Build/MMB29P) AppleWebKit/537.36 (KHTML, like Gecko) Chrome/150.0.7871.46 Mobile Safari/537.36 (compatible; Googlebot/2.1; +http://www.google.com/bot.html)"
66.249.64.170 - - [15/Jul/2026:03:30:29 +0200] "GET /index.php/?h=35422438441100 HTTP/1.1" 301 - "-" "Mozilla/5.0 (Linux; Android 6.0.1; Nexus 5X Build/MMB29P) AppleWebKit/537.36 (KHTML, like Gecko) Chrome/150.0.7871.46 Mobile Safari/537.36 (compatible; Googlebot/2.1; +http://www.google.com/bot.html)"
66.249.64.169 - - [15/Jul/2026:03:30:54 +0200] "GET /?h=4730610881100 HTTP/1.1" 301 312 "-" "Mozilla/5.0 (Linux; Android 6.0.1; Nexus 5X Build/MMB29P) AppleWebKit/537.36 (KHTML, like Gecko) Chrome/150.0.7871.46 Mobile Safari/537.36 (compatible; Googlebot/2.1; +http://www.google.com/bot.html)"
66.249.64.169 - - [15/Jul/2026:03:30:54 +0200] "GET /index.php/?h=4730610881100 HTTP/1.1" 301 - "-" "Mozilla/5.0 (Linux; Android 6.0.1; Nexus 5X Build/MMB29P) AppleWebKit/537.36 (KHTML, like Gecko) Chrome/150.0.7871.46 Mobile Safari/537.36 (compatible; Googlebot/2.1; +http://www.google.com/bot.html)"
66.249.64.171 - - [15/Jul/2026:03:32:04 +0200] "GET /shop/sold?id=top13691174961100 HTTP/1.1" 301 317 "-" "Mozilla/5.0 (Linux; Android 6.0.1; Nexus 5X Build/MMB29P) AppleWebKit/537.36 (KHTML, like Gecko) Chrome/150.0.7871.46 Mobile Safari/537.36 (compatible; Googlebot/2.1; +http://www.google.com/bot.html)"
66.249.64.171 - - [15/Jul/2026:03:32:05 +0200] "GET /index.php/?id=top13691174961100 HTTP/1.1" 301 - "-" "Mozilla/5.0 (Linux; Android 6.0.1; Nexus 5X Build/MMB29P) AppleWebKit/537.36 (KHTML, like Gecko) Chrome/150.0.7871.46 Mobile Safari/537.36 (compatible; Googlebot/2.1; +http://www.google.com/bot.html)"
66.249.64.169 - - [15/Jul/2026:03:32:41 +0200] "GET /productSearch/pictureSearch?id=14851115441100 HTTP/1.1" 301 314 "-" "Mozilla/5.0 (Linux; Android 6.0.1; Nexus 5X Build/MMB29P) AppleWebKit/537.36 (KHTML, like Gecko) Chrome/150.0.7871.46 Mobile Safari/537.36 (compatible; Googlebot/2.1; +http://www.google.com/bot.html)"
66.249.64.170 - - [15/Jul/2026:03:32:42 +0200] "GET /index.php/?id=14851115441100 HTTP/1.1" 301 - "-" "Mozilla/5.0 (Linux; Android 6.0.1; Nexus 5X Build/MMB29P) AppleWebKit/537.36 (KHTML, like Gecko) Chrome/150.0.7871.46 Mobile Safari/537.36 (compatible; Googlebot/2.1; +http://www.google.com/bot.html)"
5.189.128.39 - - [15/Jul/2026:03:32:51 +0200] "GET /wp-login.php HTTP/2.0" 200 11871 "-" "Mozilla/5.0 (Windows NT 10.0; Win64; x64) AppleWebKit/537.36 (KHTML, like Gecko) Chrome/124.0.0.0 Safari/537.36"
5.189.128.39 - - [15/Jul/2026:03:33:12 +0200] "GET /wp-login.php?wp_lang=en_US HTTP/2.0" 200 11899 "-" "Mozilla/5.0 (Windows NT 10.0; Win64; x64; rv:133.0) Gecko/20100101 Firefox/133.0"
5.189.128.39 - - [15/Jul/2026:03:33:12 +0200] "GET /wp-login.php?wp_lang=en_US HTTP/2.0" 200 11873 "-" "Mozilla/5.0 (Macintosh; Intel Mac OS X 10_15_7) AppleWebKit/605.1.15 (KHTML, like Gecko) Version/18.0 Safari/605.1.15"
5.189.128.39 - - [15/Jul/2026:03:33:13 +0200] "GET /wp-login.php?wp_lang=en_US HTTP/2.0" 200 11935 "-" "Mozilla/5.0 (Macintosh; Intel Mac OS X 10_15_7) AppleWebKit/605.1.15 (KHTML, like Gecko) Version/18.0 Safari/605.1.15"
5.189.128.39 - - [15/Jul/2026:03:33:13 +0200] "GET /wp-login.php?wp_lang=en_US HTTP/2.0" 200 11854 "-" "Mozilla/5.0 (Windows NT 10.0; Win64; x64; rv:133.0) Gecko/20100101 Firefox/133.0"
5.189.128.39 - - [15/Jul/2026:03:33:14 +0200] "GET /wp-login.php?wp_lang=en_US HTTP/2.0" 200 11873 "-" "Mozilla/5.0 (Windows NT 10.0; Win64; x64) AppleWebKit/537.36 (KHTML, like Gecko) Chrome/124.0.0.0 Safari/537.36"
146.70.11.55 - - [15/Jul/2026:03:33:15 +0200] "GET /wp-login.php?wp_lang=en_US HTTP/2.0" 200 11923 "-" "Mozilla/5.0 (Windows NT 10.0; Win64; x64; rv:133.0) Gecko/20100101 Firefox/133.0"
79.142.76.251 - - [15/Jul/2026:03:33:15 +0200] "GET /wp-login.php?wp_lang=en_US HTTP/2.0" 200 11944 "-" "Mozilla/5.0 (Macintosh; Intel Mac OS X 10_15_7) AppleWebKit/605.1.15 (KHTML, like Gecko) Version/18.0 Safari/605.1.15"
91.90.122.29 - - [15/Jul/2026:03:33:16 +0200] "GET /wp-login.php?wp_lang=en_US HTTP/2.0" 200 11894 "-" "Mozilla/5.0 (Macintosh; Intel Mac OS X 10_15_7) AppleWebKit/605.1.15 (KHTML, like Gecko) Version/18.0 Safari/605.1.15"
65.108.235.243 - - [15/Jul/2026:03:33:21 +0200] "POST /wp-cron.php?doing_wp_cron=1784079201.4854669570922851562500 HTTP/1.1" 200 1 "-" "WordPress/7.0.1; https://verona.elettroservicegroup.it"
149.50.212.134 - - [15/Jul/2026:03:33:17 +0200] "GET /wp-login.php?wp_lang=en_US HTTP/2.0" 200 1903 "-" "Mozilla/5.0 (Windows NT 10.0; Win64; x64; rv:133.0) Gecko/20100101 Firefox/133.0"
66.249.64.170 - - [15/Jul/2026:03:33:22 +0200] "GET /?h=44239322921100 HTTP/1.1" 301 313 "-" "Mozilla/5.0 (compatible; Googlebot/2.1; +http://www.google.com/bot.html)"
149.50.212.134 - - [15/Jul/2026:03:33:22 +0200] "POST /wp-login.php HTTP/2.0" 302 1 "https://verona.elettroservicegroup.it/wp-login.php" "Mozilla/5.0 (Windows NT 10.0; Win64; x64; rv:133.0) Gecko/20100101 Firefox/133.0"
66.249.64.171 - - [15/Jul/2026:03:33:23 +0200] "GET /index.php/?h=44239322921100 HTTP/1.1" 301 - "-" "Mozilla/5.0 (compatible; Googlebot/2.1; +http://www.google.com/bot.html)"
149.50.212.134 - - [15/Jul/2026:03:33:35 +0200] "GET /wp-admin/ HTTP/2.0" 200 39055 "https://verona.elettroservicegroup.it/wp-login.php" "Mozilla/5.0 (Windows NT 10.0; Win64; x64; rv:133.0) Gecko/20100101 Firefox/133.0"
149.50.212.134 - - [15/Jul/2026:03:33:37 +0200] "GET /wp-admin/ HTTP/2.0" 200 39055 "-" "Mozilla/5.0 (Windows NT 10.0; Win64; x64; rv:133.0) Gecko/20100101 Firefox/133.0"
149.50.212.134 - - [15/Jul/2026:03:33:39 +0200] "GET /wp-admin/admin-ajax.php?action=rest-nonce HTTP/2.0" 400 5 "-" "Mozilla/5.0 (Windows NT 10.0; Win64; x64; rv:133.0) Gecko/20100101 Firefox/133.0"
149.50.212.134 - - [15/Jul/2026:03:33:40 +0200] "GET /wp-admin/ HTTP/2.0" 200 39055 "-" "Mozilla/5.0 (Windows NT 10.0; Win64; x64; rv:133.0) Gecko/20100101 Firefox/133.0"
149.50.212.134 - - [15/Jul/2026:03:33:41 +0200] "GET /wp-admin/admin-ajax.php?action=rest-nonce HTTP/2.0" 400 5 "-" "Mozilla/5.0 (Windows NT 10.0; Win64; x64; rv:133.0) Gecko/20100101 Firefox/133.0"
149.50.212.134 - - [15/Jul/2026:03:33:42 +0200] "GET /wp-admin/admin-ajax.php?action=rest-nonce HTTP/2.0" 200 14 "-" "Mozilla/5.0 (Windows NT 10.0; Win64; x64; rv:133.0) Gecko/20100101 Firefox/133.0"
149.50.212.134 - - [15/Jul/2026:03:33:43 +0200] "GET /wp-admin/options-permalink.php HTTP/2.0" 200 32261 "-" "Mozilla/5.0 (Windows NT 10.0; Win64; x64; rv:133.0) Gecko/20100101 Firefox/133.0"
149.50.212.134 - - [15/Jul/2026:03:33:44 +0200] "GET /wp-admin/admin-ajax.php?action=rest-nonce HTTP/2.0" 200 14 "-" "Mozilla/5.0 (Windows NT 10.0; Win64; x64; rv:133.0) Gecko/20100101 Firefox/133.0"
66.249.64.170 - - [15/Jul/2026:03:33:53 +0200] "GET /?h=16792431241100 HTTP/1.1" 301 313 "-" "Mozilla/5.0 (Linux; Android 6.0.1; Nexus 5X Build/MMB29P) AppleWebKit/537.36 (KHTML, like Gecko) Chrome/150.0.7871.46 Mobile Safari/537.36 (compatible; Googlebot/2.1; +http://www.google.com/bot.html)"
66.249.64.170 - - [15/Jul/2026:03:33:53 +0200] "GET /index.php/?h=16792431241100 HTTP/1.1" 301 - "-" "Mozilla/5.0 (Linux; Android 6.0.1; Nexus 5X Build/MMB29P) AppleWebKit/537.36 (KHTML, like Gecko) Chrome/150.0.7871.46 Mobile Safari/537.36 (compatible; Googlebot/2.1; +http://www.google.com/bot.html)"
149.50.212.134 - - [15/Jul/2026:03:33:57 +0200] "GET /wp-admin/options-permalink.php HTTP/2.0" 200 32262 "-" "Mozilla/5.0 (Windows NT 10.0; Win64; x64; rv:133.0) Gecko/20100101 Firefox/133.0"
149.50.212.134 - - [15/Jul/2026:03:33:59 +0200] "POST /wp-json/wp/v2/posts HTTP/2.0" 301 296 "https://verona.elettroservicegroup.it/wp-json/wp/v2/posts" "Mozilla/5.0 (Windows NT 10.0; Win64; x64; rv:133.0) Gecko/20100101 Firefox/133.0"
149.50.212.134 - - [15/Jul/2026:03:33:59 +0200] "GET /index.php/ HTTP/2.0" 301 - "https://verona.elettroservicegroup.it/wp-json/wp/v2/posts" "Mozilla/5.0 (Windows NT 10.0; Win64; x64; rv:133.0) Gecko/20100101 Firefox/133.0"
66.249.64.170 - - [15/Jul/2026:03:35:19 +0200] "GET /?h=12839645801100 HTTP/1.1" 301 313 "-" "Mozilla/5.0 (Linux; Android 6.0.1; Nexus 5X Build/MMB29P) AppleWebKit/537.36 (KHTML, like Gecko) Chrome/150.0.7871.46 Mobile Safari/537.36 (compatible; Googlebot/2.1; +http://www.google.com/bot.html)"
66.249.64.170 - - [15/Jul/2026:03:35:19 +0200] "GET /index.php/?h=12839645801100 HTTP/1.1" 301 - "-" "Mozilla/5.0 (Linux; Android 6.0.1; Nexus 5X Build/MMB29P) AppleWebKit/537.36 (KHTML, like Gecko) Chrome/150.0.7871.46 Mobile Safari/537.36 (compatible; Googlebot/2.1; +http://www.google.com/bot.html)"
66.249.64.169 - - [15/Jul/2026:03:35:41 +0200] "GET /?h=4150252721100 HTTP/1.1" 301 312 "-" "Mozilla/5.0 (compatible; Googlebot/2.1; +http://www.google.com/bot.html)"
66.249.64.169 - - [15/Jul/2026:03:35:41 +0200] "GET /index.php/?h=4150252721100 HTTP/1.1" 301 - "-" "Mozilla/5.0 (compatible; Googlebot/2.1; +http://www.google.com/bot.html)"
212.193.3.149 - - [15/Jul/2026:03:36:31 +0200] "HEAD / HTTP/1.1" 301 - "-" "Mozilla/5.0 (compatible; Googlebot/2.1; +http://www.google.com/bot.html)"
66.249.64.170 - - [15/Jul/2026:03:36:43 +0200] "GET /?h=30347564561100 HTTP/1.1" 301 313 "-" "Mozilla/5.0 (compatible; Googlebot/2.1; +http://www.google.com/bot.html)"
66.249.64.170 - - [15/Jul/2026:03:36:43 +0200] "GET /index.php/?h=30347564561100 HTTP/1.1" 301 - "-" "Mozilla/5.0 (compatible; Googlebot/2.1; +http://www.google.com/bot.html)"
66.249.64.171 - - [15/Jul/2026:03:37:16 +0200] "GET /?h=16664253521100 HTTP/1.1" 301 313 "-" "Mozilla/5.0 (compatible; Googlebot/2.1; +http://www.google.com/bot.html)"
66.249.64.170 - - [15/Jul/2026:03:37:16 +0200] "GET /index.php/?h=16664253521100 HTTP/1.1" 301 - "-" "Mozilla/5.0 (compatible; Googlebot/2.1; +http://www.google.com/bot.html)"
66.249.64.170 - - [15/Jul/2026:03:37:29 +0200] "GET /?h=1786014601100 HTTP/1.1" 301 312 "-" "Mozilla/5.0 (Linux; Android 6.0.1; Nexus 5X Build/MMB29P) AppleWebKit/537.36 (KHTML, like Gecko) Chrome/150.0.7871.46 Mobile Safari/537.36 (compatible; Googlebot/2.1; +http://www.google.com/bot.html)"
66.249.64.170 - - [15/Jul/2026:03:37:29 +0200] "GET /?h=1786014601100 HTTP/1.1" 301 312 "-" "Mozilla/5.0 (compatible; Googlebot/2.1; +http://www.google.com/bot.html)"
66.249.64.170 - - [15/Jul/2026:03:37:29 +0200] "GET /index.php/?h=1786014601100 HTTP/1.1" 301 - "-" "Mozilla/5.0 (compatible; Googlebot/2.1; +http://www.google.com/bot.html)"
66.249.64.169 - - [15/Jul/2026:03:37:30 +0200] "GET /index.php/?h=1786014601100 HTTP/1.1" 301 - "-" "Mozilla/5.0 (Linux; Android 6.0.1; Nexus 5X Build/MMB29P) AppleWebKit/537.36 (KHTML, like Gecko) Chrome/150.0.7871.46 Mobile Safari/537.36 (compatible; Googlebot/2.1; +http://www.google.com/bot.html)"
66.249.64.170 - - [15/Jul/2026:03:37:30 +0200] "GET /product/category/view_more/5119470841100 HTTP/1.1" 301 296 "-" "Mozilla/5.0 (Linux; Android 6.0.1; Nexus 5X Build/MMB29P) AppleWebKit/537.36 (KHTML, like Gecko) Chrome/150.0.7871.46 Mobile Safari/537.36 (compatible; Googlebot/2.1; +http://www.google.com/bot.html)"
66.249.64.171 - - [15/Jul/2026:03:38:04 +0200] "GET /?h=2624727481100 HTTP/1.1" 301 312 "-" "Mozilla/5.0 (compatible; Googlebot/2.1; +http://www.google.com/bot.html)"
66.249.64.170 - - [15/Jul/2026:03:38:05 +0200] "GET /index.php/?h=2624727481100 HTTP/1.1" 301 - "-" "Mozilla/5.0 (compatible; Googlebot/2.1; +http://www.google.com/bot.html)"
66.249.64.169 - - [15/Jul/2026:03:38:07 +0200] "GET /?h=37868423241100 HTTP/1.1" 301 313 "-" "Mozilla/5.0 (compatible; Googlebot/2.1; +http://www.google.com/bot.html)"
66.249.64.170 - - [15/Jul/2026:03:38:08 +0200] "GET /index.php/?h=37868423241100 HTTP/1.1" 301 - "-" "Mozilla/5.0 (compatible; Googlebot/2.1; +http://www.google.com/bot.html)"
66.249.64.169 - - [15/Jul/2026:03:38:34 +0200] "GET /?h=30134357761100 HTTP/1.1" 301 313 "-" "Mozilla/5.0 (compatible; Googlebot/2.1; +http://www.google.com/bot.html)"
66.249.64.169 - - [15/Jul/2026:03:38:35 +0200] "GET /index.php/?h=30134357761100 HTTP/1.1" 301 - "-" "Mozilla/5.0 (compatible; Googlebot/2.1; +http://www.google.com/bot.html)"
66.249.64.169 - - [15/Jul/2026:03:38:40 +0200] "GET /productSearch/pictureSearch?id=30318082641100 HTTP/1.1" 301 314 "-" "Mozilla/5.0 (Linux; Android 6.0.1; Nexus 5X Build/MMB29P) AppleWebKit/537.36 (KHTML, like Gecko) Chrome/150.0.7871.46 Mobile Safari/537.36 (compatible; Googlebot/2.1; +http://www.google.com/bot.html)"
66.249.64.169 - - [15/Jul/2026:03:38:40 +0200] "GET /index.php/?id=30318082641100 HTTP/1.1" 301 - "-" "Mozilla/5.0 (Linux; Android 6.0.1; Nexus 5X Build/MMB29P) AppleWebKit/537.36 (KHTML, like Gecko) Chrome/150.0.7871.46 Mobile Safari/537.36 (compatible; Googlebot/2.1; +http://www.google.com/bot.html)"
66.249.64.169 - - [15/Jul/2026:03:39:34 +0200] "GET /?h=1629369521100 HTTP/1.1" 301 312 "-" "Mozilla/5.0 (Linux; Android 6.0.1; Nexus 5X Build/MMB29P) AppleWebKit/537.36 (KHTML, like Gecko) Chrome/150.0.7871.46 Mobile Safari/537.36 (compatible; Googlebot/2.1; +http://www.google.com/bot.html)"
66.249.64.169 - - [15/Jul/2026:03:39:34 +0200] "GET /index.php/?h=1629369521100 HTTP/1.1" 301 - "-" "Mozilla/5.0 (Linux; Android 6.0.1; Nexus 5X Build/MMB29P) AppleWebKit/537.36 (KHTML, like Gecko) Chrome/150.0.7871.46 Mobile Safari/537.36 (compatible; Googlebot/2.1; +http://www.google.com/bot.html)"
66.249.64.170 - - [15/Jul/2026:03:39:46 +0200] "GET /?h=18399553961100 HTTP/1.1" 301 313 "-" "Mozilla/5.0 (compatible; Googlebot/2.1; +http://www.google.com/bot.html)"
66.249.64.170 - - [15/Jul/2026:03:39:46 +0200] "GET /index.php/?h=18399553961100 HTTP/1.1" 301 - "-" "Mozilla/5.0 (compatible; Googlebot/2.1; +http://www.google.com/bot.html)"
66.249.64.169 - - [15/Jul/2026:03:40:18 +0200] "GET /?h=37481443201100 HTTP/1.1" 301 313 "-" "Mozilla/5.0 (Linux; Android 6.0.1; Nexus 5X Build/MMB29P) AppleWebKit/537.36 (KHTML, like Gecko) Chrome/150.0.7871.46 Mobile Safari/537.36 (compatible; Googlebot/2.1; +http://www.google.com/bot.html)"
66.249.64.170 - - [15/Jul/2026:03:40:18 +0200] "GET /index.php/?h=37481443201100 HTTP/1.1" 301 - "-" "Mozilla/5.0 (Linux; Android 6.0.1; Nexus 5X Build/MMB29P) AppleWebKit/537.36 (KHTML, like Gecko) Chrome/150.0.7871.46 Mobile Safari/537.36 (compatible; Googlebot/2.1; +http://www.google.com/bot.html)"
66.249.64.171 - - [15/Jul/2026:03:41:22 +0200] "GET /?h=42761735641100 HTTP/1.1" 301 313 "-" "Mozilla/5.0 (Linux; Android 6.0.1; Nexus 5X Build/MMB29P) AppleWebKit/537.36 (KHTML, like Gecko) Chrome/150.0.7871.46 Mobile Safari/537.36 (compatible; Googlebot/2.1; +http://www.google.com/bot.html)"
66.249.64.170 - - [15/Jul/2026:03:41:22 +0200] "GET /index.php/?h=42761735641100 HTTP/1.1" 301 - "-" "Mozilla/5.0 (Linux; Android 6.0.1; Nexus 5X Build/MMB29P) AppleWebKit/537.36 (KHTML, like Gecko) Chrome/150.0.7871.46 Mobile Safari/537.36 (compatible; Googlebot/2.1; +http://www.google.com/bot.html)"
66.249.64.170 - - [15/Jul/2026:03:41:26 +0200] "GET /?h=19375545761100 HTTP/1.1" 301 313 "-" "Mozilla/5.0 (compatible; Googlebot/2.1; +http://www.google.com/bot.html)"
66.249.64.169 - - [15/Jul/2026:03:41:27 +0200] "GET /index.php/?h=19375545761100 HTTP/1.1" 301 - "-" "Mozilla/5.0 (compatible; Googlebot/2.1; +http://www.google.com/bot.html)"
66.249.64.169 - - [15/Jul/2026:03:41:29 +0200] "GET /?h=21861083481100 HTTP/1.1" 301 313 "-" "Mozilla/5.0 (Linux; Android 6.0.1; Nexus 5X Build/MMB29P) AppleWebKit/537.36 (KHTML, like Gecko) Chrome/150.0.7871.46 Mobile Safari/537.36 (compatible; Googlebot/2.1; +http://www.google.com/bot.html)"
66.249.64.169 - - [15/Jul/2026:03:41:29 +0200] "GET /index.php/?h=21861083481100 HTTP/1.1" 301 - "-" "Mozilla/5.0 (Linux; Android 6.0.1; Nexus 5X Build/MMB29P) AppleWebKit/537.36 (KHTML, like Gecko) Chrome/150.0.7871.46 Mobile Safari/537.36 (compatible; Googlebot/2.1; +http://www.google.com/bot.html)"
66.249.64.169 - - [15/Jul/2026:03:41:56 +0200] "GET /?h=15785211881100 HTTP/1.1" 301 313 "-" "Mozilla/5.0 (compatible; Googlebot/2.1; +http://www.google.com/bot.html)"
66.249.64.169 - - [15/Jul/2026:03:41:56 +0200] "GET /?h=15785211881100 HTTP/1.1" 301 313 "-" "Mozilla/5.0 (Linux; Android 6.0.1; Nexus 5X Build/MMB29P) AppleWebKit/537.36 (KHTML, like Gecko) Chrome/150.0.7871.46 Mobile Safari/537.36 (compatible; Googlebot/2.1; +http://www.google.com/bot.html)"
66.249.64.169 - - [15/Jul/2026:03:41:56 +0200] "GET /index.php/?h=15785211881100 HTTP/1.1" 301 - "-" "Mozilla/5.0 (compatible; Googlebot/2.1; +http://www.google.com/bot.html)"
66.249.64.169 - - [15/Jul/2026:03:41:56 +0200] "GET /index.php/?h=15785211881100 HTTP/1.1" 301 - "-" "Mozilla/5.0 (Linux; Android 6.0.1; Nexus 5X Build/MMB29P) AppleWebKit/537.36 (KHTML, like Gecko) Chrome/150.0.7871.46 Mobile Safari/537.36 (compatible; Googlebot/2.1; +http://www.google.com/bot.html)"
66.249.64.169 - - [15/Jul/2026:03:42:46 +0200] "GET /product/review/34895031361100 HTTP/1.1" 301 296 "-" "Mozilla/5.0 (Linux; Android 6.0.1; Nexus 5X Build/MMB29P) AppleWebKit/537.36 (KHTML, like Gecko) Chrome/150.0.7871.46 Mobile Safari/537.36 (compatible; Googlebot/2.1; +http://www.google.com/bot.html)"
66.249.64.170 - - [15/Jul/2026:03:43:04 +0200] "GET /?h=44236771601100 HTTP/1.1" 301 313 "-" "Mozilla/5.0 (Linux; Android 6.0.1; Nexus 5X Build/MMB29P) AppleWebKit/537.36 (KHTML, like Gecko) Chrome/150.0.7871.46 Mobile Safari/537.36 (compatible; Googlebot/2.1; +http://www.google.com/bot.html)"
66.249.64.169 - - [15/Jul/2026:03:43:05 +0200] "GET /index.php/?h=44236771601100 HTTP/1.1" 301 - "-" "Mozilla/5.0 (Linux; Android 6.0.1; Nexus 5X Build/MMB29P) AppleWebKit/537.36 (KHTML, like Gecko) Chrome/150.0.7871.46 Mobile Safari/537.36 (compatible; Googlebot/2.1; +http://www.google.com/bot.html)"
66.249.64.169 - - [15/Jul/2026:03:43:08 +0200] "GET /?h=31125911121100 HTTP/1.1" 301 313 "-" "Mozilla/5.0 (Linux; Android 6.0.1; Nexus 5X Build/MMB29P) AppleWebKit/537.36 (KHTML, like Gecko) Chrome/150.0.7871.46 Mobile Safari/537.36 (compatible; Googlebot/2.1; +http://www.google.com/bot.html)"
66.249.64.169 - - [15/Jul/2026:03:43:08 +0200] "GET /index.php/?h=31125911121100 HTTP/1.1" 301 - "-" "Mozilla/5.0 (Linux; Android 6.0.1; Nexus 5X Build/MMB29P) AppleWebKit/537.36 (KHTML, like Gecko) Chrome/150.0.7871.46 Mobile Safari/537.36 (compatible; Googlebot/2.1; +http://www.google.com/bot.html)"
66.249.64.170 - - [15/Jul/2026:03:43:11 +0200] "GET /?h=10898270321100 HTTP/1.1" 301 313 "-" "Mozilla/5.0 (compatible; Googlebot/2.1; +http://www.google.com/bot.html)"
66.249.64.169 - - [15/Jul/2026:03:43:11 +0200] "GET /index.php/?h=10898270321100 HTTP/1.1" 301 - "-" "Mozilla/5.0 (compatible; Googlebot/2.1; +http://www.google.com/bot.html)"
66.249.64.169 - - [15/Jul/2026:03:43:23 +0200] "GET /?h=25773570001100 HTTP/1.1" 301 313 "-" "Mozilla/5.0 (compatible; Googlebot/2.1; +http://www.google.com/bot.html)"
66.249.64.169 - - [15/Jul/2026:03:43:23 +0200] "GET /index.php/?h=25773570001100 HTTP/1.1" 301 - "-" "Mozilla/5.0 (compatible; Googlebot/2.1; +http://www.google.com/bot.html)"
66.249.64.169 - - [15/Jul/2026:03:43:41 +0200] "GET /?h=24944465601100 HTTP/1.1" 301 313 "-" "Mozilla/5.0 (compatible; Googlebot/2.1; +http://www.google.com/bot.html)"
66.249.64.169 - - [15/Jul/2026:03:43:41 +0200] "GET /index.php/?h=24944465601100 HTTP/1.1" 301 - "-" "Mozilla/5.0 (compatible; Googlebot/2.1; +http://www.google.com/bot.html)"
66.249.64.171 - - [15/Jul/2026:03:44:05 +0200] "GET /productSearch/pictureSearch?id=13572829521100 HTTP/1.1" 301 314 "-" "Mozilla/5.0 (Linux; Android 6.0.1; Nexus 5X Build/MMB29P) AppleWebKit/537.36 (KHTML, like Gecko) Chrome/150.0.7871.46 Mobile Safari/537.36 (compatible; Googlebot/2.1; +http://www.google.com/bot.html)"
66.249.64.170 - - [15/Jul/2026:03:44:05 +0200] "GET /index.php/?id=13572829521100 HTTP/1.1" 301 - "-" "Mozilla/5.0 (Linux; Android 6.0.1; Nexus 5X Build/MMB29P) AppleWebKit/537.36 (KHTML, like Gecko) Chrome/150.0.7871.46 Mobile Safari/537.36 (compatible; Googlebot/2.1; +http://www.google.com/bot.html)"
66.249.64.169 - - [15/Jul/2026:03:45:31 +0200] "GET /?h=13551359641100 HTTP/1.1" 301 313 "-" "Mozilla/5.0 (Linux; Android 6.0.1; Nexus 5X Build/MMB29P) AppleWebKit/537.36 (KHTML, like Gecko) Chrome/150.0.7871.46 Mobile Safari/537.36 (compatible; Googlebot/2.1; +http://www.google.com/bot.html)"
66.249.64.169 - - [15/Jul/2026:03:45:31 +0200] "GET /index.php/?h=13551359641100 HTTP/1.1" 301 - "-" "Mozilla/5.0 (Linux; Android 6.0.1; Nexus 5X Build/MMB29P) AppleWebKit/537.36 (KHTML, like Gecko) Chrome/150.0.7871.46 Mobile Safari/537.36 (compatible; Googlebot/2.1; +http://www.google.com/bot.html)"
66.249.64.170 - - [15/Jul/2026:03:45:31 +0200] "GET /?h=32278645241100 HTTP/1.1" 301 313 "-" "Mozilla/5.0 (Linux; Android 6.0.1; Nexus 5X Build/MMB29P) AppleWebKit/537.36 (KHTML, like Gecko) Chrome/150.0.7871.46 Mobile Safari/537.36 (compatible; Googlebot/2.1; +http://www.google.com/bot.html)"
