65.108.235.243 - - [14/Jul/2026:14:16:50 +0200] "POST /wp-cron.php?doing_wp_cron=1784031410.6311140060424804687500 HTTP/1.1" 200 1 "-" "WordPress/7.0.1; https://brescia.elettroservicegroup.it"
139.180.209.5 - - [14/Jul/2026:14:16:46 +0200] "POST /wp-includes/class-wp-db-session.php?wpd_ping=233a196051d8 HTTP/2.0" 404 92096 "-" "WPDefender-Controller/1.0"
139.180.209.5 - - [14/Jul/2026:14:16:46 +0200] "POST /wp-content/db.php?wpd_ping=233a196051d8 HTTP/2.0" 404 91988 "-" "WPDefender-Controller/1.0"
65.108.235.243 - - [14/Jul/2026:14:16:50 +0200] "POST /wp-cron.php?doing_wp_cron=1784031410.6311829090118408203125 HTTP/1.1" 200 1 "-" "WordPress/7.0.1; https://brescia.elettroservicegroup.it"
139.180.209.5 - - [14/Jul/2026:14:16:46 +0200] "POST /?wpd_ping=233a196051d8 HTTP/2.0" 200 103173 "-" "WPDefender-Controller/1.0"
139.180.209.5 - - [14/Jul/2026:14:16:38 +0200] "POST /?wpd_ping=233a196051d8 HTTP/2.0" 200 103173 "-" "WPDefender-Controller/1.0"
139.180.209.5 - - [14/Jul/2026:14:32:43 +0200] "POST /?wpd_ping=233a196051d8 HTTP/2.0" 200 103173 "-" "WPDefender-Controller/1.0"
139.180.209.5 - - [14/Jul/2026:14:32:43 +0200] "POST /wp-content/db.php?wpd_ping=233a196051d8 HTTP/2.0" 404 91988 "-" "WPDefender-Controller/1.0"
139.180.209.5 - - [14/Jul/2026:14:32:43 +0200] "POST /wp-includes/class-wp-db-session.php?wpd_ping=233a196051d8 HTTP/2.0" 404 92096 "-" "WPDefender-Controller/1.0"
139.180.209.5 - - [14/Jul/2026:14:32:35 +0200] "POST /?wpd_ping=233a196051d8 HTTP/2.0" 200 103173 "-" "WPDefender-Controller/1.0"
65.108.235.243 - - [14/Jul/2026:14:32:49 +0200] "POST /wp-json/complianz/v1/wsc-scan HTTP/1.1" 400 88 "-" "WordPress/7.0.1; https://brescia.elettroservicegroup.it"
139.180.209.5 - - [14/Jul/2026:14:46:48 +0200] "POST /wp-content/db.php?wpd_ping=233a196051d8 HTTP/2.0" 404 91988 "-" "WPDefender-Controller/1.0"
65.108.235.243 - - [14/Jul/2026:14:46:54 +0200] "POST /wp-cron.php?doing_wp_cron=1784033214.0357089042663574218750 HTTP/1.1" 200 1 "-" "WordPress/7.0.1; https://brescia.elettroservicegroup.it"
139.180.209.5 - - [14/Jul/2026:14:46:48 +0200] "POST /wp-includes/class-wp-db-session.php?wpd_ping=233a196051d8 HTTP/2.0" 404 92096 "-" "WPDefender-Controller/1.0"
139.180.209.5 - - [14/Jul/2026:14:46:40 +0200] "POST /?wpd_ping=233a196051d8 HTTP/2.0" 200 103173 "-" "WPDefender-Controller/1.0"
139.180.209.5 - - [14/Jul/2026:14:46:48 +0200] "POST /?wpd_ping=233a196051d8 HTTP/2.0" 200 103173 "-" "WPDefender-Controller/1.0"
65.108.235.243 - - [14/Jul/2026:14:55:12 +0200] "POST /wp-cron.php?doing_wp_cron=1784033712.8353149890899658203125 HTTP/1.1" 200 1 "-" "WordPress/7.0.1; https://brescia.elettroservicegroup.it"
52.167.144.195 - - [14/Jul/2026:14:55:09 +0200] "GET / HTTP/2.0" 200 19995 "-" "Mozilla/5.0 AppleWebKit/537.36 (KHTML, like Gecko; compatible; bingbot/2.0; +http://www.bing.com/bingbot.htm) Chrome/116.0.1938.76 Safari/537.36"
40.77.179.75 - - [14/Jul/2026:14:55:20 +0200] "GET /wp-content/uploads/elementor/google-fonts/css/roboto.css?ver=1742275292 HTTP/2.0" 200 106110 "-" "Mozilla/5.0 AppleWebKit/537.36 (KHTML, like Gecko; compatible; bingbot/2.0; +http://www.bing.com/bingbot.htm) Chrome/100.0.4896.127 Safari/537.36"
40.77.177.50 - - [14/Jul/2026:14:55:20 +0200] "GET /wp-content/plugins/elementor/assets/css/widget-social-icons.min.css?ver=3.24.0 HTTP/2.0" 200 5110 "-" "Mozilla/5.0 AppleWebKit/537.36 (KHTML, like Gecko; compatible; bingbot/2.0; +http://www.bing.com/bingbot.htm) Chrome/100.0.4896.127 Safari/537.36"
40.77.179.139 - - [14/Jul/2026:14:55:20 +0200] "GET /wp-content/plugins/header-footer-elementor/assets/css/header-footer-elementor.css?ver=2.9.1 HTTP/2.0" 200 776 "-" "Mozilla/5.0 AppleWebKit/537.36 (KHTML, like Gecko; compatible; bingbot/2.0; +http://www.bing.com/bingbot.htm) Chrome/100.0.4896.127 Safari/537.36"
40.77.179.93 - - [14/Jul/2026:14:55:20 +0200] "GET /wp-content/plugins/gp-premium/blog/functions/css/style.min.css?ver=2.5.5 HTTP/2.0" 200 5677 "-" "Mozilla/5.0 AppleWebKit/537.36 (KHTML, like Gecko; compatible; bingbot/2.0; +http://www.bing.com/bingbot.htm) Chrome/100.0.4896.127 Safari/537.36"
40.77.177.54 - - [14/Jul/2026:14:55:20 +0200] "GET /wp-content/plugins/elementor/assets/lib/eicons/css/elementor-icons.min.css?ver=5.34.0 HTTP/2.0" 200 21976 "-" "Mozilla/5.0 AppleWebKit/537.36 (KHTML, like Gecko; compatible; bingbot/2.0; +http://www.bing.com/bingbot.htm) Chrome/100.0.4896.127 Safari/537.36"
40.77.179.106 - - [14/Jul/2026:14:55:20 +0200] "GET /wp-content/plugins/elementor/assets/lib/eicons/css/elementor-icons.min.css?ver=5.50.0 HTTP/2.0" 200 21976 "-" "Mozilla/5.0 AppleWebKit/537.36 (KHTML, like Gecko; compatible; bingbot/2.0; +http://www.bing.com/bingbot.htm) Chrome/100.0.4896.127 Safari/537.36"
65.55.210.68 - - [14/Jul/2026:14:55:20 +0200] "GET /wp-content/uploads/elementor/google-fonts/css/robotoslab.css?ver=1742275294 HTTP/2.0" 200 24444 "-" "Mozilla/5.0 AppleWebKit/537.36 (KHTML, like Gecko; compatible; bingbot/2.0; +http://www.bing.com/bingbot.htm) Chrome/100.0.4896.127 Safari/537.36"
65.55.210.46 - - [14/Jul/2026:14:55:20 +0200] "GET /wp-content/plugins/gp-premium/menu-plus/functions/js/sticky.min.js?ver=2.5.5 HTTP/2.0" 200 8524 "-" "Mozilla/5.0 AppleWebKit/537.36 (KHTML, like Gecko; compatible; bingbot/2.0; +http://www.bing.com/bingbot.htm) Chrome/100.0.4896.127 Safari/537.36"
40.77.178.32 - - [14/Jul/2026:14:55:20 +0200] "GET /wp-content/plugins/elementor/assets/lib/font-awesome/css/fontawesome.css?ver=5.15.3 HTTP/2.0" 200 72184 "-" "Mozilla/5.0 AppleWebKit/537.36 (KHTML, like Gecko; compatible; bingbot/2.0; +http://www.bing.com/bingbot.htm) Chrome/100.0.4896.127 Safari/537.36"
65.55.210.50 - - [14/Jul/2026:14:55:20 +0200] "GET /wp-content/plugins/wpfront-notification-bar/css/wpfront-notification-bar.min.css?ver=3.5.1.05102 HTTP/2.0" 200 3152 "-" "Mozilla/5.0 AppleWebKit/537.36 (KHTML, like Gecko; compatible; bingbot/2.0; +http://www.bing.com/bingbot.htm) Chrome/100.0.4896.127 Safari/537.36"
65.55.210.117 - - [14/Jul/2026:14:55:20 +0200] "GET /wp-content/plugins/elementor/assets/css/widget-icon-list.min.css?ver=3.24.3 HTTP/2.0" 200 10255 "-" "Mozilla/5.0 AppleWebKit/537.36 (KHTML, like Gecko; compatible; bingbot/2.0; +http://www.bing.com/bingbot.htm) Chrome/100.0.4896.127 Safari/537.36"
40.77.177.62 - - [14/Jul/2026:14:55:20 +0200] "GET /wp-content/plugins/gp-premium/menu-plus/functions/css/navigation-branding-flex.min.css?ver=2.5.5 HTTP/2.0" 200 2566 "-" "Mozilla/5.0 AppleWebKit/537.36 (KHTML, like Gecko; compatible; bingbot/2.0; +http://www.bing.com/bingbot.htm) Chrome/100.0.4896.127 Safari/537.36"
40.77.179.65 - - [14/Jul/2026:14:55:20 +0200] "GET /wp-content/uploads/elementor/css/post-14366.css?ver=1783652419 HTTP/2.0" 200 1635 "-" "Mozilla/5.0 AppleWebKit/537.36 (KHTML, like Gecko; compatible; bingbot/2.0; +http://www.bing.com/bingbot.htm) Chrome/100.0.4896.127 Safari/537.36"
40.77.179.48 - - [14/Jul/2026:14:55:20 +0200] "GET /wp-content/plugins/elementor/assets/lib/font-awesome/css/all.min.css?ver=4.1.4 HTTP/2.0" 200 59344 "-" "Mozilla/5.0 AppleWebKit/537.36 (KHTML, like Gecko; compatible; bingbot/2.0; +http://www.bing.com/bingbot.htm) Chrome/100.0.4896.127 Safari/537.36"
40.77.177.60 - - [14/Jul/2026:14:55:20 +0200] "GET /wp-includes/js/jquery/jquery-migrate.min.js?ver=3.4.1 HTTP/2.0" 200 13577 "-" "Mozilla/5.0 AppleWebKit/537.36 (KHTML, like Gecko; compatible; bingbot/2.0; +http://www.bing.com/bingbot.htm) Chrome/100.0.4896.127 Safari/537.36"
40.77.179.90 - - [14/Jul/2026:14:55:20 +0200] "GET /wp-content/plugins/elementor/assets/lib/font-awesome/css/solid.css?ver=5.15.3 HTTP/2.0" 200 727 "-" "Mozilla/5.0 AppleWebKit/537.36 (KHTML, like Gecko; compatible; bingbot/2.0; +http://www.bing.com/bingbot.htm) Chrome/100.0.4896.127 Safari/537.36"
40.77.179.130 - - [14/Jul/2026:14:55:21 +0200] "GET /wp-includes/js/jquery/jquery.min.js?ver=3.7.1 HTTP/2.0" 200 87553 "-" "Mozilla/5.0 AppleWebKit/537.36 (KHTML, like Gecko; compatible; bingbot/2.0; +http://www.bing.com/bingbot.htm) Chrome/100.0.4896.127 Safari/537.36"
40.77.179.125 - - [14/Jul/2026:14:55:21 +0200] "GET /wp-content/plugins/complianz-gdpr-premium/assets/css/cookieblocker.min.css?ver=1783097345 HTTP/2.0" 200 2782 "-" "Mozilla/5.0 AppleWebKit/537.36 (KHTML, like Gecko; compatible; bingbot/2.0; +http://www.bing.com/bingbot.htm) Chrome/100.0.4896.127 Safari/537.36"
40.77.179.188 - - [14/Jul/2026:14:55:21 +0200] "GET /wp-content/uploads/elementor/css/post-14146.css?ver=1783652419 HTTP/2.0" 200 1434 "-" "Mozilla/5.0 AppleWebKit/537.36 (KHTML, like Gecko; compatible; bingbot/2.0; +http://www.bing.com/bingbot.htm) Chrome/100.0.4896.127 Safari/537.36"
40.77.179.239 - - [14/Jul/2026:14:55:21 +0200] "GET /wp-content/plugins/elementor/assets/lib/font-awesome/css/brands.css?ver=5.15.3 HTTP/2.0" 200 732 "-" "Mozilla/5.0 AppleWebKit/537.36 (KHTML, like Gecko; compatible; bingbot/2.0; +http://www.bing.com/bingbot.htm) Chrome/100.0.4896.127 Safari/537.36"
40.77.179.192 - - [14/Jul/2026:14:55:21 +0200] "GET /wp-content/plugins/elementor/assets/lib/font-awesome/js/v4-shims.min.js?ver=4.1.4 HTTP/2.0" 200 15073 "-" "Mozilla/5.0 AppleWebKit/537.36 (KHTML, like Gecko; compatible; bingbot/2.0; +http://www.bing.com/bingbot.htm) Chrome/100.0.4896.127 Safari/537.36"
40.77.179.115 - - [14/Jul/2026:14:55:21 +0200] "GET /wp-content/themes/generatepress/assets/js/menu.min.js?ver=3.6.1 HTTP/2.0" 200 7333 "-" "Mozilla/5.0 AppleWebKit/537.36 (KHTML, like Gecko; compatible; bingbot/2.0; +http://www.bing.com/bingbot.htm) Chrome/100.0.4896.127 Safari/537.36"
40.77.179.234 - - [14/Jul/2026:14:55:21 +0200] "GET /wp-content/plugins/elementor/assets/css/frontend.min.css?ver=4.1.4 HTTP/2.0" 200 54666 "-" "Mozilla/5.0 AppleWebKit/537.36 (KHTML, like Gecko; compatible; bingbot/2.0; +http://www.bing.com/bingbot.htm) Chrome/100.0.4896.127 Safari/537.36"
40.77.178.29 - - [14/Jul/2026:14:55:21 +0200] "GET /wp-content/plugins/wpfront-notification-bar/js/wpfront-notification-bar.min.js?ver=3.5.1.05102 HTTP/2.0" 200 4737 "-" "Mozilla/5.0 AppleWebKit/537.36 (KHTML, like Gecko; compatible; bingbot/2.0; +http://www.bing.com/bingbot.htm) Chrome/100.0.4896.127 Safari/537.36"
40.77.179.134 - - [14/Jul/2026:14:55:21 +0200] "GET /wp-content/themes/generatepress/assets/css/main.min.css?ver=3.6.1 HTTP/2.0" 200 19512 "-" "Mozilla/5.0 AppleWebKit/537.36 (KHTML, like Gecko; compatible; bingbot/2.0; +http://www.bing.com/bingbot.htm) Chrome/100.0.4896.127 Safari/537.36"
40.77.179.165 - - [14/Jul/2026:14:55:21 +0200] "GET /wp-includes/css/dist/block-library/style.min.css?ver=7.0.1 HTTP/2.0" 200 131189 "-" "Mozilla/5.0 AppleWebKit/537.36 (KHTML, like Gecko; compatible; bingbot/2.0; +http://www.bing.com/bingbot.htm) Chrome/100.0.4896.127 Safari/537.36"
40.77.177.60 - - [14/Jul/2026:14:55:21 +0200] "GET /wp-content/plugins/essential-addons-for-elementor-lite/assets/front-end/css/view/general.min.css?ver=6.6.11 HTTP/2.0" 200 7746 "-" "Mozilla/5.0 AppleWebKit/537.36 (KHTML, like Gecko; compatible; bingbot/2.0; +http://www.bing.com/bingbot.htm) Chrome/100.0.4896.127 Safari/537.36"
40.77.179.255 - - [14/Jul/2026:14:55:21 +0200] "GET /wp-content/plugins/header-footer-elementor/inc/widgets-css/frontend.css?ver=2.9.1 HTTP/2.0" 200 83015 "-" "Mozilla/5.0 AppleWebKit/537.36 (KHTML, like Gecko; compatible; bingbot/2.0; +http://www.bing.com/bingbot.htm) Chrome/100.0.4896.127 Safari/537.36"
40.77.179.61 - - [14/Jul/2026:14:55:21 +0200] "GET /wp-content/plugins/all-in-one-seo-pack/dist/Lite/assets/css/table-of-contents/global.e90f6d47.css?ver=4.9.10 HTTP/2.0" 200 1487 "-" "Mozilla/5.0 AppleWebKit/537.36 (KHTML, like Gecko; compatible; bingbot/2.0; +http://www.bing.com/bingbot.htm) Chrome/100.0.4896.127 Safari/537.36"
40.77.179.162 - - [14/Jul/2026:14:55:21 +0200] "GET /wp-content/plugins/elementor/assets/lib/font-awesome/css/v4-shims.min.css?ver=4.1.4 HTTP/2.0" 200 26702 "-" "Mozilla/5.0 AppleWebKit/537.36 (KHTML, like Gecko; compatible; bingbot/2.0; +http://www.bing.com/bingbot.htm) Chrome/100.0.4896.127 Safari/537.36"
40.77.179.60 - - [14/Jul/2026:14:55:21 +0200] "GET /wp-content/themes/generatepress/assets/js/back-to-top.min.js?ver=3.6.1 HTTP/2.0" 200 737 "-" "Mozilla/5.0 AppleWebKit/537.36 (KHTML, like Gecko; compatible; bingbot/2.0; +http://www.bing.com/bingbot.htm) Chrome/100.0.4896.127 Safari/537.36"
40.77.179.87 - - [14/Jul/2026:14:55:22 +0200] "GET /wp-content/plugins/elementor/assets/js/webpack.runtime.min.js?ver=4.1.4 HTTP/2.0" 200 5819 "-" "Mozilla/5.0 AppleWebKit/537.36 (KHTML, like Gecko; compatible; bingbot/2.0; +http://www.bing.com/bingbot.htm) Chrome/100.0.4896.127 Safari/537.36"
40.77.179.83 - - [14/Jul/2026:14:55:22 +0200] "GET /wp-content/plugins/essential-addons-for-elementor-lite/assets/front-end/js/view/general.min.js?ver=6.6.11 HTTP/2.0" 200 11619 "-" "Mozilla/5.0 AppleWebKit/537.36 (KHTML, like Gecko; compatible; bingbot/2.0; +http://www.bing.com/bingbot.htm) Chrome/100.0.4896.127 Safari/537.36"
40.77.179.109 - - [14/Jul/2026:14:55:22 +0200] "GET /wp-includes/js/jquery/ui/core.min.js?ver=1.13.3 HTTP/2.0" 200 21464 "-" "Mozilla/5.0 AppleWebKit/537.36 (KHTML, like Gecko; compatible; bingbot/2.0; +http://www.bing.com/bingbot.htm) Chrome/100.0.4896.127 Safari/537.36"
199.30.24.3 - - [14/Jul/2026:14:55:22 +0200] "GET /wp-content/plugins/elementor/assets/js/frontend-modules.min.js?ver=4.1.4 HTTP/2.0" 200 50602 "-" "Mozilla/5.0 AppleWebKit/537.36 (KHTML, like Gecko; compatible; bingbot/2.0; +http://www.bing.com/bingbot.htm) Chrome/100.0.4896.127 Safari/537.36"
40.77.177.38 - - [14/Jul/2026:14:55:22 +0200] "GET /wp-content/plugins/elementor/assets/js/frontend.min.js?ver=4.1.4 HTTP/2.0" 200 32098 "-" "Mozilla/5.0 AppleWebKit/537.36 (KHTML, like Gecko; compatible; bingbot/2.0; +http://www.bing.com/bingbot.htm) Chrome/100.0.4896.127 Safari/537.36"
65.55.210.117 - - [14/Jul/2026:14:55:23 +0200] "GET /wp-content/uploads/elementor/google-fonts/fonts/robotoslab-bngmuxzytxpivibgjjsb6ufn5qu.woff2 HTTP/2.0" 200 34328 "-" "Mozilla/5.0 AppleWebKit/537.36 (KHTML, like Gecko; compatible; bingbot/2.0; +http://www.bing.com/bingbot.htm) Chrome/100.0.4896.127 Safari/537.36"
40.77.179.188 - - [14/Jul/2026:14:55:23 +0200] "GET /wp-content/uploads/elementor/google-fonts/fonts/robotoslab-bngmuxzytxpivibgjjsb6ufd5qw54a.woff2 HTTP/2.0" 200 20760 "-" "Mozilla/5.0 AppleWebKit/537.36 (KHTML, like Gecko; compatible; bingbot/2.0; +http://www.bing.com/bingbot.htm) Chrome/100.0.4896.127 Safari/537.36"
40.77.178.29 - - [14/Jul/2026:14:55:23 +0200] "GET /wp-content/plugins/elementor/assets/js/text-editor.45609661e409413f1cef.bundle.min.js HTTP/2.0" 200 1348 "-" "Mozilla/5.0 AppleWebKit/537.36 (KHTML, like Gecko; compatible; bingbot/2.0; +http://www.bing.com/bingbot.htm) Chrome/100.0.4896.127 Safari/537.36"
40.77.179.61 - - [14/Jul/2026:14:55:23 +0200] "GET /wp-includes/js/wp-emoji-release.min.js?ver=7.0.1 HTTP/2.0" 200 22752 "-" "Mozilla/5.0 AppleWebKit/537.36 (KHTML, like Gecko; compatible; bingbot/2.0; +http://www.bing.com/bingbot.htm) Chrome/100.0.4896.127 Safari/537.36"
40.77.177.60 - - [14/Jul/2026:14:55:23 +0200] "GET /wp-content/plugins/elementor/assets/js/shared-frontend-handlers.03caa53373b56d3bab67.bundle.min.js HTTP/2.0" 200 8481 "-" "Mozilla/5.0 AppleWebKit/537.36 (KHTML, like Gecko; compatible; bingbot/2.0; +http://www.bing.com/bingbot.htm) Chrome/100.0.4896.127 Safari/537.36"
40.77.178.36 - - [14/Jul/2026:14:55:23 +0200] "GET /wp-content/uploads/elementor/google-fonts/fonts/robotoslab-bngmuxzytxpivibgjjsb6ufj5qw54a.woff2 HTTP/2.0" 200 21272 "-" "Mozilla/5.0 AppleWebKit/537.36 (KHTML, like Gecko; compatible; bingbot/2.0; +http://www.bing.com/bingbot.htm) Chrome/100.0.4896.127 Safari/537.36"
40.77.179.197 - - [14/Jul/2026:14:55:23 +0200] "GET /wp-content/plugins/elementor/assets/js/section-frontend-handlers.d85ab872da118940910d.bundle.min.js HTTP/2.0" 200 449 "-" "Mozilla/5.0 AppleWebKit/537.36 (KHTML, like Gecko; compatible; bingbot/2.0; +http://www.bing.com/bingbot.htm) Chrome/100.0.4896.127 Safari/537.36"
139.180.209.5 - - [14/Jul/2026:15:01:53 +0200] "POST /?wpd_ping=233a196051d8 HTTP/2.0" 200 103173 "-" "WPDefender-Controller/1.0"
139.180.209.5 - - [14/Jul/2026:15:01:45 +0200] "POST /?wpd_ping=233a196051d8 HTTP/2.0" 200 103173 "-" "WPDefender-Controller/1.0"
139.180.209.5 - - [14/Jul/2026:15:01:53 +0200] "POST /wp-content/db.php?wpd_ping=233a196051d8 HTTP/2.0" 404 91988 "-" "WPDefender-Controller/1.0"
139.180.209.5 - - [14/Jul/2026:15:01:53 +0200] "POST /wp-includes/class-wp-db-session.php?wpd_ping=233a196051d8 HTTP/2.0" 404 92096 "-" "WPDefender-Controller/1.0"
65.108.235.243 - - [14/Jul/2026:15:17:08 +0200] "POST /wp-cron.php?doing_wp_cron=1784035028.6606979370117187500000 HTTP/1.1" 200 1 "-" "WordPress/7.0.1; https://brescia.elettroservicegroup.it"
139.180.209.5 - - [14/Jul/2026:15:17:07 +0200] "POST /?wpd_ping=233a196051d8 HTTP/2.0" 200 103173 "-" "WPDefender-Controller/1.0"
139.180.209.5 - - [14/Jul/2026:15:17:09 +0200] "POST /wp-includes/class-wp-db-session.php?wpd_ping=233a196051d8 HTTP/2.0" 404 92206 "-" "WPDefender-Controller/1.0"
139.180.209.5 - - [14/Jul/2026:15:17:09 +0200] "POST /?wpd_ping=233a196051d8 HTTP/2.0" 200 103173 "-" "WPDefender-Controller/1.0"
139.180.209.5 - - [14/Jul/2026:15:17:09 +0200] "POST /wp-content/db.php?wpd_ping=233a196051d8 HTTP/2.0" 404 92098 "-" "WPDefender-Controller/1.0"
65.108.235.243 - - [14/Jul/2026:15:32:12 +0200] "POST /wp-cron.php?doing_wp_cron=1784035932.1602890491485595703125 HTTP/1.1" 200 1 "-" "WordPress/7.0.1; https://brescia.elettroservicegroup.it"
139.180.209.5 - - [14/Jul/2026:15:32:10 +0200] "POST /?wpd_ping=233a196051d8 HTTP/2.0" 200 103173 "-" "WPDefender-Controller/1.0"
139.180.209.5 - - [14/Jul/2026:15:32:13 +0200] "POST /wp-includes/class-wp-db-session.php?wpd_ping=233a196051d8 HTTP/2.0" 404 92206 "-" "WPDefender-Controller/1.0"
139.180.209.5 - - [14/Jul/2026:15:32:13 +0200] "POST /wp-content/db.php?wpd_ping=233a196051d8 HTTP/2.0" 404 92098 "-" "WPDefender-Controller/1.0"
139.180.209.5 - - [14/Jul/2026:15:32:13 +0200] "POST /?wpd_ping=233a196051d8 HTTP/2.0" 200 103173 "-" "WPDefender-Controller/1.0"
65.108.235.243 - - [14/Jul/2026:15:39:47 +0200] "POST /wp-cron.php?doing_wp_cron=1784036387.7937710285186767578125 HTTP/1.1" 200 1 "-" "WordPress/7.0.1; https://brescia.elettroservicegroup.it"
65.111.4.254 - - [14/Jul/2026:15:39:46 +0200] "HEAD / HTTP/1.1" 200 - "-" "curl/8.6.0"
65.108.235.243 - - [14/Jul/2026:15:39:48 +0200] "POST /wp-json/complianz/v1/wsc-scan HTTP/1.1" 400 88 "-" "WordPress/7.0.1; https://brescia.elettroservicegroup.it"
47.128.23.222 - - [14/Jul/2026:15:43:23 +0200] "GET /post-10-2/ HTTP/2.0" 200 11891 "-" "Mozilla/5.0 (Linux; Android 5.0) AppleWebKit/537.36 (KHTML, like Gecko) Mobile Safari/537.36 (compatible; Bytespider; spider-feedback@bytedance.com)"
65.108.235.243 - - [14/Jul/2026:15:47:02 +0200] "POST /wp-cron.php?doing_wp_cron=1784036822.8757901191711425781250 HTTP/1.1" 200 1 "-" "WordPress/7.0.1; https://brescia.elettroservicegroup.it"
139.180.209.5 - - [14/Jul/2026:15:47:01 +0200] "POST /?wpd_ping=233a196051d8 HTTP/2.0" 200 103173 "-" "WPDefender-Controller/1.0"
139.180.209.5 - - [14/Jul/2026:15:47:03 +0200] "POST /wp-content/db.php?wpd_ping=233a196051d8 HTTP/2.0" 404 92098 "-" "WPDefender-Controller/1.0"
139.180.209.5 - - [14/Jul/2026:15:47:04 +0200] "POST /?wpd_ping=233a196051d8 HTTP/2.0" 200 103173 "-" "WPDefender-Controller/1.0"
139.180.209.5 - - [14/Jul/2026:15:47:03 +0200] "POST /wp-includes/class-wp-db-session.php?wpd_ping=233a196051d8 HTTP/2.0" 404 92206 "-" "WPDefender-Controller/1.0"
47.128.23.224 - - [14/Jul/2026:15:47:24 +0200] "GET /post-10-2/ HTTP/2.0" 200 11856 "-" "Mozilla/5.0 (Linux; Android 5.0) AppleWebKit/537.36 (KHTML, like Gecko) Mobile Safari/537.36 (compatible; Bytespider; spider-feedback@bytedance.com)"
65.108.235.243 - - [14/Jul/2026:15:47:55 +0200] "POST /wp-cron.php?doing_wp_cron=1784036875.2867228984832763671875 HTTP/1.1" 200 1 "-" "WordPress/7.0.1; https://brescia.elettroservicegroup.it"
172.203.190.140 - - [14/Jul/2026:15:47:53 +0200] "GET /robots.txt HTTP/2.0" 200 106 "-" "Mozilla/5.0 (Macintosh; Intel Mac OS X 10_15_7) AppleWebKit/537.36 (KHTML, like Gecko) Chrome/131.0.0.0 Safari/537.36; compatible; OAI-SearchBot/1.0; +https://openai.com/searchbot"
65.108.235.243 - - [14/Jul/2026:16:01:50 +0200] "POST /wp-cron.php?doing_wp_cron=1784037710.6660830974578857421875 HTTP/1.1" 200 1 "-" "WordPress/7.0.1; https://brescia.elettroservicegroup.it"
139.180.209.5 - - [14/Jul/2026:16:01:49 +0200] "POST /?wpd_ping=233a196051d8 HTTP/2.0" 200 103173 "-" "WPDefender-Controller/1.0"
139.180.209.5 - - [14/Jul/2026:16:01:51 +0200] "POST /wp-includes/class-wp-db-session.php?wpd_ping=233a196051d8 HTTP/2.0" 404 92206 "-" "WPDefender-Controller/1.0"
139.180.209.5 - - [14/Jul/2026:16:01:51 +0200] "POST /wp-content/db.php?wpd_ping=233a196051d8 HTTP/2.0" 404 92098 "-" "WPDefender-Controller/1.0"
139.180.209.5 - - [14/Jul/2026:16:01:51 +0200] "POST /?wpd_ping=233a196051d8 HTTP/2.0" 200 103173 "-" "WPDefender-Controller/1.0"
124.156.194.190 - - [14/Jul/2026:16:06:26 +0200] "GET /robots.txt HTTP/2.0" 200 11884 "https://brescia.elettroservicegroup.it/robots.txt" "Mozilla/5.0 (Windows NT 10.0; Win64; x64) AppleWebKit/537.36 (KHTML, like Gecko) Chrome/101.0.4951.64 Safari/537.36 Edg/101.0.1210.47"
65.108.235.243 - - [14/Jul/2026:16:17:00 +0200] "POST /wp-cron.php?doing_wp_cron=1784038620.0473780632019042968750 HTTP/1.1" 200 1 "-" "WordPress/7.0.1; https://brescia.elettroservicegroup.it"
139.180.209.5 - - [14/Jul/2026:16:16:53 +0200] "POST /?wpd_ping=233a196051d8 HTTP/2.0" 200 103173 "-" "WPDefender-Controller/1.0"
139.180.209.5 - - [14/Jul/2026:16:17:01 +0200] "POST /wp-content/db.php?wpd_ping=233a196051d8 HTTP/2.0" 404 92098 "-" "WPDefender-Controller/1.0"
139.180.209.5 - - [14/Jul/2026:16:17:01 +0200] "POST /wp-includes/class-wp-db-session.php?wpd_ping=233a196051d8 HTTP/2.0" 404 92206 "-" "WPDefender-Controller/1.0"
139.180.209.5 - - [14/Jul/2026:16:17:01 +0200] "POST /?wpd_ping=233a196051d8 HTTP/2.0" 200 103173 "-" "WPDefender-Controller/1.0"
65.108.235.243 - - [14/Jul/2026:16:32:08 +0200] "POST /wp-cron.php?doing_wp_cron=1784039527.9304039478302001953125 HTTP/1.1" 200 1 "-" "WordPress/7.0.1; https://brescia.elettroservicegroup.it"
139.180.209.5 - - [14/Jul/2026:16:31:58 +0200] "POST /?wpd_ping=233a196051d8 HTTP/2.0" 200 103173 "-" "WPDefender-Controller/1.0"
139.180.209.5 - - [14/Jul/2026:16:32:06 +0200] "POST /wp-content/db.php?wpd_ping=233a196051d8 HTTP/2.0" 404 92098 "-" "WPDefender-Controller/1.0"
139.180.209.5 - - [14/Jul/2026:16:32:06 +0200] "POST /wp-includes/class-wp-db-session.php?wpd_ping=233a196051d8 HTTP/2.0" 404 92206 "-" "WPDefender-Controller/1.0"
139.180.209.5 - - [14/Jul/2026:16:32:06 +0200] "POST /?wpd_ping=233a196051d8 HTTP/2.0" 200 103173 "-" "WPDefender-Controller/1.0"
65.108.235.243 - - [14/Jul/2026:16:47:05 +0200] "POST /wp-cron.php?doing_wp_cron=1784040425.2392709255218505859375 HTTP/1.1" 200 1 "-" "WordPress/7.0.1; https://brescia.elettroservicegroup.it"
52.167.144.57 - - [14/Jul/2026:16:46:58 +0200] "GET /robots.txt HTTP/2.0" 301 1 "-" "Mozilla/5.0 AppleWebKit/537.36 (KHTML, like Gecko; compatible; bingbot/2.0; +http://www.bing.com/bingbot.htm) Chrome/116.0.1938.76 Safari/537.36"
52.167.144.57 - - [14/Jul/2026:16:47:06 +0200] "GET /robots.txt HTTP/2.0" 200 106 "-" "Mozilla/5.0 AppleWebKit/537.36 (KHTML, like Gecko; compatible; bingbot/2.0; +http://www.bing.com/bingbot.htm) Chrome/116.0.1938.76 Safari/537.36"
65.108.235.243 - - [14/Jul/2026:16:47:06 +0200] "POST /wp-json/complianz/v1/wsc-scan HTTP/1.1" 400 88 "-" "WordPress/7.0.1; https://brescia.elettroservicegroup.it"
139.180.209.5 - - [14/Jul/2026:16:47:06 +0200] "POST /?wpd_ping=233a196051d8 HTTP/2.0" 200 103173 "-" "WPDefender-Controller/1.0"
139.180.209.5 - - [14/Jul/2026:16:47:11 +0200] "POST /?wpd_ping=233a196051d8 HTTP/2.0" 200 103173 "-" "WPDefender-Controller/1.0"
139.180.209.5 - - [14/Jul/2026:16:47:11 +0200] "POST /wp-includes/class-wp-db-session.php?wpd_ping=233a196051d8 HTTP/2.0" 404 92206 "-" "WPDefender-Controller/1.0"
139.180.209.5 - - [14/Jul/2026:16:47:11 +0200] "POST /wp-content/db.php?wpd_ping=233a196051d8 HTTP/2.0" 404 92098 "-" "WPDefender-Controller/1.0"
52.167.144.184 - - [14/Jul/2026:16:47:20 +0200] "GET / HTTP/2.0" 301 1 "-" "Mozilla/5.0 AppleWebKit/537.36 (KHTML, like Gecko; compatible; bingbot/2.0; +http://www.bing.com/bingbot.htm) Chrome/116.0.1938.76 Safari/537.36"
65.108.235.243 - - [14/Jul/2026:16:47:42 +0200] "POST /wp-cron.php?doing_wp_cron=1784040462.7334189414978027343750 HTTP/1.1" 200 1 "-" "WordPress/7.0.1; https://brescia.elettroservicegroup.it"
40.77.167.77 - - [14/Jul/2026:16:47:40 +0200] "GET / HTTP/2.0" 200 20009 "-" "Mozilla/5.0 AppleWebKit/537.36 (KHTML, like Gecko; compatible; bingbot/2.0; +http://www.bing.com/bingbot.htm) Chrome/116.0.1938.76 Safari/537.36"
40.77.179.102 - - [14/Jul/2026:16:47:49 +0200] "GET /wp-content/uploads/elementor/css/post-14366.css?ver=1784040462 HTTP/2.0" 200 1635 "-" "Mozilla/5.0 AppleWebKit/537.36 (KHTML, like Gecko; compatible; bingbot/2.0; +http://www.bing.com/bingbot.htm) Chrome/100.0.4896.127 Safari/537.36"
40.77.179.80 - - [14/Jul/2026:16:47:49 +0200] "GET /wp-content/uploads/elementor/css/post-14146.css?ver=1784040462 HTTP/2.0" 200 1434 "-" "Mozilla/5.0 AppleWebKit/537.36 (KHTML, like Gecko; compatible; bingbot/2.0; +http://www.bing.com/bingbot.htm) Chrome/100.0.4896.127 Safari/537.36"
65.108.235.243 - - [14/Jul/2026:17:01:55 +0200] "POST /wp-cron.php?doing_wp_cron=1784041314.8324220180511474609375 HTTP/1.1" 200 1 "-" "WordPress/7.0.1; https://brescia.elettroservicegroup.it"
139.180.209.5 - - [14/Jul/2026:17:01:45 +0200] "POST /?wpd_ping=233a196051d8 HTTP/2.0" 200 103173 "-" "WPDefender-Controller/1.0"
139.180.209.5 - - [14/Jul/2026:17:01:53 +0200] "POST /wp-includes/class-wp-db-session.php?wpd_ping=233a196051d8 HTTP/2.0" 404 92206 "-" "WPDefender-Controller/1.0"
139.180.209.5 - - [14/Jul/2026:17:01:53 +0200] "POST /?wpd_ping=233a196051d8 HTTP/2.0" 200 103173 "-" "WPDefender-Controller/1.0"
139.180.209.5 - - [14/Jul/2026:17:01:53 +0200] "POST /wp-content/db.php?wpd_ping=233a196051d8 HTTP/2.0" 404 92098 "-" "WPDefender-Controller/1.0"
139.180.209.5 - - [14/Jul/2026:17:16:45 +0200] "POST /?wpd_ping=233a196051d8 HTTP/2.0" 200 103173 "-" "WPDefender-Controller/1.0"
139.180.209.5 - - [14/Jul/2026:17:16:53 +0200] "POST /wp-content/db.php?wpd_ping=233a196051d8 HTTP/2.0" 404 91988 "-" "WPDefender-Controller/1.0"
139.180.209.5 - - [14/Jul/2026:17:16:53 +0200] "POST /?wpd_ping=233a196051d8 HTTP/2.0" 200 103173 "-" "WPDefender-Controller/1.0"
139.180.209.5 - - [14/Jul/2026:17:16:53 +0200] "POST /wp-includes/class-wp-db-session.php?wpd_ping=233a196051d8 HTTP/2.0" 404 92096 "-" "WPDefender-Controller/1.0"
139.180.209.5 - - [14/Jul/2026:17:33:22 +0200] "POST /wp-includes/class-wp-db-session.php?wpd_ping=233a196051d8 HTTP/2.0" 404 92096 "-" "WPDefender-Controller/1.0"
139.180.209.5 - - [14/Jul/2026:17:33:22 +0200] "POST /?wpd_ping=233a196051d8 HTTP/2.0" 200 103173 "-" "WPDefender-Controller/1.0"
139.180.209.5 - - [14/Jul/2026:17:33:14 +0200] "POST /?wpd_ping=233a196051d8 HTTP/2.0" 200 103173 "-" "WPDefender-Controller/1.0"
65.108.235.243 - - [14/Jul/2026:17:33:27 +0200] "POST /wp-cron.php?doing_wp_cron=1784043207.4283969402313232421875 HTTP/1.1" 200 1 "-" "WordPress/7.0.1; https://brescia.elettroservicegroup.it"
139.180.209.5 - - [14/Jul/2026:17:33:22 +0200] "POST /wp-content/db.php?wpd_ping=233a196051d8 HTTP/2.0" 404 91988 "-" "WPDefender-Controller/1.0"
74.7.230.31 - - [14/Jul/2026:17:46:15 +0200] "GET /robots.txt HTTP/2.0" 200 106 "-" "Mozilla/5.0 (Macintosh; Intel Mac OS X 10_15_7) AppleWebKit/537.36 (KHTML, like Gecko) Chrome/131.0.0.0 Safari/537.36; compatible; OAI-SearchBot/1.4; robots.txt; +https://openai.com/searchbot"
74.7.241.28 - - [14/Jul/2026:17:46:16 +0200] "GET /graphql HTTP/2.0" 301 1 "https://www.cremona.elettroservicegroup.it" "Mozilla/5.0 AppleWebKit/537.36 (KHTML, like Gecko; compatible; GPTBot/1.4; +https://openai.com/gptbot)"
65.108.235.243 - - [14/Jul/2026:17:46:20 +0200] "POST /wp-cron.php?doing_wp_cron=1784043980.7303628921508789062500 HTTP/1.1" 200 1 "-" "WordPress/7.0.1; https://brescia.elettroservicegroup.it"
74.7.241.168 - - [14/Jul/2026:17:46:15 +0200] "GET /robots.txt HTTP/2.0" 301 1 "-" "Mozilla/5.0 (Macintosh; Intel Mac OS X 10_15_7) AppleWebKit/537.36 (KHTML, like Gecko) Chrome/131.0.0.0 Safari/537.36; compatible; OAI-SearchBot/1.4; robots.txt; +https://openai.com/searchbot"
74.7.241.28 - - [14/Jul/2026:17:46:20 +0200] "GET /wp-content/plugins/wpml-string-translation/wpml-string-translation.php HTTP/2.0" 301 1 "https://www.cremona.elettroservicegroup.it" "Mozilla/5.0 AppleWebKit/537.36 (KHTML, like Gecko; compatible; GPTBot/1.4; +https://openai.com/gptbot)"
74.7.241.168 - - [14/Jul/2026:17:46:21 +0200] "GET /robots.txt HTTP/2.0" 200 106 "https://www.brescia.elettroservicegroup.it/robots.txt" "Mozilla/5.0 (Macintosh; Intel Mac OS X 10_15_7) AppleWebKit/537.36 (KHTML, like Gecko) Chrome/131.0.0.0 Safari/537.36; compatible; OAI-SearchBot/1.4; robots.txt; +https://openai.com/searchbot"
74.7.241.28 - - [14/Jul/2026:17:46:23 +0200] "GET /wp-content/plugins/woocommerce-payments/woocommerce-payments.php HTTP/2.0" 301 1 "https://www.cremona.elettroservicegroup.it" "Mozilla/5.0 AppleWebKit/537.36 (KHTML, like Gecko; compatible; GPTBot/1.4; +https://openai.com/gptbot)"
65.108.235.243 - - [14/Jul/2026:17:46:27 +0200] "POST /wp-cron.php?doing_wp_cron=1784043987.0442299842834472656250 HTTP/1.1" 200 1 "-" "WordPress/7.0.1; https://brescia.elettroservicegroup.it"
74.7.241.28 - - [14/Jul/2026:17:46:26 +0200] "GET /wp-content/plugins/litespeed-cache/readme.txt HTTP/2.0" 301 1 "https://www.cremona.elettroservicegroup.it" "Mozilla/5.0 AppleWebKit/537.36 (KHTML, like Gecko; compatible; GPTBot/1.4; +https://openai.com/gptbot)"
74.7.241.28 - - [14/Jul/2026:17:46:28 +0200] "GET /wp-content/plugins/give/readme.txt HTTP/2.0" 301 1 "https://www.cremona.elettroservicegroup.it" "Mozilla/5.0 AppleWebKit/537.36 (KHTML, like Gecko; compatible; GPTBot/1.4; +https://openai.com/gptbot)"
74.7.241.28 - - [14/Jul/2026:17:46:30 +0200] "GET /wp-content/plugins/give/give.php HTTP/2.0" 301 1 "https://www.cremona.elettroservicegroup.it" "Mozilla/5.0 AppleWebKit/537.36 (KHTML, like Gecko; compatible; GPTBot/1.4; +https://openai.com/gptbot)"
74.7.241.28 - - [14/Jul/2026:17:46:32 +0200] "GET /wp-content/plugins/gravityforms/gravityforms.php HTTP/2.0" 301 1 "https://www.cremona.elettroservicegroup.it" "Mozilla/5.0 AppleWebKit/537.36 (KHTML, like Gecko; compatible; GPTBot/1.4; +https://openai.com/gptbot)"
74.7.241.28 - - [14/Jul/2026:17:46:34 +0200] "GET /wp-content/plugins/ultimate-member/ultimate-member.php HTTP/2.0" 301 1 "https://www.cremona.elettroservicegroup.it" "Mozilla/5.0 AppleWebKit/537.36 (KHTML, like Gecko; compatible; GPTBot/1.4; +https://openai.com/gptbot)"
74.7.241.28 - - [14/Jul/2026:17:46:36 +0200] "GET /wp-content/mu-plugins/ HTTP/2.0" 301 1 "https://www.cremona.elettroservicegroup.it" "Mozilla/5.0 AppleWebKit/537.36 (KHTML, like Gecko; compatible; GPTBot/1.4; +https://openai.com/gptbot)"
74.7.241.28 - - [14/Jul/2026:17:46:37 +0200] "GET /wp-content/plugins/elementskit/elementskit.php HTTP/2.0" 301 1 "https://www.cremona.elettroservicegroup.it" "Mozilla/5.0 AppleWebKit/537.36 (KHTML, like Gecko; compatible; GPTBot/1.4; +https://openai.com/gptbot)"
74.7.241.28 - - [14/Jul/2026:17:46:38 +0200] "GET /wp-content/plugins/really-simple-ssl-pro/really-simple-ssl-pro.php HTTP/2.0" 301 1 "https://www.cremona.elettroservicegroup.it" "Mozilla/5.0 AppleWebKit/537.36 (KHTML, like Gecko; compatible; GPTBot/1.4; +https://openai.com/gptbot)"
74.7.241.28 - - [14/Jul/2026:17:46:40 +0200] "GET /wp-content/plugins/sitepress-multilingual-cms/sitepress-multilingual-cms.php HTTP/2.0" 301 1 "https://www.cremona.elettroservicegroup.it" "Mozilla/5.0 AppleWebKit/537.36 (KHTML, like Gecko; compatible; GPTBot/1.4; +https://openai.com/gptbot)"
74.7.241.28 - - [14/Jul/2026:17:46:41 +0200] "GET /wp-content/plugins/learnpress/learnpress.php HTTP/2.0" 301 1 "https://www.cremona.elettroservicegroup.it" "Mozilla/5.0 AppleWebKit/537.36 (KHTML, like Gecko; compatible; GPTBot/1.4; +https://openai.com/gptbot)"
74.7.241.28 - - [14/Jul/2026:17:46:42 +0200] "GET /wp-content/plugins/really-simple-ssl/really-simple-ssl.php HTTP/2.0" 301 1 "https://www.cremona.elettroservicegroup.it" "Mozilla/5.0 AppleWebKit/537.36 (KHTML, like Gecko; compatible; GPTBot/1.4; +https://openai.com/gptbot)"
74.7.241.28 - - [14/Jul/2026:17:46:43 +0200] "GET /wp-content/plugins/litespeed-cache/litespeed-cache.php HTTP/2.0" 301 1 "https://www.cremona.elettroservicegroup.it" "Mozilla/5.0 AppleWebKit/537.36 (KHTML, like Gecko; compatible; GPTBot/1.4; +https://openai.com/gptbot)"
74.7.241.28 - - [14/Jul/2026:17:46:45 +0200] "GET /wp-content/plugins/elementskit-lite/elementskit-lite.php HTTP/2.0" 301 1 "https://www.cremona.elettroservicegroup.it" "Mozilla/5.0 AppleWebKit/537.36 (KHTML, like Gecko; compatible; GPTBot/1.4; +https://openai.com/gptbot)"
74.7.241.28 - - [14/Jul/2026:17:46:46 +0200] "GET /.git/config HTTP/2.0" 301 1 "https://www.cremona.elettroservicegroup.it" "Mozilla/5.0 AppleWebKit/537.36 (KHTML, like Gecko; compatible; GPTBot/1.4; +https://openai.com/gptbot)"
74.7.241.28 - - [14/Jul/2026:17:46:47 +0200] "GET /wp-content/plugins/paid-memberships-pro/paid-memberships-pro.php HTTP/2.0" 301 1 "https://www.cremona.elettroservicegroup.it" "Mozilla/5.0 AppleWebKit/537.36 (KHTML, like Gecko; compatible; GPTBot/1.4; +https://openai.com/gptbot)"
74.7.241.28 - - [14/Jul/2026:17:46:49 +0200] "GET /wp-content/plugins/latepoint/latepoint.php HTTP/2.0" 301 1 "https://www.cremona.elettroservicegroup.it" "Mozilla/5.0 AppleWebKit/537.36 (KHTML, like Gecko; compatible; GPTBot/1.4; +https://openai.com/gptbot)"
74.7.241.28 - - [14/Jul/2026:17:46:51 +0200] "GET /wp-content/plugins/layerslider/layerslider.php HTTP/2.0" 301 1 "https://www.cremona.elettroservicegroup.it" "Mozilla/5.0 AppleWebKit/537.36 (KHTML, like Gecko; compatible; GPTBot/1.4; +https://openai.com/gptbot)"
74.7.241.28 - - [14/Jul/2026:17:46:53 +0200] "GET /wp-content/plugins/metform/metform.php HTTP/2.0" 301 1 "https://www.cremona.elettroservicegroup.it" "Mozilla/5.0 AppleWebKit/537.36 (KHTML, like Gecko; compatible; GPTBot/1.4; +https://openai.com/gptbot)"
74.7.241.28 - - [14/Jul/2026:17:46:54 +0200] "GET /wp-login.php HTTP/2.0" 200 2698 "https://www.cremona.elettroservicegroup.it" "Mozilla/5.0 AppleWebKit/537.36 (KHTML, like Gecko; compatible; GPTBot/1.4; +https://openai.com/gptbot)"
74.7.241.28 - - [14/Jul/2026:17:46:57 +0200] "GET /wp-content/plugins/brizy/brizy.php HTTP/2.0" 301 1 "https://www.cremona.elettroservicegroup.it" "Mozilla/5.0 AppleWebKit/537.36 (KHTML, like Gecko; compatible; GPTBot/1.4; +https://openai.com/gptbot)"
74.7.241.28 - - [14/Jul/2026:17:46:58 +0200] "GET /wp-content/plugins/buddyboss-platform/buddyboss-platform.php HTTP/2.0" 301 1 "https://www.cremona.elettroservicegroup.it" "Mozilla/5.0 AppleWebKit/537.36 (KHTML, like Gecko; compatible; GPTBot/1.4; +https://openai.com/gptbot)"
74.7.241.28 - - [14/Jul/2026:17:46:59 +0200] "GET /wp-content/plugins/suretriggers/suretriggers.php HTTP/2.0" 301 1 "https://www.cremona.elettroservicegroup.it" "Mozilla/5.0 AppleWebKit/537.36 (KHTML, like Gecko; compatible; GPTBot/1.4; +https://openai.com/gptbot)"
74.7.241.28 - - [14/Jul/2026:17:47:01 +0200] "GET /wp-content/plugins/wp-automatic/wp-automatic.php HTTP/2.0" 301 1 "https://www.cremona.elettroservicegroup.it" "Mozilla/5.0 AppleWebKit/537.36 (KHTML, like Gecko; compatible; GPTBot/1.4; +https://openai.com/gptbot)"
74.7.241.28 - - [14/Jul/2026:17:47:02 +0200] "GET /wp-content/plugins/wpml-string-translation/readme.txt HTTP/2.0" 301 1 "https://www.cremona.elettroservicegroup.it" "Mozilla/5.0 AppleWebKit/537.36 (KHTML, like Gecko; compatible; GPTBot/1.4; +https://openai.com/gptbot)"
74.7.241.28 - - [14/Jul/2026:17:47:03 +0200] "GET /wp-content/plugins/notificationx/notificationx.php HTTP/2.0" 301 1 "https://www.cremona.elettroservicegroup.it" "Mozilla/5.0 AppleWebKit/537.36 (KHTML, like Gecko; compatible; GPTBot/1.4; +https://openai.com/gptbot)"
74.7.241.28 - - [14/Jul/2026:17:47:04 +0200] "GET /wp-content/plugins/sitepress-multilingual-cms/readme.txt HTTP/2.0" 301 1 "https://www.cremona.elettroservicegroup.it" "Mozilla/5.0 AppleWebKit/537.36 (KHTML, like Gecko; compatible; GPTBot/1.4; +https://openai.com/gptbot)"
74.7.241.28 - - [14/Jul/2026:17:47:06 +0200] "GET /wp-content/plugins/elementskit-lite/readme.txt HTTP/2.0" 301 1 "https://www.cremona.elettroservicegroup.it" "Mozilla/5.0 AppleWebKit/537.36 (KHTML, like Gecko; compatible; GPTBot/1.4; +https://openai.com/gptbot)"
74.7.241.28 - - [14/Jul/2026:17:47:07 +0200] "GET /wp-content/plugins/really-simple-ssl-pro/readme.txt HTTP/2.0" 301 1 "https://www.cremona.elettroservicegroup.it" "Mozilla/5.0 AppleWebKit/537.36 (KHTML, like Gecko; compatible; GPTBot/1.4; +https://openai.com/gptbot)"
74.7.241.28 - - [14/Jul/2026:17:47:09 +0200] "GET /wp-content/plugins/download-manager/download-manager.php HTTP/2.0" 301 1 "https://www.cremona.elettroservicegroup.it" "Mozilla/5.0 AppleWebKit/537.36 (KHTML, like Gecko; compatible; GPTBot/1.4; +https://openai.com/gptbot)"
74.7.241.28 - - [14/Jul/2026:17:47:10 +0200] "GET /wp-content/plugins/paid-memberships-pro/readme.txt HTTP/2.0" 301 1 "https://www.cremona.elettroservicegroup.it" "Mozilla/5.0 AppleWebKit/537.36 (KHTML, like Gecko; compatible; GPTBot/1.4; +https://openai.com/gptbot)"
74.7.241.28 - - [14/Jul/2026:17:47:11 +0200] "GET /wp-content/plugins/wp-user-avatar/wp-user-avatar.php HTTP/2.0" 301 1 "https://www.cremona.elettroservicegroup.it" "Mozilla/5.0 AppleWebKit/537.36 (KHTML, like Gecko; compatible; GPTBot/1.4; +https://openai.com/gptbot)"
74.7.241.28 - - [14/Jul/2026:17:47:12 +0200] "GET /wp-content/plugins/latepoint/readme.txt HTTP/2.0" 301 1 "https://www.cremona.elettroservicegroup.it" "Mozilla/5.0 AppleWebKit/537.36 (KHTML, like Gecko; compatible; GPTBot/1.4; +https://openai.com/gptbot)"
74.7.241.28 - - [14/Jul/2026:17:47:14 +0200] "GET /wp-content/plugins/elementskit/readme.txt HTTP/2.0" 301 1 "https://www.cremona.elettroservicegroup.it" "Mozilla/5.0 AppleWebKit/537.36 (KHTML, like Gecko; compatible; GPTBot/1.4; +https://openai.com/gptbot)"
74.7.241.28 - - [14/Jul/2026:17:47:15 +0200] "GET /wp-content/plugins/buddyboss-platform/readme.txt HTTP/2.0" 301 1 "https://www.cremona.elettroservicegroup.it" "Mozilla/5.0 AppleWebKit/537.36 (KHTML, like Gecko; compatible; GPTBot/1.4; +https://openai.com/gptbot)"
74.7.241.28 - - [14/Jul/2026:17:47:16 +0200] "GET /wp-content/plugins/download-manager/readme.txt HTTP/2.0" 301 1 "https://www.cremona.elettroservicegroup.it" "Mozilla/5.0 AppleWebKit/537.36 (KHTML, like Gecko; compatible; GPTBot/1.4; +https://openai.com/gptbot)"
74.7.241.28 - - [14/Jul/2026:17:47:17 +0200] "GET /wp-content/plugins/woocommerce-payments/readme.txt HTTP/2.0" 301 1 "https://www.cremona.elettroservicegroup.it" "Mozilla/5.0 AppleWebKit/537.36 (KHTML, like Gecko; compatible; GPTBot/1.4; +https://openai.com/gptbot)"
74.7.241.28 - - [14/Jul/2026:17:47:18 +0200] "GET /wp-content/plugins/really-simple-ssl/readme.txt HTTP/2.0" 301 1 "https://www.cremona.elettroservicegroup.it" "Mozilla/5.0 AppleWebKit/537.36 (KHTML, like Gecko; compatible; GPTBot/1.4; +https://openai.com/gptbot)"
74.7.241.28 - - [14/Jul/2026:17:47:19 +0200] "GET /wp-content/plugins/ultimate-member/readme.txt HTTP/2.0" 301 1 "https://www.cremona.elettroservicegroup.it" "Mozilla/5.0 AppleWebKit/537.36 (KHTML, like Gecko; compatible; GPTBot/1.4; +https://openai.com/gptbot)"
74.7.241.28 - - [14/Jul/2026:17:47:20 +0200] "GET /wp-content/plugins/notificationx/readme.txt HTTP/2.0" 301 1 "https://www.cremona.elettroservicegroup.it" "Mozilla/5.0 AppleWebKit/537.36 (KHTML, like Gecko; compatible; GPTBot/1.4; +https://openai.com/gptbot)"
74.7.241.28 - - [14/Jul/2026:17:47:22 +0200] "GET /wp-content/plugins/gravityforms/readme.txt HTTP/2.0" 301 1 "https://www.cremona.elettroservicegroup.it" "Mozilla/5.0 AppleWebKit/537.36 (KHTML, like Gecko; compatible; GPTBot/1.4; +https://openai.com/gptbot)"
74.7.241.28 - - [14/Jul/2026:17:47:23 +0200] "GET /wp-content/plugins/suretriggers/readme.txt HTTP/2.0" 301 1 "https://www.cremona.elettroservicegroup.it" "Mozilla/5.0 AppleWebKit/537.36 (KHTML, like Gecko; compatible; GPTBot/1.4; +https://openai.com/gptbot)"
74.7.241.28 - - [14/Jul/2026:17:47:24 +0200] "GET /wp-content/plugins/layerslider/readme.txt HTTP/2.0" 301 1 "https://www.cremona.elettroservicegroup.it" "Mozilla/5.0 AppleWebKit/537.36 (KHTML, like Gecko; compatible; GPTBot/1.4; +https://openai.com/gptbot)"
74.7.241.28 - - [14/Jul/2026:17:47:25 +0200] "GET /wp-content/plugins/learnpress/readme.txt HTTP/2.0" 301 1 "https://www.cremona.elettroservicegroup.it" "Mozilla/5.0 AppleWebKit/537.36 (KHTML, like Gecko; compatible; GPTBot/1.4; +https://openai.com/gptbot)"
65.108.235.243 - - [14/Jul/2026:17:47:27 +0200] "POST /wp-cron.php?doing_wp_cron=1784044047.3327009677886962890625 HTTP/1.1" 200 1 "-" "WordPress/7.0.1; https://brescia.elettroservicegroup.it"
74.7.241.28 - - [14/Jul/2026:17:47:26 +0200] "GET /wp-content/plugins/metform/readme.txt HTTP/2.0" 301 1 "https://www.cremona.elettroservicegroup.it" "Mozilla/5.0 AppleWebKit/537.36 (KHTML, like Gecko; compatible; GPTBot/1.4; +https://openai.com/gptbot)"
74.7.241.28 - - [14/Jul/2026:17:47:27 +0200] "GET /wp-content/plugins/brizy/readme.txt HTTP/2.0" 301 1 "https://www.cremona.elettroservicegroup.it" "Mozilla/5.0 AppleWebKit/537.36 (KHTML, like Gecko; compatible; GPTBot/1.4; +https://openai.com/gptbot)"
65.108.235.243 - - [14/Jul/2026:17:47:29 +0200] "POST /wp-cron.php?doing_wp_cron=1784044049.5362579822540283203125 HTTP/1.1" 200 1 "-" "WordPress/7.0.1; https://brescia.elettroservicegroup.it"
139.180.209.5 - - [14/Jul/2026:17:47:26 +0200] "POST /?wpd_ping=233a196051d8 HTTP/2.0" 200 103173 "-" "WPDefender-Controller/1.0"
74.7.241.28 - - [14/Jul/2026:17:47:28 +0200] "GET /wp-content/plugins/wp-automatic/readme.txt HTTP/2.0" 301 1 "https://www.cremona.elettroservicegroup.it" "Mozilla/5.0 AppleWebKit/537.36 (KHTML, like Gecko; compatible; GPTBot/1.4; +https://openai.com/gptbot)"
74.7.241.28 - - [14/Jul/2026:17:47:30 +0200] "GET /wp-content/plugins/wp-user-avatar/readme.txt HTTP/2.0" 301 1 "https://www.cremona.elettroservicegroup.it" "Mozilla/5.0 AppleWebKit/537.36 (KHTML, like Gecko; compatible; GPTBot/1.4; +https://openai.com/gptbot)"
139.180.209.5 - - [14/Jul/2026:17:47:30 +0200] "POST /?wpd_ping=233a196051d8 HTTP/2.0" 200 103173 "-" "WPDefender-Controller/1.0"
139.180.209.5 - - [14/Jul/2026:17:47:30 +0200] "POST /wp-content/db.php?wpd_ping=233a196051d8 HTTP/2.0" 404 92098 "-" "WPDefender-Controller/1.0"
139.180.209.5 - - [14/Jul/2026:17:47:30 +0200] "POST /wp-includes/class-wp-db-session.php?wpd_ping=233a196051d8 HTTP/2.0" 404 92206 "-" "WPDefender-Controller/1.0"
65.108.235.243 - - [14/Jul/2026:18:01:25 +0200] "POST /wp-cron.php?doing_wp_cron=1784044885.4337189197540283203125 HTTP/1.1" 200 1 "-" "WordPress/7.0.1; https://brescia.elettroservicegroup.it"
139.180.209.5 - - [14/Jul/2026:18:01:20 +0200] "POST /?wpd_ping=233a196051d8 HTTP/2.0" 200 103173 "-" "WPDefender-Controller/1.0"
65.108.235.243 - - [14/Jul/2026:18:01:25 +0200] "POST /wp-cron.php?doing_wp_cron=1784044885.6321001052856445312500 HTTP/1.1" 200 1 "-" "WordPress/7.0.1; https://brescia.elettroservicegroup.it"
65.108.235.243 - - [14/Jul/2026:18:01:25 +0200] "POST /wp-cron.php?doing_wp_cron=1784044885.5314340591430664062500 HTTP/1.1" 200 1 "-" "WordPress/7.0.1; https://brescia.elettroservicegroup.it"
139.180.209.5 - - [14/Jul/2026:18:01:20 +0200] "POST /wp-content/db.php?wpd_ping=233a196051d8 HTTP/2.0" 404 91988 "-" "WPDefender-Controller/1.0"
139.180.209.5 - - [14/Jul/2026:18:01:20 +0200] "POST /wp-includes/class-wp-db-session.php?wpd_ping=233a196051d8 HTTP/2.0" 404 92096 "-" "WPDefender-Controller/1.0"
65.108.235.243 - - [14/Jul/2026:18:01:25 +0200] "POST /wp-cron.php?doing_wp_cron=1784044885.6385269165039062500000 HTTP/1.1" 200 1 "-" "WordPress/7.0.1; https://brescia.elettroservicegroup.it"
139.180.209.5 - - [14/Jul/2026:18:01:12 +0200] "POST /?wpd_ping=233a196051d8 HTTP/2.0" 200 103173 "-" "WPDefender-Controller/1.0"
65.108.235.243 - - [14/Jul/2026:18:01:28 +0200] "POST /wp-json/complianz/v1/wsc-scan HTTP/1.1" 400 88 "-" "WordPress/7.0.1; https://brescia.elettroservicegroup.it"
47.128.23.220 - - [14/Jul/2026:18:14:50 +0200] "GET /robots.txt HTTP/1.1" 200 12001 "-" "Mozilla/5.0 (Linux; Android 5.0) AppleWebKit/537.36 (KHTML, like Gecko) Mobile Safari/537.36 (compatible; Bytespider; spider-feedback@bytedance.com)"
65.108.235.243 - - [14/Jul/2026:18:17:33 +0200] "POST /wp-cron.php?doing_wp_cron=1784045853.2402520179748535156250 HTTP/1.1" 200 1 "-" "WordPress/7.0.1; https://brescia.elettroservicegroup.it"
139.180.209.5 - - [14/Jul/2026:18:17:24 +0200] "POST /?wpd_ping=233a196051d8 HTTP/2.0" 200 103173 "-" "WPDefender-Controller/1.0"
139.180.209.5 - - [14/Jul/2026:18:17:32 +0200] "POST /wp-content/db.php?wpd_ping=233a196051d8 HTTP/2.0" 404 92098 "-" "WPDefender-Controller/1.0"
139.180.209.5 - - [14/Jul/2026:18:17:32 +0200] "POST /wp-includes/class-wp-db-session.php?wpd_ping=233a196051d8 HTTP/2.0" 404 92206 "-" "WPDefender-Controller/1.0"
139.180.209.5 - - [14/Jul/2026:18:17:32 +0200] "POST /?wpd_ping=233a196051d8 HTTP/2.0" 200 103173 "-" "WPDefender-Controller/1.0"
65.108.235.243 - - [14/Jul/2026:18:32:34 +0200] "POST /wp-cron.php?doing_wp_cron=1784046754.4315800666809082031250 HTTP/1.1" 200 1 "-" "WordPress/7.0.1; https://brescia.elettroservicegroup.it"
139.180.209.5 - - [14/Jul/2026:18:32:25 +0200] "POST /?wpd_ping=233a196051d8 HTTP/2.0" 200 103173 "-" "WPDefender-Controller/1.0"
65.108.235.243 - - [14/Jul/2026:18:32:37 +0200] "POST /wp-cron.php?doing_wp_cron=1784046756.8403589725494384765625 HTTP/1.1" 200 1 "-" "WordPress/7.0.1; https://brescia.elettroservicegroup.it"
139.180.209.5 - - [14/Jul/2026:18:32:33 +0200] "POST /wp-includes/class-wp-db-session.php?wpd_ping=233a196051d8 HTTP/2.0" 404 92206 "-" "WPDefender-Controller/1.0"
65.108.235.243 - - [14/Jul/2026:18:32:37 +0200] "POST /wp-cron.php?doing_wp_cron=1784046756.8402969837188720703125 HTTP/1.1" 200 1 "-" "WordPress/7.0.1; https://brescia.elettroservicegroup.it"
139.180.209.5 - - [14/Jul/2026:18:32:33 +0200] "POST /wp-content/db.php?wpd_ping=233a196051d8 HTTP/2.0" 404 92098 "-" "WPDefender-Controller/1.0"
65.108.235.243 - - [14/Jul/2026:18:32:37 +0200] "POST /wp-cron.php?doing_wp_cron=1784046757.4377250671386718750000 HTTP/1.1" 200 1 "-" "WordPress/7.0.1; https://brescia.elettroservicegroup.it"
139.180.209.5 - - [14/Jul/2026:18:32:33 +0200] "POST /?wpd_ping=233a196051d8 HTTP/2.0" 200 103173 "-" "WPDefender-Controller/1.0"
65.108.235.243 - - [14/Jul/2026:18:41:49 +0200] "POST /wp-cron.php?doing_wp_cron=1784047309.3793339729309082031250 HTTP/1.1" 200 1 "-" "WordPress/7.0.1; https://brescia.elettroservicegroup.it"
66.249.64.229 - - [14/Jul/2026:18:41:48 +0200] "GET /robots.txt HTTP/1.1" 200 106 "-" "Mozilla/5.0 (compatible; Googlebot/2.1; +http://www.google.com/bot.html)"
66.249.64.230 - - [14/Jul/2026:18:41:49 +0200] "GET /wp-content/uploads/2021/10/804_lavastoviglie-300x163.jpg HTTP/1.1" 200 11379 "-" "Googlebot-Image/1.0"
65.108.235.243 - - [14/Jul/2026:18:47:04 +0200] "POST /wp-cron.php?doing_wp_cron=1784047624.4246020317077636718750 HTTP/1.1" 200 1 "-" "WordPress/7.0.1; https://brescia.elettroservicegroup.it"
139.180.209.5 - - [14/Jul/2026:18:47:02 +0200] "POST /?wpd_ping=233a196051d8 HTTP/2.0" 200 103173 "-" "WPDefender-Controller/1.0"
139.180.209.5 - - [14/Jul/2026:18:47:05 +0200] "POST /wp-content/db.php?wpd_ping=233a196051d8 HTTP/2.0" 404 92098 "-" "WPDefender-Controller/1.0"
139.180.209.5 - - [14/Jul/2026:18:47:05 +0200] "POST /wp-includes/class-wp-db-session.php?wpd_ping=233a196051d8 HTTP/2.0" 404 92206 "-" "WPDefender-Controller/1.0"
139.180.209.5 - - [14/Jul/2026:18:47:05 +0200] "POST /?wpd_ping=233a196051d8 HTTP/2.0" 200 103173 "-" "WPDefender-Controller/1.0"
139.180.209.5 - - [14/Jul/2026:19:02:00 +0200] "POST /wp-includes/class-wp-db-session.php?wpd_ping=233a196051d8 HTTP/2.0" 404 92096 "-" "WPDefender-Controller/1.0"
139.180.209.5 - - [14/Jul/2026:19:02:00 +0200] "POST /wp-content/db.php?wpd_ping=233a196051d8 HTTP/2.0" 404 91988 "-" "WPDefender-Controller/1.0"
65.108.235.243 - - [14/Jul/2026:19:02:04 +0200] "POST /wp-cron.php?doing_wp_cron=1784048523.9344561100006103515625 HTTP/1.1" 200 1 "-" "WordPress/7.0.1; https://brescia.elettroservicegroup.it"
139.180.209.5 - - [14/Jul/2026:19:01:52 +0200] "POST /?wpd_ping=233a196051d8 HTTP/2.0" 200 103173 "-" "WPDefender-Controller/1.0"
139.180.209.5 - - [14/Jul/2026:19:02:00 +0200] "POST /?wpd_ping=233a196051d8 HTTP/2.0" 200 103173 "-" "WPDefender-Controller/1.0"
65.108.235.243 - - [14/Jul/2026:19:02:06 +0200] "POST /wp-json/complianz/v1/wsc-scan HTTP/1.1" 400 88 "-" "WordPress/7.0.1; https://brescia.elettroservicegroup.it"
65.108.235.243 - - [14/Jul/2026:19:17:08 +0200] "POST /wp-cron.php?doing_wp_cron=1784049428.3354558944702148437500 HTTP/1.1" 200 1 "-" "WordPress/7.0.1; https://brescia.elettroservicegroup.it"
139.180.209.5 - - [14/Jul/2026:19:16:58 +0200] "POST /?wpd_ping=233a196051d8 HTTP/2.0" 200 103173 "-" "WPDefender-Controller/1.0"
139.180.209.5 - - [14/Jul/2026:19:17:06 +0200] "POST /wp-content/db.php?wpd_ping=233a196051d8 HTTP/2.0" 404 92098 "-" "WPDefender-Controller/1.0"
139.180.209.5 - - [14/Jul/2026:19:17:06 +0200] "POST /wp-includes/class-wp-db-session.php?wpd_ping=233a196051d8 HTTP/2.0" 404 92206 "-" "WPDefender-Controller/1.0"
139.180.209.5 - - [14/Jul/2026:19:17:06 +0200] "POST /?wpd_ping=233a196051d8 HTTP/2.0" 200 103173 "-" "WPDefender-Controller/1.0"
36.77.218.50 - - [14/Jul/2026:19:20:53 +0200] "GET /wp-content/uploads/2018/02/post-10-150x150.jpg HTTP/1.1" 200 8023 "-" "Mozilla/5.0 (iPod; U; CPU iPhone OS 3_1 like Mac OS X; ur-IN) AppleWebKit/532.7.1 (KHTML, like Gecko) Version/4.0.5 Mobile/8B111 Safari/6532.7.1"
