65.108.235.243 - - [14/Jul/2026:19:32:55 +0200] "POST /wp-cron.php?doing_wp_cron=1784050374.8327360153198242187500 HTTP/1.1" 200 1 "-" "WordPress/7.0.1; https://brescia.elettroservicegroup.it"
139.180.209.5 - - [14/Jul/2026:19:32:43 +0200] "POST /?wpd_ping=233a196051d8 HTTP/2.0" 200 103173 "-" "WPDefender-Controller/1.0"
139.180.209.5 - - [14/Jul/2026:19:32:51 +0200] "POST /wp-includes/class-wp-db-session.php?wpd_ping=233a196051d8 HTTP/2.0" 404 92096 "-" "WPDefender-Controller/1.0"
139.180.209.5 - - [14/Jul/2026:19:32:51 +0200] "POST /?wpd_ping=233a196051d8 HTTP/2.0" 200 103173 "-" "WPDefender-Controller/1.0"
139.180.209.5 - - [14/Jul/2026:19:32:51 +0200] "POST /wp-content/db.php?wpd_ping=233a196051d8 HTTP/2.0" 404 91988 "-" "WPDefender-Controller/1.0"
153.117.21.57 - - [14/Jul/2026:19:41:08 +0200] "GET /wp-content/uploads/2018/02/post-3-150x150.jpg HTTP/1.1" 200 7222 "-" "Mozilla/5.0 (compatible; MSIE 9.0; Windows 98; Trident/5.0)"
65.108.235.243 - - [14/Jul/2026:19:46:30 +0200] "POST /wp-cron.php?doing_wp_cron=1784051189.8361399173736572265625 HTTP/1.1" 200 1 "-" "WordPress/7.0.1; https://brescia.elettroservicegroup.it"
139.180.209.5 - - [14/Jul/2026:19:46:20 +0200] "POST /?wpd_ping=233a196051d8 HTTP/2.0" 200 103173 "-" "WPDefender-Controller/1.0"
139.180.209.5 - - [14/Jul/2026:19:46:28 +0200] "POST /wp-content/db.php?wpd_ping=233a196051d8 HTTP/2.0" 404 92098 "-" "WPDefender-Controller/1.0"
139.180.209.5 - - [14/Jul/2026:19:46:28 +0200] "POST /?wpd_ping=233a196051d8 HTTP/2.0" 200 103173 "-" "WPDefender-Controller/1.0"
139.180.209.5 - - [14/Jul/2026:19:46:28 +0200] "POST /wp-includes/class-wp-db-session.php?wpd_ping=233a196051d8 HTTP/2.0" 404 92206 "-" "WPDefender-Controller/1.0"
27.130.224.6 - - [14/Jul/2026:20:00:41 +0200] "GET /wp-content/uploads/2021/10/hotpoint-ariston-300x193.jpg HTTP/1.1" 200 8779 "-" "Mozilla/5.0 (Windows NT 6.0; cs-CZ; rv:1.9.0.20) Gecko/9776-11-23 18:23:40.620758 Firefox/14.0"
139.180.209.5 - - [14/Jul/2026:20:01:11 +0200] "POST /wp-content/db.php?wpd_ping=233a196051d8 HTTP/2.0" 404 91988 "-" "WPDefender-Controller/1.0"
139.180.209.5 - - [14/Jul/2026:20:01:11 +0200] "POST /?wpd_ping=233a196051d8 HTTP/2.0" 200 103173 "-" "WPDefender-Controller/1.0"
65.108.235.243 - - [14/Jul/2026:20:01:15 +0200] "POST /wp-cron.php?doing_wp_cron=1784052074.9356539249420166015625 HTTP/1.1" 200 1 "-" "WordPress/7.0.1; https://brescia.elettroservicegroup.it"
139.180.209.5 - - [14/Jul/2026:20:01:03 +0200] "POST /?wpd_ping=233a196051d8 HTTP/2.0" 200 103173 "-" "WPDefender-Controller/1.0"
139.180.209.5 - - [14/Jul/2026:20:01:11 +0200] "POST /wp-includes/class-wp-db-session.php?wpd_ping=233a196051d8 HTTP/2.0" 404 92096 "-" "WPDefender-Controller/1.0"
65.108.235.243 - - [14/Jul/2026:20:17:11 +0200] "POST /wp-cron.php?doing_wp_cron=1784053031.2340660095214843750000 HTTP/1.1" 200 1 "-" "WordPress/7.0.1; https://brescia.elettroservicegroup.it"
139.180.209.5 - - [14/Jul/2026:20:17:00 +0200] "POST /?wpd_ping=233a196051d8 HTTP/2.0" 200 103173 "-" "WPDefender-Controller/1.0"
139.180.209.5 - - [14/Jul/2026:20:17:08 +0200] "POST /wp-content/db.php?wpd_ping=233a196051d8 HTTP/2.0" 404 92098 "-" "WPDefender-Controller/1.0"
139.180.209.5 - - [14/Jul/2026:20:17:08 +0200] "POST /?wpd_ping=233a196051d8 HTTP/2.0" 200 103173 "-" "WPDefender-Controller/1.0"
139.180.209.5 - - [14/Jul/2026:20:17:08 +0200] "POST /wp-includes/class-wp-db-session.php?wpd_ping=233a196051d8 HTTP/2.0" 404 92206 "-" "WPDefender-Controller/1.0"
65.108.235.243 - - [14/Jul/2026:20:17:13 +0200] "POST /wp-json/complianz/v1/wsc-scan HTTP/1.1" 400 88 "-" "WordPress/7.0.1; https://brescia.elettroservicegroup.it"
181.61.205.196 - - [14/Jul/2026:20:21:09 +0200] "GET /wp-content/uploads/2018/02/post-9-150x150.jpg HTTP/1.1" 200 6240 "-" "Mozilla/5.0 (Windows NT 4.0; zh-HK; rv:1.9.1.20) Gecko/8346-10-14 17:18:46.419037 Firefox/3.6.4"
175.101.99.97 - - [14/Jul/2026:20:23:49 +0200] "GET /wp-content/uploads/2018/02/post-6-150x150.jpg HTTP/1.1" 200 9015 "-" "Mozilla/5.0 (Macintosh; Intel Mac OS X 10_7_2; rv:1.9.5.20) Gecko/9190-09-19 17:57:15.772797 Firefox/3.6.12"
181.105.139.119 - - [14/Jul/2026:20:26:03 +0200] "GET /wp-content/uploads/2021/10/hotpoint-ariston.jpg HTTP/1.1" 200 18864 "-" "Mozilla/5.0 (Windows; U; Windows 98) AppleWebKit/531.29.2 (KHTML, like Gecko) Version/4.0.1 Safari/531.29.2"
54.223.38.99 - - [14/Jul/2026:20:32:32 +0200] "GET /wp-content/uploads/2021/11/TECNICO-ELETTRODOMESTICI-1.jpg HTTP/2.0" 200 24210 "-" "Mozilla/5.0 (Linux; Android 6.0; Nexus 5 Build/MRA58N) AppleWebKit/537.36 (KHTML, like Gecko) Chrome/44.0.9186.1372 Mobile Safari/537.36"
139.180.209.5 - - [14/Jul/2026:20:32:52 +0200] "POST /wp-content/db.php?wpd_ping=233a196051d8 HTTP/2.0" 404 91988 "-" "WPDefender-Controller/1.0"
139.180.209.5 - - [14/Jul/2026:20:32:44 +0200] "POST /?wpd_ping=233a196051d8 HTTP/2.0" 200 103173 "-" "WPDefender-Controller/1.0"
139.180.209.5 - - [14/Jul/2026:20:32:52 +0200] "POST /?wpd_ping=233a196051d8 HTTP/2.0" 200 103173 "-" "WPDefender-Controller/1.0"
139.180.209.5 - - [14/Jul/2026:20:32:52 +0200] "POST /wp-includes/class-wp-db-session.php?wpd_ping=233a196051d8 HTTP/2.0" 404 92096 "-" "WPDefender-Controller/1.0"
193.24.211.4 - - [14/Jul/2026:20:45:33 +0200] "POST /xmlrpc.php HTTP/2.0" 403 52 "-" "Mozilla/5.0 (Macintosh; Intel Mac OS X 10_15_7) AppleWebKit/605.1.15 (KHTML, like Gecko) Version/18.0 Safari/605.1.15"
45.147.9.175 - - [14/Jul/2026:20:46:15 +0200] "POST /xmlrpc.php HTTP/2.0" 403 52 "-" "Mozilla/5.0 (Windows NT 10.0; Win64; x64) AppleWebKit/537.36 (KHTML, like Gecko) Chrome/124.0.0.0 Safari/537.36"
172.83.253.132 - - [14/Jul/2026:20:46:53 +0200] "POST /xmlrpc.php HTTP/2.0" 403 52 "-" "Mozilla/5.0 (Macintosh; Intel Mac OS X 10_15_7) AppleWebKit/605.1.15 (KHTML, like Gecko) Version/18.0 Safari/605.1.15"
45.147.8.180 - - [14/Jul/2026:20:47:22 +0200] "POST /xmlrpc.php HTTP/2.0" 403 52 "-" "Mozilla/5.0 (Macintosh; Intel Mac OS X 10_15_7) AppleWebKit/605.1.15 (KHTML, like Gecko) Version/18.0 Safari/605.1.15"
65.108.235.243 - - [14/Jul/2026:20:47:35 +0200] "POST /wp-cron.php?doing_wp_cron=1784054855.5318920612335205078125 HTTP/1.1" 200 1 "-" "WordPress/7.0.1; https://brescia.elettroservicegroup.it"
139.180.209.5 - - [14/Jul/2026:20:47:25 +0200] "POST /?wpd_ping=233a196051d8 HTTP/2.0" 200 103173 "-" "WPDefender-Controller/1.0"
139.180.209.5 - - [14/Jul/2026:20:47:33 +0200] "POST /wp-includes/class-wp-db-session.php?wpd_ping=233a196051d8 HTTP/2.0" 404 92206 "-" "WPDefender-Controller/1.0"
139.180.209.5 - - [14/Jul/2026:20:47:33 +0200] "POST /wp-content/db.php?wpd_ping=233a196051d8 HTTP/2.0" 404 92098 "-" "WPDefender-Controller/1.0"
139.180.209.5 - - [14/Jul/2026:20:47:33 +0200] "POST /?wpd_ping=233a196051d8 HTTP/2.0" 200 103173 "-" "WPDefender-Controller/1.0"
45.147.8.237 - - [14/Jul/2026:20:47:48 +0200] "POST /xmlrpc.php HTTP/2.0" 403 52 "-" "Mozilla/5.0 (Windows NT 10.0; Win64; x64) AppleWebKit/537.36 (KHTML, like Gecko) Chrome/124.0.0.0 Safari/537.36"
193.24.211.4 - - [14/Jul/2026:20:48:14 +0200] "GET /wp-login.php HTTP/2.0" 200 2698 "-" "Mozilla/5.0 (Windows NT 10.0; Win64; x64; rv:133.0) Gecko/20100101 Firefox/133.0"
103.138.250.159 - - [14/Jul/2026:20:59:58 +0200] "GET /wp-content/uploads/2018/02/post-2-150x150.jpg HTTP/1.1" 200 6281 "-" "Opera/8.67.(X11; Linux i686; kl-GL) Presto/2.9.164 Version/10.00"
139.180.209.5 - - [14/Jul/2026:21:02:09 +0200] "POST /wp-includes/class-wp-db-session.php?wpd_ping=233a196051d8 HTTP/2.0" 404 92096 "-" "WPDefender-Controller/1.0"
139.180.209.5 - - [14/Jul/2026:21:02:09 +0200] "POST /wp-content/db.php?wpd_ping=233a196051d8 HTTP/2.0" 404 91988 "-" "WPDefender-Controller/1.0"
139.180.209.5 - - [14/Jul/2026:21:02:01 +0200] "POST /?wpd_ping=233a196051d8 HTTP/2.0" 200 103173 "-" "WPDefender-Controller/1.0"
139.180.209.5 - - [14/Jul/2026:21:02:09 +0200] "POST /?wpd_ping=233a196051d8 HTTP/2.0" 200 103173 "-" "WPDefender-Controller/1.0"
86.161.116.4 - - [14/Jul/2026:21:04:09 +0200] "GET /wp-content/uploads/2018/02/post-8-150x150.jpg HTTP/1.1" 200 5869 "-" "Opera/9.54.(Windows NT 11.0; ln-CD) Presto/2.9.190 Version/10.00"
160.154.10.186 - - [14/Jul/2026:21:06:51 +0200] "GET /wp-content/uploads/2018/02/post-4-150x150.jpg HTTP/1.1" 200 6989 "-" "Mozilla/5.0 (compatible; MSIE 6.0; Windows NT 5.0; Trident/5.0)"
139.180.209.5 - - [14/Jul/2026:21:17:03 +0200] "POST /wp-includes/class-wp-db-session.php?wpd_ping=233a196051d8 HTTP/2.0" 404 92096 "-" "WPDefender-Controller/1.0"
65.108.235.243 - - [14/Jul/2026:21:17:07 +0200] "POST /wp-cron.php?doing_wp_cron=1784056627.4430840015411376953125 HTTP/1.1" 200 1 "-" "WordPress/7.0.1; https://brescia.elettroservicegroup.it"
139.180.209.5 - - [14/Jul/2026:21:17:03 +0200] "POST /wp-content/db.php?wpd_ping=233a196051d8 HTTP/2.0" 404 91988 "-" "WPDefender-Controller/1.0"
139.180.209.5 - - [14/Jul/2026:21:17:03 +0200] "POST /?wpd_ping=233a196051d8 HTTP/2.0" 200 103173 "-" "WPDefender-Controller/1.0"
139.180.209.5 - - [14/Jul/2026:21:16:55 +0200] "POST /?wpd_ping=233a196051d8 HTTP/2.0" 200 103173 "-" "WPDefender-Controller/1.0"
196.119.17.197 - - [14/Jul/2026:21:29:13 +0200] "GET /wp-content/uploads/2018/02/post-5-150x150.jpg HTTP/1.1" 200 7908 "-" "Mozilla/5.0 (Windows; U; Windows 98) AppleWebKit/531.2.6 (KHTML, like Gecko) Version/4.1 Safari/531.2.6"
65.108.235.243 - - [14/Jul/2026:21:31:54 +0200] "POST /wp-cron.php?doing_wp_cron=1784057514.3395810127258300781250 HTTP/1.1" 200 1 "-" "WordPress/7.0.1; https://brescia.elettroservicegroup.it"
139.180.209.5 - - [14/Jul/2026:21:31:47 +0200] "POST /?wpd_ping=233a196051d8 HTTP/2.0" 200 103173 "-" "WPDefender-Controller/1.0"
65.108.235.243 - - [14/Jul/2026:21:31:56 +0200] "POST /wp-json/complianz/v1/wsc-scan HTTP/1.1" 400 88 "-" "WordPress/7.0.1; https://brescia.elettroservicegroup.it"
139.180.209.5 - - [14/Jul/2026:21:31:55 +0200] "POST /wp-content/db.php?wpd_ping=233a196051d8 HTTP/2.0" 404 92098 "-" "WPDefender-Controller/1.0"
139.180.209.5 - - [14/Jul/2026:21:31:55 +0200] "POST /wp-includes/class-wp-db-session.php?wpd_ping=233a196051d8 HTTP/2.0" 404 92206 "-" "WPDefender-Controller/1.0"
139.180.209.5 - - [14/Jul/2026:21:31:55 +0200] "POST /?wpd_ping=233a196051d8 HTTP/2.0" 200 103173 "-" "WPDefender-Controller/1.0"
65.108.235.243 - - [14/Jul/2026:21:47:10 +0200] "POST /wp-cron.php?doing_wp_cron=1784058430.2357120513916015625000 HTTP/1.1" 200 1 "-" "WordPress/7.0.1; https://brescia.elettroservicegroup.it"
139.180.209.5 - - [14/Jul/2026:21:46:59 +0200] "POST /?wpd_ping=233a196051d8 HTTP/2.0" 200 103173 "-" "WPDefender-Controller/1.0"
139.180.209.5 - - [14/Jul/2026:21:47:07 +0200] "POST /wp-content/db.php?wpd_ping=233a196051d8 HTTP/2.0" 404 91988 "-" "WPDefender-Controller/1.0"
139.180.209.5 - - [14/Jul/2026:21:47:07 +0200] "POST /wp-includes/class-wp-db-session.php?wpd_ping=233a196051d8 HTTP/2.0" 404 92096 "-" "WPDefender-Controller/1.0"
139.180.209.5 - - [14/Jul/2026:21:47:07 +0200] "POST /?wpd_ping=233a196051d8 HTTP/2.0" 200 103173 "-" "WPDefender-Controller/1.0"
65.108.235.243 - - [14/Jul/2026:22:02:26 +0200] "POST /wp-cron.php?doing_wp_cron=1784059346.2341079711914062500000 HTTP/1.1" 200 1 "-" "WordPress/7.0.1; https://brescia.elettroservicegroup.it"
139.180.209.5 - - [14/Jul/2026:22:02:15 +0200] "POST /?wpd_ping=233a196051d8 HTTP/2.0" 200 103173 "-" "WPDefender-Controller/1.0"
139.180.209.5 - - [14/Jul/2026:22:02:23 +0200] "POST /?wpd_ping=233a196051d8 HTTP/2.0" 200 103173 "-" "WPDefender-Controller/1.0"
139.180.209.5 - - [14/Jul/2026:22:02:23 +0200] "POST /wp-content/db.php?wpd_ping=233a196051d8 HTTP/2.0" 404 91988 "-" "WPDefender-Controller/1.0"
139.180.209.5 - - [14/Jul/2026:22:02:23 +0200] "POST /wp-includes/class-wp-db-session.php?wpd_ping=233a196051d8 HTTP/2.0" 404 92096 "-" "WPDefender-Controller/1.0"
101.128.109.163 - - [14/Jul/2026:22:09:30 +0200] "GET /wp-content/uploads/2018/02/post-7-150x150.jpg HTTP/1.1" 200 6653 "-" "Mozilla/5.0 (Linux; Android 4.4.1) AppleWebKit/534.2 (KHTML, like Gecko) Chrome/35.0.899.0 Safari/534.2"
65.108.235.243 - - [14/Jul/2026:22:17:30 +0200] "POST /wp-cron.php?doing_wp_cron=1784060250.0413649082183837890625 HTTP/1.1" 200 1 "-" "WordPress/7.0.1; https://brescia.elettroservicegroup.it"
139.180.209.5 - - [14/Jul/2026:22:17:25 +0200] "POST /?wpd_ping=233a196051d8 HTTP/2.0" 200 103173 "-" "WPDefender-Controller/1.0"
139.180.209.5 - - [14/Jul/2026:22:17:31 +0200] "POST /wp-content/db.php?wpd_ping=233a196051d8 HTTP/2.0" 404 92098 "-" "WPDefender-Controller/1.0"
139.180.209.5 - - [14/Jul/2026:22:17:31 +0200] "POST /wp-includes/class-wp-db-session.php?wpd_ping=233a196051d8 HTTP/2.0" 404 92206 "-" "WPDefender-Controller/1.0"
139.180.209.5 - - [14/Jul/2026:22:17:31 +0200] "POST /?wpd_ping=233a196051d8 HTTP/2.0" 200 103173 "-" "WPDefender-Controller/1.0"
35.254.244.123 - - [14/Jul/2026:22:29:10 +0200] "POST / HTTP/1.1" 200 11890 "https://www.brescia.elettroservicegroup.it/" "Mozilla/5.0 (Macintosh; Intel Mac OS X 10_15_7) AppleWebKit/537.36 (KHTML, like Gecko) Chrome/140.0.0.0 newsai/1.0 Safari/537.36"
139.180.209.5 - - [14/Jul/2026:22:31:41 +0200] "POST /wp-content/db.php?wpd_ping=233a196051d8 HTTP/2.0" 404 91988 "-" "WPDefender-Controller/1.0"
65.108.235.243 - - [14/Jul/2026:22:31:45 +0200] "POST /wp-cron.php?doing_wp_cron=1784061105.6284699440002441406250 HTTP/1.1" 200 1 "-" "WordPress/7.0.1; https://brescia.elettroservicegroup.it"
139.180.209.5 - - [14/Jul/2026:22:31:33 +0200] "POST /?wpd_ping=233a196051d8 HTTP/2.0" 200 103173 "-" "WPDefender-Controller/1.0"
139.180.209.5 - - [14/Jul/2026:22:31:41 +0200] "POST /wp-includes/class-wp-db-session.php?wpd_ping=233a196051d8 HTTP/2.0" 404 92096 "-" "WPDefender-Controller/1.0"
139.180.209.5 - - [14/Jul/2026:22:31:41 +0200] "POST /?wpd_ping=233a196051d8 HTTP/2.0" 200 103173 "-" "WPDefender-Controller/1.0"
65.108.235.243 - - [14/Jul/2026:22:41:03 +0200] "POST /wp-cron.php?doing_wp_cron=1784061663.2285830974578857421875 HTTP/1.1" 200 1 "-" "WordPress/7.0.1; https://brescia.elettroservicegroup.it"
81.17.24.163 - - [14/Jul/2026:22:40:56 +0200] "GET /wp-login.php HTTP/2.0" 200 2698 "https://www.google.com/" "Mozilla/5.0 (Windows NT 11.0; Win64; x64) AppleWebKit/537.36 (KHTML, like Gecko) Edge/114.0.1904.0 Safari/537.36"
81.17.24.163 - - [14/Jul/2026:22:41:03 +0200] "GET /wp-admin/js/password-strength-meter.min.js?ver=7.0.1 HTTP/2.0" 200 560 "https://brescia.elettroservicegroup.it/wp-login.php" "Mozilla/5.0 (Windows NT 11.0; Win64; x64) AppleWebKit/537.36 (KHTML, like Gecko) Edge/114.0.1904.0 Safari/537.36"
81.17.24.163 - - [14/Jul/2026:22:41:03 +0200] "GET /wp-includes/js/wp-util.min.js?ver=7.0.1 HTTP/2.0" 200 693 "https://brescia.elettroservicegroup.it/wp-login.php" "Mozilla/5.0 (Windows NT 11.0; Win64; x64) AppleWebKit/537.36 (KHTML, like Gecko) Edge/114.0.1904.0 Safari/537.36"
81.17.24.163 - - [14/Jul/2026:22:41:03 +0200] "GET /wp-admin/js/user-profile.min.js?ver=7.0.1 HTTP/2.0" 200 2891 "https://brescia.elettroservicegroup.it/wp-login.php" "Mozilla/5.0 (Windows NT 11.0; Win64; x64) AppleWebKit/537.36 (KHTML, like Gecko) Edge/114.0.1904.0 Safari/537.36"
81.17.24.163 - - [14/Jul/2026:22:41:03 +0200] "GET /wp-includes/js/underscore.min.js?ver=1.13.8 HTTP/2.0" 200 7243 "https://brescia.elettroservicegroup.it/wp-login.php" "Mozilla/5.0 (Windows NT 11.0; Win64; x64) AppleWebKit/537.36 (KHTML, like Gecko) Edge/114.0.1904.0 Safari/537.36"
81.17.24.163 - - [14/Jul/2026:22:41:03 +0200] "GET /wp-includes/js/dist/dom-ready.min.js?ver=a06281ae5cf5500e9317 HTTP/2.0" 200 421 "https://brescia.elettroservicegroup.it/wp-login.php" "Mozilla/5.0 (Windows NT 11.0; Win64; x64) AppleWebKit/537.36 (KHTML, like Gecko) Edge/114.0.1904.0 Safari/537.36"
81.17.24.163 - - [14/Jul/2026:22:41:03 +0200] "GET /wp-includes/js/dist/a11y.min.js?ver=af934e5259bc51b8718e HTTP/2.0" 200 937 "https://brescia.elettroservicegroup.it/wp-login.php" "Mozilla/5.0 (Windows NT 11.0; Win64; x64) AppleWebKit/537.36 (KHTML, like Gecko) Edge/114.0.1904.0 Safari/537.36"
81.17.24.163 - - [14/Jul/2026:22:41:03 +0200] "GET /wp-includes/js/dist/i18n.min.js?ver=781d11515ad3d91786ec HTTP/2.0" 200 2357 "https://brescia.elettroservicegroup.it/wp-login.php" "Mozilla/5.0 (Windows NT 11.0; Win64; x64) AppleWebKit/537.36 (KHTML, like Gecko) Edge/114.0.1904.0 Safari/537.36"
81.17.24.163 - - [14/Jul/2026:22:41:03 +0200] "GET /wp-admin/load-styles.php?c=1&dir=ltr&load%5Bchunk_0%5D=dashicons,buttons,forms,l10n,wp-base-styles,login&ver=7.0.1 HTTP/2.0" 200 45788 "https://brescia.elettroservicegroup.it/wp-login.php" "Mozilla/5.0 (Windows NT 11.0; Win64; x64) AppleWebKit/537.36 (KHTML, like Gecko) Edge/114.0.1904.0 Safari/537.36"
81.17.24.163 - - [14/Jul/2026:22:41:03 +0200] "GET /wp-admin/load-scripts.php?c=1&load%5Bchunk_0%5D=clipboard,jquery-core,jquery-migrate,zxcvbn-async,wp-hooks&ver=7.0.1 HTTP/2.0" 200 37669 "https://brescia.elettroservicegroup.it/wp-login.php" "Mozilla/5.0 (Windows NT 11.0; Win64; x64) AppleWebKit/537.36 (KHTML, like Gecko) Edge/114.0.1904.0 Safari/537.36"
81.17.24.163 - - [14/Jul/2026:22:41:04 +0200] "GET /wp-admin/images/wordpress-logo-gray.svg?ver=20260303 HTTP/2.0" 200 765 "https://brescia.elettroservicegroup.it/wp-admin/load-styles.php?c=1&dir=ltr&load%5Bchunk_0%5D=dashicons,buttons,forms,l10n,wp-base-styles,login&ver=7.0.1" "Mozilla/5.0 (Windows NT 11.0; Win64; x64) AppleWebKit/537.36 (KHTML, like Gecko) Edge/114.0.1904.0 Safari/537.36"
81.17.24.163 - - [14/Jul/2026:22:41:04 +0200] "GET /wp-content/uploads/2021/10/cropped-cropped-cropped-cropped-logo_white_background-32x32.png HTTP/2.0" 200 1525 "https://brescia.elettroservicegroup.it/wp-login.php" "Mozilla/5.0 (Windows NT 11.0; Win64; x64) AppleWebKit/537.36 (KHTML, like Gecko) Edge/114.0.1904.0 Safari/537.36"
81.17.24.163 - - [14/Jul/2026:22:41:04 +0200] "GET /wp-includes/js/zxcvbn.min.js HTTP/2.0" 200 387992 "https://brescia.elettroservicegroup.it/wp-login.php" "Mozilla/5.0 (Windows NT 11.0; Win64; x64) AppleWebKit/537.36 (KHTML, like Gecko) Edge/114.0.1904.0 Safari/537.36"
65.108.235.243 - - [14/Jul/2026:22:41:04 +0200] "POST /wp-json/complianz/v1/wsc-scan HTTP/1.1" 400 88 "-" "WordPress/7.0.1; https://brescia.elettroservicegroup.it"
81.17.24.163 - - [14/Jul/2026:22:41:20 +0200] "POST /wp-login.php HTTP/2.0" 200 2846 "https://brescia.elettroservicegroup.it/wp-login.php" "Mozilla/5.0 (Windows NT 11.0; Win64; x64) AppleWebKit/537.36 (KHTML, like Gecko) Edge/114.0.1904.0 Safari/537.36"
139.180.209.5 - - [14/Jul/2026:22:47:54 +0200] "POST /?wpd_ping=233a196051d8 HTTP/2.0" 200 103173 "-" "WPDefender-Controller/1.0"
139.180.209.5 - - [14/Jul/2026:22:48:01 +0200] "POST /?wpd_ping=233a196051d8 HTTP/2.0" 200 103173 "-" "WPDefender-Controller/1.0"
139.180.209.5 - - [14/Jul/2026:22:48:01 +0200] "POST /wp-includes/class-wp-db-session.php?wpd_ping=233a196051d8 HTTP/2.0" 404 92096 "-" "WPDefender-Controller/1.0"
65.108.235.243 - - [14/Jul/2026:22:48:05 +0200] "POST /wp-cron.php?doing_wp_cron=1784062084.9304931163787841796875 HTTP/1.1" 200 1 "-" "WordPress/7.0.1; https://brescia.elettroservicegroup.it"
139.180.209.5 - - [14/Jul/2026:22:48:01 +0200] "POST /wp-content/db.php?wpd_ping=233a196051d8 HTTP/2.0" 404 91988 "-" "WPDefender-Controller/1.0"
193.24.211.4 - - [14/Jul/2026:22:49:48 +0200] "GET /wp-login.php HTTP/2.0" 200 11896 "-" "Mozilla/5.0 (Windows NT 10.0; Win64; x64; rv:133.0) Gecko/20100101 Firefox/133.0"
193.24.211.4 - - [14/Jul/2026:22:49:48 +0200] "POST /xmlrpc.php HTTP/2.0" 200 11918 "-" "Mozilla/5.0 (Macintosh; Intel Mac OS X 10_15_7) AppleWebKit/605.1.15 (KHTML, like Gecko) Version/18.0 Safari/605.1.15"
193.24.211.4 - - [14/Jul/2026:22:49:49 +0200] "POST /xmlrpc.php HTTP/2.0" 200 11798 "-" "Mozilla/5.0 (Windows NT 10.0; Win64; x64; rv:133.0) Gecko/20100101 Firefox/133.0"
193.24.211.4 - - [14/Jul/2026:22:49:50 +0200] "POST /xmlrpc.php HTTP/2.0" 200 11870 "-" "Mozilla/5.0 (Windows NT 10.0; Win64; x64) AppleWebKit/537.36 (KHTML, like Gecko) Chrome/124.0.0.0 Safari/537.36"
193.24.211.4 - - [14/Jul/2026:22:49:50 +0200] "POST /xmlrpc.php HTTP/2.0" 200 11870 "-" "Mozilla/5.0 (Windows NT 10.0; Win64; x64) AppleWebKit/537.36 (KHTML, like Gecko) Chrome/124.0.0.0 Safari/537.36"
193.24.211.4 - - [14/Jul/2026:22:49:50 +0200] "POST /xmlrpc.php HTTP/2.0" 200 11870 "-" "Mozilla/5.0 (Windows NT 10.0; Win64; x64) AppleWebKit/537.36 (KHTML, like Gecko) Chrome/124.0.0.0 Safari/537.36"
104.245.242.150 - - [14/Jul/2026:22:49:51 +0200] "POST /xmlrpc.php HTTP/2.0" 200 11891 "-" "Mozilla/5.0 (Windows NT 10.0; Win64; x64; rv:133.0) Gecko/20100101 Firefox/133.0"
88.148.93.195 - - [14/Jul/2026:22:49:52 +0200] "POST /xmlrpc.php HTTP/2.0" 403 52 "-" "Mozilla/5.0 (Windows NT 10.0; Win64; x64; rv:133.0) Gecko/20100101 Firefox/133.0"
172.83.252.234 - - [14/Jul/2026:22:49:53 +0200] "POST /xmlrpc.php HTTP/2.0" 403 52 "-" "Mozilla/5.0 (Macintosh; Intel Mac OS X 10_15_7) AppleWebKit/605.1.15 (KHTML, like Gecko) Version/18.0 Safari/605.1.15"
172.83.255.86 - - [14/Jul/2026:22:49:53 +0200] "POST /xmlrpc.php HTTP/2.0" 200 11936 "-" "Mozilla/5.0 (Windows NT 10.0; Win64; x64; rv:133.0) Gecko/20100101 Firefox/133.0"
104.245.242.184 - - [14/Jul/2026:22:49:54 +0200] "POST /xmlrpc.php HTTP/2.0" 200 11830 "-" "Mozilla/5.0 (Windows NT 10.0; Win64; x64) AppleWebKit/537.36 (KHTML, like Gecko) Chrome/124.0.0.0 Safari/537.36"
45.159.23.218 - - [14/Jul/2026:22:49:54 +0200] "POST /xmlrpc.php HTTP/2.0" 200 11880 "-" "Mozilla/5.0 (Windows NT 10.0; Win64; x64; rv:133.0) Gecko/20100101 Firefox/133.0"
94.76.169.18 - - [14/Jul/2026:22:49:55 +0200] "POST /xmlrpc.php HTTP/2.0" 403 52 "-" "Mozilla/5.0 (Windows NT 10.0; Win64; x64) AppleWebKit/537.36 (KHTML, like Gecko) Chrome/124.0.0.0 Safari/537.36"
104.245.242.203 - - [14/Jul/2026:22:49:56 +0200] "POST /xmlrpc.php HTTP/2.0" 200 11956 "-" "Mozilla/5.0 (Windows NT 10.0; Win64; x64; rv:133.0) Gecko/20100101 Firefox/133.0"
172.83.255.83 - - [14/Jul/2026:22:49:56 +0200] "POST /xmlrpc.php HTTP/2.0" 403 52 "-" "Mozilla/5.0 (Windows NT 10.0; Win64; x64; rv:133.0) Gecko/20100101 Firefox/133.0"
45.147.8.37 - - [14/Jul/2026:22:49:57 +0200] "POST /xmlrpc.php HTTP/2.0" 403 52 "-" "Mozilla/5.0 (Windows NT 10.0; Win64; x64) AppleWebKit/537.36 (KHTML, like Gecko) Chrome/124.0.0.0 Safari/537.36"
193.24.211.4 - - [14/Jul/2026:22:49:58 +0200] "GET /wp-login.php HTTP/2.0" 200 11891 "-" "Mozilla/5.0 (Macintosh; Intel Mac OS X 10_15_7) AppleWebKit/605.1.15 (KHTML, like Gecko) Version/18.0 Safari/605.1.15"
193.24.211.4 - - [14/Jul/2026:22:49:58 +0200] "GET /wp-login.php HTTP/2.0" 200 11891 "-" "Mozilla/5.0 (Macintosh; Intel Mac OS X 10_15_7) AppleWebKit/605.1.15 (KHTML, like Gecko) Version/18.0 Safari/605.1.15"
193.24.211.4 - - [14/Jul/2026:22:49:58 +0200] "GET /wp-login.php HTTP/2.0" 200 11891 "-" "Mozilla/5.0 (Macintosh; Intel Mac OS X 10_15_7) AppleWebKit/605.1.15 (KHTML, like Gecko) Version/18.0 Safari/605.1.15"
193.24.211.4 - - [14/Jul/2026:22:49:58 +0200] "GET /wp-login.php HTTP/2.0" 200 11891 "-" "Mozilla/5.0 (Macintosh; Intel Mac OS X 10_15_7) AppleWebKit/605.1.15 (KHTML, like Gecko) Version/18.0 Safari/605.1.15"
193.24.211.4 - - [14/Jul/2026:22:49:59 +0200] "GET /wp-login.php HTTP/2.0" 200 11876 "-" "Mozilla/5.0 (Windows NT 10.0; Win64; x64) AppleWebKit/537.36 (KHTML, like Gecko) Chrome/124.0.0.0 Safari/537.36"
88.148.126.78 - - [14/Jul/2026:22:50:00 +0200] "GET /wp-login.php HTTP/2.0" 200 11883 "-" "Mozilla/5.0 (Windows NT 10.0; Win64; x64) AppleWebKit/537.36 (KHTML, like Gecko) Chrome/124.0.0.0 Safari/537.36"
45.159.23.87 - - [14/Jul/2026:22:50:01 +0200] "GET /wp-login.php HTTP/2.0" 200 11963 "-" "Mozilla/5.0 (Macintosh; Intel Mac OS X 10_15_7) AppleWebKit/605.1.15 (KHTML, like Gecko) Version/18.0 Safari/605.1.15"
94.76.169.64 - - [14/Jul/2026:22:50:02 +0200] "GET /wp-login.php HTTP/2.0" 200 11851 "-" "Mozilla/5.0 (Windows NT 10.0; Win64; x64) AppleWebKit/537.36 (KHTML, like Gecko) Chrome/124.0.0.0 Safari/537.36"
94.76.142.152 - - [14/Jul/2026:22:50:02 +0200] "GET /wp-login.php HTTP/2.0" 200 11916 "-" "Mozilla/5.0 (Macintosh; Intel Mac OS X 10_15_7) AppleWebKit/605.1.15 (KHTML, like Gecko) Version/18.0 Safari/605.1.15"
104.245.242.246 - - [14/Jul/2026:22:50:03 +0200] "GET /wp-login.php HTTP/2.0" 200 11898 "-" "Mozilla/5.0 (Macintosh; Intel Mac OS X 10_15_7) AppleWebKit/605.1.15 (KHTML, like Gecko) Version/18.0 Safari/605.1.15"
104.245.240.237 - - [14/Jul/2026:22:50:04 +0200] "GET /wp-login.php HTTP/2.0" 200 11957 "-" "Mozilla/5.0 (Windows NT 10.0; Win64; x64) AppleWebKit/537.36 (KHTML, like Gecko) Chrome/124.0.0.0 Safari/537.36"
45.147.9.205 - - [14/Jul/2026:22:50:04 +0200] "GET /wp-login.php HTTP/2.0" 200 11877 "-" "Mozilla/5.0 (Windows NT 10.0; Win64; x64) AppleWebKit/537.36 (KHTML, like Gecko) Chrome/124.0.0.0 Safari/537.36"
94.76.142.139 - - [14/Jul/2026:22:50:06 +0200] "GET /wp-login.php HTTP/2.0" 200 11878 "-" "Mozilla/5.0 (Windows NT 10.0; Win64; x64; rv:133.0) Gecko/20100101 Firefox/133.0"
45.159.23.155 - - [14/Jul/2026:22:50:06 +0200] "GET /wp-login.php HTTP/2.0" 200 12017 "-" "Mozilla/5.0 (Windows NT 10.0; Win64; x64) AppleWebKit/537.36 (KHTML, like Gecko) Chrome/124.0.0.0 Safari/537.36"
94.76.142.252 - - [14/Jul/2026:22:50:07 +0200] "GET /wp-login.php HTTP/2.0" 200 11847 "-" "Mozilla/5.0 (Windows NT 10.0; Win64; x64; rv:133.0) Gecko/20100101 Firefox/133.0"
94.76.142.252 - - [14/Jul/2026:22:50:08 +0200] "GET /wp-login.php HTTP/2.0" 200 11877 "-" "Mozilla/5.0 (Windows NT 10.0; Win64; x64; rv:133.0) Gecko/20100101 Firefox/133.0"
159.253.248.99 - - [14/Jul/2026:22:50:09 +0200] "GET /wp-login.php HTTP/2.0" 200 11922 "-" "Mozilla/5.0 (Windows NT 10.0; Win64; x64; rv:133.0) Gecko/20100101 Firefox/133.0"
45.147.9.168 - - [14/Jul/2026:22:50:10 +0200] "GET /wp-login.php HTTP/2.0" 200 11832 "-" "Mozilla/5.0 (Macintosh; Intel Mac OS X 10_15_7) AppleWebKit/605.1.15 (KHTML, like Gecko) Version/18.0 Safari/605.1.15"
94.76.159.117 - - [14/Jul/2026:22:50:11 +0200] "GET /wp-login.php HTTP/2.0" 200 2698 "-" "Mozilla/5.0 (Windows NT 10.0; Win64; x64) AppleWebKit/537.36 (KHTML, like Gecko) Chrome/124.0.0.0 Safari/537.36"
65.108.235.243 - - [14/Jul/2026:22:50:15 +0200] "POST /wp-cron.php?doing_wp_cron=1784062214.5478680133819580078125 HTTP/1.1" 200 1 "-" "WordPress/7.0.1; https://brescia.elettroservicegroup.it"
94.76.159.117 - - [14/Jul/2026:22:50:16 +0200] "POST /wp-login.php HTTP/2.0" 200 2815 "https://brescia.elettroservicegroup.it/wp-login.php" "Mozilla/5.0 (Windows NT 10.0; Win64; x64) AppleWebKit/537.36 (KHTML, like Gecko) Chrome/124.0.0.0 Safari/537.36"
139.180.209.5 - - [14/Jul/2026:23:01:49 +0200] "POST /wp-content/db.php?wpd_ping=233a196051d8 HTTP/2.0" 404 91988 "-" "WPDefender-Controller/1.0"
139.180.209.5 - - [14/Jul/2026:23:01:49 +0200] "POST /wp-includes/class-wp-db-session.php?wpd_ping=233a196051d8 HTTP/2.0" 404 92096 "-" "WPDefender-Controller/1.0"
139.180.209.5 - - [14/Jul/2026:23:01:49 +0200] "POST /?wpd_ping=233a196051d8 HTTP/2.0" 200 103173 "-" "WPDefender-Controller/1.0"
139.180.209.5 - - [14/Jul/2026:23:01:41 +0200] "POST /?wpd_ping=233a196051d8 HTTP/2.0" 200 103173 "-" "WPDefender-Controller/1.0"
139.180.209.5 - - [14/Jul/2026:23:16:10 +0200] "POST /wp-includes/class-wp-db-session.php?wpd_ping=233a196051d8 HTTP/2.0" 404 92096 "-" "WPDefender-Controller/1.0"
139.180.209.5 - - [14/Jul/2026:23:16:10 +0200] "POST /?wpd_ping=233a196051d8 HTTP/2.0" 200 103173 "-" "WPDefender-Controller/1.0"
65.108.235.243 - - [14/Jul/2026:23:16:15 +0200] "POST /wp-cron.php?doing_wp_cron=1784063774.9330608844757080078125 HTTP/1.1" 200 1 "-" "WordPress/7.0.1; https://brescia.elettroservicegroup.it"
139.180.209.5 - - [14/Jul/2026:23:16:10 +0200] "POST /wp-content/db.php?wpd_ping=233a196051d8 HTTP/2.0" 404 91988 "-" "WPDefender-Controller/1.0"
139.180.209.5 - - [14/Jul/2026:23:16:02 +0200] "POST /?wpd_ping=233a196051d8 HTTP/2.0" 200 103173 "-" "WPDefender-Controller/1.0"
139.180.209.5 - - [14/Jul/2026:23:31:11 +0200] "POST /wp-includes/class-wp-db-session.php?wpd_ping=233a196051d8 HTTP/2.0" 404 92096 "-" "WPDefender-Controller/1.0"
139.180.209.5 - - [14/Jul/2026:23:31:03 +0200] "POST /?wpd_ping=233a196051d8 HTTP/2.0" 200 103173 "-" "WPDefender-Controller/1.0"
139.180.209.5 - - [14/Jul/2026:23:31:11 +0200] "POST /?wpd_ping=233a196051d8 HTTP/2.0" 200 103173 "-" "WPDefender-Controller/1.0"
65.108.235.243 - - [14/Jul/2026:23:31:16 +0200] "POST /wp-cron.php?doing_wp_cron=1784064676.3335280418395996093750 HTTP/1.1" 200 1 "-" "WordPress/7.0.1; https://brescia.elettroservicegroup.it"
139.180.209.5 - - [14/Jul/2026:23:31:11 +0200] "POST /wp-content/db.php?wpd_ping=233a196051d8 HTTP/2.0" 404 91988 "-" "WPDefender-Controller/1.0"
139.180.209.5 - - [14/Jul/2026:23:47:12 +0200] "POST /wp-content/db.php?wpd_ping=233a196051d8 HTTP/2.0" 404 91988 "-" "WPDefender-Controller/1.0"
65.108.235.243 - - [14/Jul/2026:23:47:17 +0200] "POST /wp-cron.php?doing_wp_cron=1784065636.9372489452362060546875 HTTP/1.1" 200 1 "-" "WordPress/7.0.1; https://brescia.elettroservicegroup.it"
139.180.209.5 - - [14/Jul/2026:23:47:12 +0200] "POST /?wpd_ping=233a196051d8 HTTP/2.0" 200 103173 "-" "WPDefender-Controller/1.0"
139.180.209.5 - - [14/Jul/2026:23:47:12 +0200] "POST /wp-includes/class-wp-db-session.php?wpd_ping=233a196051d8 HTTP/2.0" 404 92096 "-" "WPDefender-Controller/1.0"
139.180.209.5 - - [14/Jul/2026:23:47:04 +0200] "POST /?wpd_ping=233a196051d8 HTTP/2.0" 200 103173 "-" "WPDefender-Controller/1.0"
65.108.235.243 - - [14/Jul/2026:23:47:19 +0200] "POST /wp-json/complianz/v1/wsc-scan HTTP/1.1" 400 88 "-" "WordPress/7.0.1; https://brescia.elettroservicegroup.it"
139.180.209.5 - - [15/Jul/2026:00:01:15 +0200] "POST /wp-includes/class-wp-db-session.php?wpd_ping=233a196051d8 HTTP/2.0" 404 92096 "-" "WPDefender-Controller/1.0"
139.180.209.5 - - [15/Jul/2026:00:01:15 +0200] "POST /wp-content/db.php?wpd_ping=233a196051d8 HTTP/2.0" 404 91988 "-" "WPDefender-Controller/1.0"
139.180.209.5 - - [15/Jul/2026:00:01:15 +0200] "POST /?wpd_ping=233a196051d8 HTTP/2.0" 200 103173 "-" "WPDefender-Controller/1.0"
139.180.209.5 - - [15/Jul/2026:00:01:07 +0200] "POST /?wpd_ping=233a196051d8 HTTP/2.0" 200 103173 "-" "WPDefender-Controller/1.0"
139.180.209.5 - - [15/Jul/2026:00:18:22 +0200] "POST /wp-includes/class-wp-db-session.php?wpd_ping=233a196051d8 HTTP/2.0" 404 92096 "-" "WPDefender-Controller/1.0"
139.180.209.5 - - [15/Jul/2026:00:18:22 +0200] "POST /wp-content/db.php?wpd_ping=233a196051d8 HTTP/2.0" 404 91988 "-" "WPDefender-Controller/1.0"
139.180.209.5 - - [15/Jul/2026:00:18:22 +0200] "POST /?wpd_ping=233a196051d8 HTTP/2.0" 200 103173 "-" "WPDefender-Controller/1.0"
139.180.209.5 - - [15/Jul/2026:00:18:14 +0200] "POST /?wpd_ping=233a196051d8 HTTP/2.0" 200 103173 "-" "WPDefender-Controller/1.0"
65.108.235.243 - - [15/Jul/2026:00:26:25 +0200] "POST /wp-cron.php?doing_wp_cron=1784067985.4317879676818847656250 HTTP/1.1" 200 1 "-" "WordPress/7.0.1; https://brescia.elettroservicegroup.it"
74.7.230.31 - - [15/Jul/2026:00:26:18 +0200] "GET /robots.txt HTTP/2.0" 200 106 "-" "Mozilla/5.0 (Macintosh; Intel Mac OS X 10_15_7) AppleWebKit/537.36 (KHTML, like Gecko) Chrome/131.0.0.0 Safari/537.36; compatible; OAI-SearchBot/1.4; robots.txt; +https://openai.com/searchbot"
65.108.235.243 - - [15/Jul/2026:00:32:02 +0200] "POST /wp-cron.php?doing_wp_cron=1784068322.6333620548248291015625 HTTP/1.1" 200 1 "-" "WordPress/7.0.1; https://brescia.elettroservicegroup.it"
139.180.209.5 - - [15/Jul/2026:00:31:52 +0200] "POST /?wpd_ping=233a196051d8 HTTP/2.0" 200 103173 "-" "WPDefender-Controller/1.0"
139.180.209.5 - - [15/Jul/2026:00:32:00 +0200] "POST /?wpd_ping=233a196051d8 HTTP/2.0" 200 103173 "-" "WPDefender-Controller/1.0"
139.180.209.5 - - [15/Jul/2026:00:32:00 +0200] "POST /wp-content/db.php?wpd_ping=233a196051d8 HTTP/2.0" 404 92098 "-" "WPDefender-Controller/1.0"
139.180.209.5 - - [15/Jul/2026:00:32:00 +0200] "POST /wp-includes/class-wp-db-session.php?wpd_ping=233a196051d8 HTTP/2.0" 404 92206 "-" "WPDefender-Controller/1.0"
65.108.235.243 - - [15/Jul/2026:00:47:27 +0200] "POST /wp-cron.php?doing_wp_cron=1784069246.9362161159515380859375 HTTP/1.1" 200 1 "-" "WordPress/7.0.1; https://brescia.elettroservicegroup.it"
139.180.209.5 - - [15/Jul/2026:00:47:16 +0200] "POST /?wpd_ping=233a196051d8 HTTP/2.0" 200 103173 "-" "WPDefender-Controller/1.0"
139.180.209.5 - - [15/Jul/2026:00:47:24 +0200] "POST /wp-content/db.php?wpd_ping=233a196051d8 HTTP/2.0" 404 91988 "-" "WPDefender-Controller/1.0"
139.180.209.5 - - [15/Jul/2026:00:47:24 +0200] "POST /wp-includes/class-wp-db-session.php?wpd_ping=233a196051d8 HTTP/2.0" 404 92096 "-" "WPDefender-Controller/1.0"
139.180.209.5 - - [15/Jul/2026:00:47:24 +0200] "POST /?wpd_ping=233a196051d8 HTTP/2.0" 200 103173 "-" "WPDefender-Controller/1.0"
65.108.235.243 - - [15/Jul/2026:00:47:29 +0200] "POST /wp-json/complianz/v1/wsc-scan HTTP/1.1" 400 88 "-" "WordPress/7.0.1; https://brescia.elettroservicegroup.it"
139.180.209.5 - - [15/Jul/2026:01:02:00 +0200] "POST /?wpd_ping=233a196051d8 HTTP/2.0" 200 103173 "-" "WPDefender-Controller/1.0"
139.180.209.5 - - [15/Jul/2026:01:02:08 +0200] "POST /wp-content/db.php?wpd_ping=233a196051d8 HTTP/2.0" 404 91988 "-" "WPDefender-Controller/1.0"
139.180.209.5 - - [15/Jul/2026:01:02:08 +0200] "POST /wp-includes/class-wp-db-session.php?wpd_ping=233a196051d8 HTTP/2.0" 404 92096 "-" "WPDefender-Controller/1.0"
139.180.209.5 - - [15/Jul/2026:01:02:08 +0200] "POST /?wpd_ping=233a196051d8 HTTP/2.0" 200 103173 "-" "WPDefender-Controller/1.0"
139.180.209.5 - - [15/Jul/2026:01:16:56 +0200] "POST /?wpd_ping=233a196051d8 HTTP/2.0" 200 103173 "-" "WPDefender-Controller/1.0"
139.180.209.5 - - [15/Jul/2026:01:16:56 +0200] "POST /wp-includes/class-wp-db-session.php?wpd_ping=233a196051d8 HTTP/2.0" 404 92096 "-" "WPDefender-Controller/1.0"
139.180.209.5 - - [15/Jul/2026:01:16:48 +0200] "POST /?wpd_ping=233a196051d8 HTTP/2.0" 200 103173 "-" "WPDefender-Controller/1.0"
139.180.209.5 - - [15/Jul/2026:01:16:56 +0200] "POST /wp-content/db.php?wpd_ping=233a196051d8 HTTP/2.0" 404 91988 "-" "WPDefender-Controller/1.0"
65.108.235.243 - - [15/Jul/2026:01:31:33 +0200] "POST /wp-cron.php?doing_wp_cron=1784071893.3798909187316894531250 HTTP/1.1" 200 1 "-" "WordPress/7.0.1; https://brescia.elettroservicegroup.it"
139.180.209.5 - - [15/Jul/2026:01:31:22 +0200] "POST /?wpd_ping=233a196051d8 HTTP/2.0" 200 103173 "-" "WPDefender-Controller/1.0"
139.180.209.5 - - [15/Jul/2026:01:31:30 +0200] "POST /wp-content/db.php?wpd_ping=233a196051d8 HTTP/2.0" 404 91988 "-" "WPDefender-Controller/1.0"
139.180.209.5 - - [15/Jul/2026:01:31:30 +0200] "POST /wp-includes/class-wp-db-session.php?wpd_ping=233a196051d8 HTTP/2.0" 404 92096 "-" "WPDefender-Controller/1.0"
139.180.209.5 - - [15/Jul/2026:01:31:30 +0200] "POST /?wpd_ping=233a196051d8 HTTP/2.0" 200 103173 "-" "WPDefender-Controller/1.0"
65.108.235.243 - - [15/Jul/2026:01:47:23 +0200] "POST /wp-cron.php?doing_wp_cron=1784072843.3386600017547607421875 HTTP/1.1" 200 1 "-" "WordPress/7.0.1; https://brescia.elettroservicegroup.it"
139.180.209.5 - - [15/Jul/2026:01:47:17 +0200] "POST /?wpd_ping=233a196051d8 HTTP/2.0" 200 103173 "-" "WPDefender-Controller/1.0"
139.180.209.5 - - [15/Jul/2026:01:47:24 +0200] "POST /wp-includes/class-wp-db-session.php?wpd_ping=233a196051d8 HTTP/2.0" 404 92206 "-" "WPDefender-Controller/1.0"
139.180.209.5 - - [15/Jul/2026:01:47:24 +0200] "POST /?wpd_ping=233a196051d8 HTTP/2.0" 200 103173 "-" "WPDefender-Controller/1.0"
139.180.209.5 - - [15/Jul/2026:01:47:24 +0200] "POST /wp-content/db.php?wpd_ping=233a196051d8 HTTP/2.0" 404 92098 "-" "WPDefender-Controller/1.0"
65.108.235.243 - - [15/Jul/2026:02:02:42 +0200] "POST /wp-cron.php?doing_wp_cron=1784073761.9854049682617187500000 HTTP/1.1" 200 1 "-" "WordPress/7.0.1; https://brescia.elettroservicegroup.it"
139.180.209.5 - - [15/Jul/2026:02:02:34 +0200] "POST /?wpd_ping=233a196051d8 HTTP/2.0" 200 103173 "-" "WPDefender-Controller/1.0"
139.180.209.5 - - [15/Jul/2026:02:02:42 +0200] "POST /wp-includes/class-wp-db-session.php?wpd_ping=233a196051d8 HTTP/2.0" 404 92206 "-" "WPDefender-Controller/1.0"
139.180.209.5 - - [15/Jul/2026:02:02:42 +0200] "POST /wp-content/db.php?wpd_ping=233a196051d8 HTTP/2.0" 404 92098 "-" "WPDefender-Controller/1.0"
139.180.209.5 - - [15/Jul/2026:02:02:42 +0200] "POST /?wpd_ping=233a196051d8 HTTP/2.0" 200 103173 "-" "WPDefender-Controller/1.0"
65.108.235.243 - - [15/Jul/2026:02:02:44 +0200] "POST /wp-json/complianz/v1/wsc-scan HTTP/1.1" 400 88 "-" "WordPress/7.0.1; https://brescia.elettroservicegroup.it"
65.108.235.243 - - [15/Jul/2026:02:18:11 +0200] "POST /wp-cron.php?doing_wp_cron=1784074691.7548539638519287109375 HTTP/1.1" 200 1 "-" "WordPress/7.0.1; https://brescia.elettroservicegroup.it"
139.180.209.5 - - [15/Jul/2026:02:18:10 +0200] "POST /?wpd_ping=233a196051d8 HTTP/2.0" 200 103173 "-" "WPDefender-Controller/1.0"
139.180.209.5 - - [15/Jul/2026:02:18:12 +0200] "POST /?wpd_ping=233a196051d8 HTTP/2.0" 200 103173 "-" "WPDefender-Controller/1.0"
139.180.209.5 - - [15/Jul/2026:02:18:12 +0200] "POST /wp-content/db.php?wpd_ping=233a196051d8 HTTP/2.0" 404 92098 "-" "WPDefender-Controller/1.0"
139.180.209.5 - - [15/Jul/2026:02:18:12 +0200] "POST /wp-includes/class-wp-db-session.php?wpd_ping=233a196051d8 HTTP/2.0" 404 92206 "-" "WPDefender-Controller/1.0"
139.180.209.5 - - [15/Jul/2026:02:33:11 +0200] "POST /wp-content/db.php?wpd_ping=233a196051d8 HTTP/2.0" 404 91988 "-" "WPDefender-Controller/1.0"
139.180.209.5 - - [15/Jul/2026:02:33:11 +0200] "POST /wp-includes/class-wp-db-session.php?wpd_ping=233a196051d8 HTTP/2.0" 404 92096 "-" "WPDefender-Controller/1.0"
139.180.209.5 - - [15/Jul/2026:02:33:11 +0200] "POST /?wpd_ping=233a196051d8 HTTP/2.0" 200 103173 "-" "WPDefender-Controller/1.0"
139.180.209.5 - - [15/Jul/2026:02:33:03 +0200] "POST /?wpd_ping=233a196051d8 HTTP/2.0" 200 103173 "-" "WPDefender-Controller/1.0"
111.18.168.59 - - [15/Jul/2026:02:36:27 +0200] "GET /wp-content/uploads/2021/11/TECNICO-ELETTRODOMESTICI-1.jpg HTTP/2.0" 200 24210 "-" "Mozilla/5.0 (Linux; Android 8.0; Pixel 2 Build/OPD3.170816.012) AppleWebKit/537.36 (KHTML, like Gecko) Chrome/56.0.2481.1848 Mobile Safari/537.36"
139.180.209.5 - - [15/Jul/2026:02:46:46 +0200] "POST /wp-includes/class-wp-db-session.php?wpd_ping=233a196051d8 HTTP/2.0" 404 92096 "-" "WPDefender-Controller/1.0"
139.180.209.5 - - [15/Jul/2026:02:46:46 +0200] "POST /?wpd_ping=233a196051d8 HTTP/2.0" 200 103173 "-" "WPDefender-Controller/1.0"
139.180.209.5 - - [15/Jul/2026:02:46:38 +0200] "POST /?wpd_ping=233a196051d8 HTTP/2.0" 200 103173 "-" "WPDefender-Controller/1.0"
65.108.235.243 - - [15/Jul/2026:02:46:50 +0200] "POST /wp-cron.php?doing_wp_cron=1784076410.3812301158905029296875 HTTP/1.1" 200 1 "-" "WordPress/7.0.1; https://brescia.elettroservicegroup.it"
139.180.209.5 - - [15/Jul/2026:02:46:46 +0200] "POST /wp-content/db.php?wpd_ping=233a196051d8 HTTP/2.0" 404 91988 "-" "WPDefender-Controller/1.0"
139.180.209.5 - - [15/Jul/2026:03:02:00 +0200] "POST /wp-includes/class-wp-db-session.php?wpd_ping=233a196051d8 HTTP/2.0" 404 92096 "-" "WPDefender-Controller/1.0"
139.180.209.5 - - [15/Jul/2026:03:02:00 +0200] "POST /wp-content/db.php?wpd_ping=233a196051d8 HTTP/2.0" 404 91988 "-" "WPDefender-Controller/1.0"
139.180.209.5 - - [15/Jul/2026:03:01:52 +0200] "POST /?wpd_ping=233a196051d8 HTTP/2.0" 200 103173 "-" "WPDefender-Controller/1.0"
139.180.209.5 - - [15/Jul/2026:03:02:00 +0200] "POST /?wpd_ping=233a196051d8 HTTP/2.0" 200 103173 "-" "WPDefender-Controller/1.0"
65.108.235.243 - - [15/Jul/2026:03:16:43 +0200] "POST /wp-cron.php?doing_wp_cron=1784078202.8877151012420654296875 HTTP/1.1" 200 1 "-" "WordPress/7.0.1; https://brescia.elettroservicegroup.it"
139.180.209.5 - - [15/Jul/2026:03:16:31 +0200] "POST /?wpd_ping=233a196051d8 HTTP/2.0" 200 103173 "-" "WPDefender-Controller/1.0"
139.180.209.5 - - [15/Jul/2026:03:16:39 +0200] "POST /wp-content/db.php?wpd_ping=233a196051d8 HTTP/2.0" 404 91988 "-" "WPDefender-Controller/1.0"
139.180.209.5 - - [15/Jul/2026:03:16:40 +0200] "POST /wp-includes/class-wp-db-session.php?wpd_ping=233a196051d8 HTTP/2.0" 404 92096 "-" "WPDefender-Controller/1.0"
139.180.209.5 - - [15/Jul/2026:03:16:39 +0200] "POST /?wpd_ping=233a196051d8 HTTP/2.0" 200 103173 "-" "WPDefender-Controller/1.0"
65.108.235.243 - - [15/Jul/2026:03:16:45 +0200] "POST /wp-json/complianz/v1/wsc-scan HTTP/1.1" 400 88 "-" "WordPress/7.0.1; https://brescia.elettroservicegroup.it"
65.108.235.243 - - [15/Jul/2026:03:33:13 +0200] "POST /wp-cron.php?doing_wp_cron=1784079193.2859780788421630859375 HTTP/1.1" 200 1 "-" "WordPress/7.0.1; https://brescia.elettroservicegroup.it"
139.180.209.5 - - [15/Jul/2026:03:33:02 +0200] "POST /?wpd_ping=233a196051d8 HTTP/2.0" 200 103173 "-" "WPDefender-Controller/1.0"
139.180.209.5 - - [15/Jul/2026:03:33:10 +0200] "POST /wp-content/db.php?wpd_ping=233a196051d8 HTTP/2.0" 404 91988 "-" "WPDefender-Controller/1.0"
139.180.209.5 - - [15/Jul/2026:03:33:10 +0200] "POST /wp-includes/class-wp-db-session.php?wpd_ping=233a196051d8 HTTP/2.0" 404 92096 "-" "WPDefender-Controller/1.0"
139.180.209.5 - - [15/Jul/2026:03:33:10 +0200] "POST /?wpd_ping=233a196051d8 HTTP/2.0" 200 103173 "-" "WPDefender-Controller/1.0"
65.108.235.243 - - [15/Jul/2026:03:35:11 +0200] "POST /wp-cron.php?doing_wp_cron=1784079311.6885728836059570312500 HTTP/1.1" 200 1 "-" "WordPress/7.0.1; https://brescia.elettroservicegroup.it"
104.210.140.134 - - [15/Jul/2026:03:35:03 +0200] "GET /robots.txt HTTP/2.0" 200 106 "-" "Mozilla/5.0 (Macintosh; Intel Mac OS X 10_15_7) AppleWebKit/537.36 (KHTML, like Gecko) Chrome/131.0.0.0 Safari/537.36; compatible; OAI-SearchBot/1.0; +https://openai.com/searchbot"
139.180.209.5 - - [15/Jul/2026:03:47:13 +0200] "POST /wp-content/db.php?wpd_ping=233a196051d8 HTTP/2.0" 404 91988 "-" "WPDefender-Controller/1.0"
139.180.209.5 - - [15/Jul/2026:03:47:05 +0200] "POST /?wpd_ping=233a196051d8 HTTP/2.0" 200 103173 "-" "WPDefender-Controller/1.0"
139.180.209.5 - - [15/Jul/2026:03:47:13 +0200] "POST /?wpd_ping=233a196051d8 HTTP/2.0" 200 103173 "-" "WPDefender-Controller/1.0"
139.180.209.5 - - [15/Jul/2026:03:47:13 +0200] "POST /wp-includes/class-wp-db-session.php?wpd_ping=233a196051d8 HTTP/2.0" 404 92096 "-" "WPDefender-Controller/1.0"
65.108.235.243 - - [15/Jul/2026:04:02:20 +0200] "POST /wp-cron.php?doing_wp_cron=1784080940.3901619911193847656250 HTTP/1.1" 200 1 "-" "WordPress/7.0.1; https://brescia.elettroservicegroup.it"
139.180.209.5 - - [15/Jul/2026:04:02:09 +0200] "POST /?wpd_ping=233a196051d8 HTTP/2.0" 200 103173 "-" "WPDefender-Controller/1.0"
139.180.209.5 - - [15/Jul/2026:04:02:17 +0200] "POST /wp-content/db.php?wpd_ping=233a196051d8 HTTP/2.0" 404 91988 "-" "WPDefender-Controller/1.0"
139.180.209.5 - - [15/Jul/2026:04:02:17 +0200] "POST /wp-includes/class-wp-db-session.php?wpd_ping=233a196051d8 HTTP/2.0" 404 92096 "-" "WPDefender-Controller/1.0"
139.180.209.5 - - [15/Jul/2026:04:02:17 +0200] "POST /?wpd_ping=233a196051d8 HTTP/2.0" 200 103173 "-" "WPDefender-Controller/1.0"
65.108.235.243 - - [15/Jul/2026:04:17:47 +0200] "POST /wp-cron.php?doing_wp_cron=1784081867.0811679363250732421875 HTTP/1.1" 200 1 "-" "WordPress/7.0.1; https://brescia.elettroservicegroup.it"
139.180.209.5 - - [15/Jul/2026:04:17:35 +0200] "POST /?wpd_ping=233a196051d8 HTTP/2.0" 200 103173 "-" "WPDefender-Controller/1.0"
139.180.209.5 - - [15/Jul/2026:04:17:43 +0200] "POST /wp-includes/class-wp-db-session.php?wpd_ping=233a196051d8 HTTP/2.0" 404 92096 "-" "WPDefender-Controller/1.0"
139.180.209.5 - - [15/Jul/2026:04:17:43 +0200] "POST /?wpd_ping=233a196051d8 HTTP/2.0" 200 103173 "-" "WPDefender-Controller/1.0"
139.180.209.5 - - [15/Jul/2026:04:17:43 +0200] "POST /wp-content/db.php?wpd_ping=233a196051d8 HTTP/2.0" 404 91988 "-" "WPDefender-Controller/1.0"
65.108.235.243 - - [15/Jul/2026:04:17:49 +0200] "POST /wp-json/complianz/v1/wsc-scan HTTP/1.1" 400 88 "-" "WordPress/7.0.1; https://brescia.elettroservicegroup.it"
65.108.235.243 - - [15/Jul/2026:04:31:45 +0200] "POST /wp-cron.php?doing_wp_cron=1784082705.7818291187286376953125 HTTP/1.1" 200 1 "-" "WordPress/7.0.1; https://brescia.elettroservicegroup.it"
139.180.209.5 - - [15/Jul/2026:04:31:36 +0200] "POST /?wpd_ping=233a196051d8 HTTP/2.0" 200 103173 "-" "WPDefender-Controller/1.0"
139.180.209.5 - - [15/Jul/2026:04:31:44 +0200] "POST /wp-content/db.php?wpd_ping=233a196051d8 HTTP/2.0" 404 92098 "-" "WPDefender-Controller/1.0"
139.180.209.5 - - [15/Jul/2026:04:31:44 +0200] "POST /wp-includes/class-wp-db-session.php?wpd_ping=233a196051d8 HTTP/2.0" 404 92206 "-" "WPDefender-Controller/1.0"
139.180.209.5 - - [15/Jul/2026:04:31:44 +0200] "POST /?wpd_ping=233a196051d8 HTTP/2.0" 200 103173 "-" "WPDefender-Controller/1.0"
65.108.235.243 - - [15/Jul/2026:04:46:09 +0200] "POST /wp-cron.php?doing_wp_cron=1784083569.0878829956054687500000 HTTP/1.1" 200 1 "-" "WordPress/7.0.1; https://brescia.elettroservicegroup.it"
139.180.209.5 - - [15/Jul/2026:04:46:01 +0200] "POST /?wpd_ping=233a196051d8 HTTP/2.0" 200 103173 "-" "WPDefender-Controller/1.0"
139.180.209.5 - - [15/Jul/2026:04:46:09 +0200] "POST /wp-includes/class-wp-db-session.php?wpd_ping=233a196051d8 HTTP/2.0" 404 92206 "-" "WPDefender-Controller/1.0"
139.180.209.5 - - [15/Jul/2026:04:46:09 +0200] "POST /wp-content/db.php?wpd_ping=233a196051d8 HTTP/2.0" 404 92098 "-" "WPDefender-Controller/1.0"
139.180.209.5 - - [15/Jul/2026:04:46:09 +0200] "POST /?wpd_ping=233a196051d8 HTTP/2.0" 200 103173 "-" "WPDefender-Controller/1.0"
65.108.235.243 - - [15/Jul/2026:05:02:04 +0200] "POST /wp-cron.php?doing_wp_cron=1784084524.5156550407409667968750 HTTP/1.1" 200 1 "-" "WordPress/7.0.1; https://brescia.elettroservicegroup.it"
139.180.209.5 - - [15/Jul/2026:05:02:02 +0200] "POST /?wpd_ping=233a196051d8 HTTP/2.0" 200 103173 "-" "WPDefender-Controller/1.0"
139.180.209.5 - - [15/Jul/2026:05:02:05 +0200] "POST /wp-includes/class-wp-db-session.php?wpd_ping=233a196051d8 HTTP/2.0" 404 92206 "-" "WPDefender-Controller/1.0"
139.180.209.5 - - [15/Jul/2026:05:02:05 +0200] "POST /?wpd_ping=233a196051d8 HTTP/2.0" 200 103173 "-" "WPDefender-Controller/1.0"
139.180.209.5 - - [15/Jul/2026:05:02:05 +0200] "POST /wp-content/db.php?wpd_ping=233a196051d8 HTTP/2.0" 404 92098 "-" "WPDefender-Controller/1.0"
65.108.235.243 - - [15/Jul/2026:05:15:28 +0200] "POST /wp-cron.php?doing_wp_cron=1784085328.9198479652404785156250 HTTP/1.1" 200 1 "-" "WordPress/7.0.1; https://brescia.elettroservicegroup.it"
139.180.209.5 - - [15/Jul/2026:05:15:27 +0200] "POST /?wpd_ping=233a196051d8 HTTP/2.0" 200 103173 "-" "WPDefender-Controller/1.0"
139.180.209.5 - - [15/Jul/2026:05:15:29 +0200] "POST /?wpd_ping=233a196051d8 HTTP/2.0" 200 103173 "-" "WPDefender-Controller/1.0"
139.180.209.5 - - [15/Jul/2026:05:15:30 +0200] "POST /wp-includes/class-wp-db-session.php?wpd_ping=233a196051d8 HTTP/2.0" 404 92206 "-" "WPDefender-Controller/1.0"
139.180.209.5 - - [15/Jul/2026:05:15:30 +0200] "POST /wp-content/db.php?wpd_ping=233a196051d8 HTTP/2.0" 404 92098 "-" "WPDefender-Controller/1.0"
65.108.235.243 - - [15/Jul/2026:05:31:33 +0200] "POST /wp-cron.php?doing_wp_cron=1784086293.0900731086730957031250 HTTP/1.1" 200 1 "-" "WordPress/7.0.1; https://brescia.elettroservicegroup.it"
139.180.209.5 - - [15/Jul/2026:05:31:24 +0200] "POST /?wpd_ping=233a196051d8 HTTP/2.0" 200 103173 "-" "WPDefender-Controller/1.0"
139.180.209.5 - - [15/Jul/2026:05:31:32 +0200] "POST /wp-content/db.php?wpd_ping=233a196051d8 HTTP/2.0" 404 92098 "-" "WPDefender-Controller/1.0"
139.180.209.5 - - [15/Jul/2026:05:31:32 +0200] "POST /wp-includes/class-wp-db-session.php?wpd_ping=233a196051d8 HTTP/2.0" 404 92206 "-" "WPDefender-Controller/1.0"
139.180.209.5 - - [15/Jul/2026:05:31:32 +0200] "POST /?wpd_ping=233a196051d8 HTTP/2.0" 200 103173 "-" "WPDefender-Controller/1.0"
65.108.235.243 - - [15/Jul/2026:05:31:35 +0200] "POST /wp-json/complianz/v1/wsc-scan HTTP/1.1" 400 88 "-" "WordPress/7.0.1; https://brescia.elettroservicegroup.it"
65.108.235.243 - - [15/Jul/2026:05:47:37 +0200] "POST /wp-cron.php?doing_wp_cron=1784087257.5786790847778320312500 HTTP/1.1" 200 1 "-" "WordPress/7.0.1; https://brescia.elettroservicegroup.it"
139.180.209.5 - - [15/Jul/2026:05:47:27 +0200] "POST /?wpd_ping=233a196051d8 HTTP/2.0" 200 103173 "-" "WPDefender-Controller/1.0"
139.180.209.5 - - [15/Jul/2026:05:47:34 +0200] "POST /wp-includes/class-wp-db-session.php?wpd_ping=233a196051d8 HTTP/2.0" 404 92096 "-" "WPDefender-Controller/1.0"
139.180.209.5 - - [15/Jul/2026:05:47:34 +0200] "POST /wp-content/db.php?wpd_ping=233a196051d8 HTTP/2.0" 404 91988 "-" "WPDefender-Controller/1.0"
139.180.209.5 - - [15/Jul/2026:05:47:34 +0200] "POST /?wpd_ping=233a196051d8 HTTP/2.0" 200 103173 "-" "WPDefender-Controller/1.0"
34.122.16.212 - - [15/Jul/2026:05:48:43 +0200] "POST / HTTP/1.1" 200 11885 "https://www.brescia.elettroservicegroup.it/" "Mozilla/5.0 (Windows NT 10.0; Win64; x64) AppleWebKit/537.36 (KHTML, like Gecko) Chrome/145.0.0.0 Safari/537.36"
81.165.118.142 - - [15/Jul/2026:05:51:12 +0200] "POST /xmlrpc.php HTTP/1.1" 403 52 "-" "Mozilla/5.0 (Windows NT 10.0; Win64; x64) AppleWebKit/537.36"
88.196.31.163 - - [15/Jul/2026:05:51:12 +0200] "GET / HTTP/1.1" 200 11952 "-" "Mozilla/5.0 (Windows NT 10.0; Win64; x64) AppleWebKit/537.36 (KHTML, like Gecko) Chrome/120.0.0.0 Safari/537.36"
88.196.31.163 - - [15/Jul/2026:05:51:13 +0200] "GET /wp-login.php HTTP/1.1" 200 11862 "-" "Mozilla/5.0 (Windows NT 10.0; Win64; x64) AppleWebKit/537.36 (KHTML, like Gecko) Chrome/120.0.0.0 Safari/537.36"
88.196.31.163 - - [15/Jul/2026:05:51:13 +0200] "GET /wp-login.php?wp_lang=en_US HTTP/1.1" 200 11880 "-" "Mozilla/5.0 (Windows NT 10.0; Win64; x64) AppleWebKit/537.36 (KHTML, like Gecko) Chrome/120.0.0.0 Safari/537.36"
88.196.31.163 - - [15/Jul/2026:05:51:13 +0200] "POST /wp-login.php HTTP/1.1" 200 11862 "https://brescia.elettroservicegroup.it" "Mozilla/5.0 (Windows NT 10.0; Win64; x64) AppleWebKit/537.36 (KHTML, like Gecko) Chrome/120.0.0.0 Safari/537.36"
178.20.29.125 - - [15/Jul/2026:05:51:14 +0200] "GET / HTTP/1.1" 200 11814 "-" "Mozilla/5.0 (Windows NT 10.0; Win64; x64) AppleWebKit/537.36 (KHTML, like Gecko) Chrome/120.0.0.0 Safari/537.36"
178.20.29.125 - - [15/Jul/2026:05:51:14 +0200] "GET /wp-login.php HTTP/1.1" 200 11829 "-" "Mozilla/5.0 (Windows NT 10.0; Win64; x64) AppleWebKit/537.36 (KHTML, like Gecko) Chrome/120.0.0.0 Safari/537.36"
