178.20.29.125 - - [15/Jul/2026:05:51:14 +0200] "GET /wp-login.php?wp_lang=en_US HTTP/1.1" 200 11847 "-" "Mozilla/5.0 (Windows NT 10.0; Win64; x64) AppleWebKit/537.36 (KHTML, like Gecko) Chrome/120.0.0.0 Safari/537.36"
178.20.29.125 - - [15/Jul/2026:05:51:15 +0200] "POST /wp-login.php HTTP/1.1" 200 11917 "https://brescia.elettroservicegroup.it" "Mozilla/5.0 (Windows NT 10.0; Win64; x64) AppleWebKit/537.36 (KHTML, like Gecko) Chrome/120.0.0.0 Safari/537.36"
65.108.235.243 - - [15/Jul/2026:05:51:22 +0200] "POST /wp-cron.php?doing_wp_cron=1784087482.2776000499725341796875 HTTP/1.1" 200 1 "-" "WordPress/7.0.1; https://brescia.elettroservicegroup.it"
84.0.238.188 - - [15/Jul/2026:05:51:15 +0200] "GET / HTTP/1.1" 200 103173 "-" "Mozilla/5.0 (Windows NT 10.0; Win64; x64) AppleWebKit/537.36 (KHTML, like Gecko) Chrome/120.0.0.0 Safari/537.36"
84.0.238.188 - - [15/Jul/2026:05:51:23 +0200] "GET /wp-login.php HTTP/1.1" 200 9046 "-" "Mozilla/5.0 (Windows NT 10.0; Win64; x64) AppleWebKit/537.36 (KHTML, like Gecko) Chrome/120.0.0.0 Safari/537.36"
84.0.238.188 - - [15/Jul/2026:05:51:25 +0200] "GET /wp-login.php?wp_lang=en_US HTTP/1.1" 200 6309 "-" "Mozilla/5.0 (Windows NT 10.0; Win64; x64) AppleWebKit/537.36 (KHTML, like Gecko) Chrome/120.0.0.0 Safari/537.36"
65.108.235.243 - - [15/Jul/2026:05:51:27 +0200] "POST /wp-cron.php?doing_wp_cron=1784087487.0818839073181152343750 HTTP/1.1" 200 1 "-" "WordPress/7.0.1; https://brescia.elettroservicegroup.it"
84.0.238.188 - - [15/Jul/2026:05:51:26 +0200] "POST /wp-login.php HTTP/1.1" 200 6709 "https://brescia.elettroservicegroup.it" "Mozilla/5.0 (Windows NT 10.0; Win64; x64) AppleWebKit/537.36 (KHTML, like Gecko) Chrome/120.0.0.0 Safari/537.36"
65.108.235.243 - - [15/Jul/2026:06:01:31 +0200] "POST /wp-cron.php?doing_wp_cron=1784088090.9807140827178955078125 HTTP/1.1" 200 1 "-" "WordPress/7.0.1; https://brescia.elettroservicegroup.it"
139.180.209.5 - - [15/Jul/2026:06:01:23 +0200] "POST /?wpd_ping=233a196051d8 HTTP/2.0" 200 103173 "-" "WPDefender-Controller/1.0"
139.180.209.5 - - [15/Jul/2026:06:01:31 +0200] "POST /?wpd_ping=233a196051d8 HTTP/2.0" 200 103173 "-" "WPDefender-Controller/1.0"
139.180.209.5 - - [15/Jul/2026:06:01:31 +0200] "POST /wp-includes/class-wp-db-session.php?wpd_ping=233a196051d8 HTTP/2.0" 404 92206 "-" "WPDefender-Controller/1.0"
139.180.209.5 - - [15/Jul/2026:06:01:31 +0200] "POST /wp-content/db.php?wpd_ping=233a196051d8 HTTP/2.0" 404 92098 "-" "WPDefender-Controller/1.0"
139.180.209.5 - - [15/Jul/2026:06:15:58 +0200] "POST /wp-content/db.php?wpd_ping=233a196051d8 HTTP/2.0" 404 91988 "-" "WPDefender-Controller/1.0"
65.108.235.243 - - [15/Jul/2026:06:16:02 +0200] "POST /wp-cron.php?doing_wp_cron=1784088962.0781021118164062500000 HTTP/1.1" 200 1 "-" "WordPress/7.0.1; https://brescia.elettroservicegroup.it"
139.180.209.5 - - [15/Jul/2026:06:15:50 +0200] "POST /?wpd_ping=233a196051d8 HTTP/2.0" 200 103173 "-" "WPDefender-Controller/1.0"
139.180.209.5 - - [15/Jul/2026:06:15:58 +0200] "POST /?wpd_ping=233a196051d8 HTTP/2.0" 200 103173 "-" "WPDefender-Controller/1.0"
139.180.209.5 - - [15/Jul/2026:06:15:58 +0200] "POST /wp-includes/class-wp-db-session.php?wpd_ping=233a196051d8 HTTP/2.0" 404 92096 "-" "WPDefender-Controller/1.0"
65.108.235.243 - - [15/Jul/2026:06:32:28 +0200] "POST /wp-cron.php?doing_wp_cron=1784089948.1858160495758056640625 HTTP/1.1" 200 1 "-" "WordPress/7.0.1; https://brescia.elettroservicegroup.it"
139.180.209.5 - - [15/Jul/2026:06:32:25 +0200] "POST /wp-content/db.php?wpd_ping=233a196051d8 HTTP/2.0" 404 91988 "-" "WPDefender-Controller/1.0"
139.180.209.5 - - [15/Jul/2026:06:32:25 +0200] "POST /wp-includes/class-wp-db-session.php?wpd_ping=233a196051d8 HTTP/2.0" 404 92096 "-" "WPDefender-Controller/1.0"
139.180.209.5 - - [15/Jul/2026:06:32:17 +0200] "POST /?wpd_ping=233a196051d8 HTTP/2.0" 200 103173 "-" "WPDefender-Controller/1.0"
139.180.209.5 - - [15/Jul/2026:06:32:25 +0200] "POST /?wpd_ping=233a196051d8 HTTP/2.0" 200 103173 "-" "WPDefender-Controller/1.0"
65.108.235.243 - - [15/Jul/2026:06:32:30 +0200] "POST /wp-json/complianz/v1/wsc-scan HTTP/1.1" 400 88 "-" "WordPress/7.0.1; https://brescia.elettroservicegroup.it"
65.108.235.243 - - [15/Jul/2026:06:47:54 +0200] "POST /wp-cron.php?doing_wp_cron=1784090874.3901810646057128906250 HTTP/1.1" 200 1 "-" "WordPress/7.0.1; https://brescia.elettroservicegroup.it"
139.180.209.5 - - [15/Jul/2026:06:47:44 +0200] "POST /?wpd_ping=233a196051d8 HTTP/2.0" 200 103173 "-" "WPDefender-Controller/1.0"
139.180.209.5 - - [15/Jul/2026:06:47:52 +0200] "POST /wp-includes/class-wp-db-session.php?wpd_ping=233a196051d8 HTTP/2.0" 404 92206 "-" "WPDefender-Controller/1.0"
139.180.209.5 - - [15/Jul/2026:06:47:52 +0200] "POST /wp-content/db.php?wpd_ping=233a196051d8 HTTP/2.0" 404 92098 "-" "WPDefender-Controller/1.0"
139.180.209.5 - - [15/Jul/2026:06:47:52 +0200] "POST /?wpd_ping=233a196051d8 HTTP/2.0" 200 103173 "-" "WPDefender-Controller/1.0"
139.180.209.5 - - [15/Jul/2026:07:02:48 +0200] "POST /?wpd_ping=233a196051d8 HTTP/2.0" 200 103173 "-" "WPDefender-Controller/1.0"
139.180.209.5 - - [15/Jul/2026:07:02:48 +0200] "POST /wp-includes/class-wp-db-session.php?wpd_ping=233a196051d8 HTTP/2.0" 404 92096 "-" "WPDefender-Controller/1.0"
139.180.209.5 - - [15/Jul/2026:07:02:48 +0200] "POST /wp-content/db.php?wpd_ping=233a196051d8 HTTP/2.0" 404 91988 "-" "WPDefender-Controller/1.0"
139.180.209.5 - - [15/Jul/2026:07:02:40 +0200] "POST /?wpd_ping=233a196051d8 HTTP/2.0" 200 103173 "-" "WPDefender-Controller/1.0"
139.180.209.5 - - [15/Jul/2026:07:15:57 +0200] "POST /wp-includes/class-wp-db-session.php?wpd_ping=233a196051d8 HTTP/2.0" 404 92096 "-" "WPDefender-Controller/1.0"
65.108.235.243 - - [15/Jul/2026:07:16:02 +0200] "POST /wp-cron.php?doing_wp_cron=1784092562.3884940147399902343750 HTTP/1.1" 200 1 "-" "WordPress/7.0.1; https://brescia.elettroservicegroup.it"
139.180.209.5 - - [15/Jul/2026:07:15:57 +0200] "POST /wp-content/db.php?wpd_ping=233a196051d8 HTTP/2.0" 404 91988 "-" "WPDefender-Controller/1.0"
139.180.209.5 - - [15/Jul/2026:07:15:57 +0200] "POST /?wpd_ping=233a196051d8 HTTP/2.0" 200 103173 "-" "WPDefender-Controller/1.0"
139.180.209.5 - - [15/Jul/2026:07:15:49 +0200] "POST /?wpd_ping=233a196051d8 HTTP/2.0" 200 103173 "-" "WPDefender-Controller/1.0"
139.180.209.5 - - [15/Jul/2026:07:31:51 +0200] "POST /wp-includes/class-wp-db-session.php?wpd_ping=233a196051d8 HTTP/2.0" 404 92096 "-" "WPDefender-Controller/1.0"
65.108.235.243 - - [15/Jul/2026:07:31:55 +0200] "POST /wp-cron.php?doing_wp_cron=1784093514.8791849613189697265625 HTTP/1.1" 200 1 "-" "WordPress/7.0.1; https://brescia.elettroservicegroup.it"
139.180.209.5 - - [15/Jul/2026:07:31:43 +0200] "POST /?wpd_ping=233a196051d8 HTTP/2.0" 200 103173 "-" "WPDefender-Controller/1.0"
139.180.209.5 - - [15/Jul/2026:07:31:51 +0200] "POST /wp-content/db.php?wpd_ping=233a196051d8 HTTP/2.0" 404 91988 "-" "WPDefender-Controller/1.0"
139.180.209.5 - - [15/Jul/2026:07:31:51 +0200] "POST /?wpd_ping=233a196051d8 HTTP/2.0" 200 103173 "-" "WPDefender-Controller/1.0"
139.180.209.5 - - [15/Jul/2026:07:47:29 +0200] "POST /?wpd_ping=233a196051d8 HTTP/2.0" 200 103173 "-" "WPDefender-Controller/1.0"
139.180.209.5 - - [15/Jul/2026:07:47:37 +0200] "POST /wp-includes/class-wp-db-session.php?wpd_ping=233a196051d8 HTTP/2.0" 404 92096 "-" "WPDefender-Controller/1.0"
139.180.209.5 - - [15/Jul/2026:07:47:37 +0200] "POST /?wpd_ping=233a196051d8 HTTP/2.0" 200 103173 "-" "WPDefender-Controller/1.0"
139.180.209.5 - - [15/Jul/2026:07:47:37 +0200] "POST /wp-content/db.php?wpd_ping=233a196051d8 HTTP/2.0" 404 91988 "-" "WPDefender-Controller/1.0"
65.108.235.243 - - [15/Jul/2026:07:47:43 +0200] "POST /wp-json/complianz/v1/wsc-scan HTTP/1.1" 400 88 "-" "WordPress/7.0.1; https://brescia.elettroservicegroup.it"
139.180.209.5 - - [15/Jul/2026:08:00:43 +0200] "POST /wp-content/db.php?wpd_ping=233a196051d8 HTTP/2.0" 404 91988 "-" "WPDefender-Controller/1.0"
139.180.209.5 - - [15/Jul/2026:08:00:43 +0200] "POST /wp-includes/class-wp-db-session.php?wpd_ping=233a196051d8 HTTP/2.0" 404 92096 "-" "WPDefender-Controller/1.0"
139.180.209.5 - - [15/Jul/2026:08:00:43 +0200] "POST /?wpd_ping=233a196051d8 HTTP/2.0" 200 103173 "-" "WPDefender-Controller/1.0"
139.180.209.5 - - [15/Jul/2026:08:00:35 +0200] "POST /?wpd_ping=233a196051d8 HTTP/2.0" 200 103173 "-" "WPDefender-Controller/1.0"
65.108.235.243 - - [15/Jul/2026:08:18:36 +0200] "POST /wp-cron.php?doing_wp_cron=1784096316.5850419998168945312500 HTTP/1.1" 200 1 "-" "WordPress/7.0.1; https://brescia.elettroservicegroup.it"
139.180.209.5 - - [15/Jul/2026:08:18:30 +0200] "POST /?wpd_ping=233a196051d8 HTTP/2.0" 200 103173 "-" "WPDefender-Controller/1.0"
139.180.209.5 - - [15/Jul/2026:08:18:37 +0200] "POST /wp-content/db.php?wpd_ping=233a196051d8 HTTP/2.0" 404 92098 "-" "WPDefender-Controller/1.0"
139.180.209.5 - - [15/Jul/2026:08:18:37 +0200] "POST /?wpd_ping=233a196051d8 HTTP/2.0" 200 103173 "-" "WPDefender-Controller/1.0"
139.180.209.5 - - [15/Jul/2026:08:18:37 +0200] "POST /wp-includes/class-wp-db-session.php?wpd_ping=233a196051d8 HTTP/2.0" 404 92206 "-" "WPDefender-Controller/1.0"
65.108.235.243 - - [15/Jul/2026:08:32:25 +0200] "POST /wp-cron.php?doing_wp_cron=1784097144.9794259071350097656250 HTTP/1.1" 200 1 "-" "WordPress/7.0.1; https://brescia.elettroservicegroup.it"
139.180.209.5 - - [15/Jul/2026:08:32:15 +0200] "POST /?wpd_ping=233a196051d8 HTTP/2.0" 200 103173 "-" "WPDefender-Controller/1.0"
139.180.209.5 - - [15/Jul/2026:08:32:23 +0200] "POST /wp-content/db.php?wpd_ping=233a196051d8 HTTP/2.0" 404 92098 "-" "WPDefender-Controller/1.0"
139.180.209.5 - - [15/Jul/2026:08:32:23 +0200] "POST /wp-includes/class-wp-db-session.php?wpd_ping=233a196051d8 HTTP/2.0" 404 92206 "-" "WPDefender-Controller/1.0"
139.180.209.5 - - [15/Jul/2026:08:32:23 +0200] "POST /?wpd_ping=233a196051d8 HTTP/2.0" 200 103173 "-" "WPDefender-Controller/1.0"
65.108.235.243 - - [15/Jul/2026:08:46:22 +0200] "POST /wp-cron.php?doing_wp_cron=1784097982.0827989578247070312500 HTTP/1.1" 200 1 "-" "WordPress/7.0.1; https://brescia.elettroservicegroup.it"
139.180.209.5 - - [15/Jul/2026:08:46:15 +0200] "POST /?wpd_ping=233a196051d8 HTTP/2.0" 200 103173 "-" "WPDefender-Controller/1.0"
139.180.209.5 - - [15/Jul/2026:08:46:23 +0200] "POST /wp-includes/class-wp-db-session.php?wpd_ping=233a196051d8 HTTP/2.0" 404 92206 "-" "WPDefender-Controller/1.0"
139.180.209.5 - - [15/Jul/2026:08:46:23 +0200] "POST /?wpd_ping=233a196051d8 HTTP/2.0" 200 103173 "-" "WPDefender-Controller/1.0"
139.180.209.5 - - [15/Jul/2026:08:46:23 +0200] "POST /wp-content/db.php?wpd_ping=233a196051d8 HTTP/2.0" 404 92098 "-" "WPDefender-Controller/1.0"
65.108.235.243 - - [15/Jul/2026:09:02:25 +0200] "POST /wp-cron.php?doing_wp_cron=1784098945.1834819316864013671875 HTTP/1.1" 200 1 "-" "WordPress/7.0.1; https://brescia.elettroservicegroup.it"
139.180.209.5 - - [15/Jul/2026:09:02:17 +0200] "POST /?wpd_ping=233a196051d8 HTTP/2.0" 200 103173 "-" "WPDefender-Controller/1.0"
139.180.209.5 - - [15/Jul/2026:09:02:25 +0200] "POST /wp-content/db.php?wpd_ping=233a196051d8 HTTP/2.0" 404 92098 "-" "WPDefender-Controller/1.0"
139.180.209.5 - - [15/Jul/2026:09:02:25 +0200] "POST /wp-includes/class-wp-db-session.php?wpd_ping=233a196051d8 HTTP/2.0" 404 92206 "-" "WPDefender-Controller/1.0"
139.180.209.5 - - [15/Jul/2026:09:02:25 +0200] "POST /?wpd_ping=233a196051d8 HTTP/2.0" 200 103173 "-" "WPDefender-Controller/1.0"
65.108.235.243 - - [15/Jul/2026:09:02:27 +0200] "POST /wp-json/complianz/v1/wsc-scan HTTP/1.1" 400 88 "-" "WordPress/7.0.1; https://brescia.elettroservicegroup.it"
139.180.209.5 - - [15/Jul/2026:09:16:40 +0200] "POST /wp-includes/class-wp-db-session.php?wpd_ping=233a196051d8 HTTP/2.0" 404 92096 "-" "WPDefender-Controller/1.0"
139.180.209.5 - - [15/Jul/2026:09:16:40 +0200] "POST /wp-content/db.php?wpd_ping=233a196051d8 HTTP/2.0" 404 91988 "-" "WPDefender-Controller/1.0"
65.108.235.243 - - [15/Jul/2026:09:16:44 +0200] "POST /wp-cron.php?doing_wp_cron=1784099804.5788679122924804687500 HTTP/1.1" 200 1 "-" "WordPress/7.0.1; https://brescia.elettroservicegroup.it"
139.180.209.5 - - [15/Jul/2026:09:16:32 +0200] "POST /?wpd_ping=233a196051d8 HTTP/2.0" 200 103173 "-" "WPDefender-Controller/1.0"
139.180.209.5 - - [15/Jul/2026:09:16:40 +0200] "POST /?wpd_ping=233a196051d8 HTTP/2.0" 200 103173 "-" "WPDefender-Controller/1.0"
65.108.235.243 - - [15/Jul/2026:09:31:59 +0200] "POST /wp-cron.php?doing_wp_cron=1784100719.6851899623870849609375 HTTP/1.1" 200 1 "-" "WordPress/7.0.1; https://brescia.elettroservicegroup.it"
139.180.209.5 - - [15/Jul/2026:09:31:55 +0200] "POST /wp-content/db.php?wpd_ping=233a196051d8 HTTP/2.0" 404 91988 "-" "WPDefender-Controller/1.0"
139.180.209.5 - - [15/Jul/2026:09:31:47 +0200] "POST /?wpd_ping=233a196051d8 HTTP/2.0" 200 103173 "-" "WPDefender-Controller/1.0"
139.180.209.5 - - [15/Jul/2026:09:31:55 +0200] "POST /wp-includes/class-wp-db-session.php?wpd_ping=233a196051d8 HTTP/2.0" 404 92096 "-" "WPDefender-Controller/1.0"
139.180.209.5 - - [15/Jul/2026:09:31:55 +0200] "POST /?wpd_ping=233a196051d8 HTTP/2.0" 200 103173 "-" "WPDefender-Controller/1.0"
139.180.209.5 - - [15/Jul/2026:09:47:12 +0200] "POST /wp-includes/class-wp-db-session.php?wpd_ping=233a196051d8 HTTP/2.0" 404 92096 "-" "WPDefender-Controller/1.0"
139.180.209.5 - - [15/Jul/2026:09:47:12 +0200] "POST /wp-content/db.php?wpd_ping=233a196051d8 HTTP/2.0" 404 91988 "-" "WPDefender-Controller/1.0"
139.180.209.5 - - [15/Jul/2026:09:47:04 +0200] "POST /?wpd_ping=233a196051d8 HTTP/2.0" 200 103173 "-" "WPDefender-Controller/1.0"
139.180.209.5 - - [15/Jul/2026:09:47:12 +0200] "POST /?wpd_ping=233a196051d8 HTTP/2.0" 200 103173 "-" "WPDefender-Controller/1.0"
65.108.235.243 - - [15/Jul/2026:10:01:07 +0200] "POST /wp-cron.php?doing_wp_cron=1784102467.1826930046081542968750 HTTP/1.1" 200 1 "-" "WordPress/7.0.1; https://brescia.elettroservicegroup.it"
139.180.209.5 - - [15/Jul/2026:10:00:57 +0200] "POST /?wpd_ping=233a196051d8 HTTP/2.0" 200 103173 "-" "WPDefender-Controller/1.0"
139.180.209.5 - - [15/Jul/2026:10:01:05 +0200] "POST /wp-content/db.php?wpd_ping=233a196051d8 HTTP/2.0" 404 92098 "-" "WPDefender-Controller/1.0"
139.180.209.5 - - [15/Jul/2026:10:01:05 +0200] "POST /wp-includes/class-wp-db-session.php?wpd_ping=233a196051d8 HTTP/2.0" 404 92206 "-" "WPDefender-Controller/1.0"
139.180.209.5 - - [15/Jul/2026:10:01:05 +0200] "POST /?wpd_ping=233a196051d8 HTTP/2.0" 200 103173 "-" "WPDefender-Controller/1.0"
139.180.209.5 - - [15/Jul/2026:10:16:09 +0200] "POST /?wpd_ping=233a196051d8 HTTP/2.0" 200 103173 "-" "WPDefender-Controller/1.0"
139.180.209.5 - - [15/Jul/2026:10:16:17 +0200] "POST /wp-includes/class-wp-db-session.php?wpd_ping=233a196051d8 HTTP/2.0" 404 92096 "-" "WPDefender-Controller/1.0"
139.180.209.5 - - [15/Jul/2026:10:16:17 +0200] "POST /?wpd_ping=233a196051d8 HTTP/2.0" 200 103173 "-" "WPDefender-Controller/1.0"
65.108.235.243 - - [15/Jul/2026:10:16:24 +0200] "POST /wp-cron.php?doing_wp_cron=1784103383.8819971084594726562500 HTTP/1.1" 200 1 "-" "WordPress/7.0.1; https://brescia.elettroservicegroup.it"
139.180.209.5 - - [15/Jul/2026:10:16:17 +0200] "POST /wp-content/db.php?wpd_ping=233a196051d8 HTTP/2.0" 404 91988 "-" "WPDefender-Controller/1.0"
65.108.235.243 - - [15/Jul/2026:10:16:26 +0200] "POST /wp-json/complianz/v1/wsc-scan HTTP/1.1" 400 88 "-" "WordPress/7.0.1; https://brescia.elettroservicegroup.it"
65.108.235.243 - - [15/Jul/2026:10:31:28 +0200] "POST /wp-cron.php?doing_wp_cron=1784104288.1848130226135253906250 HTTP/1.1" 200 1 "-" "WordPress/7.0.1; https://brescia.elettroservicegroup.it"
139.180.209.5 - - [15/Jul/2026:10:31:15 +0200] "POST /?wpd_ping=233a196051d8 HTTP/2.0" 200 103173 "-" "WPDefender-Controller/1.0"
139.180.209.5 - - [15/Jul/2026:10:31:23 +0200] "POST /wp-content/db.php?wpd_ping=233a196051d8 HTTP/2.0" 404 91988 "-" "WPDefender-Controller/1.0"
139.180.209.5 - - [15/Jul/2026:10:31:24 +0200] "POST /?wpd_ping=233a196051d8 HTTP/2.0" 200 103173 "-" "WPDefender-Controller/1.0"
139.180.209.5 - - [15/Jul/2026:10:31:24 +0200] "POST /wp-includes/class-wp-db-session.php?wpd_ping=233a196051d8 HTTP/2.0" 404 92096 "-" "WPDefender-Controller/1.0"
65.108.235.243 - - [15/Jul/2026:10:46:56 +0200] "POST /wp-cron.php?doing_wp_cron=1784105216.7868831157684326171875 HTTP/1.1" 200 1 "-" "WordPress/7.0.1; https://brescia.elettroservicegroup.it"
139.180.209.5 - - [15/Jul/2026:10:46:52 +0200] "POST /wp-content/db.php?wpd_ping=233a196051d8 HTTP/2.0" 404 91988 "-" "WPDefender-Controller/1.0"
139.180.209.5 - - [15/Jul/2026:10:46:52 +0200] "POST /?wpd_ping=233a196051d8 HTTP/2.0" 200 103173 "-" "WPDefender-Controller/1.0"
139.180.209.5 - - [15/Jul/2026:10:46:52 +0200] "POST /wp-includes/class-wp-db-session.php?wpd_ping=233a196051d8 HTTP/2.0" 404 92096 "-" "WPDefender-Controller/1.0"
139.180.209.5 - - [15/Jul/2026:10:46:44 +0200] "POST /?wpd_ping=233a196051d8 HTTP/2.0" 200 103173 "-" "WPDefender-Controller/1.0"
65.108.235.243 - - [15/Jul/2026:11:02:02 +0200] "POST /wp-cron.php?doing_wp_cron=1784106121.9807751178741455078125 HTTP/1.1" 200 1 "-" "WordPress/7.0.1; https://brescia.elettroservicegroup.it"
139.180.209.5 - - [15/Jul/2026:11:01:51 +0200] "POST /?wpd_ping=233a196051d8 HTTP/2.0" 200 103173 "-" "WPDefender-Controller/1.0"
139.180.209.5 - - [15/Jul/2026:11:01:59 +0200] "POST /wp-includes/class-wp-db-session.php?wpd_ping=233a196051d8 HTTP/2.0" 404 92206 "-" "WPDefender-Controller/1.0"
139.180.209.5 - - [15/Jul/2026:11:01:59 +0200] "POST /?wpd_ping=233a196051d8 HTTP/2.0" 200 103173 "-" "WPDefender-Controller/1.0"
139.180.209.5 - - [15/Jul/2026:11:01:59 +0200] "POST /wp-content/db.php?wpd_ping=233a196051d8 HTTP/2.0" 404 92098 "-" "WPDefender-Controller/1.0"
65.108.235.243 - - [15/Jul/2026:11:16:12 +0200] "POST /wp-cron.php?doing_wp_cron=1784106972.4825470447540283203125 HTTP/1.1" 200 1 "-" "WordPress/7.0.1; https://brescia.elettroservicegroup.it"
139.180.209.5 - - [15/Jul/2026:11:16:03 +0200] "POST /?wpd_ping=233a196051d8 HTTP/2.0" 200 103173 "-" "WPDefender-Controller/1.0"
139.180.209.5 - - [15/Jul/2026:11:16:11 +0200] "POST /?wpd_ping=233a196051d8 HTTP/2.0" 200 103173 "-" "WPDefender-Controller/1.0"
139.180.209.5 - - [15/Jul/2026:11:16:11 +0200] "POST /wp-includes/class-wp-db-session.php?wpd_ping=233a196051d8 HTTP/2.0" 404 92206 "-" "WPDefender-Controller/1.0"
139.180.209.5 - - [15/Jul/2026:11:16:11 +0200] "POST /wp-content/db.php?wpd_ping=233a196051d8 HTTP/2.0" 404 92098 "-" "WPDefender-Controller/1.0"
65.108.235.243 - - [15/Jul/2026:11:27:52 +0200] "POST /wp-cron.php?doing_wp_cron=1784107672.4841880798339843750000 HTTP/1.1" 200 1 "-" "WordPress/7.0.1; https://brescia.elettroservicegroup.it"
205.210.31.153 - - [15/Jul/2026:11:27:44 +0200] "GET / HTTP/1.1" 301 - "-" "Hello from Palo Alto Networks, find out more about our scans in https://docs-cortex.paloaltonetworks.com/r/1/Cortex-Xpanse/Scanning-activity"
65.108.235.243 - - [15/Jul/2026:11:27:54 +0200] "POST /wp-json/complianz/v1/wsc-scan HTTP/1.1" 400 88 "-" "WordPress/7.0.1; https://brescia.elettroservicegroup.it"
205.210.31.153 - - [15/Jul/2026:11:27:53 +0200] "GET / HTTP/1.1" 200 103173 "-" "Hello from Palo Alto Networks, find out more about our scans in https://docs-cortex.paloaltonetworks.com/r/1/Cortex-Xpanse/Scanning-activity"
139.180.209.5 - - [15/Jul/2026:11:31:46 +0200] "POST /?wpd_ping=233a196051d8 HTTP/2.0" 200 103173 "-" "WPDefender-Controller/1.0"
139.180.209.5 - - [15/Jul/2026:11:31:38 +0200] "POST /?wpd_ping=233a196051d8 HTTP/2.0" 200 103173 "-" "WPDefender-Controller/1.0"
65.108.235.243 - - [15/Jul/2026:11:31:50 +0200] "POST /wp-cron.php?doing_wp_cron=1784107910.1847829818725585937500 HTTP/1.1" 200 1 "-" "WordPress/7.0.1; https://brescia.elettroservicegroup.it"
65.108.235.243 - - [15/Jul/2026:11:31:50 +0200] "POST /wp-cron.php?doing_wp_cron=1784107910.1847879886627197265625 HTTP/1.1" 200 1 "-" "WordPress/7.0.1; https://brescia.elettroservicegroup.it"
139.180.209.5 - - [15/Jul/2026:11:31:46 +0200] "POST /wp-includes/class-wp-db-session.php?wpd_ping=233a196051d8 HTTP/2.0" 404 92206 "-" "WPDefender-Controller/1.0"
139.180.209.5 - - [15/Jul/2026:11:31:46 +0200] "POST /wp-content/db.php?wpd_ping=233a196051d8 HTTP/2.0" 404 92098 "-" "WPDefender-Controller/1.0"
65.108.235.243 - - [15/Jul/2026:11:46:30 +0200] "POST /wp-cron.php?doing_wp_cron=1784108789.9806220531463623046875 HTTP/1.1" 200 1 "-" "WordPress/7.0.1; https://brescia.elettroservicegroup.it"
139.180.209.5 - - [15/Jul/2026:11:46:19 +0200] "POST /?wpd_ping=233a196051d8 HTTP/2.0" 200 103173 "-" "WPDefender-Controller/1.0"
139.180.209.5 - - [15/Jul/2026:11:46:27 +0200] "POST /wp-includes/class-wp-db-session.php?wpd_ping=233a196051d8 HTTP/2.0" 404 92096 "-" "WPDefender-Controller/1.0"
139.180.209.5 - - [15/Jul/2026:11:46:26 +0200] "POST /?wpd_ping=233a196051d8 HTTP/2.0" 200 103173 "-" "WPDefender-Controller/1.0"
139.180.209.5 - - [15/Jul/2026:11:46:26 +0200] "POST /wp-content/db.php?wpd_ping=233a196051d8 HTTP/2.0" 404 91988 "-" "WPDefender-Controller/1.0"
65.108.235.243 - - [15/Jul/2026:11:51:10 +0200] "POST /wp-cron.php?doing_wp_cron=1784109070.0806519985198974609375 HTTP/1.1" 200 1 "-" "WordPress/7.0.1; https://brescia.elettroservicegroup.it"
47.128.23.20 - - [15/Jul/2026:11:51:00 +0200] "GET /post-7-2/ HTTP/2.0" 403 18707 "-" "Mozilla/5.0 (Linux; Android 5.0) AppleWebKit/537.36 (KHTML, like Gecko) Mobile Safari/537.36 (compatible; Bytespider; spider-feedback@bytedance.com)"
47.128.23.20 - - [15/Jul/2026:11:51:18 +0200] "GET /wp-content/plugins/header-footer-elementor/inc/widgets-css/frontend.css?ver=2.9.1 HTTP/2.0" 404 17979 "https://brescia.elettroservicegroup.it/post-7-2/" "Mozilla/5.0 (Linux; Android 5.0) AppleWebKit/537.36 (KHTML, like Gecko) Mobile Safari/537.36 (compatible; Bytespider; spider-feedback@bytedance.com)"
47.128.23.20 - - [15/Jul/2026:11:51:18 +0200] "GET /wp-content/plugins/elementor/assets/lib/eicons/css/elementor-icons.min.css?ver=5.50.0 HTTP/2.0" 404 17987 "https://brescia.elettroservicegroup.it/post-7-2/" "Mozilla/5.0 (Linux; Android 5.0) AppleWebKit/537.36 (KHTML, like Gecko) Mobile Safari/537.36 (compatible; Bytespider; spider-feedback@bytedance.com)"
47.128.23.20 - - [15/Jul/2026:11:51:18 +0200] "GET /wp-includes/css/dist/block-library/style.min.css?ver=7.0.1 HTTP/2.0" 404 17979 "https://brescia.elettroservicegroup.it/post-7-2/" "Mozilla/5.0 (Linux; Android 5.0) AppleWebKit/537.36 (KHTML, like Gecko) Mobile Safari/537.36 (compatible; Bytespider; spider-feedback@bytedance.com)"
47.128.23.20 - - [15/Jul/2026:11:51:18 +0200] "GET /wp-content/plugins/all-in-one-seo-pack/dist/Lite/assets/css/table-of-contents/global.e90f6d47.css?ver=4.9.10 HTTP/2.0" 404 17998 "https://brescia.elettroservicegroup.it/post-7-2/" "Mozilla/5.0 (Linux; Android 5.0) AppleWebKit/537.36 (KHTML, like Gecko) Mobile Safari/537.36 (compatible; Bytespider; spider-feedback@bytedance.com)"
47.128.23.20 - - [15/Jul/2026:11:51:18 +0200] "GET /wp-content/plugins/elementor/assets/css/frontend.min.css?ver=4.1.4 HTTP/2.0" 404 17976 "https://brescia.elettroservicegroup.it/post-7-2/" "Mozilla/5.0 (Linux; Android 5.0) AppleWebKit/537.36 (KHTML, like Gecko) Mobile Safari/537.36 (compatible; Bytespider; spider-feedback@bytedance.com)"
47.128.23.20 - - [15/Jul/2026:11:51:18 +0200] "GET /wp-content/plugins/header-footer-elementor/assets/css/header-footer-elementor.css?ver=2.9.1 HTTP/2.0" 404 17982 "https://brescia.elettroservicegroup.it/post-7-2/" "Mozilla/5.0 (Linux; Android 5.0) AppleWebKit/537.36 (KHTML, like Gecko) Mobile Safari/537.36 (compatible; Bytespider; spider-feedback@bytedance.com)"
47.128.23.20 - - [15/Jul/2026:11:51:19 +0200] "GET /wp-content/plugins/wpfront-notification-bar/css/wpfront-notification-bar.min.css?ver=3.5.1.05102 HTTP/2.0" 404 17979 "https://brescia.elettroservicegroup.it/post-7-2/" "Mozilla/5.0 (Linux; Android 5.0) AppleWebKit/537.36 (KHTML, like Gecko) Mobile Safari/537.36 (compatible; Bytespider; spider-feedback@bytedance.com)"
47.128.23.20 - - [15/Jul/2026:11:51:22 +0200] "GET /wp-content/plugins/elementor/assets/lib/font-awesome/css/fontawesome.css?ver=5.15.3 HTTP/2.0" 200 11920 "https://brescia.elettroservicegroup.it/post-7-2/" "Mozilla/5.0 (Linux; Android 5.0) AppleWebKit/537.36 (KHTML, like Gecko) Mobile Safari/537.36 (compatible; Bytespider; spider-feedback@bytedance.com)"
47.128.23.20 - - [15/Jul/2026:11:51:21 +0200] "GET /wp-content/plugins/gp-premium/menu-plus/functions/css/navigation-branding-flex.min.css?ver=2.5.5 HTTP/2.0" 200 11931 "https://brescia.elettroservicegroup.it/post-7-2/" "Mozilla/5.0 (Linux; Android 5.0) AppleWebKit/537.36 (KHTML, like Gecko) Mobile Safari/537.36 (compatible; Bytespider; spider-feedback@bytedance.com)"
47.128.23.20 - - [15/Jul/2026:11:51:22 +0200] "GET /wp-content/plugins/elementor/assets/lib/font-awesome/css/solid.css?ver=5.15.3 HTTP/2.0" 200 11914 "https://brescia.elettroservicegroup.it/post-7-2/" "Mozilla/5.0 (Linux; Android 5.0) AppleWebKit/537.36 (KHTML, like Gecko) Mobile Safari/537.36 (compatible; Bytespider; spider-feedback@bytedance.com)"
47.128.23.20 - - [15/Jul/2026:11:51:22 +0200] "GET /wp-content/plugins/essential-addons-for-elementor-lite/assets/front-end/css/view/general.min.css?ver=6.6.11 HTTP/2.0" 200 11944 "https://brescia.elettroservicegroup.it/post-7-2/" "Mozilla/5.0 (Linux; Android 5.0) AppleWebKit/537.36 (KHTML, like Gecko) Mobile Safari/537.36 (compatible; Bytespider; spider-feedback@bytedance.com)"
47.128.23.20 - - [15/Jul/2026:11:51:22 +0200] "GET /wp-content/uploads/elementor/google-fonts/css/roboto.css?ver=1742275292 HTTP/2.0" 200 11904 "https://brescia.elettroservicegroup.it/post-7-2/" "Mozilla/5.0 (Linux; Android 5.0) AppleWebKit/537.36 (KHTML, like Gecko) Mobile Safari/537.36 (compatible; Bytespider; spider-feedback@bytedance.com)"
47.128.23.20 - - [15/Jul/2026:11:51:22 +0200] "GET /wp-content/uploads/elementor/google-fonts/css/robotoslab.css?ver=1742275294 HTTP/2.0" 200 11908 "https://brescia.elettroservicegroup.it/post-7-2/" "Mozilla/5.0 (Linux; Android 5.0) AppleWebKit/537.36 (KHTML, like Gecko) Mobile Safari/537.36 (compatible; Bytespider; spider-feedback@bytedance.com)"
47.128.23.20 - - [15/Jul/2026:11:51:19 +0200] "GET /wp-content/plugins/elementor/assets/lib/font-awesome/css/v4-shims.min.css?ver=4.1.4 HTTP/2.0" 404 17990 "https://brescia.elettroservicegroup.it/post-7-2/" "Mozilla/5.0 (Linux; Android 5.0) AppleWebKit/537.36 (KHTML, like Gecko) Mobile Safari/537.36 (compatible; Bytespider; spider-feedback@bytedance.com)"
47.128.23.20 - - [15/Jul/2026:11:51:19 +0200] "GET /wp-content/uploads/elementor/css/post-14366.css?ver=1784040462 HTTP/2.0" 404 17975 "https://brescia.elettroservicegroup.it/post-7-2/" "Mozilla/5.0 (Linux; Android 5.0) AppleWebKit/537.36 (KHTML, like Gecko) Mobile Safari/537.36 (compatible; Bytespider; spider-feedback@bytedance.com)"
47.128.23.20 - - [15/Jul/2026:11:51:19 +0200] "GET /wp-content/uploads/elementor/css/post-14146.css?ver=1784040462 HTTP/2.0" 404 17974 "https://brescia.elettroservicegroup.it/post-7-2/" "Mozilla/5.0 (Linux; Android 5.0) AppleWebKit/537.36 (KHTML, like Gecko) Mobile Safari/537.36 (compatible; Bytespider; spider-feedback@bytedance.com)"
47.128.23.20 - - [15/Jul/2026:11:51:21 +0200] "GET /wp-content/plugins/elementor/assets/css/widget-social-icons.min.css?ver=3.24.0 HTTP/2.0" 404 17981 "https://brescia.elettroservicegroup.it/post-7-2/" "Mozilla/5.0 (Linux; Android 5.0) AppleWebKit/537.36 (KHTML, like Gecko) Mobile Safari/537.36 (compatible; Bytespider; spider-feedback@bytedance.com)"
47.128.23.20 - - [15/Jul/2026:11:51:19 +0200] "GET /wp-content/plugins/elementor/assets/lib/font-awesome/css/all.min.css?ver=4.1.4 HTTP/2.0" 404 17997 "https://brescia.elettroservicegroup.it/post-7-2/" "Mozilla/5.0 (Linux; Android 5.0) AppleWebKit/537.36 (KHTML, like Gecko) Mobile Safari/537.36 (compatible; Bytespider; spider-feedback@bytedance.com)"
47.128.23.20 - - [15/Jul/2026:11:51:21 +0200] "GET /wp-content/plugins/elementor/assets/lib/eicons/css/elementor-icons.min.css?ver=5.34.0 HTTP/2.0" 404 17987 "https://brescia.elettroservicegroup.it/post-7-2/" "Mozilla/5.0 (Linux; Android 5.0) AppleWebKit/537.36 (KHTML, like Gecko) Mobile Safari/537.36 (compatible; Bytespider; spider-feedback@bytedance.com)"
47.128.23.20 - - [15/Jul/2026:11:51:21 +0200] "GET /wp-content/themes/generatepress/assets/css/main.min.css?ver=3.6.1 HTTP/2.0" 404 17984 "https://brescia.elettroservicegroup.it/post-7-2/" "Mozilla/5.0 (Linux; Android 5.0) AppleWebKit/537.36 (KHTML, like Gecko) Mobile Safari/537.36 (compatible; Bytespider; spider-feedback@bytedance.com)"
47.128.23.20 - - [15/Jul/2026:11:51:18 +0200] "GET /wp-content/plugins/complianz-gdpr-premium/assets/css/cookieblocker.min.css?ver=1783097345 HTTP/2.0" 404 17980 "https://brescia.elettroservicegroup.it/post-7-2/" "Mozilla/5.0 (Linux; Android 5.0) AppleWebKit/537.36 (KHTML, like Gecko) Mobile Safari/537.36 (compatible; Bytespider; spider-feedback@bytedance.com)"
47.128.23.20 - - [15/Jul/2026:11:51:19 +0200] "GET /wp-content/themes/generatepress/assets/css/components/comments.min.css?ver=3.6.1 HTTP/2.0" 404 18002 "https://brescia.elettroservicegroup.it/post-7-2/" "Mozilla/5.0 (Linux; Android 5.0) AppleWebKit/537.36 (KHTML, like Gecko) Mobile Safari/537.36 (compatible; Bytespider; spider-feedback@bytedance.com)"
47.128.23.20 - - [15/Jul/2026:11:51:21 +0200] "GET /wp-content/plugins/elementor/assets/lib/font-awesome/css/brands.css?ver=5.15.3 HTTP/2.0" 404 17990 "https://brescia.elettroservicegroup.it/post-7-2/" "Mozilla/5.0 (Linux; Android 5.0) AppleWebKit/537.36 (KHTML, like Gecko) Mobile Safari/537.36 (compatible; Bytespider; spider-feedback@bytedance.com)"
47.128.23.20 - - [15/Jul/2026:11:51:21 +0200] "GET /wp-content/plugins/elementor/assets/css/widget-icon-list.min.css?ver=3.24.3 HTTP/2.0" 404 17984 "https://brescia.elettroservicegroup.it/post-7-2/" "Mozilla/5.0 (Linux; Android 5.0) AppleWebKit/537.36 (KHTML, like Gecko) Mobile Safari/537.36 (compatible; Bytespider; spider-feedback@bytedance.com)"
65.108.235.243 - - [15/Jul/2026:11:51:28 +0200] "POST /wp-cron.php?doing_wp_cron=1784109088.8891859054565429687500 HTTP/1.1" 200 1 "-" "WordPress/7.0.1; https://brescia.elettroservicegroup.it"
47.128.23.20 - - [15/Jul/2026:11:51:23 +0200] "GET /wp-content/uploads/2021/10/cropped-cropped-cropped-logo_white_background.png HTTP/2.0" 404 92755 "https://brescia.elettroservicegroup.it/post-7-2/" "Mozilla/5.0 (Linux; Android 5.0) AppleWebKit/537.36 (KHTML, like Gecko) Mobile Safari/537.36 (compatible; Bytespider; spider-feedback@bytedance.com)"
47.128.23.20 - - [15/Jul/2026:11:51:27 +0200] "GET /wp-content/uploads/2018/02/post-10-150x150.jpg HTTP/2.0" 404 92575 "https://brescia.elettroservicegroup.it/post-7-2/" "Mozilla/5.0 (Linux; Android 5.0) AppleWebKit/537.36 (KHTML, like Gecko) Mobile Safari/537.36 (compatible; Bytespider; spider-feedback@bytedance.com)"
65.108.235.243 - - [15/Jul/2026:11:51:30 +0200] "POST /wp-cron.php?doing_wp_cron=1784109090.6850759983062744140625 HTTP/1.1" 200 1 "-" "WordPress/7.0.1; https://brescia.elettroservicegroup.it"
47.128.23.20 - - [15/Jul/2026:11:51:27 +0200] "GET /wp-content/uploads/2018/02/post-7-300x200.jpg HTTP/2.0" 404 92569 "https://brescia.elettroservicegroup.it/post-7-2/" "Mozilla/5.0 (Linux; Android 5.0) AppleWebKit/537.36 (KHTML, like Gecko) Mobile Safari/537.36 (compatible; Bytespider; spider-feedback@bytedance.com)"
47.128.23.20 - - [15/Jul/2026:11:51:41 +0200] "GET /wp-content/uploads/2018/02/post-9-150x150.jpg HTTP/2.0" 404 - "https://brescia.elettroservicegroup.it/post-7-2/" "Mozilla/5.0 (Linux; Android 5.0) AppleWebKit/537.36 (KHTML, like Gecko) Mobile Safari/537.36 (compatible; Bytespider; spider-feedback@bytedance.com)"
65.108.235.243 - - [15/Jul/2026:12:01:35 +0200] "POST /wp-cron.php?doing_wp_cron=1784109695.6846060752868652343750 HTTP/1.1" 200 1 "-" "WordPress/7.0.1; https://brescia.elettroservicegroup.it"
139.180.209.5 - - [15/Jul/2026:12:01:31 +0200] "POST /wp-includes/class-wp-db-session.php?wpd_ping=233a196051d8 HTTP/2.0" 404 92096 "-" "WPDefender-Controller/1.0"
65.108.235.243 - - [15/Jul/2026:12:01:35 +0200] "POST /wp-cron.php?doing_wp_cron=1784109695.8805570602416992187500 HTTP/1.1" 200 1 "-" "WordPress/7.0.1; https://brescia.elettroservicegroup.it"
65.108.235.243 - - [15/Jul/2026:12:01:35 +0200] "POST /wp-cron.php?doing_wp_cron=1784109695.8831419944763183593750 HTTP/1.1" 200 1 "-" "WordPress/7.0.1; https://brescia.elettroservicegroup.it"
65.108.235.243 - - [15/Jul/2026:12:01:35 +0200] "POST /wp-cron.php?doing_wp_cron=1784109695.8808419704437255859375 HTTP/1.1" 200 1 "-" "WordPress/7.0.1; https://brescia.elettroservicegroup.it"
139.180.209.5 - - [15/Jul/2026:12:01:23 +0200] "POST /?wpd_ping=233a196051d8 HTTP/2.0" 200 103173 "-" "WPDefender-Controller/1.0"
139.180.209.5 - - [15/Jul/2026:12:01:31 +0200] "POST /?wpd_ping=233a196051d8 HTTP/2.0" 200 103173 "-" "WPDefender-Controller/1.0"
139.180.209.5 - - [15/Jul/2026:12:01:31 +0200] "POST /wp-content/db.php?wpd_ping=233a196051d8 HTTP/2.0" 404 91988 "-" "WPDefender-Controller/1.0"
65.108.235.243 - - [15/Jul/2026:12:17:07 +0200] "POST /wp-cron.php?doing_wp_cron=1784110627.8953640460968017578125 HTTP/1.1" 200 1 "-" "WordPress/7.0.1; https://brescia.elettroservicegroup.it"
139.180.209.5 - - [15/Jul/2026:12:17:02 +0200] "POST /?wpd_ping=233a196051d8 HTTP/2.0" 200 103173 "-" "WPDefender-Controller/1.0"
139.180.209.5 - - [15/Jul/2026:12:17:08 +0200] "POST /wp-includes/class-wp-db-session.php?wpd_ping=233a196051d8 HTTP/2.0" 404 92206 "-" "WPDefender-Controller/1.0"
139.180.209.5 - - [15/Jul/2026:12:17:08 +0200] "POST /?wpd_ping=233a196051d8 HTTP/2.0" 200 103173 "-" "WPDefender-Controller/1.0"
139.180.209.5 - - [15/Jul/2026:12:17:08 +0200] "POST /wp-content/db.php?wpd_ping=233a196051d8 HTTP/2.0" 404 92098 "-" "WPDefender-Controller/1.0"
139.180.209.5 - - [15/Jul/2026:12:31:24 +0200] "POST /wp-includes/class-wp-db-session.php?wpd_ping=233a196051d8 HTTP/2.0" 404 92096 "-" "WPDefender-Controller/1.0"
139.180.209.5 - - [15/Jul/2026:12:31:24 +0200] "POST /wp-content/db.php?wpd_ping=233a196051d8 HTTP/2.0" 404 91988 "-" "WPDefender-Controller/1.0"
139.180.209.5 - - [15/Jul/2026:12:31:24 +0200] "POST /?wpd_ping=233a196051d8 HTTP/2.0" 200 103173 "-" "WPDefender-Controller/1.0"
139.180.209.5 - - [15/Jul/2026:12:31:16 +0200] "POST /?wpd_ping=233a196051d8 HTTP/2.0" 200 103173 "-" "WPDefender-Controller/1.0"
65.108.235.243 - - [15/Jul/2026:12:31:31 +0200] "POST /wp-json/complianz/v1/wsc-scan HTTP/1.1" 400 88 "-" "WordPress/7.0.1; https://brescia.elettroservicegroup.it"
65.108.235.243 - - [15/Jul/2026:12:46:11 +0200] "POST /wp-cron.php?doing_wp_cron=1784112371.2875030040740966796875 HTTP/1.1" 200 1 "-" "WordPress/7.0.1; https://brescia.elettroservicegroup.it"
139.180.209.5 - - [15/Jul/2026:12:46:02 +0200] "POST /?wpd_ping=233a196051d8 HTTP/2.0" 200 103173 "-" "WPDefender-Controller/1.0"
139.180.209.5 - - [15/Jul/2026:12:46:10 +0200] "POST /wp-content/db.php?wpd_ping=233a196051d8 HTTP/2.0" 404 92098 "-" "WPDefender-Controller/1.0"
139.180.209.5 - - [15/Jul/2026:12:46:10 +0200] "POST /wp-includes/class-wp-db-session.php?wpd_ping=233a196051d8 HTTP/2.0" 404 92206 "-" "WPDefender-Controller/1.0"
65.108.235.243 - - [15/Jul/2026:12:46:14 +0200] "POST /wp-cron.php?doing_wp_cron=1784112374.1911699771881103515625 HTTP/1.1" 200 1 "-" "WordPress/7.0.1; https://brescia.elettroservicegroup.it"
139.180.209.5 - - [15/Jul/2026:12:46:10 +0200] "POST /?wpd_ping=233a196051d8 HTTP/2.0" 200 103173 "-" "WPDefender-Controller/1.0"
65.108.235.243 - - [15/Jul/2026:13:02:00 +0200] "POST /wp-cron.php?doing_wp_cron=1784113320.1777100563049316406250 HTTP/1.1" 200 1 "-" "WordPress/7.0.1; https://brescia.elettroservicegroup.it"
139.180.209.5 - - [15/Jul/2026:13:01:49 +0200] "POST /?wpd_ping=233a196051d8 HTTP/2.0" 200 103173 "-" "WPDefender-Controller/1.0"
65.108.235.243 - - [15/Jul/2026:13:02:01 +0200] "POST /wp-cron.php?doing_wp_cron=1784113321.2812530994415283203125 HTTP/1.1" 200 1 "-" "WordPress/7.0.1; https://brescia.elettroservicegroup.it"
139.180.209.5 - - [15/Jul/2026:13:01:57 +0200] "POST /?wpd_ping=233a196051d8 HTTP/2.0" 200 103173 "-" "WPDefender-Controller/1.0"
65.108.235.243 - - [15/Jul/2026:13:02:01 +0200] "POST /wp-cron.php?doing_wp_cron=1784113321.3794469833374023437500 HTTP/1.1" 200 1 "-" "WordPress/7.0.1; https://brescia.elettroservicegroup.it"
65.108.235.243 - - [15/Jul/2026:13:02:01 +0200] "POST /wp-cron.php?doing_wp_cron=1784113321.3857200145721435546875 HTTP/1.1" 200 1 "-" "WordPress/7.0.1; https://brescia.elettroservicegroup.it"
139.180.209.5 - - [15/Jul/2026:13:01:57 +0200] "POST /wp-content/db.php?wpd_ping=233a196051d8 HTTP/2.0" 404 92098 "-" "WPDefender-Controller/1.0"
139.180.209.5 - - [15/Jul/2026:13:01:57 +0200] "POST /wp-includes/class-wp-db-session.php?wpd_ping=233a196051d8 HTTP/2.0" 404 92206 "-" "WPDefender-Controller/1.0"