66.249.64.70 - - [15/Jul/2026:03:56:31 +0200] "GET /wp-includes/js/jquery/jquery.min.js?ver=3.7.1 HTTP/1.1" 200 29769 "https://parma.elettroservicegroup.it/assistenza-lavatrici-indesit-parma/" "Mozilla/5.0 (Linux; Android 6.0.1; Nexus 5X Build/MMB29P) AppleWebKit/537.36 (KHTML, like Gecko) Chrome/150.0.7871.46 Mobile Safari/537.36 (compatible; Googlebot/2.1; +http://www.google.com/bot.html)"
66.249.64.69 - - [15/Jul/2026:03:56:32 +0200] "GET /wp-content/plugins/elementor/assets/lib/font-awesome/css/v4-shims.min.css?ver=4.1.4 HTTP/1.1" 200 3986 "https://parma.elettroservicegroup.it/assistenza-lavatrici-indesit-parma/" "Mozilla/5.0 (Linux; Android 6.0.1; Nexus 5X Build/MMB29P) AppleWebKit/537.36 (KHTML, like Gecko) Chrome/150.0.7871.46 Mobile Safari/537.36 (compatible; Googlebot/2.1; +http://www.google.com/bot.html)"
66.249.64.69 - - [15/Jul/2026:03:56:32 +0200] "GET /wp-content/plugins/gp-premium/menu-plus/functions/css/navigation-branding-flex.min.css?ver=2.5.5 HTTP/1.1" 200 542 "https://parma.elettroservicegroup.it/assistenza-lavatrici-indesit-parma/" "Mozilla/5.0 (Linux; Android 6.0.1; Nexus 5X Build/MMB29P) AppleWebKit/537.36 (KHTML, like Gecko) Chrome/150.0.7871.46 Mobile Safari/537.36 (compatible; Googlebot/2.1; +http://www.google.com/bot.html)"
66.249.64.69 - - [15/Jul/2026:03:56:32 +0200] "GET /wp-content/uploads/elementor/css/post-17334.css?ver=1783296000 HTTP/1.1" 200 2041 "https://parma.elettroservicegroup.it/assistenza-lavatrici-indesit-parma/" "Mozilla/5.0 (Linux; Android 6.0.1; Nexus 5X Build/MMB29P) AppleWebKit/537.36 (KHTML, like Gecko) Chrome/150.0.7871.46 Mobile Safari/537.36 (compatible; Googlebot/2.1; +http://www.google.com/bot.html)"
66.249.64.69 - - [15/Jul/2026:03:56:33 +0200] "GET /wp-content/plugins/elementor/assets/css/widget-social-icons.min.css?ver=3.24.0 HTTP/1.1" 200 1039 "https://parma.elettroservicegroup.it/assistenza-lavatrici-indesit-parma/" "Mozilla/5.0 (Linux; Android 6.0.1; Nexus 5X Build/MMB29P) AppleWebKit/537.36 (KHTML, like Gecko) Chrome/150.0.7871.46 Mobile Safari/537.36 (compatible; Googlebot/2.1; +http://www.google.com/bot.html)"
66.249.64.69 - - [15/Jul/2026:03:56:33 +0200] "GET /wp-content/plugins/elementor/assets/lib/eicons/css/elementor-icons.min.css?ver=5.50.0 HTTP/1.1" 200 4125 "https://parma.elettroservicegroup.it/assistenza-lavatrici-indesit-parma/" "Mozilla/5.0 (Linux; Android 6.0.1; Nexus 5X Build/MMB29P) AppleWebKit/537.36 (KHTML, like Gecko) Chrome/150.0.7871.46 Mobile Safari/537.36 (compatible; Googlebot/2.1; +http://www.google.com/bot.html)"
66.249.64.69 - - [15/Jul/2026:03:56:33 +0200] "GET /wp-content/plugins/elementor/assets/css/widget-spacer.min.css?ver=4.1.4 HTTP/1.1" 200 287 "https://parma.elettroservicegroup.it/assistenza-lavatrici-indesit-parma/" "Mozilla/5.0 (Linux; Android 6.0.1; Nexus 5X Build/MMB29P) AppleWebKit/537.36 (KHTML, like Gecko) Chrome/150.0.7871.46 Mobile Safari/537.36 (compatible; Googlebot/2.1; +http://www.google.com/bot.html)"
66.249.64.70 - - [15/Jul/2026:03:56:34 +0200] "GET /wp-content/plugins/elementor/assets/lib/font-awesome/css/regular.min.css?ver=5.15.3 HTTP/1.1" 200 282 "https://parma.elettroservicegroup.it/assistenza-lavatrici-indesit-parma/" "Mozilla/5.0 (Linux; Android 6.0.1; Nexus 5X Build/MMB29P) AppleWebKit/537.36 (KHTML, like Gecko) Chrome/150.0.7871.46 Mobile Safari/537.36 (compatible; Googlebot/2.1; +http://www.google.com/bot.html)"
66.249.64.70 - - [15/Jul/2026:03:56:34 +0200] "GET /wp-content/plugins/elementor/assets/js/webpack.runtime.min.js?ver=4.1.4 HTTP/1.1" 200 2340 "https://parma.elettroservicegroup.it/assistenza-lavatrici-indesit-parma/" "Mozilla/5.0 (Linux; Android 6.0.1; Nexus 5X Build/MMB29P) AppleWebKit/537.36 (KHTML, like Gecko) Chrome/150.0.7871.46 Mobile Safari/537.36 (compatible; Googlebot/2.1; +http://www.google.com/bot.html)"
66.249.64.69 - - [15/Jul/2026:03:56:34 +0200] "GET /wp-content/plugins/elementor/assets/lib/eicons/css/elementor-icons.min.css?ver=5.34.0 HTTP/1.1" 200 4125 "https://parma.elettroservicegroup.it/assistenza-lavatrici-indesit-parma/" "Mozilla/5.0 (Linux; Android 6.0.1; Nexus 5X Build/MMB29P) AppleWebKit/537.36 (KHTML, like Gecko) Chrome/150.0.7871.46 Mobile Safari/537.36 (compatible; Googlebot/2.1; +http://www.google.com/bot.html)"
66.249.64.69 - - [15/Jul/2026:03:56:35 +0200] "GET /wp-content/plugins/elementor/assets/lib/font-awesome/css/all.min.css?ver=4.1.4 HTTP/1.1" 200 12402 "https://parma.elettroservicegroup.it/assistenza-lavatrici-indesit-parma/" "Mozilla/5.0 (Linux; Android 6.0.1; Nexus 5X Build/MMB29P) AppleWebKit/537.36 (KHTML, like Gecko) Chrome/150.0.7871.46 Mobile Safari/537.36 (compatible; Googlebot/2.1; +http://www.google.com/bot.html)"
66.249.64.69 - - [15/Jul/2026:03:56:35 +0200] "GET /wp-content/plugins/elementor/assets/lib/font-awesome/css/solid.min.css?ver=5.15.3 HTTP/1.1" 200 286 "https://parma.elettroservicegroup.it/assistenza-lavatrici-indesit-parma/" "Mozilla/5.0 (Linux; Android 6.0.1; Nexus 5X Build/MMB29P) AppleWebKit/537.36 (KHTML, like Gecko) Chrome/150.0.7871.46 Mobile Safari/537.36 (compatible; Googlebot/2.1; +http://www.google.com/bot.html)"
66.249.64.69 - - [15/Jul/2026:03:56:35 +0200] "GET /wp-content/plugins/elementor/assets/lib/font-awesome/css/brands.css?ver=5.15.3 HTTP/1.1" 200 298 "https://parma.elettroservicegroup.it/assistenza-lavatrici-indesit-parma/" "Mozilla/5.0 (Linux; Android 6.0.1; Nexus 5X Build/MMB29P) AppleWebKit/537.36 (KHTML, like Gecko) Chrome/150.0.7871.46 Mobile Safari/537.36 (compatible; Googlebot/2.1; +http://www.google.com/bot.html)"
66.249.64.69 - - [15/Jul/2026:03:56:35 +0200] "GET /wp-content/plugins/elementor/assets/js/frontend-modules.min.js?ver=4.1.4 HTTP/1.1" 200 15454 "https://parma.elettroservicegroup.it/assistenza-lavatrici-indesit-parma/" "Mozilla/5.0 (Linux; Android 6.0.1; Nexus 5X Build/MMB29P) AppleWebKit/537.36 (KHTML, like Gecko) Chrome/150.0.7871.46 Mobile Safari/537.36 (compatible; Googlebot/2.1; +http://www.google.com/bot.html)"
66.249.64.69 - - [15/Jul/2026:03:56:36 +0200] "GET /wp-content/plugins/elementor/assets/css/frontend.min.css?ver=4.1.4 HTTP/1.1" 200 6618 "https://parma.elettroservicegroup.it/assistenza-lavatrici-indesit-parma/" "Mozilla/5.0 (Linux; Android 6.0.1; Nexus 5X Build/MMB29P) AppleWebKit/537.36 (KHTML, like Gecko) Chrome/150.0.7871.46 Mobile Safari/537.36 (compatible; Googlebot/2.1; +http://www.google.com/bot.html)"
66.249.64.69 - - [15/Jul/2026:03:56:36 +0200] "GET /wp-content/plugins/complianz-gdpr-premium/assets/css/cookieblocker.min.css?ver=1783097331 HTTP/1.1" 200 615 "https://parma.elettroservicegroup.it/assistenza-lavatrici-indesit-parma/" "Mozilla/5.0 (Linux; Android 6.0.1; Nexus 5X Build/MMB29P) AppleWebKit/537.36 (KHTML, like Gecko) Chrome/150.0.7871.46 Mobile Safari/537.36 (compatible; Googlebot/2.1; +http://www.google.com/bot.html)"
66.249.64.69 - - [15/Jul/2026:03:56:36 +0200] "GET /wp-content/plugins/elementor/assets/js/frontend.min.js?ver=4.1.4 HTTP/1.1" 200 10140 "https://parma.elettroservicegroup.it/assistenza-lavatrici-indesit-parma/" "Mozilla/5.0 (Linux; Android 6.0.1; Nexus 5X Build/MMB29P) AppleWebKit/537.36 (KHTML, like Gecko) Chrome/150.0.7871.46 Mobile Safari/537.36 (compatible; Googlebot/2.1; +http://www.google.com/bot.html)"
66.249.64.69 - - [15/Jul/2026:03:56:37 +0200] "GET /wp-content/themes/generatepress/assets/js/menu.min.js?ver=3.6.1 HTTP/1.1" 200 1688 "https://parma.elettroservicegroup.it/assistenza-lavatrici-indesit-parma/" "Mozilla/5.0 (Linux; Android 6.0.1; Nexus 5X Build/MMB29P) AppleWebKit/537.36 (KHTML, like Gecko) Chrome/150.0.7871.46 Mobile Safari/537.36 (compatible; Googlebot/2.1; +http://www.google.com/bot.html)"
66.249.64.69 - - [15/Jul/2026:03:56:37 +0200] "GET /wp-content/plugins/burst-statistics/assets/js/timeme/timeme.min.js?ver=1783097275 HTTP/1.1" 200 1835 "https://parma.elettroservicegroup.it/assistenza-lavatrici-indesit-parma/" "Mozilla/5.0 (Linux; Android 6.0.1; Nexus 5X Build/MMB29P) AppleWebKit/537.36 (KHTML, like Gecko) Chrome/150.0.7871.46 Mobile Safari/537.36 (compatible; Googlebot/2.1; +http://www.google.com/bot.html)"
66.249.64.69 - - [15/Jul/2026:03:56:37 +0200] "GET /wp-content/plugins/complianz-gdpr-premium/cookiebanner/js/complianz.min.js?ver=1783097331 HTTP/1.1" 200 10762 "https://parma.elettroservicegroup.it/assistenza-lavatrici-indesit-parma/" "Mozilla/5.0 (Linux; Android 6.0.1; Nexus 5X Build/MMB29P) AppleWebKit/537.36 (KHTML, like Gecko) Chrome/150.0.7871.46 Mobile Safari/537.36 (compatible; Googlebot/2.1; +http://www.google.com/bot.html)"
66.249.64.69 - - [15/Jul/2026:03:56:37 +0200] "GET /wp-content/themes/generatepress/assets/js/back-to-top.min.js?ver=3.6.1 HTTP/1.1" 200 336 "https://parma.elettroservicegroup.it/assistenza-lavatrici-indesit-parma/" "Mozilla/5.0 (Linux; Android 6.0.1; Nexus 5X Build/MMB29P) AppleWebKit/537.36 (KHTML, like Gecko) Chrome/150.0.7871.46 Mobile Safari/537.36 (compatible; Googlebot/2.1; +http://www.google.com/bot.html)"
65.108.235.243 - - [15/Jul/2026:03:56:39 +0200] "POST /wp-cron.php?doing_wp_cron=1784080599.5783090591430664062500 HTTP/1.1" 200 1 "-" "WordPress/7.0.1; https://parma.elettroservicegroup.it"
66.249.64.69 - - [15/Jul/2026:03:56:37 +0200] "GET /wp-json/complianz/v1/banner?lang=it&locale=it_IT&token=zhsqh HTTP/1.1" 200 81 "https://parma.elettroservicegroup.it/assistenza-lavatrici-indesit-parma/" "Mozilla/5.0 (Linux; Android 6.0.1; Nexus 5X Build/MMB29P) AppleWebKit/537.36 (KHTML, like Gecko) Chrome/150.0.7871.46 Mobile Safari/537.36 (compatible; Googlebot/2.1; +http://www.google.com/bot.html)"
66.249.64.69 - - [15/Jul/2026:03:56:40 +0200] "GET /wp-content/plugins/elementor/assets/js/text-editor.45609661e409413f1cef.bundle.min.js HTTP/1.1" 200 592 "https://parma.elettroservicegroup.it/assistenza-lavatrici-indesit-parma/" "Mozilla/5.0 (Linux; Android 6.0.1; Nexus 5X Build/MMB29P) AppleWebKit/537.36 (KHTML, like Gecko) Chrome/150.0.7871.46 Mobile Safari/537.36 (compatible; Googlebot/2.1; +http://www.google.com/bot.html)"
66.249.64.69 - - [15/Jul/2026:03:56:40 +0200] "GET /wp-content/plugins/elementor/assets/js/shared-frontend-handlers.03caa53373b56d3bab67.bundle.min.js HTTP/1.1" 200 2515 "https://parma.elettroservicegroup.it/assistenza-lavatrici-indesit-parma/" "Mozilla/5.0 (Linux; Android 6.0.1; Nexus 5X Build/MMB29P) AppleWebKit/537.36 (KHTML, like Gecko) Chrome/150.0.7871.46 Mobile Safari/537.36 (compatible; Googlebot/2.1; +http://www.google.com/bot.html)"
65.108.235.243 - - [15/Jul/2026:04:24:24 +0200] "POST /wp-cron.php?doing_wp_cron=1784082263.9908239841461181640625 HTTP/1.1" 200 1 "-" "WordPress/7.0.1; https://parma.elettroservicegroup.it"
40.77.167.37 - - [15/Jul/2026:04:24:15 +0200] "GET /sitemap.xml HTTP/2.0" 200 312 "-" "Mozilla/5.0 AppleWebKit/537.36 (KHTML, like Gecko; compatible; bingbot/2.0; +http://www.bing.com/bingbot.htm) Chrome/116.0.1938.76 Safari/537.36"
65.108.235.243 - - [15/Jul/2026:04:24:26 +0200] "POST /wp-json/complianz/v1/wsc-scan HTTP/1.1" 400 88 "-" "WordPress/7.0.1; https://parma.elettroservicegroup.it"
65.108.235.243 - - [15/Jul/2026:04:36:31 +0200] "POST /wp-cron.php?doing_wp_cron=1784082991.7923550605773925781250 HTTP/1.1" 200 1 "-" "WordPress/7.0.1; https://parma.elettroservicegroup.it"
40.77.167.32 - - [15/Jul/2026:04:36:23 +0200] "GET /sitemap.rss HTTP/2.0" 200 1348 "-" "Mozilla/5.0 AppleWebKit/537.36 (KHTML, like Gecko; compatible; bingbot/2.0; +http://www.bing.com/bingbot.htm) Chrome/116.0.1938.76 Safari/537.36"
74.7.242.15 - - [15/Jul/2026:04:52:14 +0200] "GET /wp-json/oembed/1.0/embed?format=xml&url=https%3A%2F%2Fparma.elettroservicegroup.it%2Fassistenza-siemens-collecchio%2F HTTP/2.0" 200 993 "https://www.vicenza.elettroservicegroup.it" "Mozilla/5.0 AppleWebKit/537.36 (KHTML, like Gecko; compatible; GPTBot/1.4; +https://openai.com/gptbot)"
65.108.235.243 - - [15/Jul/2026:04:52:15 +0200] "POST /wp-cron.php?doing_wp_cron=1784083935.9290299415588378906250 HTTP/1.1" 200 1 "-" "WordPress/7.0.1; https://parma.elettroservicegroup.it"
74.7.230.8 - - [15/Jul/2026:04:52:14 +0200] "GET /robots.txt HTTP/2.0" 200 104 "-" "Mozilla/5.0 (Macintosh; Intel Mac OS X 10_15_7) AppleWebKit/537.36 (KHTML, like Gecko) Chrome/131.0.0.0 Safari/537.36; compatible; OAI-SearchBot/1.4; robots.txt; +https://openai.com/searchbot"
74.7.242.15 - - [15/Jul/2026:04:52:17 +0200] "GET /wp-content/uploads/elementor/css/post-17360.css?ver=1783174343 HTTP/2.0" 404 18276 "https://www.vicenza.elettroservicegroup.it" "Mozilla/5.0 AppleWebKit/537.36 (KHTML, like Gecko; compatible; GPTBot/1.4; +https://openai.com/gptbot)"
74.7.242.15 - - [15/Jul/2026:04:52:20 +0200] "GET /wp-json/oembed/1.0/embed?url=https%3A%2F%2Fparma.elettroservicegroup.it%2Fassistenza-siemens-collecchio%2F HTTP/2.0" 200 978 "https://www.vicenza.elettroservicegroup.it" "Mozilla/5.0 AppleWebKit/537.36 (KHTML, like Gecko; compatible; GPTBot/1.4; +https://openai.com/gptbot)"
74.7.242.15 - - [15/Jul/2026:04:52:23 +0200] "GET /?p=17360 HTTP/2.0" 301 1 "https://www.vicenza.elettroservicegroup.it" "Mozilla/5.0 AppleWebKit/537.36 (KHTML, like Gecko; compatible; GPTBot/1.4; +https://openai.com/gptbot)"
74.7.242.15 - - [15/Jul/2026:04:52:23 +0200] "GET /assistenza-siemens-collecchio/ HTTP/2.0" 200 22734 "https://parma.elettroservicegroup.it/?p=17360" "Mozilla/5.0 AppleWebKit/537.36 (KHTML, like Gecko; compatible; GPTBot/1.4; +https://openai.com/gptbot)"
65.108.235.243 - - [15/Jul/2026:04:52:26 +0200] "POST /wp-cron.php?doing_wp_cron=1784083946.3292660713195800781250 HTTP/1.1" 200 1 "-" "WordPress/7.0.1; https://parma.elettroservicegroup.it"
74.7.242.15 - - [15/Jul/2026:04:52:25 +0200] "GET /wp-json/wp/v2/pages/17360 HTTP/2.0" 200 9043 "https://www.vicenza.elettroservicegroup.it" "Mozilla/5.0 AppleWebKit/537.36 (KHTML, like Gecko; compatible; GPTBot/1.4; +https://openai.com/gptbot)"
74.7.242.15 - - [15/Jul/2026:04:52:28 +0200] "GET /assistenza-siemens-collecchio/ HTTP/2.0" 200 22734 "https://www.vicenza.elettroservicegroup.it" "Mozilla/5.0 AppleWebKit/537.36 (KHTML, like Gecko; compatible; GPTBot/1.4; +https://openai.com/gptbot)"
65.108.235.243 - - [15/Jul/2026:04:57:21 +0200] "POST /wp-cron.php?doing_wp_cron=1784084241.3257000446319580078125 HTTP/1.1" 200 1 "-" "WordPress/7.0.1; https://parma.elettroservicegroup.it"
74.7.242.15 - - [15/Jul/2026:04:57:19 +0200] "GET /wp-json/oembed/1.0/embed?url=https%3A%2F%2Fparma.elettroservicegroup.it%2Fassistenza-lavatrici-parma%2F HTTP/2.0" 200 968 "https://www.vicenza.elettroservicegroup.it" "Mozilla/5.0 AppleWebKit/537.36 (KHTML, like Gecko; compatible; GPTBot/1.4; +https://openai.com/gptbot)"
74.7.242.15 - - [15/Jul/2026:04:57:21 +0200] "GET /wp-json/wp/v2/pages/17314 HTTP/2.0" 200 8910 "https://www.vicenza.elettroservicegroup.it" "Mozilla/5.0 AppleWebKit/537.36 (KHTML, like Gecko; compatible; GPTBot/1.4; +https://openai.com/gptbot)"
74.7.242.15 - - [15/Jul/2026:04:57:23 +0200] "GET /wp-content/uploads/elementor/css/post-17314.css?ver=1783145148 HTTP/2.0" 200 2269 "https://www.vicenza.elettroservicegroup.it" "Mozilla/5.0 AppleWebKit/537.36 (KHTML, like Gecko; compatible; GPTBot/1.4; +https://openai.com/gptbot)"
74.7.242.15 - - [15/Jul/2026:04:57:24 +0200] "GET /?p=17314 HTTP/2.0" 301 1 "https://www.vicenza.elettroservicegroup.it" "Mozilla/5.0 AppleWebKit/537.36 (KHTML, like Gecko; compatible; GPTBot/1.4; +https://openai.com/gptbot)"
74.7.242.15 - - [15/Jul/2026:04:57:25 +0200] "GET /assistenza-lavatrici-parma/ HTTP/2.0" 200 22614 "https://parma.elettroservicegroup.it/?p=17314" "Mozilla/5.0 AppleWebKit/537.36 (KHTML, like Gecko; compatible; GPTBot/1.4; +https://openai.com/gptbot)"
74.7.242.15 - - [15/Jul/2026:04:57:25 +0200] "GET /wp-json/oembed/1.0/embed?format=xml&url=https%3A%2F%2Fparma.elettroservicegroup.it%2Fassistenza-lavatrici-parma%2F HTTP/2.0" 200 984 "https://www.vicenza.elettroservicegroup.it" "Mozilla/5.0 AppleWebKit/537.36 (KHTML, like Gecko; compatible; GPTBot/1.4; +https://openai.com/gptbot)"
65.108.235.243 - - [15/Jul/2026:05:29:42 +0200] "POST /wp-cron.php?doing_wp_cron=1784086182.1842160224914550781250 HTTP/1.1" 200 1 "-" "WordPress/7.0.1; https://parma.elettroservicegroup.it"
216.73.217.5 - - [15/Jul/2026:05:29:33 +0200] "GET /robots.txt HTTP/2.0" 200 104 "-" "Mozilla/5.0 AppleWebKit/537.36 (KHTML, like Gecko; compatible; ClaudeBot/1.0; +claudebot@anthropic.com)"
65.108.235.243 - - [15/Jul/2026:05:29:44 +0200] "POST /wp-json/complianz/v1/wsc-scan HTTP/1.1" 400 88 "-" "WordPress/7.0.1; https://parma.elettroservicegroup.it"
65.108.235.243 - - [15/Jul/2026:05:29:53 +0200] "GET /?wp_scrape_key=674bef38a846a6ca5979d1d005cd15dc&wp_scrape_nonce=1784086191 HTTP/1.1" 200 22595 "-" "WordPress/7.0.1; https://parma.elettroservicegroup.it"
109.63.6.226 - - [15/Jul/2026:05:51:13 +0200] "POST /xmlrpc.php HTTP/1.1" 200 11923 "-" "Mozilla/5.0 (Windows NT 10.0; Win64; x64) AppleWebKit/537.36"
162.243.4.24 - - [15/Jul/2026:05:51:14 +0200] "GET / HTTP/1.1" 415 162178 "65.108.235.243" "Mozilla/5.0 (Windows NT 6.1; WOW64; rv:59.0) Gecko/20100101 Firefox/59.0"
65.108.235.243 - - [15/Jul/2026:06:08:48 +0200] "POST /wp-cron.php?doing_wp_cron=1784088527.9786889553070068359375 HTTP/1.1" 200 1 "-" "WordPress/7.0.1; https://parma.elettroservicegroup.it"
114.119.154.115 - - [15/Jul/2026:06:08:40 +0200] "GET /robots.txt HTTP/1.1" 200 104 "https://parma.elettroservicegroup.it/robots.txt" "Mozilla/5.0 (compatible;PetalBot;+https://webmaster.petalsearch.com/site/petalbot)"
65.108.235.243 - - [15/Jul/2026:06:25:44 +0200] "POST /wp-cron.php?doing_wp_cron=1784089544.6835150718688964843750 HTTP/1.1" 200 1 "-" "WordPress/7.0.1; https://parma.elettroservicegroup.it"
52.167.144.161 - - [15/Jul/2026:06:25:37 +0200] "GET /sitemap.txt HTTP/2.0" 302 1 "-" "Mozilla/5.0 AppleWebKit/537.36 (KHTML, like Gecko; compatible; bingbot/2.0; +http://www.bing.com/bingbot.htm) Chrome/116.0.1938.76 Safari/537.36"
52.167.144.161 - - [15/Jul/2026:06:25:46 +0200] "GET /sitemap.xml HTTP/2.0" 200 312 "-" "Mozilla/5.0 AppleWebKit/537.36 (KHTML, like Gecko; compatible; bingbot/2.0; +http://www.bing.com/bingbot.htm) Chrome/116.0.1938.76 Safari/537.36"
65.108.235.243 - - [15/Jul/2026:06:31:03 +0200] "POST /wp-cron.php?doing_wp_cron=1784089862.9860870838165283203125 HTTP/1.1" 200 1 "-" "WordPress/7.0.1; https://parma.elettroservicegroup.it"
216.73.217.5 - - [15/Jul/2026:06:30:54 +0200] "GET /robots.txt HTTP/2.0" 200 104 "-" "Mozilla/5.0 AppleWebKit/537.36 (KHTML, like Gecko; compatible; ClaudeBot/1.0; +claudebot@anthropic.com)"
65.108.235.243 - - [15/Jul/2026:06:31:05 +0200] "POST /wp-json/complianz/v1/wsc-scan HTTP/1.1" 400 88 "-" "WordPress/7.0.1; https://parma.elettroservicegroup.it"
43.135.145.117 - - [15/Jul/2026:06:36:15 +0200] "GET / HTTP/1.1" 200 166318 "http://parma.elettroservicegroup.it" "Mozilla/5.0 (iPhone; CPU iPhone OS 13_2_3 like Mac OS X) AppleWebKit/605.1.15 (KHTML, like Gecko) Version/13.0.3 Mobile/15E148 Safari/604.1"
43.165.127.126 - - [15/Jul/2026:06:45:58 +0200] "POST /wp-json/gutenkit/v1/install-active-plugin HTTP/1.1" 403 17006 "-" "Mozilla/5.0 (Linux; Android 8.0; Pixel 2 Build/OPD3.170816.012) AppleWebKit/537.36 (KHTML, like Gecko) Chrome/60.0.3324.1602 Mobile Safari/537.36"
185.81.144.122 - - [15/Jul/2026:06:52:56 +0200] "GET /wp-login.php HTTP/2.0" 200 11894 "-" "Mozilla/5.0 (Windows NT 10.0; Win64; x64) AppleWebKit/537.36 (KHTML, like Gecko) Chrome/120.0.0.0 Safari/537.36"
185.81.144.122 - - [15/Jul/2026:06:52:57 +0200] "GET /z0f76a1d14fd21a8fb5fd0d03e0fdc3d3cedae52f?wsidchk=10404502&pdata=https%253A%252F%252Fparma.elettroservicegroup.it%252Fwp-login.php&id=7fa3b767c460b54a2be4d49030b349c7&ts=1784091176 HTTP/2.0" 302 273 "https://parma.elettroservicegroup.it/wp-login.php" "Mozilla/5.0 (Windows NT 10.0; Win64; x64) AppleWebKit/537.36 (KHTML, like Gecko) Chrome/120.0.0.0 Safari/537.36"
65.108.235.243 - - [15/Jul/2026:06:53:08 +0200] "POST /wp-cron.php?doing_wp_cron=1784091187.8811109066009521484375 HTTP/1.1" 200 1 "-" "WordPress/7.0.1; https://parma.elettroservicegroup.it"
65.108.235.243 - - [15/Jul/2026:06:53:04 +0200] "POST /?wordfence_syncAttackData=1784091184.3809 HTTP/1.1" 200 1 "-" "WordPress/7.0.1; https://parma.elettroservicegroup.it"
185.81.144.122 - - [15/Jul/2026:06:52:57 +0200] "GET /wp-login.php HTTP/2.0" 200 - "https://parma.elettroservicegroup.it/wp-login.php" "Mozilla/5.0 (Windows NT 10.0; Win64; x64) AppleWebKit/537.36 (KHTML, like Gecko) Chrome/120.0.0.0 Safari/537.36"
185.81.144.122 - - [15/Jul/2026:06:53:01 +0200] "GET /wp-login.php HTTP/2.0" 200 2798 "https://parma.elettroservicegroup.it/wp-login.php" "Mozilla/5.0 (Windows NT 10.0; Win64; x64) AppleWebKit/537.36 (KHTML, like Gecko) Chrome/120.0.0.0 Safari/537.36"
185.81.144.122 - - [15/Jul/2026:06:53:09 +0200] "GET /wp-includes/js/zxcvbn-async.min.js?ver=1.0 HTTP/2.0" 200 188 "https://parma.elettroservicegroup.it/wp-login.php" "Mozilla/5.0 (Windows NT 10.0; Win64; x64) AppleWebKit/537.36 (KHTML, like Gecko) Chrome/120.0.0.0 Safari/537.36"
185.81.144.122 - - [15/Jul/2026:06:53:09 +0200] "GET /wp-includes/js/dist/dom-ready.min.js?ver=a06281ae5cf5500e9317 HTTP/2.0" 200 421 "https://parma.elettroservicegroup.it/wp-login.php" "Mozilla/5.0 (Windows NT 10.0; Win64; x64) AppleWebKit/537.36 (KHTML, like Gecko) Chrome/120.0.0.0 Safari/537.36"
185.81.144.122 - - [15/Jul/2026:06:53:09 +0200] "GET /wp-includes/css/buttons.min.css?ver=7.0.1 HTTP/2.0" 200 1462 "https://parma.elettroservicegroup.it/wp-login.php" "Mozilla/5.0 (Windows NT 10.0; Win64; x64) AppleWebKit/537.36 (KHTML, like Gecko) Chrome/120.0.0.0 Safari/537.36"
185.81.144.122 - - [15/Jul/2026:06:53:09 +0200] "GET /wp-admin/css/l10n.min.css?ver=7.0.1 HTTP/2.0" 200 677 "https://parma.elettroservicegroup.it/wp-login.php" "Mozilla/5.0 (Windows NT 10.0; Win64; x64) AppleWebKit/537.36 (KHTML, like Gecko) Chrome/120.0.0.0 Safari/537.36"
185.81.144.122 - - [15/Jul/2026:06:53:09 +0200] "GET /wp-includes/css/dist/base-styles/admin-schemes.min.css?ver=7.0.1 HTTP/2.0" 200 726 "https://parma.elettroservicegroup.it/wp-login.php" "Mozilla/5.0 (Windows NT 10.0; Win64; x64) AppleWebKit/537.36 (KHTML, like Gecko) Chrome/120.0.0.0 Safari/537.36"
185.81.144.122 - - [15/Jul/2026:06:53:09 +0200] "GET /wp-admin/css/login.min.css?ver=7.0.1 HTTP/2.0" 200 2020 "https://parma.elettroservicegroup.it/wp-login.php" "Mozilla/5.0 (Windows NT 10.0; Win64; x64) AppleWebKit/537.36 (KHTML, like Gecko) Chrome/120.0.0.0 Safari/537.36"
185.81.144.122 - - [15/Jul/2026:06:53:09 +0200] "GET /wp-includes/js/clipboard.min.js?ver=2.0.11 HTTP/2.0" 200 2997 "https://parma.elettroservicegroup.it/wp-login.php" "Mozilla/5.0 (Windows NT 10.0; Win64; x64) AppleWebKit/537.36 (KHTML, like Gecko) Chrome/120.0.0.0 Safari/537.36"
185.81.144.122 - - [15/Jul/2026:06:53:09 +0200] "GET /wp-includes/js/dist/hooks.min.js?ver=7496969728ca0f95732d HTTP/2.0" 200 1734 "https://parma.elettroservicegroup.it/wp-login.php" "Mozilla/5.0 (Windows NT 10.0; Win64; x64) AppleWebKit/537.36 (KHTML, like Gecko) Chrome/120.0.0.0 Safari/537.36"
185.81.144.122 - - [15/Jul/2026:06:53:09 +0200] "GET /wp-admin/js/password-strength-meter.min.js?ver=7.0.1 HTTP/2.0" 200 560 "https://parma.elettroservicegroup.it/wp-login.php" "Mozilla/5.0 (Windows NT 10.0; Win64; x64) AppleWebKit/537.36 (KHTML, like Gecko) Chrome/120.0.0.0 Safari/537.36"
185.81.144.122 - - [15/Jul/2026:06:53:09 +0200] "GET /wp-includes/js/wp-util.min.js?ver=7.0.1 HTTP/2.0" 200 693 "https://parma.elettroservicegroup.it/wp-login.php" "Mozilla/5.0 (Windows NT 10.0; Win64; x64) AppleWebKit/537.36 (KHTML, like Gecko) Chrome/120.0.0.0 Safari/537.36"
185.81.144.122 - - [15/Jul/2026:06:53:09 +0200] "GET /wp-includes/css/dashicons.min.css?ver=7.0.1 HTTP/2.0" 200 35100 "https://parma.elettroservicegroup.it/wp-login.php" "Mozilla/5.0 (Windows NT 10.0; Win64; x64) AppleWebKit/537.36 (KHTML, like Gecko) Chrome/120.0.0.0 Safari/537.36"
185.81.144.122 - - [15/Jul/2026:06:53:09 +0200] "GET /wp-admin/css/forms.min.css?ver=7.0.1 HTTP/2.0" 200 6533 "https://parma.elettroservicegroup.it/wp-login.php" "Mozilla/5.0 (Windows NT 10.0; Win64; x64) AppleWebKit/537.36 (KHTML, like Gecko) Chrome/120.0.0.0 Safari/537.36"
185.81.144.122 - - [15/Jul/2026:06:53:09 +0200] "GET /wp-includes/js/jquery/jquery-migrate.min.js?ver=3.4.1 HTTP/2.0" 200 4685 "https://parma.elettroservicegroup.it/wp-login.php" "Mozilla/5.0 (Windows NT 10.0; Win64; x64) AppleWebKit/537.36 (KHTML, like Gecko) Chrome/120.0.0.0 Safari/537.36"
185.81.144.122 - - [15/Jul/2026:06:53:09 +0200] "GET /wp-includes/js/dist/i18n.min.js?ver=781d11515ad3d91786ec HTTP/2.0" 200 2357 "https://parma.elettroservicegroup.it/wp-login.php" "Mozilla/5.0 (Windows NT 10.0; Win64; x64) AppleWebKit/537.36 (KHTML, like Gecko) Chrome/120.0.0.0 Safari/537.36"
185.81.144.122 - - [15/Jul/2026:06:53:09 +0200] "GET /wp-includes/js/underscore.min.js?ver=1.13.8 HTTP/2.0" 200 7243 "https://parma.elettroservicegroup.it/wp-login.php" "Mozilla/5.0 (Windows NT 10.0; Win64; x64) AppleWebKit/537.36 (KHTML, like Gecko) Chrome/120.0.0.0 Safari/537.36"
185.81.144.122 - - [15/Jul/2026:06:53:09 +0200] "GET /wp-includes/js/dist/a11y.min.js?ver=af934e5259bc51b8718e HTTP/2.0" 200 937 "https://parma.elettroservicegroup.it/wp-login.php" "Mozilla/5.0 (Windows NT 10.0; Win64; x64) AppleWebKit/537.36 (KHTML, like Gecko) Chrome/120.0.0.0 Safari/537.36"
185.81.144.122 - - [15/Jul/2026:06:53:09 +0200] "GET /wp-admin/js/user-profile.min.js?ver=7.0.1 HTTP/2.0" 200 2891 "https://parma.elettroservicegroup.it/wp-login.php" "Mozilla/5.0 (Windows NT 10.0; Win64; x64) AppleWebKit/537.36 (KHTML, like Gecko) Chrome/120.0.0.0 Safari/537.36"
185.81.144.122 - - [15/Jul/2026:06:53:09 +0200] "GET /wp-includes/js/jquery/jquery.min.js?ver=3.7.1 HTTP/2.0" 200 29769 "https://parma.elettroservicegroup.it/wp-login.php" "Mozilla/5.0 (Windows NT 10.0; Win64; x64) AppleWebKit/537.36 (KHTML, like Gecko) Chrome/120.0.0.0 Safari/537.36"
185.81.144.122 - - [15/Jul/2026:06:53:09 +0200] "GET /wp-login.php HTTP/1.1" 200 11890 "-" "Mozilla/5.0 (Windows NT 10.0; Win64; x64) AppleWebKit/537.36 (KHTML, like Gecko) Chrome/120.0.0.0 Safari/537.36"
185.81.144.122 - - [15/Jul/2026:06:53:10 +0200] "GET /wp-admin/ HTTP/1.1" 200 11990 "-" "Mozilla/5.0 (Windows NT 10.0; Win64; x64) AppleWebKit/537.36 (KHTML, like Gecko) Chrome/120.0.0.0 Safari/537.36"
65.108.235.243 - - [15/Jul/2026:06:53:04 +0200] "POST /?wordfence_syncAttackData=1784091184.3809 HTTP/1.1" 200 22536 "-" "WordPress/7.0.1; https://parma.elettroservicegroup.it"
157.22.72.39 - - [15/Jul/2026:06:53:10 +0200] "GET /wp-login.php HTTP/2.0" 200 2798 "-" "Mozilla/5.0 (Windows NT 10.0; Win64; x64) AppleWebKit/537.36 (KHTML, like Gecko) Chrome/120.0.0.0 Safari/537.36"
157.22.72.39 - - [15/Jul/2026:06:53:12 +0200] "GET /wp-includes/js/zxcvbn-async.min.js?ver=1.0 HTTP/2.0" 200 188 "https://parma.elettroservicegroup.it/wp-login.php" "Mozilla/5.0 (Windows NT 10.0; Win64; x64) AppleWebKit/537.36 (KHTML, like Gecko) Chrome/120.0.0.0 Safari/537.36"
157.22.72.39 - - [15/Jul/2026:06:53:12 +0200] "GET /wp-admin/css/l10n.min.css?ver=7.0.1 HTTP/2.0" 200 677 "https://parma.elettroservicegroup.it/wp-login.php" "Mozilla/5.0 (Windows NT 10.0; Win64; x64) AppleWebKit/537.36 (KHTML, like Gecko) Chrome/120.0.0.0 Safari/537.36"
157.22.72.39 - - [15/Jul/2026:06:53:12 +0200] "GET /wp-includes/js/dist/hooks.min.js?ver=7496969728ca0f95732d HTTP/2.0" 200 1734 "https://parma.elettroservicegroup.it/wp-login.php" "Mozilla/5.0 (Windows NT 10.0; Win64; x64) AppleWebKit/537.36 (KHTML, like Gecko) Chrome/120.0.0.0 Safari/537.36"
157.22.72.39 - - [15/Jul/2026:06:53:12 +0200] "GET /wp-includes/js/clipboard.min.js?ver=2.0.11 HTTP/2.0" 200 2997 "https://parma.elettroservicegroup.it/wp-login.php" "Mozilla/5.0 (Windows NT 10.0; Win64; x64) AppleWebKit/537.36 (KHTML, like Gecko) Chrome/120.0.0.0 Safari/537.36"
157.22.72.39 - - [15/Jul/2026:06:53:12 +0200] "GET /wp-includes/css/dist/base-styles/admin-schemes.min.css?ver=7.0.1 HTTP/2.0" 200 726 "https://parma.elettroservicegroup.it/wp-login.php" "Mozilla/5.0 (Windows NT 10.0; Win64; x64) AppleWebKit/537.36 (KHTML, like Gecko) Chrome/120.0.0.0 Safari/537.36"
157.22.72.39 - - [15/Jul/2026:06:53:12 +0200] "GET /wp-includes/css/buttons.min.css?ver=7.0.1 HTTP/2.0" 200 1462 "https://parma.elettroservicegroup.it/wp-login.php" "Mozilla/5.0 (Windows NT 10.0; Win64; x64) AppleWebKit/537.36 (KHTML, like Gecko) Chrome/120.0.0.0 Safari/537.36"
157.22.72.39 - - [15/Jul/2026:06:53:12 +0200] "GET /wp-admin/css/login.min.css?ver=7.0.1 HTTP/2.0" 200 2020 "https://parma.elettroservicegroup.it/wp-login.php" "Mozilla/5.0 (Windows NT 10.0; Win64; x64) AppleWebKit/537.36 (KHTML, like Gecko) Chrome/120.0.0.0 Safari/537.36"
157.22.72.39 - - [15/Jul/2026:06:53:12 +0200] "GET /wp-includes/js/dist/i18n.min.js?ver=781d11515ad3d91786ec HTTP/2.0" 200 2357 "https://parma.elettroservicegroup.it/wp-login.php" "Mozilla/5.0 (Windows NT 10.0; Win64; x64) AppleWebKit/537.36 (KHTML, like Gecko) Chrome/120.0.0.0 Safari/537.36"
157.22.72.39 - - [15/Jul/2026:06:53:12 +0200] "GET /wp-admin/css/forms.min.css?ver=7.0.1 HTTP/2.0" 200 6533 "https://parma.elettroservicegroup.it/wp-login.php" "Mozilla/5.0 (Windows NT 10.0; Win64; x64) AppleWebKit/537.36 (KHTML, like Gecko) Chrome/120.0.0.0 Safari/537.36"
157.22.72.39 - - [15/Jul/2026:06:53:12 +0200] "GET /wp-includes/js/jquery/jquery-migrate.min.js?ver=3.4.1 HTTP/2.0" 200 4685 "https://parma.elettroservicegroup.it/wp-login.php" "Mozilla/5.0 (Windows NT 10.0; Win64; x64) AppleWebKit/537.36 (KHTML, like Gecko) Chrome/120.0.0.0 Safari/537.36"
157.22.72.39 - - [15/Jul/2026:06:53:12 +0200] "GET /wp-includes/css/dashicons.min.css?ver=7.0.1 HTTP/2.0" 200 35100 "https://parma.elettroservicegroup.it/wp-login.php" "Mozilla/5.0 (Windows NT 10.0; Win64; x64) AppleWebKit/537.36 (KHTML, like Gecko) Chrome/120.0.0.0 Safari/537.36"
157.22.72.39 - - [15/Jul/2026:06:53:12 +0200] "GET /wp-includes/js/dist/dom-ready.min.js?ver=a06281ae5cf5500e9317 HTTP/2.0" 200 421 "https://parma.elettroservicegroup.it/wp-login.php" "Mozilla/5.0 (Windows NT 10.0; Win64; x64) AppleWebKit/537.36 (KHTML, like Gecko) Chrome/120.0.0.0 Safari/537.36"
157.22.72.39 - - [15/Jul/2026:06:53:12 +0200] "GET /wp-includes/js/wp-util.min.js?ver=7.0.1 HTTP/2.0" 200 693 "https://parma.elettroservicegroup.it/wp-login.php" "Mozilla/5.0 (Windows NT 10.0; Win64; x64) AppleWebKit/537.36 (KHTML, like Gecko) Chrome/120.0.0.0 Safari/537.36"
157.22.72.39 - - [15/Jul/2026:06:53:12 +0200] "GET /wp-admin/js/password-strength-meter.min.js?ver=7.0.1 HTTP/2.0" 200 560 "https://parma.elettroservicegroup.it/wp-login.php" "Mozilla/5.0 (Windows NT 10.0; Win64; x64) AppleWebKit/537.36 (KHTML, like Gecko) Chrome/120.0.0.0 Safari/537.36"
157.22.72.39 - - [15/Jul/2026:06:53:12 +0200] "GET /wp-admin/js/user-profile.min.js?ver=7.0.1 HTTP/2.0" 200 2891 "https://parma.elettroservicegroup.it/wp-login.php" "Mozilla/5.0 (Windows NT 10.0; Win64; x64) AppleWebKit/537.36 (KHTML, like Gecko) Chrome/120.0.0.0 Safari/537.36"
157.22.72.39 - - [15/Jul/2026:06:53:12 +0200] "GET /wp-includes/js/dist/a11y.min.js?ver=af934e5259bc51b8718e HTTP/2.0" 200 937 "https://parma.elettroservicegroup.it/wp-login.php" "Mozilla/5.0 (Windows NT 10.0; Win64; x64) AppleWebKit/537.36 (KHTML, like Gecko) Chrome/120.0.0.0 Safari/537.36"
157.22.72.39 - - [15/Jul/2026:06:53:12 +0200] "GET /wp-includes/js/underscore.min.js?ver=1.13.8 HTTP/2.0" 200 7243 "https://parma.elettroservicegroup.it/wp-login.php" "Mozilla/5.0 (Windows NT 10.0; Win64; x64) AppleWebKit/537.36 (KHTML, like Gecko) Chrome/120.0.0.0 Safari/537.36"
157.22.72.39 - - [15/Jul/2026:06:53:12 +0200] "GET /wp-includes/js/jquery/jquery.min.js?ver=3.7.1 HTTP/2.0" 200 29769 "https://parma.elettroservicegroup.it/wp-login.php" "Mozilla/5.0 (Windows NT 10.0; Win64; x64) AppleWebKit/537.36 (KHTML, like Gecko) Chrome/120.0.0.0 Safari/537.36"
157.22.72.39 - - [15/Jul/2026:06:53:12 +0200] "GET /wp-admin/images/wordpress-logo-gray.svg?ver=20260303 HTTP/2.0" 200 765 "https://parma.elettroservicegroup.it/wp-admin/css/login.min.css?ver=7.0.1" "Mozilla/5.0 (Windows NT 10.0; Win64; x64) AppleWebKit/537.36 (KHTML, like Gecko) Chrome/120.0.0.0 Safari/537.36"
157.22.72.39 - - [15/Jul/2026:06:53:12 +0200] "GET /wp-includes/js/zxcvbn.min.js HTTP/2.0" 200 387992 "https://parma.elettroservicegroup.it/wp-login.php" "Mozilla/5.0 (Windows NT 10.0; Win64; x64) AppleWebKit/537.36 (KHTML, like Gecko) Chrome/120.0.0.0 Safari/537.36"
157.22.72.39 - - [15/Jul/2026:06:53:13 +0200] "POST /wp-login.php HTTP/2.0" 200 2930 "https://parma.elettroservicegroup.it/wp-login.php" "Mozilla/5.0 (Windows NT 10.0; Win64; x64) AppleWebKit/537.36 (KHTML, like Gecko) Chrome/120.0.0.0 Safari/537.36"
65.108.235.243 - - [15/Jul/2026:08:08:10 +0200] "POST /wp-cron.php?doing_wp_cron=1784095690.9824590682983398437500 HTTP/1.1" 200 1 "-" "WordPress/7.0.1; https://parma.elettroservicegroup.it"
78.209.128.147 - - [15/Jul/2026:08:07:59 +0200] "GET /assistenza-indesit-parma/?gad_source=1&gad_campaignid=23795906066&gbraid=0AAAABDgs-LTftWwAv4080Vb_GHOkQhpDC&gclid=CjwKCAjwvNfSBhBiEiwAyaGMCW5ACdNeSuO5qsTJPLc6u2qKpgdb7eEYvhRv-UvIjcyVzCUbWEmZ_hoCdUgQAvD_BwE HTTP/2.0" 200 22789 "https://www.google.com/" "Mozilla/5.0 (iPhone; CPU iPhone OS 17_7 like Mac OS X) AppleWebKit/605.1.15 (KHTML, like Gecko) Version/17.7 Mobile/15E148 Safari/604.1"
78.209.128.147 - - [15/Jul/2026:08:08:11 +0200] "GET /wp-content/uploads/elementor/css/post-14146.css?ver=1784086194 HTTP/2.0" 200 428 "https://parma.elettroservicegroup.it/assistenza-indesit-parma/?gad_source=1&gad_campaignid=23795906066&gbraid=0AAAABDgs-LTftWwAv4080Vb_GHOkQhpDC&gclid=CjwKCAjwvNfSBhBiEiwAyaGMCW5ACdNeSuO5qsTJPLc6u2qKpgdb7eEYvhRv-UvIjcyVzCUbWEmZ_hoCdUgQAvD_BwE" "Mozilla/5.0 (iPhone; CPU iPhone OS 17_7 like Mac OS X) AppleWebKit/605.1.15 (KHTML, like Gecko) Version/17.7 Mobile/15E148 Safari/604.1"
78.209.128.147 - - [15/Jul/2026:08:08:11 +0200] "GET /wp-content/plugins/elementor/assets/css/widget-spacer.min.css?ver=4.1.4 HTTP/2.0" 200 287 "https://parma.elettroservicegroup.it/assistenza-indesit-parma/?gad_source=1&gad_campaignid=23795906066&gbraid=0AAAABDgs-LTftWwAv4080Vb_GHOkQhpDC&gclid=CjwKCAjwvNfSBhBiEiwAyaGMCW5ACdNeSuO5qsTJPLc6u2qKpgdb7eEYvhRv-UvIjcyVzCUbWEmZ_hoCdUgQAvD_BwE" "Mozilla/5.0 (iPhone; CPU iPhone OS 17_7 like Mac OS X) AppleWebKit/605.1.15 (KHTML, like Gecko) Version/17.7 Mobile/15E148 Safari/604.1"
78.209.128.147 - - [15/Jul/2026:08:08:11 +0200] "GET /wp-content/plugins/all-in-one-seo-pack/dist/Lite/assets/css/table-of-contents/global.e90f6d47.css?ver=4.9.10 HTTP/2.0" 200 420 "https://parma.elettroservicegroup.it/assistenza-indesit-parma/?gad_source=1&gad_campaignid=23795906066&gbraid=0AAAABDgs-LTftWwAv4080Vb_GHOkQhpDC&gclid=CjwKCAjwvNfSBhBiEiwAyaGMCW5ACdNeSuO5qsTJPLc6u2qKpgdb7eEYvhRv-UvIjcyVzCUbWEmZ_hoCdUgQAvD_BwE" "Mozilla/5.0 (iPhone; CPU iPhone OS 17_7 like Mac OS X) AppleWebKit/605.1.15 (KHTML, like Gecko) Version/17.7 Mobile/15E148 Safari/604.1"
78.209.128.147 - - [15/Jul/2026:08:08:11 +0200] "GET /wp-content/plugins/complianz-gdpr-premium/assets/css/cookieblocker.min.css?ver=1783097331 HTTP/2.0" 200 615 "https://parma.elettroservicegroup.it/assistenza-indesit-parma/?gad_source=1&gad_campaignid=23795906066&gbraid=0AAAABDgs-LTftWwAv4080Vb_GHOkQhpDC&gclid=CjwKCAjwvNfSBhBiEiwAyaGMCW5ACdNeSuO5qsTJPLc6u2qKpgdb7eEYvhRv-UvIjcyVzCUbWEmZ_hoCdUgQAvD_BwE" "Mozilla/5.0 (iPhone; CPU iPhone OS 17_7 like Mac OS X) AppleWebKit/605.1.15 (KHTML, like Gecko) Version/17.7 Mobile/15E148 Safari/604.1"
78.209.128.147 - - [15/Jul/2026:08:08:11 +0200] "GET /wp-content/plugins/header-footer-elementor/assets/css/header-footer-elementor.css?ver=2.9.1 HTTP/2.0" 200 260 "https://parma.elettroservicegroup.it/assistenza-indesit-parma/?gad_source=1&gad_campaignid=23795906066&gbraid=0AAAABDgs-LTftWwAv4080Vb_GHOkQhpDC&gclid=CjwKCAjwvNfSBhBiEiwAyaGMCW5ACdNeSuO5qsTJPLc6u2qKpgdb7eEYvhRv-UvIjcyVzCUbWEmZ_hoCdUgQAvD_BwE" "Mozilla/5.0 (iPhone; CPU iPhone OS 17_7 like Mac OS X) AppleWebKit/605.1.15 (KHTML, like Gecko) Version/17.7 Mobile/15E148 Safari/604.1"
78.209.128.147 - - [15/Jul/2026:08:08:11 +0200] "GET /wp-content/plugins/elementor/assets/lib/eicons/css/elementor-icons.min.css?ver=5.50.0 HTTP/2.0" 200 4125 "https://parma.elettroservicegroup.it/assistenza-indesit-parma/?gad_source=1&gad_campaignid=23795906066&gbraid=0AAAABDgs-LTftWwAv4080Vb_GHOkQhpDC&gclid=CjwKCAjwvNfSBhBiEiwAyaGMCW5ACdNeSuO5qsTJPLc6u2qKpgdb7eEYvhRv-UvIjcyVzCUbWEmZ_hoCdUgQAvD_BwE" "Mozilla/5.0 (iPhone; CPU iPhone OS 17_7 like Mac OS X) AppleWebKit/605.1.15 (KHTML, like Gecko) Version/17.7 Mobile/15E148 Safari/604.1"
78.209.128.147 - - [15/Jul/2026:08:08:11 +0200] "GET /wp-content/plugins/elementor/assets/lib/font-awesome/css/v4-shims.min.css?ver=4.1.4 HTTP/2.0" 200 3986 "https://parma.elettroservicegroup.it/assistenza-indesit-parma/?gad_source=1&gad_campaignid=23795906066&gbraid=0AAAABDgs-LTftWwAv4080Vb_GHOkQhpDC&gclid=CjwKCAjwvNfSBhBiEiwAyaGMCW5ACdNeSuO5qsTJPLc6u2qKpgdb7eEYvhRv-UvIjcyVzCUbWEmZ_hoCdUgQAvD_BwE" "Mozilla/5.0 (iPhone; CPU iPhone OS 17_7 like Mac OS X) AppleWebKit/605.1.15 (KHTML, like Gecko) Version/17.7 Mobile/15E148 Safari/604.1"
78.209.128.147 - - [15/Jul/2026:08:08:11 +0200] "GET /wp-content/plugins/elementor/assets/css/frontend.min.css?ver=4.1.4 HTTP/2.0" 200 6618 "https://parma.elettroservicegroup.it/assistenza-indesit-parma/?gad_source=1&gad_campaignid=23795906066&gbraid=0AAAABDgs-LTftWwAv4080Vb_GHOkQhpDC&gclid=CjwKCAjwvNfSBhBiEiwAyaGMCW5ACdNeSuO5qsTJPLc6u2qKpgdb7eEYvhRv-UvIjcyVzCUbWEmZ_hoCdUgQAvD_BwE" "Mozilla/5.0 (iPhone; CPU iPhone OS 17_7 like Mac OS X) AppleWebKit/605.1.15 (KHTML, like Gecko) Version/17.7 Mobile/15E148 Safari/604.1"
78.209.128.147 - - [15/Jul/2026:08:08:11 +0200] "GET /wp-content/plugins/header-footer-elementor/inc/widgets-css/frontend.css?ver=2.9.1 HTTP/2.0" 200 8711 "https://parma.elettroservicegroup.it/assistenza-indesit-parma/?gad_source=1&gad_campaignid=23795906066&gbraid=0AAAABDgs-LTftWwAv4080Vb_GHOkQhpDC&gclid=CjwKCAjwvNfSBhBiEiwAyaGMCW5ACdNeSuO5qsTJPLc6u2qKpgdb7eEYvhRv-UvIjcyVzCUbWEmZ_hoCdUgQAvD_BwE" "Mozilla/5.0 (iPhone; CPU iPhone OS 17_7 like Mac OS X) AppleWebKit/605.1.15 (KHTML, like Gecko) Version/17.7 Mobile/15E148 Safari/604.1"
78.209.128.147 - - [15/Jul/2026:08:08:11 +0200] "GET /wp-content/plugins/elementor/assets/lib/font-awesome/css/all.min.css?ver=4.1.4 HTTP/2.0" 200 12402 "https://parma.elettroservicegroup.it/assistenza-indesit-parma/?gad_source=1&gad_campaignid=23795906066&gbraid=0AAAABDgs-LTftWwAv4080Vb_GHOkQhpDC&gclid=CjwKCAjwvNfSBhBiEiwAyaGMCW5ACdNeSuO5qsTJPLc6u2qKpgdb7eEYvhRv-UvIjcyVzCUbWEmZ_hoCdUgQAvD_BwE" "Mozilla/5.0 (iPhone; CPU iPhone OS 17_7 like Mac OS X) AppleWebKit/605.1.15 (KHTML, like Gecko) Version/17.7 Mobile/15E148 Safari/604.1"
78.209.128.147 - - [15/Jul/2026:08:08:11 +0200] "GET /wp-content/plugins/elementor/assets/lib/animations/styles/zoomIn.min.css?ver=4.1.4 HTTP/2.0" 200 87 "https://parma.elettroservicegroup.it/assistenza-indesit-parma/?gad_source=1&gad_campaignid=23795906066&gbraid=0AAAABDgs-LTftWwAv4080Vb_GHOkQhpDC&gclid=CjwKCAjwvNfSBhBiEiwAyaGMCW5ACdNeSuO5qsTJPLc6u2qKpgdb7eEYvhRv-UvIjcyVzCUbWEmZ_hoCdUgQAvD_BwE" "Mozilla/5.0 (iPhone; CPU iPhone OS 17_7 like Mac OS X) AppleWebKit/605.1.15 (KHTML, like Gecko) Version/17.7 Mobile/15E148 Safari/604.1"
78.209.128.147 - - [15/Jul/2026:08:08:11 +0200] "GET /wp-content/plugins/elementor/assets/lib/animations/styles/bounceIn.min.css?ver=4.1.4 HTTP/2.0" 200 186 "https://parma.elettroservicegroup.it/assistenza-indesit-parma/?gad_source=1&gad_campaignid=23795906066&gbraid=0AAAABDgs-LTftWwAv4080Vb_GHOkQhpDC&gclid=CjwKCAjwvNfSBhBiEiwAyaGMCW5ACdNeSuO5qsTJPLc6u2qKpgdb7eEYvhRv-UvIjcyVzCUbWEmZ_hoCdUgQAvD_BwE" "Mozilla/5.0 (iPhone; CPU iPhone OS 17_7 like Mac OS X) AppleWebKit/605.1.15 (KHTML, like Gecko) Version/17.7 Mobile/15E148 Safari/604.1"
78.209.128.147 - - [15/Jul/2026:08:08:11 +0200] "GET /wp-content/plugins/elementor/assets/css/widget-image.min.css?ver=4.1.4 HTTP/2.0" 200 96 "https://parma.elettroservicegroup.it/assistenza-indesit-parma/?gad_source=1&gad_campaignid=23795906066&gbraid=0AAAABDgs-LTftWwAv4080Vb_GHOkQhpDC&gclid=CjwKCAjwvNfSBhBiEiwAyaGMCW5ACdNeSuO5qsTJPLc6u2qKpgdb7eEYvhRv-UvIjcyVzCUbWEmZ_hoCdUgQAvD_BwE" "Mozilla/5.0 (iPhone; CPU iPhone OS 17_7 like Mac OS X) AppleWebKit/605.1.15 (KHTML, like Gecko) Version/17.7 Mobile/15E148 Safari/604.1"
78.209.128.147 - - [15/Jul/2026:08:08:11 +0200] "GET /wp-content/uploads/elementor/css/post-14366.css?ver=1784086196 HTTP/2.0" 200 302 "https://parma.elettroservicegroup.it/assistenza-indesit-parma/?gad_source=1&gad_campaignid=23795906066&gbraid=0AAAABDgs-LTftWwAv4080Vb_GHOkQhpDC&gclid=CjwKCAjwvNfSBhBiEiwAyaGMCW5ACdNeSuO5qsTJPLc6u2qKpgdb7eEYvhRv-UvIjcyVzCUbWEmZ_hoCdUgQAvD_BwE" "Mozilla/5.0 (iPhone; CPU iPhone OS 17_7 like Mac OS X) AppleWebKit/605.1.15 (KHTML, like Gecko) Version/17.7 Mobile/15E148 Safari/604.1"
78.209.128.147 - - [15/Jul/2026:08:08:11 +0200] "GET /wp-content/plugins/elementor/assets/css/widget-heading.min.css?ver=4.1.4 HTTP/2.0" 200 127 "https://parma.elettroservicegroup.it/assistenza-indesit-parma/?gad_source=1&gad_campaignid=23795906066&gbraid=0AAAABDgs-LTftWwAv4080Vb_GHOkQhpDC&gclid=CjwKCAjwvNfSBhBiEiwAyaGMCW5ACdNeSuO5qsTJPLc6u2qKpgdb7eEYvhRv-UvIjcyVzCUbWEmZ_hoCdUgQAvD_BwE" "Mozilla/5.0 (iPhone; CPU iPhone OS 17_7 like Mac OS X) AppleWebKit/605.1.15 (KHTML, like Gecko) Version/17.7 Mobile/15E148 Safari/604.1"
78.209.128.147 - - [15/Jul/2026:08:08:11 +0200] "GET /wp-content/uploads/elementor/css/post-17282.css?ver=1784095689 HTTP/2.0" 200 2152 "https://parma.elettroservicegroup.it/assistenza-indesit-parma/?gad_source=1&gad_campaignid=23795906066&gbraid=0AAAABDgs-LTftWwAv4080Vb_GHOkQhpDC&gclid=CjwKCAjwvNfSBhBiEiwAyaGMCW5ACdNeSuO5qsTJPLc6u2qKpgdb7eEYvhRv-UvIjcyVzCUbWEmZ_hoCdUgQAvD_BwE" "Mozilla/5.0 (iPhone; CPU iPhone OS 17_7 like Mac OS X) AppleWebKit/605.1.15 (KHTML, like Gecko) Version/17.7 Mobile/15E148 Safari/604.1"
78.209.128.147 - - [15/Jul/2026:08:08:11 +0200] "GET /wp-content/themes/generatepress/assets/css/main.min.css?ver=3.6.1 HTTP/2.0" 200 4410 "https://parma.elettroservicegroup.it/assistenza-indesit-parma/?gad_source=1&gad_campaignid=23795906066&gbraid=0AAAABDgs-LTftWwAv4080Vb_GHOkQhpDC&gclid=CjwKCAjwvNfSBhBiEiwAyaGMCW5ACdNeSuO5qsTJPLc6u2qKpgdb7eEYvhRv-UvIjcyVzCUbWEmZ_hoCdUgQAvD_BwE" "Mozilla/5.0 (iPhone; CPU iPhone OS 17_7 like Mac OS X) AppleWebKit/605.1.15 (KHTML, like Gecko) Version/17.7 Mobile/15E148 Safari/604.1"
78.209.128.147 - - [15/Jul/2026:08:08:11 +0200] "GET /wp-content/plugins/elementor/assets/lib/font-awesome/css/solid.css?ver=5.15.3 HTTP/2.0" 200 299 "https://parma.elettroservicegroup.it/assistenza-indesit-parma/?gad_source=1&gad_campaignid=23795906066&gbraid=0AAAABDgs-LTftWwAv4080Vb_GHOkQhpDC&gclid=CjwKCAjwvNfSBhBiEiwAyaGMCW5ACdNeSuO5qsTJPLc6u2qKpgdb7eEYvhRv-UvIjcyVzCUbWEmZ_hoCdUgQAvD_BwE" "Mozilla/5.0 (iPhone; CPU iPhone OS 17_7 like Mac OS X) AppleWebKit/605.1.15 (KHTML, like Gecko) Version/17.7 Mobile/15E148 Safari/604.1"
78.209.128.147 - - [15/Jul/2026:08:08:11 +0200] "GET /wp-content/plugins/elementor/assets/lib/font-awesome/css/solid.min.css?ver=5.15.3 HTTP/2.0" 200 286 "https://parma.elettroservicegroup.it/assistenza-indesit-parma/?gad_source=1&gad_campaignid=23795906066&gbraid=0AAAABDgs-LTftWwAv4080Vb_GHOkQhpDC&gclid=CjwKCAjwvNfSBhBiEiwAyaGMCW5ACdNeSuO5qsTJPLc6u2qKpgdb7eEYvhRv-UvIjcyVzCUbWEmZ_hoCdUgQAvD_BwE" "Mozilla/5.0 (iPhone; CPU iPhone OS 17_7 like Mac OS X) AppleWebKit/605.1.15 (KHTML, like Gecko) Version/17.7 Mobile/15E148 Safari/604.1"
78.209.128.147 - - [15/Jul/2026:08:08:11 +0200] "GET /wp-content/plugins/gp-premium/menu-plus/functions/css/navigation-branding-flex.min.css?ver=2.5.5 HTTP/2.0" 200 542 "https://parma.elettroservicegroup.it/assistenza-indesit-parma/?gad_source=1&gad_campaignid=23795906066&gbraid=0AAAABDgs-LTftWwAv4080Vb_GHOkQhpDC&gclid=CjwKCAjwvNfSBhBiEiwAyaGMCW5ACdNeSuO5qsTJPLc6u2qKpgdb7eEYvhRv-UvIjcyVzCUbWEmZ_hoCdUgQAvD_BwE" "Mozilla/5.0 (iPhone; CPU iPhone OS 17_7 like Mac OS X) AppleWebKit/605.1.15 (KHTML, like Gecko) Version/17.7 Mobile/15E148 Safari/604.1"
78.209.128.147 - - [15/Jul/2026:08:08:11 +0200] "GET /wp-content/uploads/elementor/google-fonts/css/robotoslab.css?ver=1742280362 HTTP/2.0" 200 715 "https://parma.elettroservicegroup.it/assistenza-indesit-parma/?gad_source=1&gad_campaignid=23795906066&gbraid=0AAAABDgs-LTftWwAv4080Vb_GHOkQhpDC&gclid=CjwKCAjwvNfSBhBiEiwAyaGMCW5ACdNeSuO5qsTJPLc6u2qKpgdb7eEYvhRv-UvIjcyVzCUbWEmZ_hoCdUgQAvD_BwE" "Mozilla/5.0 (iPhone; CPU iPhone OS 17_7 like Mac OS X) AppleWebKit/605.1.15 (KHTML, like Gecko) Version/17.7 Mobile/15E148 Safari/604.1"
78.209.128.147 - - [15/Jul/2026:08:08:11 +0200] "GET /wp-content/plugins/elementor/assets/css/widget-icon-list.min.css?ver=3.24.3 HTTP/2.0" 200 928 "https://parma.elettroservicegroup.it/assistenza-indesit-parma/?gad_source=1&gad_campaignid=23795906066&gbraid=0AAAABDgs-LTftWwAv4080Vb_GHOkQhpDC&gclid=CjwKCAjwvNfSBhBiEiwAyaGMCW5ACdNeSuO5qsTJPLc6u2qKpgdb7eEYvhRv-UvIjcyVzCUbWEmZ_hoCdUgQAvD_BwE" "Mozilla/5.0 (iPhone; CPU iPhone OS 17_7 like Mac OS X) AppleWebKit/605.1.15 (KHTML, like Gecko) Version/17.7 Mobile/15E148 Safari/604.1"
78.209.128.147 - - [15/Jul/2026:08:08:11 +0200] "GET /wp-content/plugins/elementor/assets/css/widget-social-icons.min.css?ver=3.24.0 HTTP/2.0" 200 1039 "https://parma.elettroservicegroup.it/assistenza-indesit-parma/?gad_source=1&gad_campaignid=23795906066&gbraid=0AAAABDgs-LTftWwAv4080Vb_GHOkQhpDC&gclid=CjwKCAjwvNfSBhBiEiwAyaGMCW5ACdNeSuO5qsTJPLc6u2qKpgdb7eEYvhRv-UvIjcyVzCUbWEmZ_hoCdUgQAvD_BwE" "Mozilla/5.0 (iPhone; CPU iPhone OS 17_7 like Mac OS X) AppleWebKit/605.1.15 (KHTML, like Gecko) Version/17.7 Mobile/15E148 Safari/604.1"
78.209.128.147 - - [15/Jul/2026:08:08:11 +0200] "GET /wp-content/plugins/elementor/assets/lib/font-awesome/css/regular.min.css?ver=5.15.3 HTTP/2.0" 200 282 "https://parma.elettroservicegroup.it/assistenza-indesit-parma/?gad_source=1&gad_campaignid=23795906066&gbraid=0AAAABDgs-LTftWwAv4080Vb_GHOkQhpDC&gclid=CjwKCAjwvNfSBhBiEiwAyaGMCW5ACdNeSuO5qsTJPLc6u2qKpgdb7eEYvhRv-UvIjcyVzCUbWEmZ_hoCdUgQAvD_BwE" "Mozilla/5.0 (iPhone; CPU iPhone OS 17_7 like Mac OS X) AppleWebKit/605.1.15 (KHTML, like Gecko) Version/17.7 Mobile/15E148 Safari/604.1"
78.209.128.147 - - [15/Jul/2026:08:08:11 +0200] "GET /wp-content/plugins/elementor/assets/lib/font-awesome/css/brands.css?ver=5.15.3 HTTP/2.0" 200 298 "https://parma.elettroservicegroup.it/assistenza-indesit-parma/?gad_source=1&gad_campaignid=23795906066&gbraid=0AAAABDgs-LTftWwAv4080Vb_GHOkQhpDC&gclid=CjwKCAjwvNfSBhBiEiwAyaGMCW5ACdNeSuO5qsTJPLc6u2qKpgdb7eEYvhRv-UvIjcyVzCUbWEmZ_hoCdUgQAvD_BwE" "Mozilla/5.0 (iPhone; CPU iPhone OS 17_7 like Mac OS X) AppleWebKit/605.1.15 (KHTML, like Gecko) Version/17.7 Mobile/15E148 Safari/604.1"
78.209.128.147 - - [15/Jul/2026:08:08:11 +0200] "GET /wp-content/plugins/elementor/assets/lib/eicons/css/elementor-icons.min.css?ver=5.34.0 HTTP/2.0" 200 4125 "https://parma.elettroservicegroup.it/assistenza-indesit-parma/?gad_source=1&gad_campaignid=23795906066&gbraid=0AAAABDgs-LTftWwAv4080Vb_GHOkQhpDC&gclid=CjwKCAjwvNfSBhBiEiwAyaGMCW5ACdNeSuO5qsTJPLc6u2qKpgdb7eEYvhRv-UvIjcyVzCUbWEmZ_hoCdUgQAvD_BwE" "Mozilla/5.0 (iPhone; CPU iPhone OS 17_7 like Mac OS X) AppleWebKit/605.1.15 (KHTML, like Gecko) Version/17.7 Mobile/15E148 Safari/604.1"
78.209.128.147 - - [15/Jul/2026:08:08:11 +0200] "GET /wp-content/uploads/elementor/google-fonts/css/roboto.css?ver=1742280360 HTTP/2.0" 200 1880 "https://parma.elettroservicegroup.it/assistenza-indesit-parma/?gad_source=1&gad_campaignid=23795906066&gbraid=0AAAABDgs-LTftWwAv4080Vb_GHOkQhpDC&gclid=CjwKCAjwvNfSBhBiEiwAyaGMCW5ACdNeSuO5qsTJPLc6u2qKpgdb7eEYvhRv-UvIjcyVzCUbWEmZ_hoCdUgQAvD_BwE" "Mozilla/5.0 (iPhone; CPU iPhone OS 17_7 like Mac OS X) AppleWebKit/605.1.15 (KHTML, like Gecko) Version/17.7 Mobile/15E148 Safari/604.1"
78.209.128.147 - - [15/Jul/2026:08:08:11 +0200] "GET /wp-content/plugins/elementor/assets/lib/font-awesome/css/fontawesome.css?ver=5.15.3 HTTP/2.0" 200 12535 "https://parma.elettroservicegroup.it/assistenza-indesit-parma/?gad_source=1&gad_campaignid=23795906066&gbraid=0AAAABDgs-LTftWwAv4080Vb_GHOkQhpDC&gclid=CjwKCAjwvNfSBhBiEiwAyaGMCW5ACdNeSuO5qsTJPLc6u2qKpgdb7eEYvhRv-UvIjcyVzCUbWEmZ_hoCdUgQAvD_BwE" "Mozilla/5.0 (iPhone; CPU iPhone OS 17_7 like Mac OS X) AppleWebKit/605.1.15 (KHTML, like Gecko) Version/17.7 Mobile/15E148 Safari/604.1"
78.209.128.147 - - [15/Jul/2026:08:08:11 +0200] "GET /wp-content/plugins/elementor/assets/lib/font-awesome/css/fontawesome.min.css?ver=5.15.3 HTTP/2.0" 200 12179 "https://parma.elettroservicegroup.it/assistenza-indesit-parma/?gad_source=1&gad_campaignid=23795906066&gbraid=0AAAABDgs-LTftWwAv4080Vb_GHOkQhpDC&gclid=CjwKCAjwvNfSBhBiEiwAyaGMCW5ACdNeSuO5qsTJPLc6u2qKpgdb7eEYvhRv-UvIjcyVzCUbWEmZ_hoCdUgQAvD_BwE" "Mozilla/5.0 (iPhone; CPU iPhone OS 17_7 like Mac OS X) AppleWebKit/605.1.15 (KHTML, like Gecko) Version/17.7 Mobile/15E148 Safari/604.1"
78.209.128.147 - - [15/Jul/2026:08:08:11 +0200] "GET /wp-includes/js/jquery/jquery.min.js?ver=3.7.1 HTTP/2.0" 200 29769 "https://parma.elettroservicegroup.it/assistenza-indesit-parma/?gad_source=1&gad_campaignid=23795906066&gbraid=0AAAABDgs-LTftWwAv4080Vb_GHOkQhpDC&gclid=CjwKCAjwvNfSBhBiEiwAyaGMCW5ACdNeSuO5qsTJPLc6u2qKpgdb7eEYvhRv-UvIjcyVzCUbWEmZ_hoCdUgQAvD_BwE" "Mozilla/5.0 (iPhone; CPU iPhone OS 17_7 like Mac OS X) AppleWebKit/605.1.15 (KHTML, like Gecko) Version/17.7 Mobile/15E148 Safari/604.1"
78.209.128.147 - - [15/Jul/2026:08:08:11 +0200] "GET /wp-content/uploads/2021/10/cropped-cropped-cropped-logo_white_background.png HTTP/2.0" 200 38971 "https://parma.elettroservicegroup.it/assistenza-indesit-parma/?gad_source=1&gad_campaignid=23795906066&gbraid=0AAAABDgs-LTftWwAv4080Vb_GHOkQhpDC&gclid=CjwKCAjwvNfSBhBiEiwAyaGMCW5ACdNeSuO5qsTJPLc6u2qKpgdb7eEYvhRv-UvIjcyVzCUbWEmZ_hoCdUgQAvD_BwE" "Mozilla/5.0 (iPhone; CPU iPhone OS 17_7 like Mac OS X) AppleWebKit/605.1.15 (KHTML, like Gecko) Version/17.7 Mobile/15E148 Safari/604.1"
