89.97.33.111 - - [14/Jul/2026:14:10:53 +0200] "POST /wp-content/plugins/burst-statistics/endpoint.php HTTP/2.0" 200 1 "https://parma.elettroservicegroup.it/assistenza-bosch-parma/" "Mozilla/5.0 (Windows NT 10.0; Win64; x64) AppleWebKit/537.36 (KHTML, like Gecko) Chrome/149.0.0.0 Safari/537.36"
89.97.33.111 - - [14/Jul/2026:14:10:54 +0200] "POST /wp-content/plugins/burst-statistics/endpoint.php HTTP/2.0" 200 1 "https://parma.elettroservicegroup.it/assistenza-bosch-parma/" "Mozilla/5.0 (Windows NT 10.0; Win64; x64) AppleWebKit/537.36 (KHTML, like Gecko) Chrome/149.0.0.0 Safari/537.36"
65.108.235.243 - - [14/Jul/2026:14:10:59 +0200] "POST /wp-cron.php?doing_wp_cron=1784031059.3412289619445800781250 HTTP/1.1" 200 1 "-" "WordPress/7.0.1; https://parma.elettroservicegroup.it"
89.97.33.111 - - [14/Jul/2026:14:10:54 +0200] "POST /wp-json/complianz/v1/track HTTP/2.0" 200 20 "https://parma.elettroservicegroup.it/assistenza-bosch-parma/" "Mozilla/5.0 (Windows NT 10.0; Win64; x64) AppleWebKit/537.36 (KHTML, like Gecko) Chrome/149.0.0.0 Safari/537.36"
65.108.235.243 - - [14/Jul/2026:14:11:02 +0200] "POST /wp-json/complianz/v1/wsc-scan HTTP/1.1" 400 88 "-" "WordPress/7.0.1; https://parma.elettroservicegroup.it"
89.97.33.111 - - [14/Jul/2026:14:11:13 +0200] "POST /wp-content/plugins/burst-statistics/endpoint.php HTTP/2.0" 200 1 "https://parma.elettroservicegroup.it/assistenza-bosch-parma/" "Mozilla/5.0 (Windows NT 10.0; Win64; x64) AppleWebKit/537.36 (KHTML, like Gecko) Chrome/149.0.0.0 Safari/537.36"
65.108.235.243 - - [14/Jul/2026:14:15:57 +0200] "POST /wp-cron.php?doing_wp_cron=1784031357.3385689258575439453125 HTTP/1.1" 200 1 "-" "WordPress/7.0.1; https://parma.elettroservicegroup.it"
78.211.42.221 - - [14/Jul/2026:14:15:43 +0200] "GET /assistenza-lavastoviglie-parma/?gad_source=1&gad_campaignid=23795906066&gbraid=0AAAABDgs-LS5UR-3v1NsQf9LkZsgx5p2s&gclid=Cj0KCQjwjb3SBhDgARIsAMKiWzjvwxKlSt0MCOrQC4i6a9VwhqkYHoSK0C-H9m7p1jewuMvph5jTztYaAtWJEALw_wcB HTTP/2.0" 200 - "-" "Mozilla/5.0 (iPhone; CPU iPhone OS 18_7 like Mac OS X) AppleWebKit/605.1.15 (KHTML, like Gecko) Version/26.5.2 Mobile/15E148 Safari/604.1"
162.120.187.143 - - [14/Jul/2026:14:21:10 +0200] "GET / HTTP/2.0" 200 - "https://www.google.com/" "Mozilla/5.0 (Windows NT 10.0; Win64; x64) AppleWebKit/537.36 (KHTML, like Gecko) Chrome/150.0.0.0 Safari/537.36"
142.250.32.101 - - [14/Jul/2026:14:21:09 +0200] "GET /.well-known/traffic-advice HTTP/1.1" 404 17007 "-" "Chrome Privacy Preserving Prefetch Proxy"
65.108.235.243 - - [14/Jul/2026:14:21:21 +0200] "POST /wp-cron.php?doing_wp_cron=1784031681.5383720397949218750000 HTTP/1.1" 200 1 "-" "WordPress/7.0.1; https://parma.elettroservicegroup.it"
142.250.32.102 - - [14/Jul/2026:14:21:09 +0200] "GET /.well-known/traffic-advice HTTP/1.1" 404 17007 "-" "Chrome Privacy Preserving Prefetch Proxy"
80.180.71.72 - - [14/Jul/2026:14:31:17 +0200] "POST /wp-content/plugins/burst-statistics/endpoint.php HTTP/2.0" 200 1 "https://parma.elettroservicegroup.it/assistenza-lavatrici-parma/?gad_source=1&gad_campaignid=23795906066&gbraid=0AAAABDgs-LTyB8Wmq5yIfEmfgQ_04nZSE&gclid=Cj0KCQjwjb3SBhDgARIsAMKiWzg9i2ZjIXQdHb9-xTGVAljVrj0c39OBUrLOO314agshOL76kAA-KDkaAiZkEALw_wcB" "Mozilla/5.0 (iPhone; CPU iPhone OS 18_7 like Mac OS X) AppleWebKit/605.1.15 (KHTML, like Gecko) Version/26.5.2 Mobile/15E148 Safari/604.1"
65.108.235.243 - - [14/Jul/2026:14:31:26 +0200] "POST /wp-cron.php?doing_wp_cron=1784032286.7314980030059814453125 HTTP/1.1" 200 1 "-" "WordPress/7.0.1; https://parma.elettroservicegroup.it"
80.180.71.72 - - [14/Jul/2026:14:31:17 +0200] "GET /wp-json/complianz/v1/banner?lang=it&locale=it_IT&token=acwks HTTP/2.0" 200 81 "https://parma.elettroservicegroup.it/assistenza-lavatrici-parma/?gad_source=1&gad_campaignid=23795906066&gbraid=0AAAABDgs-LTyB8Wmq5yIfEmfgQ_04nZSE&gclid=Cj0KCQjwjb3SBhDgARIsAMKiWzg9i2ZjIXQdHb9-xTGVAljVrj0c39OBUrLOO314agshOL76kAA-KDkaAiZkEALw_wcB" "Mozilla/5.0 (iPhone; CPU iPhone OS 18_7 like Mac OS X) AppleWebKit/605.1.15 (KHTML, like Gecko) Version/26.5.2 Mobile/15E148 Safari/604.1"
80.180.71.72 - - [14/Jul/2026:14:31:28 +0200] "POST /wp-content/plugins/burst-statistics/endpoint.php HTTP/2.0" 200 1 "https://parma.elettroservicegroup.it/assistenza-lavatrici-parma/?gad_source=1&gad_campaignid=23795906066&gbraid=0AAAABDgs-LTyB8Wmq5yIfEmfgQ_04nZSE&gclid=Cj0KCQjwjb3SBhDgARIsAMKiWzg9i2ZjIXQdHb9-xTGVAljVrj0c39OBUrLOO314agshOL76kAA-KDkaAiZkEALw_wcB" "Mozilla/5.0 (iPhone; CPU iPhone OS 18_7 like Mac OS X) AppleWebKit/605.1.15 (KHTML, like Gecko) Version/26.5.2 Mobile/15E148 Safari/604.1"
80.180.71.72 - - [14/Jul/2026:14:31:27 +0200] "GET /wp-json/complianz/v1/cookie_data HTTP/2.0" 200 - "https://parma.elettroservicegroup.it/assistenza-lavatrici-parma/?gad_source=1&gad_campaignid=23795906066&gbraid=0AAAABDgs-LTyB8Wmq5yIfEmfgQ_04nZSE&gclid=Cj0KCQjwjb3SBhDgARIsAMKiWzg9i2ZjIXQdHb9-xTGVAljVrj0c39OBUrLOO314agshOL76kAA-KDkaAiZkEALw_wcB" "Mozilla/5.0 (iPhone; CPU iPhone OS 18_7 like Mac OS X) AppleWebKit/605.1.15 (KHTML, like Gecko) Version/26.5.2 Mobile/15E148 Safari/604.1"
65.108.235.243 - - [14/Jul/2026:14:42:52 +0200] "POST /wp-cron.php?doing_wp_cron=1784032972.7322809696197509765625 HTTP/1.1" 200 1 "-" "WordPress/7.0.1; https://parma.elettroservicegroup.it"
79.140.115.145 - - [14/Jul/2026:14:42:42 +0200] "GET /wp-login.php HTTP/2.0" 200 2798 "-" "Mozilla/5.0 (Windows NT 10.0; Win64; x64) AppleWebKit/537.36 (KHTML, like Gecko) Chrome/124.0.0.0 Safari/537.36"
79.140.115.145 - - [14/Jul/2026:14:42:54 +0200] "POST /xmlrpc.php HTTP/2.0" 403 52 "-" "Mozilla/5.0 (Macintosh; Intel Mac OS X 10_15_7) AppleWebKit/605.1.15 (KHTML, like Gecko) Version/18.0 Safari/605.1.15"
37.6.0.177 - - [14/Jul/2026:14:43:27 +0200] "POST /xmlrpc.php HTTP/2.0" 403 52 "-" "Mozilla/5.0 (Macintosh; Intel Mac OS X 10_15_7) AppleWebKit/605.1.15 (KHTML, like Gecko) Version/18.0 Safari/605.1.15"
94.34.83.4 - - [14/Jul/2026:14:43:39 +0200] "POST /xmlrpc.php HTTP/2.0" 200 11882 "-" "Mozilla/5.0 (Windows NT 10.0; Win64; x64) AppleWebKit/537.36 (KHTML, like Gecko) Chrome/124.0.0.0 Safari/537.36"
65.108.235.243 - - [14/Jul/2026:14:58:56 +0200] "POST /wp-cron.php?doing_wp_cron=1784033936.0309689044952392578125 HTTP/1.1" 200 1 "-" "WordPress/7.0.1; https://parma.elettroservicegroup.it"
216.73.216.242 - - [14/Jul/2026:14:58:46 +0200] "GET /robots.txt HTTP/2.0" 200 104 "-" "Mozilla/5.0 AppleWebKit/537.36 (KHTML, like Gecko; compatible; ClaudeBot/1.0; +claudebot@anthropic.com)"
216.73.216.242 - - [14/Jul/2026:14:59:06 +0200] "GET /?p=17461 HTTP/2.0" 301 1 "-" "Mozilla/5.0 AppleWebKit/537.36 (KHTML, like Gecko; compatible; ClaudeBot/1.0; +claudebot@anthropic.com)"
216.73.216.242 - - [14/Jul/2026:14:59:06 +0200] "GET /?p=17468 HTTP/2.0" 301 1 "-" "Mozilla/5.0 AppleWebKit/537.36 (KHTML, like Gecko; compatible; ClaudeBot/1.0; +claudebot@anthropic.com)"
216.73.216.242 - - [14/Jul/2026:14:59:08 +0200] "GET /privacy-statement-eu/ HTTP/2.0" 200 20396 "https://parma.elettroservicegroup.it/?p=17461" "Mozilla/5.0 AppleWebKit/537.36 (KHTML, like Gecko; compatible; ClaudeBot/1.0; +claudebot@anthropic.com)"
216.73.216.242 - - [14/Jul/2026:14:59:08 +0200] "GET /imprint/ HTTP/2.0" 200 17782 "https://parma.elettroservicegroup.it/?p=17468" "Mozilla/5.0 AppleWebKit/537.36 (KHTML, like Gecko; compatible; ClaudeBot/1.0; +claudebot@anthropic.com)"
130.49.115.120 - - [14/Jul/2026:15:01:56 +0200] "HEAD / HTTP/1.1" 200 - "-" "curl/8.6.0"
65.108.235.243 - - [14/Jul/2026:15:37:13 +0200] "POST /wp-cron.php?doing_wp_cron=1784036233.9503479003906250000000 HTTP/1.1" 200 1 "-" "WordPress/7.0.1; https://parma.elettroservicegroup.it"
66.249.89.134 - - [14/Jul/2026:15:37:12 +0200] "GET /assistenza-frigoriferi/ HTTP/1.1" 200 20813 "-" "Mozilla/5.0 (Linux; Android 6.0.1; Nexus 5X Build/MMB29P) AppleWebKit/537.36 (KHTML, like Gecko) Chrome/150.0.7871.46 Mobile Safari/537.36 (compatible; AdsBot-Google-Mobile; +http://www.google.com/mobile/adsbot.html)"
65.108.235.243 - - [14/Jul/2026:15:37:14 +0200] "POST /wp-json/complianz/v1/wsc-scan HTTP/1.1" 400 88 "-" "WordPress/7.0.1; https://parma.elettroservicegroup.it"
66.249.89.134 - - [14/Jul/2026:15:37:15 +0200] "GET /wp-content/uploads/elementor/css/post-15287.css?ver=1783880019 HTTP/1.1" 200 2007 "https://parma.elettroservicegroup.it/assistenza-frigoriferi/" "AdsBot-Google (+http://www.google.com/adsbot.html)"
66.249.89.134 - - [14/Jul/2026:15:37:16 +0200] "GET /wp-content/uploads/burst/js/burst.min.js?ver=1784023089 HTTP/1.1" 200 3411 "https://parma.elettroservicegroup.it/assistenza-frigoriferi/" "AdsBot-Google (+http://www.google.com/adsbot.html)"
65.108.235.243 - - [14/Jul/2026:15:38:06 +0200] "POST /wp-cron.php?doing_wp_cron=1784036286.6040549278259277343750 HTTP/1.1" 200 1 "-" "WordPress/7.0.1; https://parma.elettroservicegroup.it"
37.159.65.104 - - [14/Jul/2026:15:38:04 +0200] "GET /assistenza-whirlpool-parma/?gad_source=1&gad_campaignid=23795906066&gclid=CjwKCAjwvNfSBhBiEiwAyaGMCfIgOAU-gd3uV9640yiw6fweclfxccHUyb1CPeRM_90JMMZlCJIy4BoCDc8QAvD_BwE HTTP/2.0" 200 22877 "https://www.google.com/" "Mozilla/5.0 (iPhone; CPU iPhone OS 26_5_2 like Mac OS X) AppleWebKit/605.1.15 (KHTML, like Gecko) CriOS/150.0.7871.113 Mobile/15E148 Safari/604.1"
37.159.65.104 - - [14/Jul/2026:15:38:06 +0200] "GET /wp-content/plugins/all-in-one-seo-pack/dist/Lite/assets/css/table-of-contents/global.e90f6d47.css?ver=4.9.10 HTTP/2.0" 200 420 "https://parma.elettroservicegroup.it/assistenza-whirlpool-parma/?gad_source=1&gad_campaignid=23795906066&gclid=CjwKCAjwvNfSBhBiEiwAyaGMCfIgOAU-gd3uV9640yiw6fweclfxccHUyb1CPeRM_90JMMZlCJIy4BoCDc8QAvD_BwE" "Mozilla/5.0 (iPhone; CPU iPhone OS 26_5_2 like Mac OS X) AppleWebKit/605.1.15 (KHTML, like Gecko) CriOS/150.0.7871.113 Mobile/15E148 Safari/604.1"
37.159.65.104 - - [14/Jul/2026:15:38:06 +0200] "GET /wp-content/plugins/complianz-gdpr-premium/assets/css/cookieblocker.min.css?ver=1783097331 HTTP/2.0" 200 615 "https://parma.elettroservicegroup.it/assistenza-whirlpool-parma/?gad_source=1&gad_campaignid=23795906066&gclid=CjwKCAjwvNfSBhBiEiwAyaGMCfIgOAU-gd3uV9640yiw6fweclfxccHUyb1CPeRM_90JMMZlCJIy4BoCDc8QAvD_BwE" "Mozilla/5.0 (iPhone; CPU iPhone OS 26_5_2 like Mac OS X) AppleWebKit/605.1.15 (KHTML, like Gecko) CriOS/150.0.7871.113 Mobile/15E148 Safari/604.1"
37.159.65.104 - - [14/Jul/2026:15:38:06 +0200] "GET /wp-content/plugins/header-footer-elementor/assets/css/header-footer-elementor.css?ver=2.9.1 HTTP/2.0" 200 260 "https://parma.elettroservicegroup.it/assistenza-whirlpool-parma/?gad_source=1&gad_campaignid=23795906066&gclid=CjwKCAjwvNfSBhBiEiwAyaGMCfIgOAU-gd3uV9640yiw6fweclfxccHUyb1CPeRM_90JMMZlCJIy4BoCDc8QAvD_BwE" "Mozilla/5.0 (iPhone; CPU iPhone OS 26_5_2 like Mac OS X) AppleWebKit/605.1.15 (KHTML, like Gecko) CriOS/150.0.7871.113 Mobile/15E148 Safari/604.1"
37.159.65.104 - - [14/Jul/2026:15:38:06 +0200] "GET /wp-content/plugins/elementor/assets/lib/eicons/css/elementor-icons.min.css?ver=5.50.0 HTTP/2.0" 200 4125 "https://parma.elettroservicegroup.it/assistenza-whirlpool-parma/?gad_source=1&gad_campaignid=23795906066&gclid=CjwKCAjwvNfSBhBiEiwAyaGMCfIgOAU-gd3uV9640yiw6fweclfxccHUyb1CPeRM_90JMMZlCJIy4BoCDc8QAvD_BwE" "Mozilla/5.0 (iPhone; CPU iPhone OS 26_5_2 like Mac OS X) AppleWebKit/605.1.15 (KHTML, like Gecko) CriOS/150.0.7871.113 Mobile/15E148 Safari/604.1"
37.159.65.104 - - [14/Jul/2026:15:38:06 +0200] "GET /wp-content/plugins/header-footer-elementor/inc/widgets-css/frontend.css?ver=2.9.1 HTTP/2.0" 200 8711 "https://parma.elettroservicegroup.it/assistenza-whirlpool-parma/?gad_source=1&gad_campaignid=23795906066&gclid=CjwKCAjwvNfSBhBiEiwAyaGMCfIgOAU-gd3uV9640yiw6fweclfxccHUyb1CPeRM_90JMMZlCJIy4BoCDc8QAvD_BwE" "Mozilla/5.0 (iPhone; CPU iPhone OS 26_5_2 like Mac OS X) AppleWebKit/605.1.15 (KHTML, like Gecko) CriOS/150.0.7871.113 Mobile/15E148 Safari/604.1"
37.159.65.104 - - [14/Jul/2026:15:38:06 +0200] "GET /wp-content/plugins/elementor/assets/css/frontend.min.css?ver=4.1.4 HTTP/2.0" 200 6618 "https://parma.elettroservicegroup.it/assistenza-whirlpool-parma/?gad_source=1&gad_campaignid=23795906066&gclid=CjwKCAjwvNfSBhBiEiwAyaGMCfIgOAU-gd3uV9640yiw6fweclfxccHUyb1CPeRM_90JMMZlCJIy4BoCDc8QAvD_BwE" "Mozilla/5.0 (iPhone; CPU iPhone OS 26_5_2 like Mac OS X) AppleWebKit/605.1.15 (KHTML, like Gecko) CriOS/150.0.7871.113 Mobile/15E148 Safari/604.1"
37.159.65.104 - - [14/Jul/2026:15:38:06 +0200] "GET /wp-content/plugins/elementor/assets/lib/animations/styles/bounceIn.min.css?ver=4.1.4 HTTP/2.0" 200 186 "https://parma.elettroservicegroup.it/assistenza-whirlpool-parma/?gad_source=1&gad_campaignid=23795906066&gclid=CjwKCAjwvNfSBhBiEiwAyaGMCfIgOAU-gd3uV9640yiw6fweclfxccHUyb1CPeRM_90JMMZlCJIy4BoCDc8QAvD_BwE" "Mozilla/5.0 (iPhone; CPU iPhone OS 26_5_2 like Mac OS X) AppleWebKit/605.1.15 (KHTML, like Gecko) CriOS/150.0.7871.113 Mobile/15E148 Safari/604.1"
37.159.65.104 - - [14/Jul/2026:15:38:06 +0200] "GET /wp-content/plugins/elementor/assets/css/widget-spacer.min.css?ver=4.1.4 HTTP/2.0" 200 287 "https://parma.elettroservicegroup.it/assistenza-whirlpool-parma/?gad_source=1&gad_campaignid=23795906066&gclid=CjwKCAjwvNfSBhBiEiwAyaGMCfIgOAU-gd3uV9640yiw6fweclfxccHUyb1CPeRM_90JMMZlCJIy4BoCDc8QAvD_BwE" "Mozilla/5.0 (iPhone; CPU iPhone OS 26_5_2 like Mac OS X) AppleWebKit/605.1.15 (KHTML, like Gecko) CriOS/150.0.7871.113 Mobile/15E148 Safari/604.1"
37.159.65.104 - - [14/Jul/2026:15:38:06 +0200] "GET /wp-content/plugins/elementor/assets/css/widget-heading.min.css?ver=4.1.4 HTTP/2.0" 200 127 "https://parma.elettroservicegroup.it/assistenza-whirlpool-parma/?gad_source=1&gad_campaignid=23795906066&gclid=CjwKCAjwvNfSBhBiEiwAyaGMCfIgOAU-gd3uV9640yiw6fweclfxccHUyb1CPeRM_90JMMZlCJIy4BoCDc8QAvD_BwE" "Mozilla/5.0 (iPhone; CPU iPhone OS 26_5_2 like Mac OS X) AppleWebKit/605.1.15 (KHTML, like Gecko) CriOS/150.0.7871.113 Mobile/15E148 Safari/604.1"
37.159.65.104 - - [14/Jul/2026:15:38:06 +0200] "GET /wp-content/uploads/elementor/css/post-14146.css?ver=1783696393 HTTP/2.0" 200 428 "https://parma.elettroservicegroup.it/assistenza-whirlpool-parma/?gad_source=1&gad_campaignid=23795906066&gclid=CjwKCAjwvNfSBhBiEiwAyaGMCfIgOAU-gd3uV9640yiw6fweclfxccHUyb1CPeRM_90JMMZlCJIy4BoCDc8QAvD_BwE" "Mozilla/5.0 (iPhone; CPU iPhone OS 26_5_2 like Mac OS X) AppleWebKit/605.1.15 (KHTML, like Gecko) CriOS/150.0.7871.113 Mobile/15E148 Safari/604.1"
37.159.65.104 - - [14/Jul/2026:15:38:06 +0200] "GET /wp-content/plugins/elementor/assets/lib/font-awesome/css/v4-shims.min.css?ver=4.1.4 HTTP/2.0" 200 3986 "https://parma.elettroservicegroup.it/assistenza-whirlpool-parma/?gad_source=1&gad_campaignid=23795906066&gclid=CjwKCAjwvNfSBhBiEiwAyaGMCfIgOAU-gd3uV9640yiw6fweclfxccHUyb1CPeRM_90JMMZlCJIy4BoCDc8QAvD_BwE" "Mozilla/5.0 (iPhone; CPU iPhone OS 26_5_2 like Mac OS X) AppleWebKit/605.1.15 (KHTML, like Gecko) CriOS/150.0.7871.113 Mobile/15E148 Safari/604.1"
37.159.65.104 - - [14/Jul/2026:15:38:06 +0200] "GET /wp-content/plugins/elementor/assets/css/widget-image.min.css?ver=4.1.4 HTTP/2.0" 200 96 "https://parma.elettroservicegroup.it/assistenza-whirlpool-parma/?gad_source=1&gad_campaignid=23795906066&gclid=CjwKCAjwvNfSBhBiEiwAyaGMCfIgOAU-gd3uV9640yiw6fweclfxccHUyb1CPeRM_90JMMZlCJIy4BoCDc8QAvD_BwE" "Mozilla/5.0 (iPhone; CPU iPhone OS 26_5_2 like Mac OS X) AppleWebKit/605.1.15 (KHTML, like Gecko) CriOS/150.0.7871.113 Mobile/15E148 Safari/604.1"
37.159.65.104 - - [14/Jul/2026:15:38:06 +0200] "GET /wp-content/uploads/elementor/css/post-14366.css?ver=1783696395 HTTP/2.0" 200 302 "https://parma.elettroservicegroup.it/assistenza-whirlpool-parma/?gad_source=1&gad_campaignid=23795906066&gclid=CjwKCAjwvNfSBhBiEiwAyaGMCfIgOAU-gd3uV9640yiw6fweclfxccHUyb1CPeRM_90JMMZlCJIy4BoCDc8QAvD_BwE" "Mozilla/5.0 (iPhone; CPU iPhone OS 26_5_2 like Mac OS X) AppleWebKit/605.1.15 (KHTML, like Gecko) CriOS/150.0.7871.113 Mobile/15E148 Safari/604.1"
37.159.65.104 - - [14/Jul/2026:15:38:06 +0200] "GET /wp-content/plugins/elementor/assets/lib/font-awesome/css/all.min.css?ver=4.1.4 HTTP/2.0" 200 12402 "https://parma.elettroservicegroup.it/assistenza-whirlpool-parma/?gad_source=1&gad_campaignid=23795906066&gclid=CjwKCAjwvNfSBhBiEiwAyaGMCfIgOAU-gd3uV9640yiw6fweclfxccHUyb1CPeRM_90JMMZlCJIy4BoCDc8QAvD_BwE" "Mozilla/5.0 (iPhone; CPU iPhone OS 26_5_2 like Mac OS X) AppleWebKit/605.1.15 (KHTML, like Gecko) CriOS/150.0.7871.113 Mobile/15E148 Safari/604.1"
37.159.65.104 - - [14/Jul/2026:15:38:06 +0200] "GET /wp-content/plugins/elementor/assets/lib/animations/styles/zoomIn.min.css?ver=4.1.4 HTTP/2.0" 200 87 "https://parma.elettroservicegroup.it/assistenza-whirlpool-parma/?gad_source=1&gad_campaignid=23795906066&gclid=CjwKCAjwvNfSBhBiEiwAyaGMCfIgOAU-gd3uV9640yiw6fweclfxccHUyb1CPeRM_90JMMZlCJIy4BoCDc8QAvD_BwE" "Mozilla/5.0 (iPhone; CPU iPhone OS 26_5_2 like Mac OS X) AppleWebKit/605.1.15 (KHTML, like Gecko) CriOS/150.0.7871.113 Mobile/15E148 Safari/604.1"
37.159.65.104 - - [14/Jul/2026:15:38:06 +0200] "GET /wp-content/uploads/elementor/css/post-17366.css?ver=1783765384 HTTP/2.0" 200 2160 "https://parma.elettroservicegroup.it/assistenza-whirlpool-parma/?gad_source=1&gad_campaignid=23795906066&gclid=CjwKCAjwvNfSBhBiEiwAyaGMCfIgOAU-gd3uV9640yiw6fweclfxccHUyb1CPeRM_90JMMZlCJIy4BoCDc8QAvD_BwE" "Mozilla/5.0 (iPhone; CPU iPhone OS 26_5_2 like Mac OS X) AppleWebKit/605.1.15 (KHTML, like Gecko) CriOS/150.0.7871.113 Mobile/15E148 Safari/604.1"
37.159.65.104 - - [14/Jul/2026:15:38:06 +0200] "GET /wp-content/plugins/elementor/assets/lib/eicons/css/elementor-icons.min.css?ver=5.34.0 HTTP/2.0" 200 4125 "https://parma.elettroservicegroup.it/assistenza-whirlpool-parma/?gad_source=1&gad_campaignid=23795906066&gclid=CjwKCAjwvNfSBhBiEiwAyaGMCfIgOAU-gd3uV9640yiw6fweclfxccHUyb1CPeRM_90JMMZlCJIy4BoCDc8QAvD_BwE" "Mozilla/5.0 (iPhone; CPU iPhone OS 26_5_2 like Mac OS X) AppleWebKit/605.1.15 (KHTML, like Gecko) CriOS/150.0.7871.113 Mobile/15E148 Safari/604.1"
37.159.65.104 - - [14/Jul/2026:15:38:06 +0200] "GET /wp-content/plugins/elementor/assets/css/widget-icon-list.min.css?ver=3.24.3 HTTP/2.0" 200 928 "https://parma.elettroservicegroup.it/assistenza-whirlpool-parma/?gad_source=1&gad_campaignid=23795906066&gclid=CjwKCAjwvNfSBhBiEiwAyaGMCfIgOAU-gd3uV9640yiw6fweclfxccHUyb1CPeRM_90JMMZlCJIy4BoCDc8QAvD_BwE" "Mozilla/5.0 (iPhone; CPU iPhone OS 26_5_2 like Mac OS X) AppleWebKit/605.1.15 (KHTML, like Gecko) CriOS/150.0.7871.113 Mobile/15E148 Safari/604.1"
37.159.65.104 - - [14/Jul/2026:15:38:06 +0200] "GET /wp-content/plugins/elementor/assets/lib/font-awesome/css/brands.css?ver=5.15.3 HTTP/2.0" 200 298 "https://parma.elettroservicegroup.it/assistenza-whirlpool-parma/?gad_source=1&gad_campaignid=23795906066&gclid=CjwKCAjwvNfSBhBiEiwAyaGMCfIgOAU-gd3uV9640yiw6fweclfxccHUyb1CPeRM_90JMMZlCJIy4BoCDc8QAvD_BwE" "Mozilla/5.0 (iPhone; CPU iPhone OS 26_5_2 like Mac OS X) AppleWebKit/605.1.15 (KHTML, like Gecko) CriOS/150.0.7871.113 Mobile/15E148 Safari/604.1"
37.159.65.104 - - [14/Jul/2026:15:38:06 +0200] "GET /wp-content/plugins/elementor/assets/css/widget-social-icons.min.css?ver=3.24.0 HTTP/2.0" 200 1039 "https://parma.elettroservicegroup.it/assistenza-whirlpool-parma/?gad_source=1&gad_campaignid=23795906066&gclid=CjwKCAjwvNfSBhBiEiwAyaGMCfIgOAU-gd3uV9640yiw6fweclfxccHUyb1CPeRM_90JMMZlCJIy4BoCDc8QAvD_BwE" "Mozilla/5.0 (iPhone; CPU iPhone OS 26_5_2 like Mac OS X) AppleWebKit/605.1.15 (KHTML, like Gecko) CriOS/150.0.7871.113 Mobile/15E148 Safari/604.1"
37.159.65.104 - - [14/Jul/2026:15:38:06 +0200] "GET /wp-content/plugins/elementor/assets/lib/font-awesome/css/regular.min.css?ver=5.15.3 HTTP/2.0" 200 282 "https://parma.elettroservicegroup.it/assistenza-whirlpool-parma/?gad_source=1&gad_campaignid=23795906066&gclid=CjwKCAjwvNfSBhBiEiwAyaGMCfIgOAU-gd3uV9640yiw6fweclfxccHUyb1CPeRM_90JMMZlCJIy4BoCDc8QAvD_BwE" "Mozilla/5.0 (iPhone; CPU iPhone OS 26_5_2 like Mac OS X) AppleWebKit/605.1.15 (KHTML, like Gecko) CriOS/150.0.7871.113 Mobile/15E148 Safari/604.1"
37.159.65.104 - - [14/Jul/2026:15:38:06 +0200] "GET /wp-content/themes/generatepress/assets/css/main.min.css?ver=3.6.1 HTTP/2.0" 200 4410 "https://parma.elettroservicegroup.it/assistenza-whirlpool-parma/?gad_source=1&gad_campaignid=23795906066&gclid=CjwKCAjwvNfSBhBiEiwAyaGMCfIgOAU-gd3uV9640yiw6fweclfxccHUyb1CPeRM_90JMMZlCJIy4BoCDc8QAvD_BwE" "Mozilla/5.0 (iPhone; CPU iPhone OS 26_5_2 like Mac OS X) AppleWebKit/605.1.15 (KHTML, like Gecko) CriOS/150.0.7871.113 Mobile/15E148 Safari/604.1"
37.159.65.104 - - [14/Jul/2026:15:38:06 +0200] "GET /wp-content/plugins/elementor/assets/lib/font-awesome/css/solid.css?ver=5.15.3 HTTP/2.0" 200 299 "https://parma.elettroservicegroup.it/assistenza-whirlpool-parma/?gad_source=1&gad_campaignid=23795906066&gclid=CjwKCAjwvNfSBhBiEiwAyaGMCfIgOAU-gd3uV9640yiw6fweclfxccHUyb1CPeRM_90JMMZlCJIy4BoCDc8QAvD_BwE" "Mozilla/5.0 (iPhone; CPU iPhone OS 26_5_2 like Mac OS X) AppleWebKit/605.1.15 (KHTML, like Gecko) CriOS/150.0.7871.113 Mobile/15E148 Safari/604.1"
37.159.65.104 - - [14/Jul/2026:15:38:06 +0200] "GET /wp-content/plugins/gp-premium/menu-plus/functions/css/navigation-branding-flex.min.css?ver=2.5.5 HTTP/2.0" 200 542 "https://parma.elettroservicegroup.it/assistenza-whirlpool-parma/?gad_source=1&gad_campaignid=23795906066&gclid=CjwKCAjwvNfSBhBiEiwAyaGMCfIgOAU-gd3uV9640yiw6fweclfxccHUyb1CPeRM_90JMMZlCJIy4BoCDc8QAvD_BwE" "Mozilla/5.0 (iPhone; CPU iPhone OS 26_5_2 like Mac OS X) AppleWebKit/605.1.15 (KHTML, like Gecko) CriOS/150.0.7871.113 Mobile/15E148 Safari/604.1"
37.159.65.104 - - [14/Jul/2026:15:38:06 +0200] "GET /wp-content/uploads/2021/10/cropped-cropped-cropped-logo_white_background.png HTTP/2.0" 200 38971 "https://parma.elettroservicegroup.it/assistenza-whirlpool-parma/?gad_source=1&gad_campaignid=23795906066&gclid=CjwKCAjwvNfSBhBiEiwAyaGMCfIgOAU-gd3uV9640yiw6fweclfxccHUyb1CPeRM_90JMMZlCJIy4BoCDc8QAvD_BwE" "Mozilla/5.0 (iPhone; CPU iPhone OS 26_5_2 like Mac OS X) AppleWebKit/605.1.15 (KHTML, like Gecko) CriOS/150.0.7871.113 Mobile/15E148 Safari/604.1"
37.159.65.104 - - [14/Jul/2026:15:38:06 +0200] "GET /wp-content/plugins/elementor/assets/lib/font-awesome/css/fontawesome.css?ver=5.15.3 HTTP/2.0" 200 12535 "https://parma.elettroservicegroup.it/assistenza-whirlpool-parma/?gad_source=1&gad_campaignid=23795906066&gclid=CjwKCAjwvNfSBhBiEiwAyaGMCfIgOAU-gd3uV9640yiw6fweclfxccHUyb1CPeRM_90JMMZlCJIy4BoCDc8QAvD_BwE" "Mozilla/5.0 (iPhone; CPU iPhone OS 26_5_2 like Mac OS X) AppleWebKit/605.1.15 (KHTML, like Gecko) CriOS/150.0.7871.113 Mobile/15E148 Safari/604.1"
37.159.65.104 - - [14/Jul/2026:15:38:06 +0200] "GET /wp-content/uploads/elementor/google-fonts/css/roboto.css?ver=1742280360 HTTP/2.0" 200 1880 "https://parma.elettroservicegroup.it/assistenza-whirlpool-parma/?gad_source=1&gad_campaignid=23795906066&gclid=CjwKCAjwvNfSBhBiEiwAyaGMCfIgOAU-gd3uV9640yiw6fweclfxccHUyb1CPeRM_90JMMZlCJIy4BoCDc8QAvD_BwE" "Mozilla/5.0 (iPhone; CPU iPhone OS 26_5_2 like Mac OS X) AppleWebKit/605.1.15 (KHTML, like Gecko) CriOS/150.0.7871.113 Mobile/15E148 Safari/604.1"
37.159.65.104 - - [14/Jul/2026:15:38:06 +0200] "GET /wp-content/uploads/elementor/google-fonts/css/robotoslab.css?ver=1742280362 HTTP/2.0" 200 715 "https://parma.elettroservicegroup.it/assistenza-whirlpool-parma/?gad_source=1&gad_campaignid=23795906066&gclid=CjwKCAjwvNfSBhBiEiwAyaGMCfIgOAU-gd3uV9640yiw6fweclfxccHUyb1CPeRM_90JMMZlCJIy4BoCDc8QAvD_BwE" "Mozilla/5.0 (iPhone; CPU iPhone OS 26_5_2 like Mac OS X) AppleWebKit/605.1.15 (KHTML, like Gecko) CriOS/150.0.7871.113 Mobile/15E148 Safari/604.1"
37.159.65.104 - - [14/Jul/2026:15:38:06 +0200] "GET /wp-content/plugins/elementor/assets/lib/font-awesome/css/fontawesome.min.css?ver=5.15.3 HTTP/2.0" 200 12179 "https://parma.elettroservicegroup.it/assistenza-whirlpool-parma/?gad_source=1&gad_campaignid=23795906066&gclid=CjwKCAjwvNfSBhBiEiwAyaGMCfIgOAU-gd3uV9640yiw6fweclfxccHUyb1CPeRM_90JMMZlCJIy4BoCDc8QAvD_BwE" "Mozilla/5.0 (iPhone; CPU iPhone OS 26_5_2 like Mac OS X) AppleWebKit/605.1.15 (KHTML, like Gecko) CriOS/150.0.7871.113 Mobile/15E148 Safari/604.1"
37.159.65.104 - - [14/Jul/2026:15:38:06 +0200] "GET /wp-content/plugins/elementor/assets/lib/font-awesome/css/solid.min.css?ver=5.15.3 HTTP/2.0" 200 286 "https://parma.elettroservicegroup.it/assistenza-whirlpool-parma/?gad_source=1&gad_campaignid=23795906066&gclid=CjwKCAjwvNfSBhBiEiwAyaGMCfIgOAU-gd3uV9640yiw6fweclfxccHUyb1CPeRM_90JMMZlCJIy4BoCDc8QAvD_BwE" "Mozilla/5.0 (iPhone; CPU iPhone OS 26_5_2 like Mac OS X) AppleWebKit/605.1.15 (KHTML, like Gecko) CriOS/150.0.7871.113 Mobile/15E148 Safari/604.1"
37.159.65.104 - - [14/Jul/2026:15:38:06 +0200] "GET /wp-content/plugins/elementor/assets/lib/font-awesome/js/v4-shims.min.js?ver=4.1.4 HTTP/2.0" 200 4043 "https://parma.elettroservicegroup.it/assistenza-whirlpool-parma/?gad_source=1&gad_campaignid=23795906066&gclid=CjwKCAjwvNfSBhBiEiwAyaGMCfIgOAU-gd3uV9640yiw6fweclfxccHUyb1CPeRM_90JMMZlCJIy4BoCDc8QAvD_BwE" "Mozilla/5.0 (iPhone; CPU iPhone OS 26_5_2 like Mac OS X) AppleWebKit/605.1.15 (KHTML, like Gecko) CriOS/150.0.7871.113 Mobile/15E148 Safari/604.1"
37.159.65.104 - - [14/Jul/2026:15:38:06 +0200] "GET /wp-includes/js/jquery/jquery-migrate.min.js?ver=3.4.1 HTTP/2.0" 200 4685 "https://parma.elettroservicegroup.it/assistenza-whirlpool-parma/?gad_source=1&gad_campaignid=23795906066&gclid=CjwKCAjwvNfSBhBiEiwAyaGMCfIgOAU-gd3uV9640yiw6fweclfxccHUyb1CPeRM_90JMMZlCJIy4BoCDc8QAvD_BwE" "Mozilla/5.0 (iPhone; CPU iPhone OS 26_5_2 like Mac OS X) AppleWebKit/605.1.15 (KHTML, like Gecko) CriOS/150.0.7871.113 Mobile/15E148 Safari/604.1"
37.159.65.104 - - [14/Jul/2026:15:38:06 +0200] "GET /wp-content/plugins/gp-premium/menu-plus/functions/js/sticky.min.js?ver=2.5.5 HTTP/2.0" 200 2670 "https://parma.elettroservicegroup.it/assistenza-whirlpool-parma/?gad_source=1&gad_campaignid=23795906066&gclid=CjwKCAjwvNfSBhBiEiwAyaGMCfIgOAU-gd3uV9640yiw6fweclfxccHUyb1CPeRM_90JMMZlCJIy4BoCDc8QAvD_BwE" "Mozilla/5.0 (iPhone; CPU iPhone OS 26_5_2 like Mac OS X) AppleWebKit/605.1.15 (KHTML, like Gecko) CriOS/150.0.7871.113 Mobile/15E148 Safari/604.1"
37.159.65.104 - - [14/Jul/2026:15:38:06 +0200] "GET /wp-content/plugins/elementor/assets/js/webpack.runtime.min.js?ver=4.1.4 HTTP/2.0" 200 2340 "https://parma.elettroservicegroup.it/assistenza-whirlpool-parma/?gad_source=1&gad_campaignid=23795906066&gclid=CjwKCAjwvNfSBhBiEiwAyaGMCfIgOAU-gd3uV9640yiw6fweclfxccHUyb1CPeRM_90JMMZlCJIy4BoCDc8QAvD_BwE" "Mozilla/5.0 (iPhone; CPU iPhone OS 26_5_2 like Mac OS X) AppleWebKit/605.1.15 (KHTML, like Gecko) CriOS/150.0.7871.113 Mobile/15E148 Safari/604.1"
37.159.65.104 - - [14/Jul/2026:15:38:06 +0200] "GET /wp-content/plugins/elementor/assets/js/frontend-modules.min.js?ver=4.1.4 HTTP/2.0" 200 15454 "https://parma.elettroservicegroup.it/assistenza-whirlpool-parma/?gad_source=1&gad_campaignid=23795906066&gclid=CjwKCAjwvNfSBhBiEiwAyaGMCfIgOAU-gd3uV9640yiw6fweclfxccHUyb1CPeRM_90JMMZlCJIy4BoCDc8QAvD_BwE" "Mozilla/5.0 (iPhone; CPU iPhone OS 26_5_2 like Mac OS X) AppleWebKit/605.1.15 (KHTML, like Gecko) CriOS/150.0.7871.113 Mobile/15E148 Safari/604.1"
37.159.65.104 - - [14/Jul/2026:15:38:06 +0200] "GET /wp-includes/js/jquery/ui/core.min.js?ver=1.13.3 HTTP/2.0" 200 6820 "https://parma.elettroservicegroup.it/assistenza-whirlpool-parma/?gad_source=1&gad_campaignid=23795906066&gclid=CjwKCAjwvNfSBhBiEiwAyaGMCfIgOAU-gd3uV9640yiw6fweclfxccHUyb1CPeRM_90JMMZlCJIy4BoCDc8QAvD_BwE" "Mozilla/5.0 (iPhone; CPU iPhone OS 26_5_2 like Mac OS X) AppleWebKit/605.1.15 (KHTML, like Gecko) CriOS/150.0.7871.113 Mobile/15E148 Safari/604.1"
37.159.65.104 - - [14/Jul/2026:15:38:06 +0200] "GET /wp-content/plugins/elementor/assets/js/frontend.min.js?ver=4.1.4 HTTP/2.0" 200 10140 "https://parma.elettroservicegroup.it/assistenza-whirlpool-parma/?gad_source=1&gad_campaignid=23795906066&gclid=CjwKCAjwvNfSBhBiEiwAyaGMCfIgOAU-gd3uV9640yiw6fweclfxccHUyb1CPeRM_90JMMZlCJIy4BoCDc8QAvD_BwE" "Mozilla/5.0 (iPhone; CPU iPhone OS 26_5_2 like Mac OS X) AppleWebKit/605.1.15 (KHTML, like Gecko) CriOS/150.0.7871.113 Mobile/15E148 Safari/604.1"
37.159.65.104 - - [14/Jul/2026:15:38:06 +0200] "GET /wp-content/themes/generatepress/assets/js/menu.min.js?ver=3.6.1 HTTP/2.0" 200 1688 "https://parma.elettroservicegroup.it/assistenza-whirlpool-parma/?gad_source=1&gad_campaignid=23795906066&gclid=CjwKCAjwvNfSBhBiEiwAyaGMCfIgOAU-gd3uV9640yiw6fweclfxccHUyb1CPeRM_90JMMZlCJIy4BoCDc8QAvD_BwE" "Mozilla/5.0 (iPhone; CPU iPhone OS 26_5_2 like Mac OS X) AppleWebKit/605.1.15 (KHTML, like Gecko) CriOS/150.0.7871.113 Mobile/15E148 Safari/604.1"
37.159.65.104 - - [14/Jul/2026:15:38:06 +0200] "GET /wp-content/themes/generatepress/assets/js/back-to-top.min.js?ver=3.6.1 HTTP/2.0" 200 336 "https://parma.elettroservicegroup.it/assistenza-whirlpool-parma/?gad_source=1&gad_campaignid=23795906066&gclid=CjwKCAjwvNfSBhBiEiwAyaGMCfIgOAU-gd3uV9640yiw6fweclfxccHUyb1CPeRM_90JMMZlCJIy4BoCDc8QAvD_BwE" "Mozilla/5.0 (iPhone; CPU iPhone OS 26_5_2 like Mac OS X) AppleWebKit/605.1.15 (KHTML, like Gecko) CriOS/150.0.7871.113 Mobile/15E148 Safari/604.1"
37.159.65.104 - - [14/Jul/2026:15:38:06 +0200] "GET /wp-content/plugins/complianz-gdpr-premium/cookiebanner/js/complianz.min.js?ver=1783097331 HTTP/2.0" 200 10762 "https://parma.elettroservicegroup.it/assistenza-whirlpool-parma/?gad_source=1&gad_campaignid=23795906066&gclid=CjwKCAjwvNfSBhBiEiwAyaGMCfIgOAU-gd3uV9640yiw6fweclfxccHUyb1CPeRM_90JMMZlCJIy4BoCDc8QAvD_BwE" "Mozilla/5.0 (iPhone; CPU iPhone OS 26_5_2 like Mac OS X) AppleWebKit/605.1.15 (KHTML, like Gecko) CriOS/150.0.7871.113 Mobile/15E148 Safari/604.1"
37.159.65.104 - - [14/Jul/2026:15:38:06 +0200] "GET /wp-includes/js/jquery/jquery.min.js?ver=3.7.1 HTTP/2.0" 200 29769 "https://parma.elettroservicegroup.it/assistenza-whirlpool-parma/?gad_source=1&gad_campaignid=23795906066&gclid=CjwKCAjwvNfSBhBiEiwAyaGMCfIgOAU-gd3uV9640yiw6fweclfxccHUyb1CPeRM_90JMMZlCJIy4BoCDc8QAvD_BwE" "Mozilla/5.0 (iPhone; CPU iPhone OS 26_5_2 like Mac OS X) AppleWebKit/605.1.15 (KHTML, like Gecko) CriOS/150.0.7871.113 Mobile/15E148 Safari/604.1"
37.159.65.104 - - [14/Jul/2026:15:38:06 +0200] "GET /wp-content/plugins/burst-statistics/assets/js/timeme/timeme.min.js?ver=1783097275 HTTP/2.0" 200 1835 "https://parma.elettroservicegroup.it/assistenza-whirlpool-parma/?gad_source=1&gad_campaignid=23795906066&gclid=CjwKCAjwvNfSBhBiEiwAyaGMCfIgOAU-gd3uV9640yiw6fweclfxccHUyb1CPeRM_90JMMZlCJIy4BoCDc8QAvD_BwE" "Mozilla/5.0 (iPhone; CPU iPhone OS 26_5_2 like Mac OS X) AppleWebKit/605.1.15 (KHTML, like Gecko) CriOS/150.0.7871.113 Mobile/15E148 Safari/604.1"
37.159.65.104 - - [14/Jul/2026:15:38:06 +0200] "GET /wp-content/uploads/burst/js/burst.min.js?ver=1784023089 HTTP/2.0" 200 3411 "https://parma.elettroservicegroup.it/assistenza-whirlpool-parma/?gad_source=1&gad_campaignid=23795906066&gclid=CjwKCAjwvNfSBhBiEiwAyaGMCfIgOAU-gd3uV9640yiw6fweclfxccHUyb1CPeRM_90JMMZlCJIy4BoCDc8QAvD_BwE" "Mozilla/5.0 (iPhone; CPU iPhone OS 26_5_2 like Mac OS X) AppleWebKit/605.1.15 (KHTML, like Gecko) CriOS/150.0.7871.113 Mobile/15E148 Safari/604.1"
37.159.65.104 - - [14/Jul/2026:15:38:07 +0200] "GET /wp-content/uploads/2021/10/cropped-logo_white_background.png HTTP/2.0" 200 16623 "https://parma.elettroservicegroup.it/assistenza-whirlpool-parma/?gad_source=1&gad_campaignid=23795906066&gclid=CjwKCAjwvNfSBhBiEiwAyaGMCfIgOAU-gd3uV9640yiw6fweclfxccHUyb1CPeRM_90JMMZlCJIy4BoCDc8QAvD_BwE" "Mozilla/5.0 (iPhone; CPU iPhone OS 26_5_2 like Mac OS X) AppleWebKit/605.1.15 (KHTML, like Gecko) CriOS/150.0.7871.113 Mobile/15E148 Safari/604.1"
37.159.65.104 - - [14/Jul/2026:15:38:07 +0200] "GET /wp-content/uploads/2022/01/elettrodomestici.jpg HTTP/2.0" 200 9755 "https://parma.elettroservicegroup.it/assistenza-whirlpool-parma/?gad_source=1&gad_campaignid=23795906066&gclid=CjwKCAjwvNfSBhBiEiwAyaGMCfIgOAU-gd3uV9640yiw6fweclfxccHUyb1CPeRM_90JMMZlCJIy4BoCDc8QAvD_BwE" "Mozilla/5.0 (iPhone; CPU iPhone OS 26_5_2 like Mac OS X) AppleWebKit/605.1.15 (KHTML, like Gecko) CriOS/150.0.7871.113 Mobile/15E148 Safari/604.1"
37.159.65.104 - - [14/Jul/2026:15:38:07 +0200] "GET /wp-content/plugins/elementor/assets/lib/font-awesome/webfonts/fa-regular-400.woff2 HTTP/2.0" 200 13277 "https://parma.elettroservicegroup.it/assistenza-whirlpool-parma/?gad_source=1&gad_campaignid=23795906066&gclid=CjwKCAjwvNfSBhBiEiwAyaGMCfIgOAU-gd3uV9640yiw6fweclfxccHUyb1CPeRM_90JMMZlCJIy4BoCDc8QAvD_BwE" "Mozilla/5.0 (iPhone; CPU iPhone OS 26_5_2 like Mac OS X) AppleWebKit/605.1.15 (KHTML, like Gecko) CriOS/150.0.7871.113 Mobile/15E148 Safari/604.1"
37.159.65.104 - - [14/Jul/2026:15:38:07 +0200] "GET /wp-content/uploads/elementor/google-fonts/fonts/roboto-kfo7cnqeu92fr1me7ksn66agldtyluama3yuba.woff2 HTTP/2.0" 200 40132 "https://parma.elettroservicegroup.it/assistenza-whirlpool-parma/?gad_source=1&gad_campaignid=23795906066&gclid=CjwKCAjwvNfSBhBiEiwAyaGMCfIgOAU-gd3uV9640yiw6fweclfxccHUyb1CPeRM_90JMMZlCJIy4BoCDc8QAvD_BwE" "Mozilla/5.0 (iPhone; CPU iPhone OS 26_5_2 like Mac OS X) AppleWebKit/605.1.15 (KHTML, like Gecko) CriOS/150.0.7871.113 Mobile/15E148 Safari/604.1"
37.159.65.104 - - [14/Jul/2026:15:38:07 +0200] "GET /wp-content/plugins/elementor/assets/lib/font-awesome/webfonts/fa-solid-900.woff2 HTTP/2.0" 200 78201 "https://parma.elettroservicegroup.it/assistenza-whirlpool-parma/?gad_source=1&gad_campaignid=23795906066&gclid=CjwKCAjwvNfSBhBiEiwAyaGMCfIgOAU-gd3uV9640yiw6fweclfxccHUyb1CPeRM_90JMMZlCJIy4BoCDc8QAvD_BwE" "Mozilla/5.0 (iPhone; CPU iPhone OS 26_5_2 like Mac OS X) AppleWebKit/605.1.15 (KHTML, like Gecko) CriOS/150.0.7871.113 Mobile/15E148 Safari/604.1"
37.159.65.104 - - [14/Jul/2026:15:38:07 +0200] "GET /wp-content/plugins/elementor/assets/js/section-frontend-handlers.d85ab872da118940910d.bundle.min.js HTTP/2.0" 200 230 "https://parma.elettroservicegroup.it/assistenza-whirlpool-parma/?gad_source=1&gad_campaignid=23795906066&gclid=CjwKCAjwvNfSBhBiEiwAyaGMCfIgOAU-gd3uV9640yiw6fweclfxccHUyb1CPeRM_90JMMZlCJIy4BoCDc8QAvD_BwE" "Mozilla/5.0 (iPhone; CPU iPhone OS 26_5_2 like Mac OS X) AppleWebKit/605.1.15 (KHTML, like Gecko) CriOS/150.0.7871.113 Mobile/15E148 Safari/604.1"
37.159.65.104 - - [14/Jul/2026:15:38:07 +0200] "GET /wp-content/plugins/elementor/assets/js/shared-frontend-handlers.03caa53373b56d3bab67.bundle.min.js HTTP/2.0" 200 2515 "https://parma.elettroservicegroup.it/assistenza-whirlpool-parma/?gad_source=1&gad_campaignid=23795906066&gclid=CjwKCAjwvNfSBhBiEiwAyaGMCfIgOAU-gd3uV9640yiw6fweclfxccHUyb1CPeRM_90JMMZlCJIy4BoCDc8QAvD_BwE" "Mozilla/5.0 (iPhone; CPU iPhone OS 26_5_2 like Mac OS X) AppleWebKit/605.1.15 (KHTML, like Gecko) CriOS/150.0.7871.113 Mobile/15E148 Safari/604.1"
37.159.65.104 - - [14/Jul/2026:15:38:07 +0200] "GET /wp-content/plugins/elementor/assets/js/text-editor.45609661e409413f1cef.bundle.min.js HTTP/2.0" 200 592 "https://parma.elettroservicegroup.it/assistenza-whirlpool-parma/?gad_source=1&gad_campaignid=23795906066&gclid=CjwKCAjwvNfSBhBiEiwAyaGMCfIgOAU-gd3uV9640yiw6fweclfxccHUyb1CPeRM_90JMMZlCJIy4BoCDc8QAvD_BwE" "Mozilla/5.0 (iPhone; CPU iPhone OS 26_5_2 like Mac OS X) AppleWebKit/605.1.15 (KHTML, like Gecko) CriOS/150.0.7871.113 Mobile/15E148 Safari/604.1"
37.159.65.104 - - [14/Jul/2026:15:38:07 +0200] "POST /wp-content/plugins/burst-statistics/endpoint.php HTTP/2.0" 200 1 "https://parma.elettroservicegroup.it/assistenza-whirlpool-parma/?gad_source=1&gad_campaignid=23795906066&gclid=CjwKCAjwvNfSBhBiEiwAyaGMCfIgOAU-gd3uV9640yiw6fweclfxccHUyb1CPeRM_90JMMZlCJIy4BoCDc8QAvD_BwE" "Mozilla/5.0 (iPhone; CPU iPhone OS 26_5_2 like Mac OS X) AppleWebKit/605.1.15 (KHTML, like Gecko) CriOS/150.0.7871.113 Mobile/15E148 Safari/604.1"
37.159.65.104 - - [14/Jul/2026:15:38:07 +0200] "GET /wp-json/complianz/v1/banner?lang=it&locale=it_IT&token=mcxnp HTTP/2.0" 200 81 "https://parma.elettroservicegroup.it/assistenza-whirlpool-parma/?gad_source=1&gad_campaignid=23795906066&gclid=CjwKCAjwvNfSBhBiEiwAyaGMCfIgOAU-gd3uV9640yiw6fweclfxccHUyb1CPeRM_90JMMZlCJIy4BoCDc8QAvD_BwE" "Mozilla/5.0 (iPhone; CPU iPhone OS 26_5_2 like Mac OS X) AppleWebKit/605.1.15 (KHTML, like Gecko) CriOS/150.0.7871.113 Mobile/15E148 Safari/604.1"
37.159.65.104 - - [14/Jul/2026:15:38:07 +0200] "GET /wp-content/uploads/2021/10/cropped-cropped-cropped-cropped-logo_white_background-192x192.png HTTP/2.0" 200 19089 "-" "Mozilla/5.0 (iPhone; CPU iPhone OS 26_5_2 like Mac OS X) AppleWebKit/605.1.15 (KHTML, like Gecko) CriOS/150.0.7871.113 Mobile/15E148 Safari/604.1"
37.159.65.104 - - [14/Jul/2026:15:38:07 +0200] "GET /wp-content/uploads/2021/10/cropped-cropped-cropped-cropped-logo_white_background-180x180.png HTTP/2.0" 200 21353 "-" "Mozilla/5.0 (iPhone; CPU iPhone OS 26_5_2 like Mac OS X) AppleWebKit/605.1.15 (KHTML, like Gecko) CriOS/150.0.7871.113 Mobile/15E148 Safari/604.1"
37.159.65.104 - - [14/Jul/2026:15:38:07 +0200] "GET /wp-content/uploads/complianz/css/banner-1-optin.css?v=46 HTTP/2.0" 200 2857 "https://parma.elettroservicegroup.it/assistenza-whirlpool-parma/?gad_source=1&gad_campaignid=23795906066&gclid=CjwKCAjwvNfSBhBiEiwAyaGMCfIgOAU-gd3uV9640yiw6fweclfxccHUyb1CPeRM_90JMMZlCJIy4BoCDc8QAvD_BwE" "Mozilla/5.0 (iPhone; CPU iPhone OS 26_5_2 like Mac OS X) AppleWebKit/605.1.15 (KHTML, like Gecko) CriOS/150.0.7871.113 Mobile/15E148 Safari/604.1"
37.159.65.104 - - [14/Jul/2026:15:38:07 +0200] "GET /wp-json/complianz/v1/cookie_data HTTP/2.0" 200 81 "https://parma.elettroservicegroup.it/assistenza-whirlpool-parma/?gad_source=1&gad_campaignid=23795906066&gclid=CjwKCAjwvNfSBhBiEiwAyaGMCfIgOAU-gd3uV9640yiw6fweclfxccHUyb1CPeRM_90JMMZlCJIy4BoCDc8QAvD_BwE" "Mozilla/5.0 (iPhone; CPU iPhone OS 26_5_2 like Mac OS X) AppleWebKit/605.1.15 (KHTML, like Gecko) CriOS/150.0.7871.113 Mobile/15E148 Safari/604.1"
37.159.65.104 - - [14/Jul/2026:15:38:08 +0200] "GET /wp-content/uploads/2021/10/TECNICO-ELETTRODOMESTICI-10.jpg HTTP/2.0" 200 24210 "https://parma.elettroservicegroup.it/assistenza-whirlpool-parma/?gad_source=1&gad_campaignid=23795906066&gclid=CjwKCAjwvNfSBhBiEiwAyaGMCfIgOAU-gd3uV9640yiw6fweclfxccHUyb1CPeRM_90JMMZlCJIy4BoCDc8QAvD_BwE" "Mozilla/5.0 (iPhone; CPU iPhone OS 26_5_2 like Mac OS X) AppleWebKit/605.1.15 (KHTML, like Gecko) CriOS/150.0.7871.113 Mobile/15E148 Safari/604.1"
37.159.65.104 - - [14/Jul/2026:15:38:10 +0200] "POST /wp-content/plugins/burst-statistics/endpoint.php HTTP/2.0" 200 1 "https://parma.elettroservicegroup.it/assistenza-whirlpool-parma/?gad_source=1&gad_campaignid=23795906066&gclid=CjwKCAjwvNfSBhBiEiwAyaGMCfIgOAU-gd3uV9640yiw6fweclfxccHUyb1CPeRM_90JMMZlCJIy4BoCDc8QAvD_BwE" "Mozilla/5.0 (iPhone; CPU iPhone OS 26_5_2 like Mac OS X) AppleWebKit/605.1.15 (KHTML, like Gecko) CriOS/150.0.7871.113 Mobile/15E148 Safari/604.1"
45.3.42.168 - - [14/Jul/2026:15:39:19 +0200] "HEAD / HTTP/1.1" 200 - "-" "Wget/1.21.4"
65.108.235.243 - - [14/Jul/2026:16:00:43 +0200] "POST /wp-cron.php?doing_wp_cron=1784037643.5973079204559326171875 HTTP/1.1" 200 1 "-" "WordPress/7.0.1; https://parma.elettroservicegroup.it"
52.167.144.166 - - [14/Jul/2026:16:00:42 +0200] "GET /sitemap.rss HTTP/2.0" 200 1348 "-" "Mozilla/5.0 AppleWebKit/537.36 (KHTML, like Gecko; compatible; bingbot/2.0; +http://www.bing.com/bingbot.htm) Chrome/116.0.1938.76 Safari/537.36"
193.186.4.22 - - [14/Jul/2026:16:01:38 +0200] "GET / HTTP/2.0" 200 22364 "https://www.google.com/" "Mozilla/5.0 (Windows NT 10.0; Win64; x64) AppleWebKit/537.36 (KHTML, like Gecko) Chrome/150.0.0.0 Safari/537.36"
65.108.235.243 - - [14/Jul/2026:16:01:40 +0200] "POST /wp-cron.php?doing_wp_cron=1784037700.3093140125274658203125 HTTP/1.1" 200 1 "-" "WordPress/7.0.1; https://parma.elettroservicegroup.it"
142.250.32.101 - - [14/Jul/2026:16:01:38 +0200] "GET /.well-known/traffic-advice HTTP/1.1" 404 17007 "-" "Chrome Privacy Preserving Prefetch Proxy"
51.195.39.148 - - [14/Jul/2026:16:04:02 +0200] "GET /blog-verify HTTP/2.0" 404 87752 "-" "Mozilla/5.0 (Macintosh; Intel Mac OS X 10.15; rv:150.0) Gecko/20100101 Firefox/150.0"
65.108.235.243 - - [14/Jul/2026:16:04:13 +0200] "POST /wp-cron.php?doing_wp_cron=1784037853.7325348854064941406250 HTTP/1.1" 200 1 "-" "WordPress/7.0.1; https://parma.elettroservicegroup.it"
51.195.39.148 - - [14/Jul/2026:16:04:02 +0200] "GET /wp-content/plugins/cidaas-pro-master/composer.json HTTP/2.0" 404 88004 "-" "Mozilla/5.0 (X11; Linux x86_64) AppleWebKit/537.36 (KHTML, like Gecko) Chrome/148.0.0.0 Safari/537.36"
65.108.235.243 - - [14/Jul/2026:16:06:17 +0200] "POST /wp-cron.php?doing_wp_cron=1784037977.4374918937683105468750 HTTP/1.1" 200 1 "-" "WordPress/7.0.1; https://parma.elettroservicegroup.it"
66.249.64.69 - - [14/Jul/2026:16:06:10 +0200] "GET /page-sitemap.xml HTTP/1.1" 200 1503 "-" "Mozilla/5.0 (compatible; Googlebot/2.1; +http://www.google.com/bot.html)"
47.128.23.208 - - [14/Jul/2026:16:11:23 +0200] "GET /robots.txt HTTP/1.1" 200 11878 "-" "Mozilla/5.0 (Linux; Android 5.0) AppleWebKit/537.36 (KHTML, like Gecko) Mobile Safari/537.36 (compatible; Bytespider; spider-feedback@bytedance.com)"
65.108.235.243 - - [14/Jul/2026:16:13:39 +0200] "POST /wp-cron.php?doing_wp_cron=1784038419.6413469314575195312500 HTTP/1.1" 200 1 "-" "WordPress/7.0.1; https://parma.elettroservicegroup.it"
51.195.39.148 - - [14/Jul/2026:16:13:27 +0200] "GET /?wmo_hc=k7Hx9mQp2wRt HTTP/2.0" 415 166318 "-" "Mozilla/5.0 (Macintosh; Intel Mac OS X 10.15; rv:150.0) Gecko/20100101 Firefox/150.0"
193.186.4.22 - - [14/Jul/2026:16:25:55 +0200] "GET / HTTP/2.0" 200 - "https://www.google.com/" "Mozilla/5.0 (Windows NT 10.0; Win64; x64) AppleWebKit/537.36 (KHTML, like Gecko) Chrome/150.0.0.0 Safari/537.36"
65.108.235.243 - - [14/Jul/2026:16:26:08 +0200] "POST /wp-cron.php?doing_wp_cron=1784039168.6452629566192626953125 HTTP/1.1" 200 1 "-" "WordPress/7.0.1; https://parma.elettroservicegroup.it"
162.120.188.11 - - [14/Jul/2026:16:25:55 +0200] "GET /?gad_source=1&gad_campaignid=23795906066&gbraid=0AAAABDgs-LRFm4OGpvXgpCwPM3XN14Hwd&gclid=EAIaIQobChMIw7vM4K_SlQMVYZiDBx3K9QDSEAAYASAAEgJdRvD_BwE HTTP/2.0" 200 - "https://www.google.com/" "Mozilla/5.0 (Windows NT 10.0; Win64; x64) AppleWebKit/537.36 (KHTML, like Gecko) Chrome/150.0.0.0 Safari/537.36"
65.108.235.243 - - [14/Jul/2026:16:42:06 +0200] "POST /wp-cron.php?doing_wp_cron=1784040126.1300721168518066406250 HTTP/1.1" 200 1 "-" "WordPress/7.0.1; https://parma.elettroservicegroup.it"
2.37.165.60 - - [14/Jul/2026:16:41:56 +0200] "GET /assistenza-smeg-parma/?gad_source=1&gad_campaignid=23795906066&gclid=CjwKCAjwvNfSBhBiEiwAyaGMCYeS7iqaA3we5fUaNGgPp6pVNziylZsbadCtgmHqkBDkpt0LJuOwgxoCi4wQAvD_BwE HTTP/2.0" 200 22912 "https://www.google.com/" "Mozilla/5.0 (Linux; Android 10; K) AppleWebKit/537.36 (KHTML, like Gecko) Chrome/150.0.0.0 Mobile Safari/537.36"
2.37.165.60 - - [14/Jul/2026:16:42:06 +0200] "GET /wp-content/plugins/elementor/assets/css/widget-image.min.css?ver=4.1.4 HTTP/2.0" 200 96 "https://parma.elettroservicegroup.it/assistenza-smeg-parma/?gad_source=1&gad_campaignid=23795906066&gclid=CjwKCAjwvNfSBhBiEiwAyaGMCYeS7iqaA3we5fUaNGgPp6pVNziylZsbadCtgmHqkBDkpt0LJuOwgxoCi4wQAvD_BwE" "Mozilla/5.0 (Linux; Android 10; K) AppleWebKit/537.36 (KHTML, like Gecko) Chrome/150.0.0.0 Mobile Safari/537.36"
2.37.165.60 - - [14/Jul/2026:16:42:06 +0200] "GET /wp-content/uploads/elementor/css/post-14366.css?ver=1783696395 HTTP/2.0" 200 302 "https://parma.elettroservicegroup.it/assistenza-smeg-parma/?gad_source=1&gad_campaignid=23795906066&gclid=CjwKCAjwvNfSBhBiEiwAyaGMCYeS7iqaA3we5fUaNGgPp6pVNziylZsbadCtgmHqkBDkpt0LJuOwgxoCi4wQAvD_BwE" "Mozilla/5.0 (Linux; Android 10; K) AppleWebKit/537.36 (KHTML, like Gecko) Chrome/150.0.0.0 Mobile Safari/537.36"
2.37.165.60 - - [14/Jul/2026:16:42:06 +0200] "GET /wp-content/plugins/elementor/assets/lib/animations/styles/zoomIn.min.css?ver=4.1.4 HTTP/2.0" 200 87 "https://parma.elettroservicegroup.it/assistenza-smeg-parma/?gad_source=1&gad_campaignid=23795906066&gclid=CjwKCAjwvNfSBhBiEiwAyaGMCYeS7iqaA3we5fUaNGgPp6pVNziylZsbadCtgmHqkBDkpt0LJuOwgxoCi4wQAvD_BwE" "Mozilla/5.0 (Linux; Android 10; K) AppleWebKit/537.36 (KHTML, like Gecko) Chrome/150.0.0.0 Mobile Safari/537.36"
2.37.165.60 - - [14/Jul/2026:16:42:06 +0200] "GET /wp-content/uploads/elementor/css/post-17361.css?ver=1783816693 HTTP/2.0" 200 2168 "https://parma.elettroservicegroup.it/assistenza-smeg-parma/?gad_source=1&gad_campaignid=23795906066&gclid=CjwKCAjwvNfSBhBiEiwAyaGMCYeS7iqaA3we5fUaNGgPp6pVNziylZsbadCtgmHqkBDkpt0LJuOwgxoCi4wQAvD_BwE" "Mozilla/5.0 (Linux; Android 10; K) AppleWebKit/537.36 (KHTML, like Gecko) Chrome/150.0.0.0 Mobile Safari/537.36"
2.37.165.60 - - [14/Jul/2026:16:42:06 +0200] "GET /wp-content/themes/generatepress/assets/css/main.min.css?ver=3.6.1 HTTP/2.0" 200 4410 "https://parma.elettroservicegroup.it/assistenza-smeg-parma/?gad_source=1&gad_campaignid=23795906066&gclid=CjwKCAjwvNfSBhBiEiwAyaGMCYeS7iqaA3we5fUaNGgPp6pVNziylZsbadCtgmHqkBDkpt0LJuOwgxoCi4wQAvD_BwE" "Mozilla/5.0 (Linux; Android 10; K) AppleWebKit/537.36 (KHTML, like Gecko) Chrome/150.0.0.0 Mobile Safari/537.36"
2.37.165.60 - - [14/Jul/2026:16:42:06 +0200] "GET /wp-content/plugins/header-footer-elementor/inc/widgets-css/frontend.css?ver=2.9.1 HTTP/2.0" 200 8711 "https://parma.elettroservicegroup.it/assistenza-smeg-parma/?gad_source=1&gad_campaignid=23795906066&gclid=CjwKCAjwvNfSBhBiEiwAyaGMCYeS7iqaA3we5fUaNGgPp6pVNziylZsbadCtgmHqkBDkpt0LJuOwgxoCi4wQAvD_BwE" "Mozilla/5.0 (Linux; Android 10; K) AppleWebKit/537.36 (KHTML, like Gecko) Chrome/150.0.0.0 Mobile Safari/537.36"
2.37.165.60 - - [14/Jul/2026:16:42:06 +0200] "GET /wp-content/plugins/elementor/assets/lib/eicons/css/elementor-icons.min.css?ver=5.34.0 HTTP/2.0" 200 4125 "https://parma.elettroservicegroup.it/assistenza-smeg-parma/?gad_source=1&gad_campaignid=23795906066&gclid=CjwKCAjwvNfSBhBiEiwAyaGMCYeS7iqaA3we5fUaNGgPp6pVNziylZsbadCtgmHqkBDkpt0LJuOwgxoCi4wQAvD_BwE" "Mozilla/5.0 (Linux; Android 10; K) AppleWebKit/537.36 (KHTML, like Gecko) Chrome/150.0.0.0 Mobile Safari/537.36"
2.37.165.60 - - [14/Jul/2026:16:42:06 +0200] "GET /wp-content/plugins/elementor/assets/css/widget-social-icons.min.css?ver=3.24.0 HTTP/2.0" 200 1039 "https://parma.elettroservicegroup.it/assistenza-smeg-parma/?gad_source=1&gad_campaignid=23795906066&gclid=CjwKCAjwvNfSBhBiEiwAyaGMCYeS7iqaA3we5fUaNGgPp6pVNziylZsbadCtgmHqkBDkpt0LJuOwgxoCi4wQAvD_BwE" "Mozilla/5.0 (Linux; Android 10; K) AppleWebKit/537.36 (KHTML, like Gecko) Chrome/150.0.0.0 Mobile Safari/537.36"
2.37.165.60 - - [14/Jul/2026:16:42:06 +0200] "GET /wp-content/plugins/elementor/assets/lib/font-awesome/css/solid.css?ver=5.15.3 HTTP/2.0" 200 299 "https://parma.elettroservicegroup.it/assistenza-smeg-parma/?gad_source=1&gad_campaignid=23795906066&gclid=CjwKCAjwvNfSBhBiEiwAyaGMCYeS7iqaA3we5fUaNGgPp6pVNziylZsbadCtgmHqkBDkpt0LJuOwgxoCi4wQAvD_BwE" "Mozilla/5.0 (Linux; Android 10; K) AppleWebKit/537.36 (KHTML, like Gecko) Chrome/150.0.0.0 Mobile Safari/537.36"
2.37.165.60 - - [14/Jul/2026:16:42:06 +0200] "GET /wp-content/plugins/elementor/assets/lib/font-awesome/css/solid.min.css?ver=5.15.3 HTTP/2.0" 200 286 "https://parma.elettroservicegroup.it/assistenza-smeg-parma/?gad_source=1&gad_campaignid=23795906066&gclid=CjwKCAjwvNfSBhBiEiwAyaGMCYeS7iqaA3we5fUaNGgPp6pVNziylZsbadCtgmHqkBDkpt0LJuOwgxoCi4wQAvD_BwE" "Mozilla/5.0 (Linux; Android 10; K) AppleWebKit/537.36 (KHTML, like Gecko) Chrome/150.0.0.0 Mobile Safari/537.36"
2.37.165.60 - - [14/Jul/2026:16:42:06 +0200] "GET /wp-content/plugins/gp-premium/menu-plus/functions/css/navigation-branding-flex.min.css?ver=2.5.5 HTTP/2.0" 200 542 "https://parma.elettroservicegroup.it/assistenza-smeg-parma/?gad_source=1&gad_campaignid=23795906066&gclid=CjwKCAjwvNfSBhBiEiwAyaGMCYeS7iqaA3we5fUaNGgPp6pVNziylZsbadCtgmHqkBDkpt0LJuOwgxoCi4wQAvD_BwE" "Mozilla/5.0 (Linux; Android 10; K) AppleWebKit/537.36 (KHTML, like Gecko) Chrome/150.0.0.0 Mobile Safari/537.36"
2.37.165.60 - - [14/Jul/2026:16:42:06 +0200] "GET /wp-content/plugins/elementor/assets/lib/font-awesome/css/brands.css?ver=5.15.3 HTTP/2.0" 200 298 "https://parma.elettroservicegroup.it/assistenza-smeg-parma/?gad_source=1&gad_campaignid=23795906066&gclid=CjwKCAjwvNfSBhBiEiwAyaGMCYeS7iqaA3we5fUaNGgPp6pVNziylZsbadCtgmHqkBDkpt0LJuOwgxoCi4wQAvD_BwE" "Mozilla/5.0 (Linux; Android 10; K) AppleWebKit/537.36 (KHTML, like Gecko) Chrome/150.0.0.0 Mobile Safari/537.36"
2.37.165.60 - - [14/Jul/2026:16:42:06 +0200] "GET /wp-content/plugins/elementor/assets/lib/animations/styles/bounceIn.min.css?ver=4.1.4 HTTP/2.0" 200 186 "https://parma.elettroservicegroup.it/assistenza-smeg-parma/?gad_source=1&gad_campaignid=23795906066&gclid=CjwKCAjwvNfSBhBiEiwAyaGMCYeS7iqaA3we5fUaNGgPp6pVNziylZsbadCtgmHqkBDkpt0LJuOwgxoCi4wQAvD_BwE" "Mozilla/5.0 (Linux; Android 10; K) AppleWebKit/537.36 (KHTML, like Gecko) Chrome/150.0.0.0 Mobile Safari/537.36"
2.37.165.60 - - [14/Jul/2026:16:42:06 +0200] "GET /wp-content/uploads/elementor/google-fonts/css/robotoslab.css?ver=1742280362 HTTP/2.0" 200 715 "https://parma.elettroservicegroup.it/assistenza-smeg-parma/?gad_source=1&gad_campaignid=23795906066&gclid=CjwKCAjwvNfSBhBiEiwAyaGMCYeS7iqaA3we5fUaNGgPp6pVNziylZsbadCtgmHqkBDkpt0LJuOwgxoCi4wQAvD_BwE" "Mozilla/5.0 (Linux; Android 10; K) AppleWebKit/537.36 (KHTML, like Gecko) Chrome/150.0.0.0 Mobile Safari/537.36"
2.37.165.60 - - [14/Jul/2026:16:42:06 +0200] "GET /wp-content/plugins/elementor/assets/lib/font-awesome/css/regular.min.css?ver=5.15.3 HTTP/2.0" 200 282 "https://parma.elettroservicegroup.it/assistenza-smeg-parma/?gad_source=1&gad_campaignid=23795906066&gclid=CjwKCAjwvNfSBhBiEiwAyaGMCYeS7iqaA3we5fUaNGgPp6pVNziylZsbadCtgmHqkBDkpt0LJuOwgxoCi4wQAvD_BwE" "Mozilla/5.0 (Linux; Android 10; K) AppleWebKit/537.36 (KHTML, like Gecko) Chrome/150.0.0.0 Mobile Safari/537.36"
2.37.165.60 - - [14/Jul/2026:16:42:06 +0200] "GET /wp-content/plugins/elementor/assets/css/widget-icon-list.min.css?ver=3.24.3 HTTP/2.0" 200 928 "https://parma.elettroservicegroup.it/assistenza-smeg-parma/?gad_source=1&gad_campaignid=23795906066&gclid=CjwKCAjwvNfSBhBiEiwAyaGMCYeS7iqaA3we5fUaNGgPp6pVNziylZsbadCtgmHqkBDkpt0LJuOwgxoCi4wQAvD_BwE" "Mozilla/5.0 (Linux; Android 10; K) AppleWebKit/537.36 (KHTML, like Gecko) Chrome/150.0.0.0 Mobile Safari/537.36"
