78.209.128.147 - - [15/Jul/2026:08:08:11 +0200] "GET /wp-content/themes/generatepress/assets/js/menu.min.js?ver=3.6.1 HTTP/2.0" 200 1688 "https://parma.elettroservicegroup.it/assistenza-indesit-parma/?gad_source=1&gad_campaignid=23795906066&gbraid=0AAAABDgs-LTftWwAv4080Vb_GHOkQhpDC&gclid=CjwKCAjwvNfSBhBiEiwAyaGMCW5ACdNeSuO5qsTJPLc6u2qKpgdb7eEYvhRv-UvIjcyVzCUbWEmZ_hoCdUgQAvD_BwE" "Mozilla/5.0 (iPhone; CPU iPhone OS 17_7 like Mac OS X) AppleWebKit/605.1.15 (KHTML, like Gecko) Version/17.7 Mobile/15E148 Safari/604.1"
78.209.128.147 - - [15/Jul/2026:08:08:11 +0200] "GET /wp-content/plugins/gp-premium/menu-plus/functions/js/sticky.min.js?ver=2.5.5 HTTP/2.0" 200 2670 "https://parma.elettroservicegroup.it/assistenza-indesit-parma/?gad_source=1&gad_campaignid=23795906066&gbraid=0AAAABDgs-LTftWwAv4080Vb_GHOkQhpDC&gclid=CjwKCAjwvNfSBhBiEiwAyaGMCW5ACdNeSuO5qsTJPLc6u2qKpgdb7eEYvhRv-UvIjcyVzCUbWEmZ_hoCdUgQAvD_BwE" "Mozilla/5.0 (iPhone; CPU iPhone OS 17_7 like Mac OS X) AppleWebKit/605.1.15 (KHTML, like Gecko) Version/17.7 Mobile/15E148 Safari/604.1"
78.209.128.147 - - [15/Jul/2026:08:08:11 +0200] "GET /wp-content/plugins/elementor/assets/js/webpack.runtime.min.js?ver=4.1.4 HTTP/2.0" 200 2340 "https://parma.elettroservicegroup.it/assistenza-indesit-parma/?gad_source=1&gad_campaignid=23795906066&gbraid=0AAAABDgs-LTftWwAv4080Vb_GHOkQhpDC&gclid=CjwKCAjwvNfSBhBiEiwAyaGMCW5ACdNeSuO5qsTJPLc6u2qKpgdb7eEYvhRv-UvIjcyVzCUbWEmZ_hoCdUgQAvD_BwE" "Mozilla/5.0 (iPhone; CPU iPhone OS 17_7 like Mac OS X) AppleWebKit/605.1.15 (KHTML, like Gecko) Version/17.7 Mobile/15E148 Safari/604.1"
78.209.128.147 - - [15/Jul/2026:08:08:11 +0200] "GET /wp-content/themes/generatepress/assets/js/back-to-top.min.js?ver=3.6.1 HTTP/2.0" 200 336 "https://parma.elettroservicegroup.it/assistenza-indesit-parma/?gad_source=1&gad_campaignid=23795906066&gbraid=0AAAABDgs-LTftWwAv4080Vb_GHOkQhpDC&gclid=CjwKCAjwvNfSBhBiEiwAyaGMCW5ACdNeSuO5qsTJPLc6u2qKpgdb7eEYvhRv-UvIjcyVzCUbWEmZ_hoCdUgQAvD_BwE" "Mozilla/5.0 (iPhone; CPU iPhone OS 17_7 like Mac OS X) AppleWebKit/605.1.15 (KHTML, like Gecko) Version/17.7 Mobile/15E148 Safari/604.1"
78.209.128.147 - - [15/Jul/2026:08:08:11 +0200] "GET /wp-content/plugins/burst-statistics/assets/js/timeme/timeme.min.js?ver=1783097275 HTTP/2.0" 200 1835 "https://parma.elettroservicegroup.it/assistenza-indesit-parma/?gad_source=1&gad_campaignid=23795906066&gbraid=0AAAABDgs-LTftWwAv4080Vb_GHOkQhpDC&gclid=CjwKCAjwvNfSBhBiEiwAyaGMCW5ACdNeSuO5qsTJPLc6u2qKpgdb7eEYvhRv-UvIjcyVzCUbWEmZ_hoCdUgQAvD_BwE" "Mozilla/5.0 (iPhone; CPU iPhone OS 17_7 like Mac OS X) AppleWebKit/605.1.15 (KHTML, like Gecko) Version/17.7 Mobile/15E148 Safari/604.1"
78.209.128.147 - - [15/Jul/2026:08:08:11 +0200] "GET /wp-content/uploads/burst/js/burst.min.js?ver=1784023089 HTTP/2.0" 200 3411 "https://parma.elettroservicegroup.it/assistenza-indesit-parma/?gad_source=1&gad_campaignid=23795906066&gbraid=0AAAABDgs-LTftWwAv4080Vb_GHOkQhpDC&gclid=CjwKCAjwvNfSBhBiEiwAyaGMCW5ACdNeSuO5qsTJPLc6u2qKpgdb7eEYvhRv-UvIjcyVzCUbWEmZ_hoCdUgQAvD_BwE" "Mozilla/5.0 (iPhone; CPU iPhone OS 17_7 like Mac OS X) AppleWebKit/605.1.15 (KHTML, like Gecko) Version/17.7 Mobile/15E148 Safari/604.1"
78.209.128.147 - - [15/Jul/2026:08:08:11 +0200] "GET /wp-content/plugins/elementor/assets/lib/font-awesome/js/v4-shims.min.js?ver=4.1.4 HTTP/2.0" 200 4043 "https://parma.elettroservicegroup.it/assistenza-indesit-parma/?gad_source=1&gad_campaignid=23795906066&gbraid=0AAAABDgs-LTftWwAv4080Vb_GHOkQhpDC&gclid=CjwKCAjwvNfSBhBiEiwAyaGMCW5ACdNeSuO5qsTJPLc6u2qKpgdb7eEYvhRv-UvIjcyVzCUbWEmZ_hoCdUgQAvD_BwE" "Mozilla/5.0 (iPhone; CPU iPhone OS 17_7 like Mac OS X) AppleWebKit/605.1.15 (KHTML, like Gecko) Version/17.7 Mobile/15E148 Safari/604.1"
78.209.128.147 - - [15/Jul/2026:08:08:11 +0200] "GET /wp-includes/js/jquery/jquery-migrate.min.js?ver=3.4.1 HTTP/2.0" 200 4685 "https://parma.elettroservicegroup.it/assistenza-indesit-parma/?gad_source=1&gad_campaignid=23795906066&gbraid=0AAAABDgs-LTftWwAv4080Vb_GHOkQhpDC&gclid=CjwKCAjwvNfSBhBiEiwAyaGMCW5ACdNeSuO5qsTJPLc6u2qKpgdb7eEYvhRv-UvIjcyVzCUbWEmZ_hoCdUgQAvD_BwE" "Mozilla/5.0 (iPhone; CPU iPhone OS 17_7 like Mac OS X) AppleWebKit/605.1.15 (KHTML, like Gecko) Version/17.7 Mobile/15E148 Safari/604.1"
78.209.128.147 - - [15/Jul/2026:08:08:11 +0200] "GET /wp-content/plugins/elementor/assets/js/frontend-modules.min.js?ver=4.1.4 HTTP/2.0" 200 15454 "https://parma.elettroservicegroup.it/assistenza-indesit-parma/?gad_source=1&gad_campaignid=23795906066&gbraid=0AAAABDgs-LTftWwAv4080Vb_GHOkQhpDC&gclid=CjwKCAjwvNfSBhBiEiwAyaGMCW5ACdNeSuO5qsTJPLc6u2qKpgdb7eEYvhRv-UvIjcyVzCUbWEmZ_hoCdUgQAvD_BwE" "Mozilla/5.0 (iPhone; CPU iPhone OS 17_7 like Mac OS X) AppleWebKit/605.1.15 (KHTML, like Gecko) Version/17.7 Mobile/15E148 Safari/604.1"
78.209.128.147 - - [15/Jul/2026:08:08:11 +0200] "GET /wp-includes/js/jquery/ui/core.min.js?ver=1.13.3 HTTP/2.0" 200 6820 "https://parma.elettroservicegroup.it/assistenza-indesit-parma/?gad_source=1&gad_campaignid=23795906066&gbraid=0AAAABDgs-LTftWwAv4080Vb_GHOkQhpDC&gclid=CjwKCAjwvNfSBhBiEiwAyaGMCW5ACdNeSuO5qsTJPLc6u2qKpgdb7eEYvhRv-UvIjcyVzCUbWEmZ_hoCdUgQAvD_BwE" "Mozilla/5.0 (iPhone; CPU iPhone OS 17_7 like Mac OS X) AppleWebKit/605.1.15 (KHTML, like Gecko) Version/17.7 Mobile/15E148 Safari/604.1"
78.209.128.147 - - [15/Jul/2026:08:08:11 +0200] "GET /wp-content/plugins/elementor/assets/js/frontend.min.js?ver=4.1.4 HTTP/2.0" 200 10140 "https://parma.elettroservicegroup.it/assistenza-indesit-parma/?gad_source=1&gad_campaignid=23795906066&gbraid=0AAAABDgs-LTftWwAv4080Vb_GHOkQhpDC&gclid=CjwKCAjwvNfSBhBiEiwAyaGMCW5ACdNeSuO5qsTJPLc6u2qKpgdb7eEYvhRv-UvIjcyVzCUbWEmZ_hoCdUgQAvD_BwE" "Mozilla/5.0 (iPhone; CPU iPhone OS 17_7 like Mac OS X) AppleWebKit/605.1.15 (KHTML, like Gecko) Version/17.7 Mobile/15E148 Safari/604.1"
78.209.128.147 - - [15/Jul/2026:08:08:11 +0200] "GET /wp-content/plugins/complianz-gdpr-premium/cookiebanner/js/complianz.min.js?ver=1783097331 HTTP/2.0" 200 10762 "https://parma.elettroservicegroup.it/assistenza-indesit-parma/?gad_source=1&gad_campaignid=23795906066&gbraid=0AAAABDgs-LTftWwAv4080Vb_GHOkQhpDC&gclid=CjwKCAjwvNfSBhBiEiwAyaGMCW5ACdNeSuO5qsTJPLc6u2qKpgdb7eEYvhRv-UvIjcyVzCUbWEmZ_hoCdUgQAvD_BwE" "Mozilla/5.0 (iPhone; CPU iPhone OS 17_7 like Mac OS X) AppleWebKit/605.1.15 (KHTML, like Gecko) Version/17.7 Mobile/15E148 Safari/604.1"
78.209.128.147 - - [15/Jul/2026:08:08:11 +0200] "GET /wp-content/uploads/elementor/google-fonts/fonts/roboto-kfo7cnqeu92fr1me7ksn66agldtyluama3yuba.woff2 HTTP/2.0" 200 40132 "https://parma.elettroservicegroup.it/assistenza-indesit-parma/?gad_source=1&gad_campaignid=23795906066&gbraid=0AAAABDgs-LTftWwAv4080Vb_GHOkQhpDC&gclid=CjwKCAjwvNfSBhBiEiwAyaGMCW5ACdNeSuO5qsTJPLc6u2qKpgdb7eEYvhRv-UvIjcyVzCUbWEmZ_hoCdUgQAvD_BwE" "Mozilla/5.0 (iPhone; CPU iPhone OS 17_7 like Mac OS X) AppleWebKit/605.1.15 (KHTML, like Gecko) Version/17.7 Mobile/15E148 Safari/604.1"
78.209.128.147 - - [15/Jul/2026:08:08:11 +0200] "GET /wp-content/plugins/elementor/assets/lib/font-awesome/webfonts/fa-regular-400.woff2 HTTP/2.0" 200 13277 "https://parma.elettroservicegroup.it/assistenza-indesit-parma/?gad_source=1&gad_campaignid=23795906066&gbraid=0AAAABDgs-LTftWwAv4080Vb_GHOkQhpDC&gclid=CjwKCAjwvNfSBhBiEiwAyaGMCW5ACdNeSuO5qsTJPLc6u2qKpgdb7eEYvhRv-UvIjcyVzCUbWEmZ_hoCdUgQAvD_BwE" "Mozilla/5.0 (iPhone; CPU iPhone OS 17_7 like Mac OS X) AppleWebKit/605.1.15 (KHTML, like Gecko) Version/17.7 Mobile/15E148 Safari/604.1"
78.209.128.147 - - [15/Jul/2026:08:08:11 +0200] "GET /wp-content/plugins/elementor/assets/lib/font-awesome/webfonts/fa-solid-900.woff2 HTTP/2.0" 200 78201 "https://parma.elettroservicegroup.it/assistenza-indesit-parma/?gad_source=1&gad_campaignid=23795906066&gbraid=0AAAABDgs-LTftWwAv4080Vb_GHOkQhpDC&gclid=CjwKCAjwvNfSBhBiEiwAyaGMCW5ACdNeSuO5qsTJPLc6u2qKpgdb7eEYvhRv-UvIjcyVzCUbWEmZ_hoCdUgQAvD_BwE" "Mozilla/5.0 (iPhone; CPU iPhone OS 17_7 like Mac OS X) AppleWebKit/605.1.15 (KHTML, like Gecko) Version/17.7 Mobile/15E148 Safari/604.1"
78.209.128.147 - - [15/Jul/2026:08:08:11 +0200] "GET /wp-content/uploads/2022/01/elett5-2.jpg HTTP/2.0" 200 11223 "https://parma.elettroservicegroup.it/assistenza-indesit-parma/?gad_source=1&gad_campaignid=23795906066&gbraid=0AAAABDgs-LTftWwAv4080Vb_GHOkQhpDC&gclid=CjwKCAjwvNfSBhBiEiwAyaGMCW5ACdNeSuO5qsTJPLc6u2qKpgdb7eEYvhRv-UvIjcyVzCUbWEmZ_hoCdUgQAvD_BwE" "Mozilla/5.0 (iPhone; CPU iPhone OS 17_7 like Mac OS X) AppleWebKit/605.1.15 (KHTML, like Gecko) Version/17.7 Mobile/15E148 Safari/604.1"
78.209.128.147 - - [15/Jul/2026:08:08:11 +0200] "GET /wp-content/plugins/elementor/assets/js/section-frontend-handlers.d85ab872da118940910d.bundle.min.js HTTP/2.0" 200 230 "https://parma.elettroservicegroup.it/assistenza-indesit-parma/?gad_source=1&gad_campaignid=23795906066&gbraid=0AAAABDgs-LTftWwAv4080Vb_GHOkQhpDC&gclid=CjwKCAjwvNfSBhBiEiwAyaGMCW5ACdNeSuO5qsTJPLc6u2qKpgdb7eEYvhRv-UvIjcyVzCUbWEmZ_hoCdUgQAvD_BwE" "Mozilla/5.0 (iPhone; CPU iPhone OS 17_7 like Mac OS X) AppleWebKit/605.1.15 (KHTML, like Gecko) Version/17.7 Mobile/15E148 Safari/604.1"
78.209.128.147 - - [15/Jul/2026:08:08:11 +0200] "GET /wp-content/plugins/elementor/assets/js/text-editor.45609661e409413f1cef.bundle.min.js HTTP/2.0" 200 592 "https://parma.elettroservicegroup.it/assistenza-indesit-parma/?gad_source=1&gad_campaignid=23795906066&gbraid=0AAAABDgs-LTftWwAv4080Vb_GHOkQhpDC&gclid=CjwKCAjwvNfSBhBiEiwAyaGMCW5ACdNeSuO5qsTJPLc6u2qKpgdb7eEYvhRv-UvIjcyVzCUbWEmZ_hoCdUgQAvD_BwE" "Mozilla/5.0 (iPhone; CPU iPhone OS 17_7 like Mac OS X) AppleWebKit/605.1.15 (KHTML, like Gecko) Version/17.7 Mobile/15E148 Safari/604.1"
78.209.128.147 - - [15/Jul/2026:08:08:11 +0200] "GET /wp-content/plugins/elementor/assets/js/shared-frontend-handlers.03caa53373b56d3bab67.bundle.min.js HTTP/2.0" 200 2515 "https://parma.elettroservicegroup.it/assistenza-indesit-parma/?gad_source=1&gad_campaignid=23795906066&gbraid=0AAAABDgs-LTftWwAv4080Vb_GHOkQhpDC&gclid=CjwKCAjwvNfSBhBiEiwAyaGMCW5ACdNeSuO5qsTJPLc6u2qKpgdb7eEYvhRv-UvIjcyVzCUbWEmZ_hoCdUgQAvD_BwE" "Mozilla/5.0 (iPhone; CPU iPhone OS 17_7 like Mac OS X) AppleWebKit/605.1.15 (KHTML, like Gecko) Version/17.7 Mobile/15E148 Safari/604.1"
78.209.128.147 - - [15/Jul/2026:08:08:12 +0200] "GET /wp-content/uploads/2021/10/cropped-logo_white_background.png HTTP/2.0" 200 16623 "https://parma.elettroservicegroup.it/assistenza-indesit-parma/?gad_source=1&gad_campaignid=23795906066&gbraid=0AAAABDgs-LTftWwAv4080Vb_GHOkQhpDC&gclid=CjwKCAjwvNfSBhBiEiwAyaGMCW5ACdNeSuO5qsTJPLc6u2qKpgdb7eEYvhRv-UvIjcyVzCUbWEmZ_hoCdUgQAvD_BwE" "Mozilla/5.0 (iPhone; CPU iPhone OS 17_7 like Mac OS X) AppleWebKit/605.1.15 (KHTML, like Gecko) Version/17.7 Mobile/15E148 Safari/604.1"
78.209.128.147 - - [15/Jul/2026:08:08:12 +0200] "POST /wp-content/plugins/burst-statistics/endpoint.php HTTP/2.0" 200 1 "https://parma.elettroservicegroup.it/assistenza-indesit-parma/?gad_source=1&gad_campaignid=23795906066&gbraid=0AAAABDgs-LTftWwAv4080Vb_GHOkQhpDC&gclid=CjwKCAjwvNfSBhBiEiwAyaGMCW5ACdNeSuO5qsTJPLc6u2qKpgdb7eEYvhRv-UvIjcyVzCUbWEmZ_hoCdUgQAvD_BwE" "Mozilla/5.0 (iPhone; CPU iPhone OS 17_7 like Mac OS X) AppleWebKit/605.1.15 (KHTML, like Gecko) Version/17.7 Mobile/15E148 Safari/604.1"
78.209.128.147 - - [15/Jul/2026:08:08:13 +0200] "GET /wp-content/uploads/2021/10/cropped-cropped-cropped-cropped-logo_white_background-32x32.png HTTP/2.0" 200 1525 "https://parma.elettroservicegroup.it/assistenza-indesit-parma/?gad_source=1&gad_campaignid=23795906066&gbraid=0AAAABDgs-LTftWwAv4080Vb_GHOkQhpDC&gclid=CjwKCAjwvNfSBhBiEiwAyaGMCW5ACdNeSuO5qsTJPLc6u2qKpgdb7eEYvhRv-UvIjcyVzCUbWEmZ_hoCdUgQAvD_BwE" "Mozilla/5.0 (iPhone; CPU iPhone OS 17_7 like Mac OS X) AppleWebKit/605.1.15 (KHTML, like Gecko) Version/17.7 Mobile/15E148 Safari/604.1"
78.209.128.147 - - [15/Jul/2026:08:08:13 +0200] "GET /wp-content/uploads/2021/10/cropped-cropped-cropped-cropped-logo_white_background-192x192.png HTTP/2.0" 200 19089 "https://parma.elettroservicegroup.it/assistenza-indesit-parma/?gad_source=1&gad_campaignid=23795906066&gbraid=0AAAABDgs-LTftWwAv4080Vb_GHOkQhpDC&gclid=CjwKCAjwvNfSBhBiEiwAyaGMCW5ACdNeSuO5qsTJPLc6u2qKpgdb7eEYvhRv-UvIjcyVzCUbWEmZ_hoCdUgQAvD_BwE" "Mozilla/5.0 (iPhone; CPU iPhone OS 17_7 like Mac OS X) AppleWebKit/605.1.15 (KHTML, like Gecko) Version/17.7 Mobile/15E148 Safari/604.1"
78.209.128.147 - - [15/Jul/2026:08:08:11 +0200] "GET /wp-json/complianz/v1/banner?lang=it&locale=it_IT&token=hzqyz HTTP/2.0" 200 81 "https://parma.elettroservicegroup.it/assistenza-indesit-parma/?gad_source=1&gad_campaignid=23795906066&gbraid=0AAAABDgs-LTftWwAv4080Vb_GHOkQhpDC&gclid=CjwKCAjwvNfSBhBiEiwAyaGMCW5ACdNeSuO5qsTJPLc6u2qKpgdb7eEYvhRv-UvIjcyVzCUbWEmZ_hoCdUgQAvD_BwE" "Mozilla/5.0 (iPhone; CPU iPhone OS 17_7 like Mac OS X) AppleWebKit/605.1.15 (KHTML, like Gecko) Version/17.7 Mobile/15E148 Safari/604.1"
78.209.128.147 - - [15/Jul/2026:08:08:13 +0200] "GET /wp-content/uploads/complianz/css/banner-1-optin.css?v=46 HTTP/2.0" 200 2857 "https://parma.elettroservicegroup.it/assistenza-indesit-parma/?gad_source=1&gad_campaignid=23795906066&gbraid=0AAAABDgs-LTftWwAv4080Vb_GHOkQhpDC&gclid=CjwKCAjwvNfSBhBiEiwAyaGMCW5ACdNeSuO5qsTJPLc6u2qKpgdb7eEYvhRv-UvIjcyVzCUbWEmZ_hoCdUgQAvD_BwE" "Mozilla/5.0 (iPhone; CPU iPhone OS 17_7 like Mac OS X) AppleWebKit/605.1.15 (KHTML, like Gecko) Version/17.7 Mobile/15E148 Safari/604.1"
78.209.128.147 - - [15/Jul/2026:08:08:15 +0200] "POST /wp-content/plugins/burst-statistics/endpoint.php HTTP/2.0" 200 1 "https://parma.elettroservicegroup.it/assistenza-indesit-parma/?gad_source=1&gad_campaignid=23795906066&gbraid=0AAAABDgs-LTftWwAv4080Vb_GHOkQhpDC&gclid=CjwKCAjwvNfSBhBiEiwAyaGMCW5ACdNeSuO5qsTJPLc6u2qKpgdb7eEYvhRv-UvIjcyVzCUbWEmZ_hoCdUgQAvD_BwE" "Mozilla/5.0 (iPhone; CPU iPhone OS 17_7 like Mac OS X) AppleWebKit/605.1.15 (KHTML, like Gecko) Version/17.7 Mobile/15E148 Safari/604.1"
78.209.128.147 - - [15/Jul/2026:08:08:13 +0200] "GET /wp-json/complianz/v1/cookie_data HTTP/2.0" 200 81 "https://parma.elettroservicegroup.it/assistenza-indesit-parma/?gad_source=1&gad_campaignid=23795906066&gbraid=0AAAABDgs-LTftWwAv4080Vb_GHOkQhpDC&gclid=CjwKCAjwvNfSBhBiEiwAyaGMCW5ACdNeSuO5qsTJPLc6u2qKpgdb7eEYvhRv-UvIjcyVzCUbWEmZ_hoCdUgQAvD_BwE" "Mozilla/5.0 (iPhone; CPU iPhone OS 17_7 like Mac OS X) AppleWebKit/605.1.15 (KHTML, like Gecko) Version/17.7 Mobile/15E148 Safari/604.1"
78.209.128.147 - - [15/Jul/2026:08:08:15 +0200] "POST /wp-content/plugins/burst-statistics/endpoint.php HTTP/2.0" 200 1 "https://parma.elettroservicegroup.it/assistenza-indesit-parma/?gad_source=1&gad_campaignid=23795906066&gbraid=0AAAABDgs-LTftWwAv4080Vb_GHOkQhpDC&gclid=CjwKCAjwvNfSBhBiEiwAyaGMCW5ACdNeSuO5qsTJPLc6u2qKpgdb7eEYvhRv-UvIjcyVzCUbWEmZ_hoCdUgQAvD_BwE" "Mozilla/5.0 (iPhone; CPU iPhone OS 17_7 like Mac OS X) AppleWebKit/605.1.15 (KHTML, like Gecko) Version/17.7 Mobile/15E148 Safari/604.1"
78.209.128.147 - - [15/Jul/2026:08:08:15 +0200] "POST /wp-content/plugins/burst-statistics/endpoint.php HTTP/2.0" 200 1 "https://parma.elettroservicegroup.it/assistenza-indesit-parma/?gad_source=1&gad_campaignid=23795906066&gbraid=0AAAABDgs-LTftWwAv4080Vb_GHOkQhpDC&gclid=CjwKCAjwvNfSBhBiEiwAyaGMCW5ACdNeSuO5qsTJPLc6u2qKpgdb7eEYvhRv-UvIjcyVzCUbWEmZ_hoCdUgQAvD_BwE" "Mozilla/5.0 (iPhone; CPU iPhone OS 17_7 like Mac OS X) AppleWebKit/605.1.15 (KHTML, like Gecko) Version/17.7 Mobile/15E148 Safari/604.1"
65.108.235.243 - - [15/Jul/2026:08:08:14 +0200] "POST /wp-json/complianz/v1/wsc-scan HTTP/1.1" 400 88 "-" "WordPress/7.0.1; https://parma.elettroservicegroup.it"
78.209.128.147 - - [15/Jul/2026:08:08:15 +0200] "POST /wp-json/complianz/v1/track HTTP/2.0" 200 20 "https://parma.elettroservicegroup.it/assistenza-indesit-parma/?gad_source=1&gad_campaignid=23795906066&gbraid=0AAAABDgs-LTftWwAv4080Vb_GHOkQhpDC&gclid=CjwKCAjwvNfSBhBiEiwAyaGMCW5ACdNeSuO5qsTJPLc6u2qKpgdb7eEYvhRv-UvIjcyVzCUbWEmZ_hoCdUgQAvD_BwE" "Mozilla/5.0 (iPhone; CPU iPhone OS 17_7 like Mac OS X) AppleWebKit/605.1.15 (KHTML, like Gecko) Version/17.7 Mobile/15E148 Safari/604.1"
78.209.128.147 - - [15/Jul/2026:08:08:17 +0200] "GET /wp-content/uploads/2022/01/TECNIC-LAVATRICE-768x432-1.jpg HTTP/2.0" 200 50994 "https://parma.elettroservicegroup.it/assistenza-indesit-parma/?gad_source=1&gad_campaignid=23795906066&gbraid=0AAAABDgs-LTftWwAv4080Vb_GHOkQhpDC&gclid=CjwKCAjwvNfSBhBiEiwAyaGMCW5ACdNeSuO5qsTJPLc6u2qKpgdb7eEYvhRv-UvIjcyVzCUbWEmZ_hoCdUgQAvD_BwE" "Mozilla/5.0 (iPhone; CPU iPhone OS 17_7 like Mac OS X) AppleWebKit/605.1.15 (KHTML, like Gecko) Version/17.7 Mobile/15E148 Safari/604.1"
78.209.128.147 - - [15/Jul/2026:08:08:17 +0200] "POST /wp-content/plugins/burst-statistics/endpoint.php HTTP/2.0" 200 1 "https://parma.elettroservicegroup.it/assistenza-indesit-parma/?gad_source=1&gad_campaignid=23795906066&gbraid=0AAAABDgs-LTftWwAv4080Vb_GHOkQhpDC&gclid=CjwKCAjwvNfSBhBiEiwAyaGMCW5ACdNeSuO5qsTJPLc6u2qKpgdb7eEYvhRv-UvIjcyVzCUbWEmZ_hoCdUgQAvD_BwE" "Mozilla/5.0 (iPhone; CPU iPhone OS 17_7 like Mac OS X) AppleWebKit/605.1.15 (KHTML, like Gecko) Version/17.7 Mobile/15E148 Safari/604.1"
78.209.128.147 - - [15/Jul/2026:08:08:24 +0200] "POST /wp-content/plugins/burst-statistics/endpoint.php HTTP/2.0" 200 1 "https://parma.elettroservicegroup.it/assistenza-indesit-parma/?gad_source=1&gad_campaignid=23795906066&gbraid=0AAAABDgs-LTftWwAv4080Vb_GHOkQhpDC&gclid=CjwKCAjwvNfSBhBiEiwAyaGMCW5ACdNeSuO5qsTJPLc6u2qKpgdb7eEYvhRv-UvIjcyVzCUbWEmZ_hoCdUgQAvD_BwE" "Mozilla/5.0 (iPhone; CPU iPhone OS 17_7 like Mac OS X) AppleWebKit/605.1.15 (KHTML, like Gecko) Version/17.7 Mobile/15E148 Safari/604.1"
78.209.128.147 - - [15/Jul/2026:08:10:33 +0200] "POST /wp-content/plugins/burst-statistics/endpoint.php HTTP/2.0" 200 1 "https://parma.elettroservicegroup.it/assistenza-indesit-parma/?gad_source=1&gad_campaignid=23795906066&gbraid=0AAAABDgs-LTftWwAv4080Vb_GHOkQhpDC&gclid=CjwKCAjwvNfSBhBiEiwAyaGMCW5ACdNeSuO5qsTJPLc6u2qKpgdb7eEYvhRv-UvIjcyVzCUbWEmZ_hoCdUgQAvD_BwE" "Mozilla/5.0 (iPhone; CPU iPhone OS 17_7 like Mac OS X) AppleWebKit/605.1.15 (KHTML, like Gecko) Version/17.7 Mobile/15E148 Safari/604.1"
78.209.128.147 - - [15/Jul/2026:08:11:14 +0200] "POST /wp-content/plugins/burst-statistics/endpoint.php HTTP/2.0" 200 1 "https://parma.elettroservicegroup.it/assistenza-indesit-parma/?gad_source=1&gad_campaignid=23795906066&gbraid=0AAAABDgs-LTftWwAv4080Vb_GHOkQhpDC&gclid=CjwKCAjwvNfSBhBiEiwAyaGMCW5ACdNeSuO5qsTJPLc6u2qKpgdb7eEYvhRv-UvIjcyVzCUbWEmZ_hoCdUgQAvD_BwE" "Mozilla/5.0 (iPhone; CPU iPhone OS 17_7 like Mac OS X) AppleWebKit/605.1.15 (KHTML, like Gecko) Version/17.7 Mobile/15E148 Safari/604.1"
65.108.235.243 - - [15/Jul/2026:08:16:48 +0200] "POST /wp-cron.php?doing_wp_cron=1784096208.4867630004882812500000 HTTP/1.1" 200 1 "-" "WordPress/7.0.1; https://parma.elettroservicegroup.it"
78.209.128.147 - - [15/Jul/2026:08:16:39 +0200] "GET /assistenza-indesit-parma/?gad_source=1&gad_campaignid=23795906066&gbraid=0AAAABDgs-LTftWwAv4080Vb_GHOkQhpDC&gclid=CjwKCAjwvNfSBhBiEiwAyaGMCY7yoze0Kt3NSQR26DE5qloL-bc8h5QdzsIZ9JlYHJO6TTzQNrsEIxoCZpMQAvD_BwE HTTP/2.0" 200 22789 "https://www.google.com/" "Mozilla/5.0 (iPhone; CPU iPhone OS 17_7 like Mac OS X) AppleWebKit/605.1.15 (KHTML, like Gecko) Version/17.7 Mobile/15E148 Safari/604.1"
78.209.128.147 - - [15/Jul/2026:08:16:49 +0200] "GET /wp-content/uploads/elementor/css/post-17282.css?ver=1784095689 HTTP/2.0" 304 - "https://parma.elettroservicegroup.it/assistenza-indesit-parma/?gad_source=1&gad_campaignid=23795906066&gbraid=0AAAABDgs-LTftWwAv4080Vb_GHOkQhpDC&gclid=CjwKCAjwvNfSBhBiEiwAyaGMCY7yoze0Kt3NSQR26DE5qloL-bc8h5QdzsIZ9JlYHJO6TTzQNrsEIxoCZpMQAvD_BwE" "Mozilla/5.0 (iPhone; CPU iPhone OS 17_7 like Mac OS X) AppleWebKit/605.1.15 (KHTML, like Gecko) Version/17.7 Mobile/15E148 Safari/604.1"
78.209.128.147 - - [15/Jul/2026:08:16:49 +0200] "POST /wp-content/plugins/burst-statistics/endpoint.php HTTP/2.0" 200 1 "https://parma.elettroservicegroup.it/assistenza-indesit-parma/?gad_source=1&gad_campaignid=23795906066&gbraid=0AAAABDgs-LTftWwAv4080Vb_GHOkQhpDC&gclid=CjwKCAjwvNfSBhBiEiwAyaGMCY7yoze0Kt3NSQR26DE5qloL-bc8h5QdzsIZ9JlYHJO6TTzQNrsEIxoCZpMQAvD_BwE" "Mozilla/5.0 (iPhone; CPU iPhone OS 17_7 like Mac OS X) AppleWebKit/605.1.15 (KHTML, like Gecko) Version/17.7 Mobile/15E148 Safari/604.1"
78.209.128.147 - - [15/Jul/2026:08:16:49 +0200] "GET /wp-json/complianz/v1/banner?lang=it&locale=it_IT&token=wnpfm HTTP/2.0" 200 81 "https://parma.elettroservicegroup.it/assistenza-indesit-parma/?gad_source=1&gad_campaignid=23795906066&gbraid=0AAAABDgs-LTftWwAv4080Vb_GHOkQhpDC&gclid=CjwKCAjwvNfSBhBiEiwAyaGMCY7yoze0Kt3NSQR26DE5qloL-bc8h5QdzsIZ9JlYHJO6TTzQNrsEIxoCZpMQAvD_BwE" "Mozilla/5.0 (iPhone; CPU iPhone OS 17_7 like Mac OS X) AppleWebKit/605.1.15 (KHTML, like Gecko) Version/17.7 Mobile/15E148 Safari/604.1"
78.209.128.147 - - [15/Jul/2026:08:16:51 +0200] "POST /wp-content/plugins/burst-statistics/endpoint.php HTTP/2.0" 200 1 "https://parma.elettroservicegroup.it/assistenza-indesit-parma/?gad_source=1&gad_campaignid=23795906066&gbraid=0AAAABDgs-LTftWwAv4080Vb_GHOkQhpDC&gclid=CjwKCAjwvNfSBhBiEiwAyaGMCY7yoze0Kt3NSQR26DE5qloL-bc8h5QdzsIZ9JlYHJO6TTzQNrsEIxoCZpMQAvD_BwE" "Mozilla/5.0 (iPhone; CPU iPhone OS 17_7 like Mac OS X) AppleWebKit/605.1.15 (KHTML, like Gecko) Version/17.7 Mobile/15E148 Safari/604.1"
78.209.128.147 - - [15/Jul/2026:08:16:51 +0200] "GET /wp-json/complianz/v1/cookie_data HTTP/2.0" 200 81 "https://parma.elettroservicegroup.it/assistenza-indesit-parma/?gad_source=1&gad_campaignid=23795906066&gbraid=0AAAABDgs-LTftWwAv4080Vb_GHOkQhpDC&gclid=CjwKCAjwvNfSBhBiEiwAyaGMCY7yoze0Kt3NSQR26DE5qloL-bc8h5QdzsIZ9JlYHJO6TTzQNrsEIxoCZpMQAvD_BwE" "Mozilla/5.0 (iPhone; CPU iPhone OS 17_7 like Mac OS X) AppleWebKit/605.1.15 (KHTML, like Gecko) Version/17.7 Mobile/15E148 Safari/604.1"
78.209.128.147 - - [15/Jul/2026:08:16:59 +0200] "POST /wp-content/plugins/burst-statistics/endpoint.php HTTP/2.0" 200 1 "https://parma.elettroservicegroup.it/assistenza-indesit-parma/?gad_source=1&gad_campaignid=23795906066&gbraid=0AAAABDgs-LTftWwAv4080Vb_GHOkQhpDC&gclid=CjwKCAjwvNfSBhBiEiwAyaGMCY7yoze0Kt3NSQR26DE5qloL-bc8h5QdzsIZ9JlYHJO6TTzQNrsEIxoCZpMQAvD_BwE" "Mozilla/5.0 (iPhone; CPU iPhone OS 17_7 like Mac OS X) AppleWebKit/605.1.15 (KHTML, like Gecko) Version/17.7 Mobile/15E148 Safari/604.1"
65.108.235.243 - - [15/Jul/2026:08:18:48 +0200] "POST /wp-cron.php?doing_wp_cron=1784096328.4813859462738037109375 HTTP/1.1" 200 1 "-" "WordPress/7.0.1; https://parma.elettroservicegroup.it"
78.209.128.147 - - [15/Jul/2026:08:18:38 +0200] "GET /assistenza-indesit-parma/?gad_source=1&gad_campaignid=23795906066&gbraid=0AAAABDgs-LTftWwAv4080Vb_GHOkQhpDC&gclid=CjwKCAjwvNfSBhBiEiwAyaGMCY7yoze0Kt3NSQR26DE5qloL-bc8h5QdzsIZ9JlYHJO6TTzQNrsEIxoCZpMQAvD_BwE HTTP/2.0" 200 22789 "https://www.google.com/" "Mozilla/5.0 (iPhone; CPU iPhone OS 17_7 like Mac OS X) AppleWebKit/605.1.15 (KHTML, like Gecko) Version/17.7 Mobile/15E148 Safari/604.1"
78.209.128.147 - - [15/Jul/2026:08:18:49 +0200] "GET /wp-content/uploads/elementor/css/post-17282.css?ver=1784095689 HTTP/2.0" 304 - "https://parma.elettroservicegroup.it/assistenza-indesit-parma/?gad_source=1&gad_campaignid=23795906066&gbraid=0AAAABDgs-LTftWwAv4080Vb_GHOkQhpDC&gclid=CjwKCAjwvNfSBhBiEiwAyaGMCY7yoze0Kt3NSQR26DE5qloL-bc8h5QdzsIZ9JlYHJO6TTzQNrsEIxoCZpMQAvD_BwE" "Mozilla/5.0 (iPhone; CPU iPhone OS 17_7 like Mac OS X) AppleWebKit/605.1.15 (KHTML, like Gecko) Version/17.7 Mobile/15E148 Safari/604.1"
78.209.128.147 - - [15/Jul/2026:08:18:49 +0200] "POST /wp-content/plugins/burst-statistics/endpoint.php HTTP/2.0" 200 1 "https://parma.elettroservicegroup.it/assistenza-indesit-parma/?gad_source=1&gad_campaignid=23795906066&gbraid=0AAAABDgs-LTftWwAv4080Vb_GHOkQhpDC&gclid=CjwKCAjwvNfSBhBiEiwAyaGMCY7yoze0Kt3NSQR26DE5qloL-bc8h5QdzsIZ9JlYHJO6TTzQNrsEIxoCZpMQAvD_BwE" "Mozilla/5.0 (iPhone; CPU iPhone OS 17_7 like Mac OS X) AppleWebKit/605.1.15 (KHTML, like Gecko) Version/17.7 Mobile/15E148 Safari/604.1"
78.209.128.147 - - [15/Jul/2026:08:19:01 +0200] "GET /wp-content/uploads/2022/01/elettro3.jpg HTTP/2.0" 200 6766 "https://parma.elettroservicegroup.it/assistenza-indesit-parma/?gad_source=1&gad_campaignid=23795906066&gbraid=0AAAABDgs-LTftWwAv4080Vb_GHOkQhpDC&gclid=CjwKCAjwvNfSBhBiEiwAyaGMCY7yoze0Kt3NSQR26DE5qloL-bc8h5QdzsIZ9JlYHJO6TTzQNrsEIxoCZpMQAvD_BwE" "Mozilla/5.0 (iPhone; CPU iPhone OS 17_7 like Mac OS X) AppleWebKit/605.1.15 (KHTML, like Gecko) Version/17.7 Mobile/15E148 Safari/604.1"
78.209.128.147 - - [15/Jul/2026:08:19:05 +0200] "GET /wp-content/uploads/2026/05/logo.png HTTP/2.0" 200 48185 "https://parma.elettroservicegroup.it/assistenza-indesit-parma/?gad_source=1&gad_campaignid=23795906066&gbraid=0AAAABDgs-LTftWwAv4080Vb_GHOkQhpDC&gclid=CjwKCAjwvNfSBhBiEiwAyaGMCY7yoze0Kt3NSQR26DE5qloL-bc8h5QdzsIZ9JlYHJO6TTzQNrsEIxoCZpMQAvD_BwE" "Mozilla/5.0 (iPhone; CPU iPhone OS 17_7 like Mac OS X) AppleWebKit/605.1.15 (KHTML, like Gecko) Version/17.7 Mobile/15E148 Safari/604.1"
78.209.128.147 - - [15/Jul/2026:08:19:05 +0200] "GET /wp-content/uploads/2022/01/elett2.jpg HTTP/2.0" 200 28330 "https://parma.elettroservicegroup.it/assistenza-indesit-parma/?gad_source=1&gad_campaignid=23795906066&gbraid=0AAAABDgs-LTftWwAv4080Vb_GHOkQhpDC&gclid=CjwKCAjwvNfSBhBiEiwAyaGMCY7yoze0Kt3NSQR26DE5qloL-bc8h5QdzsIZ9JlYHJO6TTzQNrsEIxoCZpMQAvD_BwE" "Mozilla/5.0 (iPhone; CPU iPhone OS 17_7 like Mac OS X) AppleWebKit/605.1.15 (KHTML, like Gecko) Version/17.7 Mobile/15E148 Safari/604.1"
78.209.128.147 - - [15/Jul/2026:08:19:33 +0200] "POST /wp-content/plugins/burst-statistics/endpoint.php HTTP/2.0" 200 1 "https://parma.elettroservicegroup.it/assistenza-indesit-parma/?gad_source=1&gad_campaignid=23795906066&gbraid=0AAAABDgs-LTftWwAv4080Vb_GHOkQhpDC&gclid=CjwKCAjwvNfSBhBiEiwAyaGMCY7yoze0Kt3NSQR26DE5qloL-bc8h5QdzsIZ9JlYHJO6TTzQNrsEIxoCZpMQAvD_BwE" "Mozilla/5.0 (iPhone; CPU iPhone OS 17_7 like Mac OS X) AppleWebKit/605.1.15 (KHTML, like Gecko) Version/17.7 Mobile/15E148 Safari/604.1"
65.108.235.243 - - [15/Jul/2026:08:41:09 +0200] "POST /wp-cron.php?doing_wp_cron=1784097669.4785630702972412109375 HTTP/1.1" 200 1 "-" "WordPress/7.0.1; https://parma.elettroservicegroup.it"
37.163.94.151 - - [15/Jul/2026:08:40:58 +0200] "GET /assistenza-lavastoviglie-parma/?gad_source=1&gad_campaignid=23795906066&gclid=CjwKCAjwvNfSBhBiEiwAyaGMCfnSSz3Q_JkwLkdgqc8NJ61iS51qRFxht26H-UX7VrNXSqMXBk9jHxoCpSQQAvD_BwE HTTP/2.0" 200 22795 "https://www.google.com/" "Mozilla/5.0 (Linux; Android 10; K) AppleWebKit/537.36 (KHTML, like Gecko) Chrome/137.0.0.0 Mobile Safari/537.36"
110.249.202.57 - - [15/Jul/2026:08:48:21 +0200] "GET /assistenza-lavatrici-smeg-parma/ HTTP/2.0" 200 11891 "-" "Mozilla/5.0 (Linux; Android 5.0) AppleWebKit/537.36 (KHTML, like Gecko) Mobile Safari/537.36 (compatible; Bytespider; https://zhanzhang.toutiao.com/)"
65.108.235.243 - - [15/Jul/2026:08:48:32 +0200] "POST /wp-cron.php?doing_wp_cron=1784098111.8890509605407714843750 HTTP/1.1" 200 1 "-" "WordPress/7.0.1; https://parma.elettroservicegroup.it"
110.249.202.57 - - [15/Jul/2026:08:48:22 +0200] "GET /z0f76a1d14fd21a8fb5fd0d03e0fdc3d3cedae52f?id=a6105c0a611b41b08f1209506350279e&ts=1784098101&wsidchk=9738646&pdata=https%253A%252F%252Fparma.elettroservicegroup.it%252Fassistenza-lavatrici-smeg-parma%252F&failedChecks=userAgentCheck HTTP/2.0" 404 - "https://parma.elettroservicegroup.it/assistenza-lavatrici-smeg-parma/" "Mozilla/5.0 (Linux; Android 5.0) AppleWebKit/537.36 (KHTML, like Gecko) Mobile Safari/537.36 (compatible; Bytespider; https://zhanzhang.toutiao.com/)"
65.108.235.243 - - [15/Jul/2026:09:17:17 +0200] "POST /wp-cron.php?doing_wp_cron=1784099837.5923149585723876953125 HTTP/1.1" 200 1 "-" "WordPress/7.0.1; https://parma.elettroservicegroup.it"
216.73.217.5 - - [15/Jul/2026:09:17:06 +0200] "GET /robots.txt HTTP/2.0" 200 104 "-" "Mozilla/5.0 AppleWebKit/537.36 (KHTML, like Gecko; compatible; ClaudeBot/1.0; +claudebot@anthropic.com)"
65.108.235.243 - - [15/Jul/2026:09:17:21 +0200] "POST /wp-json/complianz/v1/wsc-scan HTTP/1.1" 400 88 "-" "WordPress/7.0.1; https://parma.elettroservicegroup.it"
65.108.235.243 - - [15/Jul/2026:09:18:38 +0200] "POST /wp-cron.php?doing_wp_cron=1784099918.7843000888824462890625 HTTP/1.1" 200 1 "-" "WordPress/7.0.1; https://parma.elettroservicegroup.it"
216.73.217.5 - - [15/Jul/2026:09:18:35 +0200] "GET /sitemap.rss HTTP/2.0" 200 1348 "-" "Mozilla/5.0 AppleWebKit/537.36 (KHTML, like Gecko; compatible; ClaudeBot/1.0; +claudebot@anthropic.com)"
65.108.235.243 - - [15/Jul/2026:09:22:27 +0200] "POST /wp-cron.php?doing_wp_cron=1784100147.4880580902099609375000 HTTP/1.1" 200 1 "-" "WordPress/7.0.1; https://parma.elettroservicegroup.it"
52.167.144.57 - - [15/Jul/2026:09:22:19 +0200] "GET /robots.txt HTTP/2.0" 200 104 "-" "Mozilla/5.0 AppleWebKit/537.36 (KHTML, like Gecko; compatible; bingbot/2.0; +http://www.bing.com/bingbot.htm) Chrome/116.0.1938.76 Safari/537.36"
52.167.144.184 - - [15/Jul/2026:09:22:33 +0200] "GET /sitemap.xml HTTP/2.0" 200 312 "-" "Mozilla/5.0 AppleWebKit/537.36 (KHTML, like Gecko; compatible; bingbot/2.0; +http://www.bing.com/bingbot.htm) Chrome/116.0.1938.76 Safari/537.36"
65.108.235.243 - - [15/Jul/2026:09:22:41 +0200] "POST /wp-cron.php?doing_wp_cron=1784100161.0899610519409179687500 HTTP/1.1" 200 1 "-" "WordPress/7.0.1; https://parma.elettroservicegroup.it"
40.77.167.51 - - [15/Jul/2026:09:22:40 +0200] "GET /sitemap.rss HTTP/2.0" 200 1348 "-" "Mozilla/5.0 AppleWebKit/537.36 (KHTML, like Gecko; compatible; bingbot/2.0; +http://www.bing.com/bingbot.htm) Chrome/116.0.1938.76 Safari/537.36"
65.108.235.243 - - [15/Jul/2026:09:25:28 +0200] "POST /wp-cron.php?doing_wp_cron=1784100328.3862159252166748046875 HTTP/1.1" 200 1 "-" "WordPress/7.0.1; https://parma.elettroservicegroup.it"
104.210.140.143 - - [15/Jul/2026:09:25:19 +0200] "GET /robots.txt HTTP/2.0" 200 104 "-" "Mozilla/5.0 (Macintosh; Intel Mac OS X 10_15_7) AppleWebKit/537.36 (KHTML, like Gecko) Chrome/131.0.0.0 Safari/537.36; compatible; OAI-SearchBot/1.0; +https://openai.com/searchbot"
154.223.223.119 - - [15/Jul/2026:09:31:47 +0200] "GET /?p=17934 HTTP/1.1" 200 11890 "-" "Mozilla/5.0 (Windows NT 6.3; WOW64; Trident/7.0; MALNJS; rv:11.0) like Gecko"
65.108.235.243 - - [15/Jul/2026:09:33:34 +0200] "POST /wp-cron.php?doing_wp_cron=1784100814.7099249362945556640625 HTTP/1.1" 200 1 "-" "WordPress/7.0.1; https://parma.elettroservicegroup.it"
3.93.183.227 - - [15/Jul/2026:09:33:25 +0200] "GET /?p=17939 HTTP/1.1" 404 16960 "-" "Mozilla/5.0 (Windows NT 6.2; ARM; Trident/7.0; Touch; rv:11.0; WPDesktop; NOKIA; Lumia 630) like Gecko"
117.7.80.199 - - [15/Jul/2026:09:33:36 +0200] "GET /?p=17939 HTTP/1.1" 200 11910 "-" "Mozilla/5.0 (Windows NT 6.2; ARM; Trident/7.0; Touch; rv:11.0; WPDesktop; NOKIA; Lumia 630) like Gecko"
141.133.11.64 - - [15/Jul/2026:09:33:46 +0200] "GET /?p=18168 HTTP/1.1" 200 11906 "-" "Mozilla/5.0 (Windows NT 6.1; Trident/7.0; MATP; rv:11.0) like Gecko"
136.234.159.88 - - [15/Jul/2026:09:33:53 +0200] "GET /?p=18081 HTTP/1.1" 200 11956 "-" "Mozilla/5.0 (Macintosh; Intel Mac OS X 10_13_5) AppleWebKit/537.36 (KHTML, like Gecko) Chrome/67.0.3396.62 Safari/537.36"
117.7.80.189 - - [15/Jul/2026:09:34:04 +0200] "GET /?p=17973 HTTP/1.1" 200 11926 "-" "Mozilla/5.0 (Macintosh; Intel Mac OS X 10_12_6) AppleWebKit/603.3.8 (KHTML, like Gecko) Version/10.1.2 Safari/603.3.8"
103.155.64.212 - - [15/Jul/2026:09:34:45 +0200] "GET /?p=17934 HTTP/1.1" 200 11926 "https://google.com" "Mozilla/4.0 (compatible; MSIE 7.0; Windows NT 6.2; WOW64; Trident/7.0; .NET4.0E; .NET4.0C; Tablet PC 2.0; .NET CLR 3.5.30729; .NET CLR 2.0.50727; .NET CLR 3.0.30729; WebMoney Advisor)"
95.140.154.211 - - [15/Jul/2026:09:35:25 +0200] "GET /?p=18168 HTTP/1.1" 200 11926 "https://google.com" "Mozilla/5.0 (Windows NT 6.1; Win64; x64) AppleWebKit/537.36 (KHTML, like Gecko) Chrome/65.0.3325.181 Safari/537.36 OPR/52.0.2871.40"
103.155.64.212 - - [15/Jul/2026:09:35:40 +0200] "GET /?p=17934 HTTP/1.1" 200 11900 "https://google.com" "Mozilla/4.0 (compatible; MSIE 7.0; Windows NT 6.2; WOW64; Trident/7.0; .NET4.0E; .NET4.0C; Tablet PC 2.0; .NET CLR 3.5.30729; .NET CLR 2.0.50727; .NET CLR 3.0.30729; WebMoney Advisor)"
78.159.131.112 - - [15/Jul/2026:09:36:01 +0200] "GET /?p=18168 HTTP/1.1" 200 11884 "https://google.com" "Mozilla/5.0 (Windows NT 6.1; Win64; x64) AppleWebKit/537.36 (KHTML, like Gecko) Chrome/65.0.3325.181 Safari/537.36 OPR/52.0.2871.40"
45.76.183.4 - - [15/Jul/2026:09:36:06 +0200] "GET /?p=18168 HTTP/1.1" 200 11870 "https://google.com" "Mozilla/5.0 (Windows NT 6.1; Win64; x64) AppleWebKit/537.36 (KHTML, like Gecko) Chrome/65.0.3325.181 Safari/537.36 OPR/52.0.2871.40"
72.14.201.20 - - [15/Jul/2026:09:36:09 +0200] "GET /assistenza-miele-parma/ HTTP/2.0" 200 22621 "https://www.google.com/" "Mozilla/5.0 (Windows NT 10.0; Win64; x64) AppleWebKit/537.36 (KHTML, like Gecko) Chrome/150.0.0.0 Safari/537.36"
142.250.32.100 - - [15/Jul/2026:09:36:05 +0200] "GET /.well-known/traffic-advice HTTP/1.1" 404 17001 "-" "Chrome Privacy Preserving Prefetch Proxy"
65.108.235.243 - - [15/Jul/2026:09:36:16 +0200] "POST /wp-cron.php?doing_wp_cron=1784100976.6840360164642333984375 HTTP/1.1" 200 1 "-" "WordPress/7.0.1; https://parma.elettroservicegroup.it"
142.250.32.100 - - [15/Jul/2026:09:36:09 +0200] "GET /.well-known/traffic-advice HTTP/1.1" 404 17001 "-" "Chrome Privacy Preserving Prefetch Proxy"
2.37.251.207 - - [15/Jul/2026:09:36:11 +0200] "GET /assistenza-miele-parma/?gad_source=1&gad_campaignid=23795906066&gbraid=0AAAABDgs-LTenKjOHqY_8H9yIaM_gLH48&gclid=Cj0KCQjw39zSBhDhARIsANammDvvDQKz7TNxdZ2pt6vIbcDlxmMk-l0uXgMeXBjr6am3aD54Hs-wlFQaAs00EALw_wcB HTTP/2.0" 200 - "https://www.google.com/" "Mozilla/5.0 (Windows NT 10.0; Win64; x64) AppleWebKit/537.36 (KHTML, like Gecko) Chrome/150.0.0.0 Safari/537.36"
162.120.188.141 - - [15/Jul/2026:09:36:05 +0200] "GET /assistenza-miele-parma/?gad_source=1&gad_campaignid=23795906066&gbraid=0AAAABDgs-LTenKjOHqY_8H9yIaM_gLH48&gclid=Cj0KCQjw39zSBhDhARIsANammDvvDQKz7TNxdZ2pt6vIbcDlxmMk-l0uXgMeXBjr6am3aD54Hs-wlFQaAs00EALw_wcB HTTP/2.0" 200 - "https://www.google.com/" "Mozilla/5.0 (Windows NT 10.0; Win64; x64) AppleWebKit/537.36 (KHTML, like Gecko) Chrome/150.0.0.0 Safari/537.36"
141.133.38.217 - - [15/Jul/2026:09:36:31 +0200] "GET /?p=18081 HTTP/1.1" 200 11950 "https://google.com" "Mozilla/4.0 (compatible; MSIE 7.0; Windows NT 6.1; Trident/7.0; SLCC2; .NET CLR 2.0.50727; .NET CLR 3.5.30729; .NET CLR 3.0.30729; Media Center PC 6.0; .NET4.0C; .NET4.0E; Tablet PC 2.0; .NET CLR 1.1.4322; Alexa Toolbar)"
71.198.208.169 - - [15/Jul/2026:09:36:32 +0200] "GET /?p=18081 HTTP/1.1" 200 11946 "https://google.com" "Mozilla/4.0 (compatible; MSIE 7.0; Windows NT 6.1; Trident/7.0; SLCC2; .NET CLR 2.0.50727; .NET CLR 3.5.30729; .NET CLR 3.0.30729; Media Center PC 6.0; .NET4.0C; .NET4.0E; Tablet PC 2.0; .NET CLR 1.1.4322; Alexa Toolbar)"
141.133.91.178 - - [15/Jul/2026:09:36:38 +0200] "GET /?p=18081 HTTP/1.1" 200 11936 "https://google.com" "Mozilla/4.0 (compatible; MSIE 7.0; Windows NT 6.1; Trident/7.0; SLCC2; .NET CLR 2.0.50727; .NET CLR 3.5.30729; .NET CLR 3.0.30729; Media Center PC 6.0; .NET4.0C; .NET4.0E; Tablet PC 2.0; .NET CLR 1.1.4322; Alexa Toolbar)"
150.242.218.30 - - [15/Jul/2026:09:36:42 +0200] "GET /?p=18081 HTTP/1.1" 200 11881 "https://google.com" "Mozilla/4.0 (compatible; MSIE 7.0; Windows NT 6.1; Trident/7.0; SLCC2; .NET CLR 2.0.50727; .NET CLR 3.5.30729; .NET CLR 3.0.30729; Media Center PC 6.0; .NET4.0C; .NET4.0E; Tablet PC 2.0; .NET CLR 1.1.4322; Alexa Toolbar)"
65.108.235.243 - - [15/Jul/2026:09:36:56 +0200] "POST /wp-cron.php?doing_wp_cron=1784101016.6168069839477539062500 HTTP/1.1" 200 1 "-" "WordPress/7.0.1; https://parma.elettroservicegroup.it"
171.241.65.233 - - [15/Jul/2026:09:36:54 +0200] "GET /?p=17973 HTTP/1.1" 404 16960 "https://google.com" "Mozilla/5.0 (Windows NT 6.1; Trident/7.0; MDDRJS; rv:11.0) like Gecko"
37.19.198.160 - - [15/Jul/2026:09:36:58 +0200] "GET /?p=17973 HTTP/1.1" 200 11798 "https://google.com" "Mozilla/5.0 (Windows NT 6.1; Trident/7.0; MDDRJS; rv:11.0) like Gecko"
104.164.169.53 - - [15/Jul/2026:09:37:11 +0200] "GET /?p=17939 HTTP/1.1" 200 11906 "https://google.com" "Mozilla/5.0 (Windows NT 6.0; Win64; x64) AppleWebKit/537.36 (KHTML, like Gecko) Chrome/66.0.3359.117 Safari/537.36"