216.73.217.120 - - [14/Jul/2026:20:22:26 +0200] "GET /robots.txt HTTP/2.0" 200 104 "-" "Mozilla/5.0 AppleWebKit/537.36 (KHTML, like Gecko; compatible; ClaudeBot/1.0; +claudebot@anthropic.com)"
216.73.217.120 - - [14/Jul/2026:20:22:28 +0200] "GET /sitemap.xml HTTP/2.0" 200 313 "-" "Mozilla/5.0 AppleWebKit/537.36 (KHTML, like Gecko; compatible; ClaudeBot/1.0; +claudebot@anthropic.com)"
65.108.235.243 - - [14/Jul/2026:20:22:29 +0200] "POST /wp-json/complianz/v1/wsc-scan HTTP/1.1" 400 88 "-" "WordPress/7.0.1; https://parma.elettroservicegroup.it"
43.165.125.66 - - [14/Jul/2026:20:26:44 +0200] "GET / HTTP/1.1" 200 166318 "http://parma.elettroservicegroup.it" "Mozilla/5.0 (iPhone; CPU iPhone OS 13_2_3 like Mac OS X) AppleWebKit/605.1.15 (KHTML, like Gecko) Version/13.0.3 Mobile/15E148 Safari/604.1"
65.108.235.243 - - [14/Jul/2026:20:42:13 +0200] "POST /wp-cron.php?doing_wp_cron=1784054533.0392980575561523437500 HTTP/1.1" 200 1 "-" "WordPress/7.0.1; https://parma.elettroservicegroup.it"
66.249.64.69 - - [14/Jul/2026:20:42:04 +0200] "GET /robots.txt HTTP/1.1" 200 104 "-" "Mozilla/5.0 (compatible; Googlebot/2.1; +http://www.google.com/bot.html)"
65.108.235.243 - - [14/Jul/2026:20:42:18 +0200] "POST /wp-cron.php?doing_wp_cron=1784054538.2308149337768554687500 HTTP/1.1" 200 1 "-" "WordPress/7.0.1; https://parma.elettroservicegroup.it"
66.249.89.133 - - [14/Jul/2026:20:42:04 +0200] "GET /assistenza-whirlpool-parma/ HTTP/1.1" 200 22907 "-" "Mozilla/5.0 (Linux; Android 6.0.1; Nexus 5X Build/MMB29P) AppleWebKit/537.36 (KHTML, like Gecko) Chrome/150.0.7871.46 Mobile Safari/537.36 (compatible; AdsBot-Google-Mobile; +http://www.google.com/mobile/adsbot.html)"
66.249.89.134 - - [14/Jul/2026:20:42:17 +0200] "GET /assistenza-rex-electrolux-parma/ HTTP/1.1" 200 22894 "-" "Mozilla/5.0 (Linux; Android 6.0.1; Nexus 5X Build/MMB29P) AppleWebKit/537.36 (KHTML, like Gecko) Chrome/150.0.7871.46 Mobile Safari/537.36 (compatible; AdsBot-Google-Mobile; +http://www.google.com/mobile/adsbot.html)"
66.249.89.133 - - [14/Jul/2026:20:42:28 +0200] "GET /wp-content/uploads/elementor/css/post-14146.css?ver=1784041955 HTTP/1.1" 200 428 "https://parma.elettroservicegroup.it/assistenza-whirlpool-parma/" "AdsBot-Google (+http://www.google.com/adsbot.html)"
66.249.89.133 - - [14/Jul/2026:20:42:28 +0200] "GET /wp-content/uploads/elementor/css/post-14366.css?ver=1784041958 HTTP/1.1" 200 302 "https://parma.elettroservicegroup.it/assistenza-whirlpool-parma/" "AdsBot-Google (+http://www.google.com/adsbot.html)"
66.249.89.133 - - [14/Jul/2026:20:42:28 +0200] "GET /wp-content/uploads/elementor/css/post-17366.css?ver=1784054536 HTTP/1.1" 200 2160 "https://parma.elettroservicegroup.it/assistenza-whirlpool-parma/" "AdsBot-Google (+http://www.google.com/adsbot.html)"
66.249.89.133 - - [14/Jul/2026:20:42:28 +0200] "GET /wp-content/plugins/elementor/assets/lib/animations/styles/zoomIn.min.css?ver=4.1.4 HTTP/1.1" 200 87 "https://parma.elettroservicegroup.it/assistenza-whirlpool-parma/" "AdsBot-Google (+http://www.google.com/adsbot.html)"
66.249.89.133 - - [14/Jul/2026:20:42:28 +0200] "GET /wp-content/plugins/elementor/assets/lib/font-awesome/js/v4-shims.min.js?ver=4.1.4 HTTP/1.1" 200 4043 "https://parma.elettroservicegroup.it/assistenza-whirlpool-parma/" "AdsBot-Google (+http://www.google.com/adsbot.html)"
66.249.89.133 - - [14/Jul/2026:20:42:28 +0200] "GET /wp-includes/js/jquery/jquery.min.js?ver=3.7.1 HTTP/1.1" 200 29769 "https://parma.elettroservicegroup.it/assistenza-whirlpool-parma/" "AdsBot-Google (+http://www.google.com/adsbot.html)"
66.249.89.133 - - [14/Jul/2026:20:42:29 +0200] "GET /wp-content/plugins/all-in-one-seo-pack/dist/Lite/assets/css/table-of-contents/global.e90f6d47.css?ver=4.9.10 HTTP/1.1" 200 420 "https://parma.elettroservicegroup.it/assistenza-whirlpool-parma/" "AdsBot-Google (+http://www.google.com/adsbot.html)"
66.249.89.133 - - [14/Jul/2026:20:42:29 +0200] "GET /wp-content/plugins/elementor/assets/css/widget-social-icons.min.css?ver=3.24.0 HTTP/1.1" 200 1039 "https://parma.elettroservicegroup.it/assistenza-whirlpool-parma/" "AdsBot-Google (+http://www.google.com/adsbot.html)"
66.249.89.133 - - [14/Jul/2026:20:42:29 +0200] "GET /wp-content/plugins/header-footer-elementor/inc/widgets-css/frontend.css?ver=2.9.1 HTTP/1.1" 200 8711 "https://parma.elettroservicegroup.it/assistenza-whirlpool-parma/" "AdsBot-Google (+http://www.google.com/adsbot.html)"
66.249.89.133 - - [14/Jul/2026:20:42:29 +0200] "GET /wp-content/plugins/elementor/assets/css/widget-image.min.css?ver=4.1.4 HTTP/1.1" 200 96 "https://parma.elettroservicegroup.it/assistenza-whirlpool-parma/" "AdsBot-Google (+http://www.google.com/adsbot.html)"
66.249.89.133 - - [14/Jul/2026:20:42:30 +0200] "GET /wp-content/plugins/gp-premium/menu-plus/functions/css/navigation-branding-flex.min.css?ver=2.5.5 HTTP/1.1" 200 542 "https://parma.elettroservicegroup.it/assistenza-whirlpool-parma/" "AdsBot-Google (+http://www.google.com/adsbot.html)"
66.249.89.133 - - [14/Jul/2026:20:42:30 +0200] "GET /wp-content/uploads/elementor/google-fonts/css/roboto.css?ver=1742280360 HTTP/1.1" 200 1880 "https://parma.elettroservicegroup.it/assistenza-whirlpool-parma/" "AdsBot-Google (+http://www.google.com/adsbot.html)"
66.249.89.133 - - [14/Jul/2026:20:42:30 +0200] "GET /wp-content/plugins/elementor/assets/lib/animations/styles/bounceIn.min.css?ver=4.1.4 HTTP/1.1" 200 186 "https://parma.elettroservicegroup.it/assistenza-whirlpool-parma/" "AdsBot-Google (+http://www.google.com/adsbot.html)"
66.249.89.133 - - [14/Jul/2026:20:42:31 +0200] "GET /wp-content/plugins/elementor/assets/css/widget-icon-list.min.css?ver=3.24.3 HTTP/1.1" 200 928 "https://parma.elettroservicegroup.it/assistenza-whirlpool-parma/" "AdsBot-Google (+http://www.google.com/adsbot.html)"
66.249.89.133 - - [14/Jul/2026:20:42:31 +0200] "GET /wp-content/plugins/elementor/assets/lib/font-awesome/css/fontawesome.css?ver=5.15.3 HTTP/1.1" 200 12535 "https://parma.elettroservicegroup.it/assistenza-whirlpool-parma/" "AdsBot-Google (+http://www.google.com/adsbot.html)"
66.249.89.133 - - [14/Jul/2026:20:42:31 +0200] "GET /wp-includes/js/jquery/jquery-migrate.min.js?ver=3.4.1 HTTP/1.1" 200 4685 "https://parma.elettroservicegroup.it/assistenza-whirlpool-parma/" "AdsBot-Google (+http://www.google.com/adsbot.html)"
66.249.89.133 - - [14/Jul/2026:20:42:32 +0200] "GET /wp-content/plugins/elementor/assets/lib/font-awesome/css/fontawesome.min.css?ver=5.15.3 HTTP/1.1" 200 12179 "https://parma.elettroservicegroup.it/assistenza-whirlpool-parma/" "AdsBot-Google (+http://www.google.com/adsbot.html)"
66.249.89.133 - - [14/Jul/2026:20:42:32 +0200] "GET /wp-content/plugins/elementor/assets/lib/font-awesome/css/regular.min.css?ver=5.15.3 HTTP/1.1" 200 282 "https://parma.elettroservicegroup.it/assistenza-whirlpool-parma/" "AdsBot-Google (+http://www.google.com/adsbot.html)"
66.249.89.133 - - [14/Jul/2026:20:42:32 +0200] "GET /wp-content/plugins/complianz-gdpr-premium/assets/css/cookieblocker.min.css?ver=1783097331 HTTP/1.1" 200 615 "https://parma.elettroservicegroup.it/assistenza-whirlpool-parma/" "AdsBot-Google (+http://www.google.com/adsbot.html)"
66.249.89.133 - - [14/Jul/2026:20:42:33 +0200] "GET /wp-content/plugins/elementor/assets/js/webpack.runtime.min.js?ver=4.1.4 HTTP/1.1" 200 2340 "https://parma.elettroservicegroup.it/assistenza-whirlpool-parma/" "AdsBot-Google (+http://www.google.com/adsbot.html)"
66.249.89.133 - - [14/Jul/2026:20:42:34 +0200] "GET /wp-content/uploads/burst/js/burst.min.js?ver=1784023089 HTTP/1.1" 200 3411 "https://parma.elettroservicegroup.it/assistenza-whirlpool-parma/" "AdsBot-Google (+http://www.google.com/adsbot.html)"
66.249.89.133 - - [14/Jul/2026:20:42:34 +0200] "GET /wp-content/uploads/elementor/google-fonts/fonts/roboto-kfo7cnqeu92fr1me7ksn66agldtyluama3yuba.woff2 HTTP/1.1" 200 40132 "https://parma.elettroservicegroup.it/wp-content/uploads/elementor/google-fonts/css/roboto.css?ver=1742280360" "AdsBot-Google (+http://www.google.com/adsbot.html)"
66.249.89.133 - - [14/Jul/2026:20:42:35 +0200] "GET /wp-json/complianz/v1/banner?lang=it&locale=it_IT&token=zfhuz HTTP/1.1" 200 81 "https://parma.elettroservicegroup.it/assistenza-whirlpool-parma/" "AdsBot-Google (+http://www.google.com/adsbot.html)"
66.249.89.133 - - [14/Jul/2026:20:42:37 +0200] "GET /wp-content/uploads/elementor/css/post-14146.css?ver=1784041955 HTTP/1.1" 200 428 "https://parma.elettroservicegroup.it/assistenza-rex-electrolux-parma/" "AdsBot-Google (+http://www.google.com/adsbot.html)"
66.249.89.133 - - [14/Jul/2026:20:42:37 +0200] "GET /wp-content/uploads/elementor/css/post-14366.css?ver=1784041958 HTTP/1.1" 200 302 "https://parma.elettroservicegroup.it/assistenza-rex-electrolux-parma/" "AdsBot-Google (+http://www.google.com/adsbot.html)"
66.249.89.133 - - [14/Jul/2026:20:42:37 +0200] "GET /wp-content/uploads/elementor/css/post-17354.css?ver=1784054542 HTTP/1.1" 200 2167 "https://parma.elettroservicegroup.it/assistenza-rex-electrolux-parma/" "AdsBot-Google (+http://www.google.com/adsbot.html)"
66.249.89.133 - - [14/Jul/2026:20:42:37 +0200] "GET /wp-content/uploads/burst/js/burst.min.js?ver=1784023089 HTTP/1.1" 200 3411 "https://parma.elettroservicegroup.it/assistenza-rex-electrolux-parma/" "AdsBot-Google (+http://www.google.com/adsbot.html)"
66.249.89.133 - - [14/Jul/2026:20:42:38 +0200] "GET /wp-json/complianz/v1/banner?lang=it&locale=it_IT&token=byyqu HTTP/1.1" 200 81 "https://parma.elettroservicegroup.it/assistenza-rex-electrolux-parma/" "AdsBot-Google (+http://www.google.com/adsbot.html)"
66.249.89.133 - - [14/Jul/2026:20:43:02 +0200] "GET /wp-content/plugins/elementor/assets/js/section-frontend-handlers.d85ab872da118940910d.bundle.min.js HTTP/1.1" 200 230 "https://parma.elettroservicegroup.it/assistenza-whirlpool-parma/" "AdsBot-Google (+http://www.google.com/adsbot.html)"
66.249.89.134 - - [14/Jul/2026:20:43:02 +0200] "GET /wp-content/plugins/elementor/assets/js/shared-frontend-handlers.03caa53373b56d3bab67.bundle.min.js HTTP/1.1" 200 2515 "https://parma.elettroservicegroup.it/assistenza-whirlpool-parma/" "AdsBot-Google (+http://www.google.com/adsbot.html)"
66.249.89.133 - - [14/Jul/2026:20:43:02 +0200] "GET /wp-content/plugins/elementor/assets/js/text-editor.45609661e409413f1cef.bundle.min.js HTTP/1.1" 200 592 "https://parma.elettroservicegroup.it/assistenza-whirlpool-parma/" "AdsBot-Google (+http://www.google.com/adsbot.html)"
193.24.211.4 - - [14/Jul/2026:20:46:13 +0200] "POST /xmlrpc.php HTTP/2.0" 403 52 "-" "Mozilla/5.0 (Windows NT 10.0; Win64; x64) AppleWebKit/537.36 (KHTML, like Gecko) Chrome/124.0.0.0 Safari/537.36"
62.106.67.253 - - [14/Jul/2026:20:48:31 +0200] "POST /xmlrpc.php HTTP/2.0" 403 52 "-" "Mozilla/5.0 (Macintosh; Intel Mac OS X 10_15_7) AppleWebKit/605.1.15 (KHTML, like Gecko) Version/18.0 Safari/605.1.15"
94.76.159.186 - - [14/Jul/2026:20:50:53 +0200] "POST /xmlrpc.php HTTP/2.0" 403 52 "-" "Mozilla/5.0 (Windows NT 10.0; Win64; x64) AppleWebKit/537.36 (KHTML, like Gecko) Chrome/124.0.0.0 Safari/537.36"
45.147.8.189 - - [14/Jul/2026:20:52:43 +0200] "POST /xmlrpc.php HTTP/2.0" 403 52 "-" "Mozilla/5.0 (Windows NT 10.0; Win64; x64; rv:133.0) Gecko/20100101 Firefox/133.0"
94.76.169.104 - - [14/Jul/2026:20:54:31 +0200] "POST /xmlrpc.php HTTP/2.0" 403 52 "-" "Mozilla/5.0 (Macintosh; Intel Mac OS X 10_15_7) AppleWebKit/605.1.15 (KHTML, like Gecko) Version/18.0 Safari/605.1.15"
65.108.235.243 - - [14/Jul/2026:20:56:25 +0200] "POST /wp-cron.php?doing_wp_cron=1784055385.4396739006042480468750 HTTP/1.1" 200 1 "-" "WordPress/7.0.1; https://parma.elettroservicegroup.it"
193.24.211.4 - - [14/Jul/2026:20:56:12 +0200] "GET /wp-login.php HTTP/2.0" 200 2798 "-" "Mozilla/5.0 (Windows NT 10.0; Win64; x64; rv:133.0) Gecko/20100101 Firefox/133.0"
151.67.22.236 - - [14/Jul/2026:21:06:21 +0200] "POST /wp-content/plugins/burst-statistics/endpoint.php HTTP/2.0" 200 1 "https://parma.elettroservicegroup.it/assistenza-frigoriferi/?gad_source=1&gad_campaignid=23795906066&gclid=CjwKCAjwvNfSBhBiEiwAyaGMCUl50KY47OcHXmDzl5GKsXC-qaujXMK8DYS-jDFWoAWFtPfvLurEQBoC9G0QAvD_BwE" "Mozilla/5.0 (Linux; Android 10; K) AppleWebKit/537.36 (KHTML, like Gecko) Chrome/150.0.0.0 Mobile Safari/537.36"
65.108.235.243 - - [14/Jul/2026:21:07:47 +0200] "POST /wp-cron.php?doing_wp_cron=1784056067.5345389842987060546875 HTTP/1.1" 200 1 "-" "WordPress/7.0.1; https://parma.elettroservicegroup.it"
79.35.40.16 - - [14/Jul/2026:21:07:36 +0200] "GET /assistenza-aeg-parma/?gad_source=1&gad_campaignid=23795906066&gbraid=0AAAABDgs-LSwfygQCFtUVl7AMlJIy8e4Q&gclid=CjwKCAjwmJjSBhB-EiwAkZgxi8Sh28cWwdlgZ8geCG1Z5pN3tnRodollCM7HgVGSobySsX-FTzWYhRoCLEQQAvD_BwE HTTP/2.0" 200 - "-" "Mozilla/5.0 (iPhone; CPU iPhone OS 18_7 like Mac OS X) AppleWebKit/605.1.15 (KHTML, like Gecko) Version/26.5 Mobile/15E148 Safari/604.1"
72.14.201.19 - - [14/Jul/2026:21:36:22 +0200] "GET / HTTP/2.0" 200 - "https://www.google.com/" "Mozilla/5.0 (Windows NT 10.0; Win64; x64) AppleWebKit/537.36 (KHTML, like Gecko) Chrome/150.0.0.0 Safari/537.36"
65.108.235.243 - - [14/Jul/2026:21:36:31 +0200] "POST /wp-cron.php?doing_wp_cron=1784057791.4416429996490478515625 HTTP/1.1" 200 1 "-" "WordPress/7.0.1; https://parma.elettroservicegroup.it"
142.250.32.102 - - [14/Jul/2026:21:36:22 +0200] "GET /.well-known/traffic-advice HTTP/1.1" 404 17002 "-" "Chrome Privacy Preserving Prefetch Proxy"
65.108.235.243 - - [14/Jul/2026:21:36:34 +0200] "POST /wp-json/complianz/v1/wsc-scan HTTP/1.1" 400 88 "-" "WordPress/7.0.1; https://parma.elettroservicegroup.it"
65.108.235.243 - - [14/Jul/2026:22:38:46 +0200] "POST /wp-cron.php?doing_wp_cron=1784061526.3371889591217041015625 HTTP/1.1" 200 1 "-" "WordPress/7.0.1; https://parma.elettroservicegroup.it"
66.249.89.135 - - [14/Jul/2026:22:38:38 +0200] "GET /assistenza-lavatrici-aeg-parma/ HTTP/1.1" 200 22869 "-" "Mozilla/5.0 (Linux; Android 6.0.1; Nexus 5X Build/MMB29P) AppleWebKit/537.36 (KHTML, like Gecko) Chrome/150.0.7871.46 Mobile Safari/537.36 (compatible; AdsBot-Google-Mobile; +http://www.google.com/mobile/adsbot.html)"
81.17.24.163 - - [14/Jul/2026:22:38:45 +0200] "GET /wp-login.php HTTP/2.0" 200 2798 "https://www.google.com/" "Mozilla/5.0 (Windows NT 10.0; Win64; x64) AppleWebKit/537.36 (KHTML, like Gecko) Edge/112.0.7918.0 Safari/537.36"
81.17.24.163 - - [14/Jul/2026:22:38:47 +0200] "GET /wp-includes/css/dist/base-styles/admin-schemes.min.css?ver=7.0.1 HTTP/2.0" 200 726 "https://parma.elettroservicegroup.it/wp-login.php" "Mozilla/5.0 (Windows NT 10.0; Win64; x64) AppleWebKit/537.36 (KHTML, like Gecko) Edge/112.0.7918.0 Safari/537.36"
81.17.24.163 - - [14/Jul/2026:22:38:47 +0200] "GET /wp-includes/css/buttons.min.css?ver=7.0.1 HTTP/2.0" 200 1462 "https://parma.elettroservicegroup.it/wp-login.php" "Mozilla/5.0 (Windows NT 10.0; Win64; x64) AppleWebKit/537.36 (KHTML, like Gecko) Edge/112.0.7918.0 Safari/537.36"
81.17.24.163 - - [14/Jul/2026:22:38:47 +0200] "GET /wp-admin/css/l10n.min.css?ver=7.0.1 HTTP/2.0" 200 677 "https://parma.elettroservicegroup.it/wp-login.php" "Mozilla/5.0 (Windows NT 10.0; Win64; x64) AppleWebKit/537.36 (KHTML, like Gecko) Edge/112.0.7918.0 Safari/537.36"
81.17.24.163 - - [14/Jul/2026:22:38:47 +0200] "GET /wp-admin/css/login.min.css?ver=7.0.1 HTTP/2.0" 200 2020 "https://parma.elettroservicegroup.it/wp-login.php" "Mozilla/5.0 (Windows NT 10.0; Win64; x64) AppleWebKit/537.36 (KHTML, like Gecko) Edge/112.0.7918.0 Safari/537.36"
81.17.24.163 - - [14/Jul/2026:22:38:47 +0200] "GET /wp-admin/css/forms.min.css?ver=7.0.1 HTTP/2.0" 200 6533 "https://parma.elettroservicegroup.it/wp-login.php" "Mozilla/5.0 (Windows NT 10.0; Win64; x64) AppleWebKit/537.36 (KHTML, like Gecko) Edge/112.0.7918.0 Safari/537.36"
81.17.24.163 - - [14/Jul/2026:22:38:47 +0200] "GET /wp-includes/css/dashicons.min.css?ver=7.0.1 HTTP/2.0" 200 35100 "https://parma.elettroservicegroup.it/wp-login.php" "Mozilla/5.0 (Windows NT 10.0; Win64; x64) AppleWebKit/537.36 (KHTML, like Gecko) Edge/112.0.7918.0 Safari/537.36"
81.17.24.163 - - [14/Jul/2026:22:38:47 +0200] "GET /wp-includes/js/dist/dom-ready.min.js?ver=a06281ae5cf5500e9317 HTTP/2.0" 200 421 "https://parma.elettroservicegroup.it/wp-login.php" "Mozilla/5.0 (Windows NT 10.0; Win64; x64) AppleWebKit/537.36 (KHTML, like Gecko) Edge/112.0.7918.0 Safari/537.36"
81.17.24.163 - - [14/Jul/2026:22:38:47 +0200] "GET /wp-includes/js/zxcvbn-async.min.js?ver=1.0 HTTP/2.0" 200 188 "https://parma.elettroservicegroup.it/wp-login.php" "Mozilla/5.0 (Windows NT 10.0; Win64; x64) AppleWebKit/537.36 (KHTML, like Gecko) Edge/112.0.7918.0 Safari/537.36"
81.17.24.163 - - [14/Jul/2026:22:38:47 +0200] "GET /wp-includes/js/clipboard.min.js?ver=2.0.11 HTTP/2.0" 200 2997 "https://parma.elettroservicegroup.it/wp-login.php" "Mozilla/5.0 (Windows NT 10.0; Win64; x64) AppleWebKit/537.36 (KHTML, like Gecko) Edge/112.0.7918.0 Safari/537.36"
81.17.24.163 - - [14/Jul/2026:22:38:47 +0200] "GET /wp-admin/js/user-profile.min.js?ver=7.0.1 HTTP/2.0" 200 2891 "https://parma.elettroservicegroup.it/wp-login.php" "Mozilla/5.0 (Windows NT 10.0; Win64; x64) AppleWebKit/537.36 (KHTML, like Gecko) Edge/112.0.7918.0 Safari/537.36"
81.17.24.163 - - [14/Jul/2026:22:38:47 +0200] "GET /wp-includes/js/dist/i18n.min.js?ver=781d11515ad3d91786ec HTTP/2.0" 200 2357 "https://parma.elettroservicegroup.it/wp-login.php" "Mozilla/5.0 (Windows NT 10.0; Win64; x64) AppleWebKit/537.36 (KHTML, like Gecko) Edge/112.0.7918.0 Safari/537.36"
81.17.24.163 - - [14/Jul/2026:22:38:47 +0200] "GET /wp-includes/js/dist/hooks.min.js?ver=7496969728ca0f95732d HTTP/2.0" 200 1734 "https://parma.elettroservicegroup.it/wp-login.php" "Mozilla/5.0 (Windows NT 10.0; Win64; x64) AppleWebKit/537.36 (KHTML, like Gecko) Edge/112.0.7918.0 Safari/537.36"
81.17.24.163 - - [14/Jul/2026:22:38:47 +0200] "GET /wp-includes/js/wp-util.min.js?ver=7.0.1 HTTP/2.0" 200 693 "https://parma.elettroservicegroup.it/wp-login.php" "Mozilla/5.0 (Windows NT 10.0; Win64; x64) AppleWebKit/537.36 (KHTML, like Gecko) Edge/112.0.7918.0 Safari/537.36"
81.17.24.163 - - [14/Jul/2026:22:38:47 +0200] "GET /wp-includes/js/dist/a11y.min.js?ver=af934e5259bc51b8718e HTTP/2.0" 200 937 "https://parma.elettroservicegroup.it/wp-login.php" "Mozilla/5.0 (Windows NT 10.0; Win64; x64) AppleWebKit/537.36 (KHTML, like Gecko) Edge/112.0.7918.0 Safari/537.36"
81.17.24.163 - - [14/Jul/2026:22:38:47 +0200] "GET /wp-admin/js/password-strength-meter.min.js?ver=7.0.1 HTTP/2.0" 200 560 "https://parma.elettroservicegroup.it/wp-login.php" "Mozilla/5.0 (Windows NT 10.0; Win64; x64) AppleWebKit/537.36 (KHTML, like Gecko) Edge/112.0.7918.0 Safari/537.36"
81.17.24.163 - - [14/Jul/2026:22:38:47 +0200] "GET /wp-includes/js/jquery/jquery-migrate.min.js?ver=3.4.1 HTTP/2.0" 200 4685 "https://parma.elettroservicegroup.it/wp-login.php" "Mozilla/5.0 (Windows NT 10.0; Win64; x64) AppleWebKit/537.36 (KHTML, like Gecko) Edge/112.0.7918.0 Safari/537.36"
81.17.24.163 - - [14/Jul/2026:22:38:47 +0200] "GET /wp-includes/js/underscore.min.js?ver=1.13.8 HTTP/2.0" 200 7243 "https://parma.elettroservicegroup.it/wp-login.php" "Mozilla/5.0 (Windows NT 10.0; Win64; x64) AppleWebKit/537.36 (KHTML, like Gecko) Edge/112.0.7918.0 Safari/537.36"
81.17.24.163 - - [14/Jul/2026:22:38:47 +0200] "GET /wp-includes/js/jquery/jquery.min.js?ver=3.7.1 HTTP/2.0" 200 29769 "https://parma.elettroservicegroup.it/wp-login.php" "Mozilla/5.0 (Windows NT 10.0; Win64; x64) AppleWebKit/537.36 (KHTML, like Gecko) Edge/112.0.7918.0 Safari/537.36"
81.17.24.163 - - [14/Jul/2026:22:38:47 +0200] "GET /wp-admin/images/wordpress-logo-gray.svg?ver=20260303 HTTP/2.0" 200 765 "https://parma.elettroservicegroup.it/wp-admin/css/login.min.css?ver=7.0.1" "Mozilla/5.0 (Windows NT 10.0; Win64; x64) AppleWebKit/537.36 (KHTML, like Gecko) Edge/112.0.7918.0 Safari/537.36"
81.17.24.163 - - [14/Jul/2026:22:38:47 +0200] "GET /wp-content/uploads/2021/10/cropped-cropped-cropped-cropped-logo_white_background-32x32.png HTTP/2.0" 200 1525 "https://parma.elettroservicegroup.it/wp-login.php" "Mozilla/5.0 (Windows NT 10.0; Win64; x64) AppleWebKit/537.36 (KHTML, like Gecko) Edge/112.0.7918.0 Safari/537.36"
81.17.24.163 - - [14/Jul/2026:22:38:47 +0200] "GET /wp-includes/js/zxcvbn.min.js HTTP/2.0" 200 387992 "https://parma.elettroservicegroup.it/wp-login.php" "Mozilla/5.0 (Windows NT 10.0; Win64; x64) AppleWebKit/537.36 (KHTML, like Gecko) Edge/112.0.7918.0 Safari/537.36"
65.108.235.243 - - [14/Jul/2026:22:38:48 +0200] "POST /wp-json/complianz/v1/wsc-scan HTTP/1.1" 400 88 "-" "WordPress/7.0.1; https://parma.elettroservicegroup.it"
65.108.235.243 - - [14/Jul/2026:22:38:51 +0200] "POST /wp-admin/admin-ajax.php?action=wordfence_testAjax HTTP/1.1" 200 16 "-" "WordPress/7.0.1; https://parma.elettroservicegroup.it"
65.108.235.243 - - [14/Jul/2026:22:38:53 +0200] "GET /wp-admin/admin-ajax.php?action=wordfence_doScan&isFork=0&scanMode=quick&cronKey=6e54afc718de0462a89271d66bffb0c3&signature=318817f91c9ab7d1e1ce3a85886d46d6a650af47cbfaf0be23c404b12bdad6ad HTTP/1.1" 200 1 "-" "WordPress/7.0.1; https://parma.elettroservicegroup.it"
65.108.235.243 - - [14/Jul/2026:22:39:08 +0200] "POST /wp-cron.php?doing_wp_cron=1784061547.9364659786224365234375 HTTP/1.1" 200 1 "-" "WordPress/7.0.1; https://parma.elettroservicegroup.it"
81.17.24.163 - - [14/Jul/2026:22:39:05 +0200] "POST /wp-login.php HTTP/2.0" 200 2922 "https://parma.elettroservicegroup.it/wp-login.php" "Mozilla/5.0 (Windows NT 10.0; Win64; x64) AppleWebKit/537.36 (KHTML, like Gecko) Edge/112.0.7918.0 Safari/537.36"
65.108.235.243 - - [14/Jul/2026:22:39:55 +0200] "POST /wp-cron.php?doing_wp_cron=1784061595.8413779735565185546875 HTTP/1.1" 200 1 "-" "WordPress/7.0.1; https://parma.elettroservicegroup.it"
81.17.24.163 - - [14/Jul/2026:22:39:46 +0200] "GET /wp-login.php HTTP/2.0" 200 2798 "https://www.google.com/" "Mozilla/5.0 (Windows NT 10.0; Win64; x64) AppleWebKit/537.36 (KHTML, like Gecko) Edge/112.0.7918.0 Safari/537.36"
81.17.24.163 - - [14/Jul/2026:22:40:11 +0200] "POST /wp-login.php HTTP/2.0" 200 2922 "https://parma.elettroservicegroup.it/wp-login.php" "Mozilla/5.0 (Windows NT 10.0; Win64; x64) AppleWebKit/537.36 (KHTML, like Gecko) Edge/112.0.7918.0 Safari/537.36"
66.249.89.134 - - [14/Jul/2026:22:44:24 +0200] "GET /wp-content/plugins/all-in-one-seo-pack/dist/Lite/assets/css/table-of-contents/global.e90f6d47.css?ver=4.9.10 HTTP/1.1" 200 420 "https://parma.elettroservicegroup.it/assistenza-lavatrici-aeg-parma/" "AdsBot-Google (+http://www.google.com/adsbot.html)"
66.249.89.134 - - [14/Jul/2026:22:44:25 +0200] "GET /wp-content/plugins/elementor/assets/css/widget-spacer.min.css?ver=4.1.4 HTTP/1.1" 200 287 "https://parma.elettroservicegroup.it/assistenza-lavatrici-aeg-parma/" "AdsBot-Google (+http://www.google.com/adsbot.html)"
66.249.89.134 - - [14/Jul/2026:22:44:25 +0200] "GET /wp-content/plugins/header-footer-elementor/inc/widgets-css/frontend.css?ver=2.9.1 HTTP/1.1" 200 8711 "https://parma.elettroservicegroup.it/assistenza-lavatrici-aeg-parma/" "AdsBot-Google (+http://www.google.com/adsbot.html)"
66.249.89.134 - - [14/Jul/2026:22:44:25 +0200] "GET /wp-content/plugins/elementor/assets/lib/animations/styles/bounceIn.min.css?ver=4.1.4 HTTP/1.1" 200 186 "https://parma.elettroservicegroup.it/assistenza-lavatrici-aeg-parma/" "AdsBot-Google (+http://www.google.com/adsbot.html)"
66.249.89.133 - - [14/Jul/2026:22:44:25 +0200] "GET /wp-content/plugins/elementor/assets/css/widget-image.min.css?ver=4.1.4 HTTP/1.1" 200 96 "https://parma.elettroservicegroup.it/assistenza-lavatrici-aeg-parma/" "AdsBot-Google (+http://www.google.com/adsbot.html)"
66.249.89.134 - - [14/Jul/2026:22:44:25 +0200] "GET /wp-content/plugins/elementor/assets/lib/font-awesome/css/brands.css?ver=5.15.3 HTTP/1.1" 200 298 "https://parma.elettroservicegroup.it/assistenza-lavatrici-aeg-parma/" "AdsBot-Google (+http://www.google.com/adsbot.html)"
66.249.89.135 - - [14/Jul/2026:22:44:25 +0200] "GET /wp-content/plugins/elementor/assets/lib/font-awesome/css/all.min.css?ver=4.1.4 HTTP/1.1" 200 12402 "https://parma.elettroservicegroup.it/assistenza-lavatrici-aeg-parma/" "AdsBot-Google (+http://www.google.com/adsbot.html)"
66.249.89.133 - - [14/Jul/2026:22:44:25 +0200] "GET /wp-content/plugins/elementor/assets/lib/font-awesome/css/solid.css?ver=5.15.3 HTTP/1.1" 200 299 "https://parma.elettroservicegroup.it/assistenza-lavatrici-aeg-parma/" "AdsBot-Google (+http://www.google.com/adsbot.html)"
66.249.89.135 - - [14/Jul/2026:22:44:25 +0200] "GET /wp-content/plugins/gp-premium/menu-plus/functions/css/navigation-branding-flex.min.css?ver=2.5.5 HTTP/1.1" 200 542 "https://parma.elettroservicegroup.it/assistenza-lavatrici-aeg-parma/" "AdsBot-Google (+http://www.google.com/adsbot.html)"
66.249.89.133 - - [14/Jul/2026:22:44:25 +0200] "GET /wp-content/plugins/elementor/assets/css/frontend.min.css?ver=4.1.4 HTTP/1.1" 200 6618 "https://parma.elettroservicegroup.it/assistenza-lavatrici-aeg-parma/" "AdsBot-Google (+http://www.google.com/adsbot.html)"
66.249.89.134 - - [14/Jul/2026:22:44:26 +0200] "GET /wp-content/plugins/elementor/assets/lib/font-awesome/css/v4-shims.min.css?ver=4.1.4 HTTP/1.1" 200 3986 "https://parma.elettroservicegroup.it/assistenza-lavatrici-aeg-parma/" "AdsBot-Google (+http://www.google.com/adsbot.html)"
66.249.89.133 - - [14/Jul/2026:22:44:26 +0200] "GET /wp-includes/js/jquery/jquery-migrate.min.js?ver=3.4.1 HTTP/1.1" 200 4685 "https://parma.elettroservicegroup.it/assistenza-lavatrici-aeg-parma/" "AdsBot-Google (+http://www.google.com/adsbot.html)"
66.249.89.133 - - [14/Jul/2026:22:44:26 +0200] "GET /wp-content/plugins/elementor/assets/lib/font-awesome/js/v4-shims.min.js?ver=4.1.4 HTTP/1.1" 200 4043 "https://parma.elettroservicegroup.it/assistenza-lavatrici-aeg-parma/" "AdsBot-Google (+http://www.google.com/adsbot.html)"
66.249.89.135 - - [14/Jul/2026:22:44:26 +0200] "GET /wp-content/plugins/elementor/assets/lib/animations/styles/zoomIn.min.css?ver=4.1.4 HTTP/1.1" 200 87 "https://parma.elettroservicegroup.it/assistenza-lavatrici-aeg-parma/" "AdsBot-Google (+http://www.google.com/adsbot.html)"
66.249.89.134 - - [14/Jul/2026:22:44:26 +0200] "GET /wp-content/plugins/complianz-gdpr-premium/assets/css/cookieblocker.min.css?ver=1783097331 HTTP/1.1" 200 615 "https://parma.elettroservicegroup.it/assistenza-lavatrici-aeg-parma/" "AdsBot-Google (+http://www.google.com/adsbot.html)"
66.249.89.133 - - [14/Jul/2026:22:44:26 +0200] "GET /wp-content/plugins/elementor/assets/lib/font-awesome/css/solid.min.css?ver=5.15.3 HTTP/1.1" 200 286 "https://parma.elettroservicegroup.it/assistenza-lavatrici-aeg-parma/" "AdsBot-Google (+http://www.google.com/adsbot.html)"
66.249.89.135 - - [14/Jul/2026:22:44:26 +0200] "GET /wp-content/uploads/elementor/css/post-17319.css?ver=1784044702 HTTP/1.1" 200 2066 "https://parma.elettroservicegroup.it/assistenza-lavatrici-aeg-parma/" "AdsBot-Google (+http://www.google.com/adsbot.html)"
66.249.89.134 - - [14/Jul/2026:22:44:27 +0200] "GET /wp-content/plugins/elementor/assets/css/widget-social-icons.min.css?ver=3.24.0 HTTP/1.1" 200 1039 "https://parma.elettroservicegroup.it/assistenza-lavatrici-aeg-parma/" "AdsBot-Google (+http://www.google.com/adsbot.html)"
66.249.89.135 - - [14/Jul/2026:22:44:27 +0200] "GET /wp-content/plugins/elementor/assets/css/widget-icon-list.min.css?ver=3.24.3 HTTP/1.1" 200 928 "https://parma.elettroservicegroup.it/assistenza-lavatrici-aeg-parma/" "AdsBot-Google (+http://www.google.com/adsbot.html)"
66.249.89.133 - - [14/Jul/2026:22:44:27 +0200] "GET /wp-content/uploads/elementor/google-fonts/css/robotoslab.css?ver=1742280362 HTTP/1.1" 200 715 "https://parma.elettroservicegroup.it/assistenza-lavatrici-aeg-parma/" "AdsBot-Google (+http://www.google.com/adsbot.html)"
66.249.89.135 - - [14/Jul/2026:22:44:27 +0200] "GET /wp-content/plugins/elementor/assets/lib/font-awesome/css/regular.min.css?ver=5.15.3 HTTP/1.1" 200 282 "https://parma.elettroservicegroup.it/assistenza-lavatrici-aeg-parma/" "AdsBot-Google (+http://www.google.com/adsbot.html)"
66.249.89.134 - - [14/Jul/2026:22:44:27 +0200] "GET /wp-content/uploads/elementor/google-fonts/css/roboto.css?ver=1742280360 HTTP/1.1" 200 1880 "https://parma.elettroservicegroup.it/assistenza-lavatrici-aeg-parma/" "AdsBot-Google (+http://www.google.com/adsbot.html)"
66.249.89.135 - - [14/Jul/2026:22:44:27 +0200] "GET /wp-content/plugins/elementor/assets/css/widget-heading.min.css?ver=4.1.4 HTTP/1.1" 200 127 "https://parma.elettroservicegroup.it/assistenza-lavatrici-aeg-parma/" "AdsBot-Google (+http://www.google.com/adsbot.html)"
66.249.89.134 - - [14/Jul/2026:22:44:27 +0200] "GET /wp-content/plugins/header-footer-elementor/assets/css/header-footer-elementor.css?ver=2.9.1 HTTP/1.1" 200 260 "https://parma.elettroservicegroup.it/assistenza-lavatrici-aeg-parma/" "AdsBot-Google (+http://www.google.com/adsbot.html)"
66.249.89.133 - - [14/Jul/2026:22:44:28 +0200] "GET /wp-content/plugins/elementor/assets/lib/font-awesome/css/fontawesome.css?ver=5.15.3 HTTP/1.1" 200 12535 "https://parma.elettroservicegroup.it/assistenza-lavatrici-aeg-parma/" "AdsBot-Google (+http://www.google.com/adsbot.html)"
66.249.89.133 - - [14/Jul/2026:22:44:28 +0200] "GET /wp-content/plugins/gp-premium/menu-plus/functions/js/sticky.min.js?ver=2.5.5 HTTP/1.1" 200 2670 "https://parma.elettroservicegroup.it/assistenza-lavatrici-aeg-parma/" "AdsBot-Google (+http://www.google.com/adsbot.html)"
66.249.89.135 - - [14/Jul/2026:22:44:28 +0200] "GET /wp-includes/js/jquery/jquery.min.js?ver=3.7.1 HTTP/1.1" 200 29769 "https://parma.elettroservicegroup.it/assistenza-lavatrici-aeg-parma/" "AdsBot-Google (+http://www.google.com/adsbot.html)"
66.249.89.134 - - [14/Jul/2026:22:44:28 +0200] "GET /wp-content/plugins/elementor/assets/lib/font-awesome/css/fontawesome.min.css?ver=5.15.3 HTTP/1.1" 200 12179 "https://parma.elettroservicegroup.it/assistenza-lavatrici-aeg-parma/" "AdsBot-Google (+http://www.google.com/adsbot.html)"
66.249.89.133 - - [14/Jul/2026:22:44:28 +0200] "GET /wp-content/plugins/elementor/assets/js/webpack.runtime.min.js?ver=4.1.4 HTTP/1.1" 200 2340 "https://parma.elettroservicegroup.it/assistenza-lavatrici-aeg-parma/" "AdsBot-Google (+http://www.google.com/adsbot.html)"
66.249.89.133 - - [14/Jul/2026:22:44:28 +0200] "GET /wp-content/themes/generatepress/assets/css/main.min.css?ver=3.6.1 HTTP/1.1" 200 4410 "https://parma.elettroservicegroup.it/assistenza-lavatrici-aeg-parma/" "AdsBot-Google (+http://www.google.com/adsbot.html)"
66.249.89.134 - - [14/Jul/2026:22:44:29 +0200] "GET /wp-content/plugins/elementor/assets/lib/eicons/css/elementor-icons.min.css?ver=5.34.0 HTTP/1.1" 200 4125 "https://parma.elettroservicegroup.it/assistenza-lavatrici-aeg-parma/" "AdsBot-Google (+http://www.google.com/adsbot.html)"
66.249.89.133 - - [14/Jul/2026:22:44:29 +0200] "GET /wp-content/plugins/elementor/assets/js/frontend-modules.min.js?ver=4.1.4 HTTP/1.1" 200 15454 "https://parma.elettroservicegroup.it/assistenza-lavatrici-aeg-parma/" "AdsBot-Google (+http://www.google.com/adsbot.html)"
66.249.89.134 - - [14/Jul/2026:22:44:29 +0200] "GET /wp-content/plugins/elementor/assets/lib/eicons/css/elementor-icons.min.css?ver=5.50.0 HTTP/1.1" 200 4125 "https://parma.elettroservicegroup.it/assistenza-lavatrici-aeg-parma/" "AdsBot-Google (+http://www.google.com/adsbot.html)"
66.249.89.134 - - [14/Jul/2026:22:44:29 +0200] "GET /wp-includes/js/jquery/ui/core.min.js?ver=1.13.3 HTTP/1.1" 200 6820 "https://parma.elettroservicegroup.it/assistenza-lavatrici-aeg-parma/" "AdsBot-Google (+http://www.google.com/adsbot.html)"
66.249.89.134 - - [14/Jul/2026:22:44:29 +0200] "GET /wp-content/themes/generatepress/assets/js/menu.min.js?ver=3.6.1 HTTP/1.1" 200 1688 "https://parma.elettroservicegroup.it/assistenza-lavatrici-aeg-parma/" "AdsBot-Google (+http://www.google.com/adsbot.html)"
66.249.89.134 - - [14/Jul/2026:22:44:29 +0200] "GET /wp-content/plugins/burst-statistics/assets/js/timeme/timeme.min.js?ver=1783097275 HTTP/1.1" 200 1835 "https://parma.elettroservicegroup.it/assistenza-lavatrici-aeg-parma/" "AdsBot-Google (+http://www.google.com/adsbot.html)"
66.249.89.133 - - [14/Jul/2026:22:44:29 +0200] "GET /wp-content/themes/generatepress/assets/js/back-to-top.min.js?ver=3.6.1 HTTP/1.1" 200 336 "https://parma.elettroservicegroup.it/assistenza-lavatrici-aeg-parma/" "AdsBot-Google (+http://www.google.com/adsbot.html)"
66.249.89.134 - - [14/Jul/2026:22:44:30 +0200] "GET /wp-content/plugins/elementor/assets/js/frontend.min.js?ver=4.1.4 HTTP/1.1" 200 10140 "https://parma.elettroservicegroup.it/assistenza-lavatrici-aeg-parma/" "AdsBot-Google (+http://www.google.com/adsbot.html)"
66.249.89.133 - - [14/Jul/2026:22:44:30 +0200] "GET /wp-content/plugins/complianz-gdpr-premium/cookiebanner/js/complianz.min.js?ver=1783097331 HTTP/1.1" 200 10762 "https://parma.elettroservicegroup.it/assistenza-lavatrici-aeg-parma/" "AdsBot-Google (+http://www.google.com/adsbot.html)"
66.249.89.134 - - [14/Jul/2026:22:44:30 +0200] "GET /wp-content/plugins/elementor/assets/lib/font-awesome/webfonts/fa-regular-400.woff2 HTTP/1.1" 200 13277 "https://parma.elettroservicegroup.it/wp-content/plugins/elementor/assets/lib/font-awesome/css/all.min.css?ver=4.1.4" "AdsBot-Google (+http://www.google.com/adsbot.html)"
66.249.89.134 - - [14/Jul/2026:22:44:30 +0200] "GET /wp-content/uploads/elementor/google-fonts/fonts/roboto-kfo7cnqeu92fr1me7ksn66agldtyluama3yuba.woff2 HTTP/1.1" 304 - "https://parma.elettroservicegroup.it/wp-content/uploads/elementor/google-fonts/css/roboto.css?ver=1742280360" "AdsBot-Google (+http://www.google.com/adsbot.html)"
66.249.89.133 - - [14/Jul/2026:22:44:30 +0200] "GET /wp-content/plugins/elementor/assets/lib/font-awesome/webfonts/fa-solid-900.woff2 HTTP/1.1" 200 78201 "https://parma.elettroservicegroup.it/wp-content/plugins/elementor/assets/lib/font-awesome/css/all.min.css?ver=4.1.4" "AdsBot-Google (+http://www.google.com/adsbot.html)"
65.108.235.243 - - [14/Jul/2026:22:44:40 +0200] "POST /wp-cron.php?doing_wp_cron=1784061880.7411620616912841796875 HTTP/1.1" 200 1 "-" "WordPress/7.0.1; https://parma.elettroservicegroup.it"
66.249.89.133 - - [14/Jul/2026:22:44:31 +0200] "GET /wp-json/complianz/v1/banner?lang=it&locale=it_IT&token=zfhuz HTTP/1.1" 200 81 "https://parma.elettroservicegroup.it/assistenza-lavatrici-aeg-parma/" "AdsBot-Google (+http://www.google.com/adsbot.html)"
66.249.89.133 - - [14/Jul/2026:22:44:41 +0200] "GET /wp-content/uploads/complianz/css/banner-1-optin.css?v=46 HTTP/1.1" 200 2857 "https://parma.elettroservicegroup.it/assistenza-lavatrici-aeg-parma/" "AdsBot-Google (+http://www.google.com/adsbot.html)"
66.249.89.133 - - [14/Jul/2026:22:44:41 +0200] "GET /wp-json/complianz/v1/cookie_data HTTP/1.1" 200 81 "https://parma.elettroservicegroup.it/assistenza-lavatrici-aeg-parma/" "AdsBot-Google (+http://www.google.com/adsbot.html)"
66.249.89.133 - - [14/Jul/2026:22:44:43 +0200] "GET /wp-content/plugins/elementor/assets/js/section-frontend-handlers.d85ab872da118940910d.bundle.min.js HTTP/1.1" 200 230 "https://parma.elettroservicegroup.it/assistenza-lavatrici-aeg-parma/" "AdsBot-Google (+http://www.google.com/adsbot.html)"
66.249.89.133 - - [14/Jul/2026:22:44:43 +0200] "GET /wp-content/plugins/elementor/assets/js/text-editor.45609661e409413f1cef.bundle.min.js HTTP/1.1" 200 592 "https://parma.elettroservicegroup.it/assistenza-lavatrici-aeg-parma/" "AdsBot-Google (+http://www.google.com/adsbot.html)"
66.249.89.133 - - [14/Jul/2026:22:44:43 +0200] "GET /wp-content/plugins/elementor/assets/js/shared-frontend-handlers.03caa53373b56d3bab67.bundle.min.js HTTP/1.1" 200 2515 "https://parma.elettroservicegroup.it/assistenza-lavatrici-aeg-parma/" "AdsBot-Google (+http://www.google.com/adsbot.html)"
150.228.25.67 - - [14/Jul/2026:23:00:41 +0200] "POST /wp-content/plugins/burst-statistics/endpoint.php HTTP/2.0" 200 1 "https://parma.elettroservicegroup.it/?gad_source=1&gad_campaignid=23795906066&gbraid=0AAAABDgs-LQ_mKIzDfyoyRpRWZs-v9RNX&gclid=CjwKCAjwvNfSBhBiEiwAyaGMCSV2D_JZgOSkFIls2VEaOKieRgHSjWp0j7mv-9MFXCaEQLYFkrg98RoCh6kQAvD_BwE" "Mozilla/5.0 (iPhone; CPU iPhone OS 18_7 like Mac OS X) AppleWebKit/605.1.15 (KHTML, like Gecko) Version/26.5 Mobile/15E148 Safari/604.1"
150.228.25.67 - - [14/Jul/2026:23:00:39 +0200] "POST /wp-content/plugins/burst-statistics/endpoint.php HTTP/2.0" 200 1 "https://parma.elettroservicegroup.it/?gad_source=1&gad_campaignid=23795906066&gbraid=0AAAABDgs-LQ_mKIzDfyoyRpRWZs-v9RNX&gclid=CjwKCAjwvNfSBhBiEiwAyaGMCSV2D_JZgOSkFIls2VEaOKieRgHSjWp0j7mv-9MFXCaEQLYFkrg98RoCh6kQAvD_BwE" "Mozilla/5.0 (iPhone; CPU iPhone OS 18_7 like Mac OS X) AppleWebKit/605.1.15 (KHTML, like Gecko) Version/26.5 Mobile/15E148 Safari/604.1"
65.108.235.243 - - [14/Jul/2026:23:00:49 +0200] "POST /wp-cron.php?doing_wp_cron=1784062849.6370759010314941406250 HTTP/1.1" 200 1 "-" "WordPress/7.0.1; https://parma.elettroservicegroup.it"
150.228.25.67 - - [14/Jul/2026:23:00:39 +0200] "GET /wp-json/complianz/v1/banner?lang=it&locale=it_IT&token=wvtwa HTTP/2.0" 200 81 "https://parma.elettroservicegroup.it/?gad_source=1&gad_campaignid=23795906066&gbraid=0AAAABDgs-LQ_mKIzDfyoyRpRWZs-v9RNX&gclid=CjwKCAjwvNfSBhBiEiwAyaGMCSV2D_JZgOSkFIls2VEaOKieRgHSjWp0j7mv-9MFXCaEQLYFkrg98RoCh6kQAvD_BwE" "Mozilla/5.0 (iPhone; CPU iPhone OS 18_7 like Mac OS X) AppleWebKit/605.1.15 (KHTML, like Gecko) Version/26.5 Mobile/15E148 Safari/604.1"
150.228.25.67 - - [14/Jul/2026:23:01:35 +0200] "GET /wp-content/uploads/complianz/css/banner-1-optin.css?v=46 HTTP/2.0" 200 2857 "https://parma.elettroservicegroup.it/?gad_source=1&gad_campaignid=23795906066&gbraid=0AAAABDgs-LQ_mKIzDfyoyRpRWZs-v9RNX&gclid=CjwKCAjwvNfSBhBiEiwAyaGMCSV2D_JZgOSkFIls2VEaOKieRgHSjWp0j7mv-9MFXCaEQLYFkrg98RoCh6kQAvD_BwE" "Mozilla/5.0 (iPhone; CPU iPhone OS 18_7 like Mac OS X) AppleWebKit/605.1.15 (KHTML, like Gecko) Version/26.5 Mobile/15E148 Safari/604.1"
65.108.235.243 - - [14/Jul/2026:23:01:45 +0200] "POST /wp-cron.php?doing_wp_cron=1784062905.5365290641784667968750 HTTP/1.1" 200 1 "-" "WordPress/7.0.1; https://parma.elettroservicegroup.it"
150.228.25.67 - - [14/Jul/2026:23:01:35 +0200] "GET /wp-json/complianz/v1/cookie_data HTTP/2.0" 200 81 "https://parma.elettroservicegroup.it/?gad_source=1&gad_campaignid=23795906066&gbraid=0AAAABDgs-LQ_mKIzDfyoyRpRWZs-v9RNX&gclid=CjwKCAjwvNfSBhBiEiwAyaGMCSV2D_JZgOSkFIls2VEaOKieRgHSjWp0j7mv-9MFXCaEQLYFkrg98RoCh6kQAvD_BwE" "Mozilla/5.0 (iPhone; CPU iPhone OS 18_7 like Mac OS X) AppleWebKit/605.1.15 (KHTML, like Gecko) Version/26.5 Mobile/15E148 Safari/604.1"
65.108.235.243 - - [14/Jul/2026:23:15:25 +0200] "POST /wp-cron.php?doing_wp_cron=1784063725.0340590476989746093750 HTTP/1.1" 200 1 "-" "WordPress/7.0.1; https://parma.elettroservicegroup.it"
205.210.31.15 - - [14/Jul/2026:23:15:14 +0200] "GET /wp-login.php HTTP/1.1" 200 10285 "-" "Hello from Palo Alto Networks, find out more about our scans in https://docs-cortex.paloaltonetworks.com/r/1/Cortex-Xpanse/Scanning-activity"
43.163.80.48 - - [14/Jul/2026:23:48:22 +0200] "GET / HTTP/1.1" 200 166318 "http://parma.elettroservicegroup.it" "Mozilla/5.0 (iPhone; CPU iPhone OS 13_2_3 like Mac OS X) AppleWebKit/605.1.15 (KHTML, like Gecko) Version/13.0.3 Mobile/15E148 Safari/604.1"
65.108.235.243 - - [14/Jul/2026:23:48:30 +0200] "POST /wp-json/complianz/v1/wsc-scan HTTP/1.1" 400 88 "-" "WordPress/7.0.1; https://parma.elettroservicegroup.it"
65.108.235.243 - - [15/Jul/2026:00:04:01 +0200] "POST /wp-cron.php?doing_wp_cron=1784066641.3300468921661376953125 HTTP/1.1" 200 1 "-" "WordPress/7.0.1; https://parma.elettroservicegroup.it"
79.35.40.16 - - [15/Jul/2026:00:03:50 +0200] "GET /favicon.ico HTTP/2.0" 302 1 "-" "NetworkingExtension/8624.2.5.10.4 Network/5812.122.1 iOS/26.5"
79.35.40.16 - - [15/Jul/2026:00:04:02 +0200] "GET /wp-content/uploads/2021/10/cropped-cropped-cropped-cropped-logo_white_background-32x32.png HTTP/2.0" 200 1525 "-" "NetworkingExtension/8624.2.5.10.4 Network/5812.122.1 iOS/26.5"
79.35.40.16 - - [15/Jul/2026:00:03:50 +0200] "GET /assistenza-aeg-parma/?gad_source=1&gad_campaignid=23795906066&gbraid=0AAAABDgs-LSwfygQCFtUVl7AMlJIy8e4Q HTTP/2.0" 200 23111 "-" "Mozilla/5.0 (Macintosh; Intel Mac OS X 10_11_1) AppleWebKit/601.2.4 (KHTML, like Gecko) Version/9.0.1 Safari/601.2.4 facebookexternalhit/1.1 Facebot Twitterbot/1.0"
79.35.40.16 - - [15/Jul/2026:00:03:50 +0200] "GET /apple-touch-icon-precomposed.png HTTP/2.0" 404 17009 "-" "NetworkingExtension/8624.2.5.10.4 Network/5812.122.1 iOS/26.5"
79.35.40.16 - - [15/Jul/2026:00:03:50 +0200] "GET /apple-touch-icon.png HTTP/2.0" 404 17001 "-" "NetworkingExtension/8624.2.5.10.4 Network/5812.122.1 iOS/26.5"
79.35.40.16 - - [15/Jul/2026:00:04:03 +0200] "GET /wp-content/uploads/2021/10/cropped-cropped-cropped-cropped-logo_white_background-32x32.png HTTP/2.0" 200 1525 "-" "NetworkingExtension/8624.2.5.10.4 Network/5812.122.1 iOS/26.5"
79.35.40.16 - - [15/Jul/2026:00:04:03 +0200] "GET /wp-content/uploads/2021/10/cropped-cropped-cropped-cropped-logo_white_background-192x192.png HTTP/2.0" 200 19089 "-" "NetworkingExtension/8624.2.5.10.4 Network/5812.122.1 iOS/26.5"
79.35.40.16 - - [15/Jul/2026:00:04:03 +0200] "GET /wp-content/uploads/2021/10/cropped-cropped-cropped-cropped-logo_white_background-180x180.png HTTP/2.0" 200 21353 "-" "NetworkingExtension/8624.2.5.10.4 Network/5812.122.1 iOS/26.5"
79.35.40.16 - - [15/Jul/2026:00:04:03 +0200] "GET /wp-content/uploads/2021/10/cropped-cropped-cropped-logo_white_background.png HTTP/2.0" 200 38971 "-" "NetworkingExtension/8624.2.5.10.4 Network/5812.122.1 iOS/26.5"
65.108.235.243 - - [15/Jul/2026:01:05:24 +0200] "POST /wp-cron.php?doing_wp_cron=1784070324.3810579776763916015625 HTTP/1.1" 200 1 "-" "WordPress/7.0.1; https://parma.elettroservicegroup.it"
40.77.167.158 - - [15/Jul/2026:01:05:13 +0200] "GET /wp-content/uploads/2022/01/whirlpool-logo-e1641294219701-1024x402-1-300x118.png HTTP/2.0" 404 17031 "-" "Mozilla/5.0 AppleWebKit/537.36 (KHTML, like Gecko; compatible; bingbot/2.0; +http://www.bing.com/bingbot.htm) Chrome/116.0.1938.76 Safari/537.36"
65.108.235.243 - - [15/Jul/2026:01:05:27 +0200] "POST /wp-json/complianz/v1/wsc-scan HTTP/1.1" 400 88 "-" "WordPress/7.0.1; https://parma.elettroservicegroup.it"
193.24.211.4 - - [15/Jul/2026:01:06:10 +0200] "GET /wp-login.php HTTP/2.0" 200 11844 "-" "Mozilla/5.0 (Windows NT 10.0; Win64; x64; rv:133.0) Gecko/20100101 Firefox/133.0"
193.24.211.4 - - [15/Jul/2026:01:06:11 +0200] "POST /xmlrpc.php HTTP/2.0" 200 11879 "-" "Mozilla/5.0 (Windows NT 10.0; Win64; x64) AppleWebKit/537.36 (KHTML, like Gecko) Chrome/124.0.0.0 Safari/537.36"
193.24.211.4 - - [15/Jul/2026:01:06:12 +0200] "POST /xmlrpc.php HTTP/2.0" 200 11894 "-" "Mozilla/5.0 (Macintosh; Intel Mac OS X 10_15_7) AppleWebKit/605.1.15 (KHTML, like Gecko) Version/18.0 Safari/605.1.15"
193.24.211.4 - - [15/Jul/2026:01:06:13 +0200] "POST /xmlrpc.php HTTP/2.0" 200 11867 "-" "Mozilla/5.0 (Macintosh; Intel Mac OS X 10_15_7) AppleWebKit/605.1.15 (KHTML, like Gecko) Version/18.0 Safari/605.1.15"
193.24.211.4 - - [15/Jul/2026:01:06:13 +0200] "POST /xmlrpc.php HTTP/2.0" 200 11979 "-" "Mozilla/5.0 (Windows NT 10.0; Win64; x64) AppleWebKit/537.36 (KHTML, like Gecko) Chrome/124.0.0.0 Safari/537.36"
193.24.211.4 - - [15/Jul/2026:01:06:14 +0200] "POST /xmlrpc.php HTTP/2.0" 200 11913 "-" "Mozilla/5.0 (Macintosh; Intel Mac OS X 10_15_7) AppleWebKit/605.1.15 (KHTML, like Gecko) Version/18.0 Safari/605.1.15"
94.76.159.159 - - [15/Jul/2026:01:06:15 +0200] "POST /xmlrpc.php HTTP/2.0" 200 11964 "-" "Mozilla/5.0 (Windows NT 10.0; Win64; x64; rv:133.0) Gecko/20100101 Firefox/133.0"
172.83.252.52 - - [15/Jul/2026:01:06:16 +0200] "POST /xmlrpc.php HTTP/2.0" 200 11953 "-" "Mozilla/5.0 (Windows NT 10.0; Win64; x64) AppleWebKit/537.36 (KHTML, like Gecko) Chrome/124.0.0.0 Safari/537.36"
104.245.240.21 - - [15/Jul/2026:01:06:17 +0200] "POST /xmlrpc.php HTTP/2.0" 200 11964 "-" "Mozilla/5.0 (Macintosh; Intel Mac OS X 10_15_7) AppleWebKit/605.1.15 (KHTML, like Gecko) Version/18.0 Safari/605.1.15"
172.83.253.246 - - [15/Jul/2026:01:06:18 +0200] "POST /xmlrpc.php HTTP/2.0" 200 11919 "-" "Mozilla/5.0 (Windows NT 10.0; Win64; x64) AppleWebKit/537.36 (KHTML, like Gecko) Chrome/124.0.0.0 Safari/537.36"
45.159.23.191 - - [15/Jul/2026:01:06:19 +0200] "POST /xmlrpc.php HTTP/2.0" 200 11939 "-" "Mozilla/5.0 (Windows NT 10.0; Win64; x64; rv:133.0) Gecko/20100101 Firefox/133.0"
45.133.115.157 - - [15/Jul/2026:01:06:20 +0200] "POST /xmlrpc.php HTTP/2.0" 200 11913 "-" "Mozilla/5.0 (Windows NT 10.0; Win64; x64; rv:133.0) Gecko/20100101 Firefox/133.0"
104.245.242.210 - - [15/Jul/2026:01:06:21 +0200] "POST /xmlrpc.php HTTP/2.0" 200 11828 "-" "Mozilla/5.0 (Macintosh; Intel Mac OS X 10_15_7) AppleWebKit/605.1.15 (KHTML, like Gecko) Version/18.0 Safari/605.1.15"
104.245.240.37 - - [15/Jul/2026:01:06:22 +0200] "POST /xmlrpc.php HTTP/2.0" 200 11894 "-" "Mozilla/5.0 (Windows NT 10.0; Win64; x64; rv:133.0) Gecko/20100101 Firefox/133.0"
172.83.253.89 - - [15/Jul/2026:01:06:22 +0200] "POST /xmlrpc.php HTTP/2.0" 200 11877 "-" "Mozilla/5.0 (Windows NT 10.0; Win64; x64; rv:133.0) Gecko/20100101 Firefox/133.0"
172.83.253.57 - - [15/Jul/2026:01:06:23 +0200] "POST /xmlrpc.php HTTP/2.0" 200 11924 "-" "Mozilla/5.0 (Windows NT 10.0; Win64; x64) AppleWebKit/537.36 (KHTML, like Gecko) Chrome/124.0.0.0 Safari/537.36"
193.24.211.4 - - [15/Jul/2026:01:06:24 +0200] "GET /wp-login.php HTTP/2.0" 200 11915 "-" "Mozilla/5.0 (Windows NT 10.0; Win64; x64) AppleWebKit/537.36 (KHTML, like Gecko) Chrome/124.0.0.0 Safari/537.36"
193.24.211.4 - - [15/Jul/2026:01:06:24 +0200] "GET /wp-login.php HTTP/2.0" 200 11886 "-" "Mozilla/5.0 (Windows NT 10.0; Win64; x64; rv:133.0) Gecko/20100101 Firefox/133.0"
193.24.211.4 - - [15/Jul/2026:01:06:25 +0200] "GET /wp-login.php HTTP/2.0" 200 11920 "-" "Mozilla/5.0 (Windows NT 10.0; Win64; x64; rv:133.0) Gecko/20100101 Firefox/133.0"
193.24.211.4 - - [15/Jul/2026:01:06:25 +0200] "GET /wp-login.php HTTP/2.0" 200 11935 "-" "Mozilla/5.0 (Windows NT 10.0; Win64; x64) AppleWebKit/537.36 (KHTML, like Gecko) Chrome/124.0.0.0 Safari/537.36"
193.24.211.4 - - [15/Jul/2026:01:06:25 +0200] "GET /wp-login.php HTTP/2.0" 200 11920 "-" "Mozilla/5.0 (Windows NT 10.0; Win64; x64; rv:133.0) Gecko/20100101 Firefox/133.0"
88.148.126.246 - - [15/Jul/2026:01:06:27 +0200] "GET /wp-login.php HTTP/2.0" 200 11976 "-" "Mozilla/5.0 (Windows NT 10.0; Win64; x64) AppleWebKit/537.36 (KHTML, like Gecko) Chrome/124.0.0.0 Safari/537.36"
172.83.253.156 - - [15/Jul/2026:01:06:28 +0200] "GET /wp-login.php HTTP/2.0" 200 11909 "-" "Mozilla/5.0 (Windows NT 10.0; Win64; x64) AppleWebKit/537.36 (KHTML, like Gecko) Chrome/124.0.0.0 Safari/537.36"
104.245.241.163 - - [15/Jul/2026:01:06:29 +0200] "GET /wp-login.php HTTP/2.0" 200 11935 "-" "Mozilla/5.0 (Windows NT 10.0; Win64; x64; rv:133.0) Gecko/20100101 Firefox/133.0"
94.76.159.82 - - [15/Jul/2026:01:06:30 +0200] "GET /wp-login.php HTTP/2.0" 200 11869 "-" "Mozilla/5.0 (Windows NT 10.0; Win64; x64; rv:133.0) Gecko/20100101 Firefox/133.0"
104.245.241.50 - - [15/Jul/2026:01:06:30 +0200] "GET /wp-login.php HTTP/2.0" 200 11881 "-" "Mozilla/5.0 (Macintosh; Intel Mac OS X 10_15_7) AppleWebKit/605.1.15 (KHTML, like Gecko) Version/18.0 Safari/605.1.15"
94.76.169.129 - - [15/Jul/2026:01:06:31 +0200] "GET /wp-login.php HTTP/2.0" 200 11844 "-" "Mozilla/5.0 (Windows NT 10.0; Win64; x64; rv:133.0) Gecko/20100101 Firefox/133.0"
172.83.252.80 - - [15/Jul/2026:01:06:33 +0200] "GET /wp-login.php HTTP/2.0" 200 11904 "-" "Mozilla/5.0 (Windows NT 10.0; Win64; x64; rv:133.0) Gecko/20100101 Firefox/133.0"
172.83.253.77 - - [15/Jul/2026:01:06:33 +0200] "GET /wp-login.php HTTP/2.0" 200 11885 "-" "Mozilla/5.0 (Windows NT 10.0; Win64; x64) AppleWebKit/537.36 (KHTML, like Gecko) Chrome/124.0.0.0 Safari/537.36"
88.148.85.135 - - [15/Jul/2026:01:06:34 +0200] "GET /wp-login.php HTTP/2.0" 200 11916 "-" "Mozilla/5.0 (Windows NT 10.0; Win64; x64) AppleWebKit/537.36 (KHTML, like Gecko) Chrome/124.0.0.0 Safari/537.36"
45.147.8.150 - - [15/Jul/2026:01:06:35 +0200] "GET /wp-login.php HTTP/2.0" 200 11970 "-" "Mozilla/5.0 (Windows NT 10.0; Win64; x64) AppleWebKit/537.36 (KHTML, like Gecko) Chrome/124.0.0.0 Safari/537.36"
45.147.8.150 - - [15/Jul/2026:01:06:36 +0200] "GET /wp-login.php HTTP/2.0" 200 11936 "-" "Mozilla/5.0 (Macintosh; Intel Mac OS X 10_15_7) AppleWebKit/605.1.15 (KHTML, like Gecko) Version/18.0 Safari/605.1.15"
88.148.93.89 - - [15/Jul/2026:01:06:37 +0200] "GET /wp-login.php HTTP/2.0" 200 11756 "-" "Mozilla/5.0 (Windows NT 10.0; Win64; x64) AppleWebKit/537.36 (KHTML, like Gecko) Chrome/124.0.0.0 Safari/537.36"
88.148.93.27 - - [15/Jul/2026:01:06:38 +0200] "GET /wp-login.php HTTP/2.0" 200 11851 "-" "Mozilla/5.0 (Macintosh; Intel Mac OS X 10_15_7) AppleWebKit/605.1.15 (KHTML, like Gecko) Version/18.0 Safari/605.1.15"
172.83.255.38 - - [15/Jul/2026:01:06:39 +0200] "GET /wp-login.php HTTP/2.0" 200 11890 "-" "Mozilla/5.0 (Windows NT 10.0; Win64; x64) AppleWebKit/537.36 (KHTML, like Gecko) Chrome/124.0.0.0 Safari/537.36"
172.83.253.100 - - [15/Jul/2026:01:06:40 +0200] "GET /wp-login.php HTTP/2.0" 200 11889 "-" "Mozilla/5.0 (Windows NT 10.0; Win64; x64; rv:133.0) Gecko/20100101 Firefox/133.0"
104.245.241.128 - - [15/Jul/2026:01:06:41 +0200] "GET /wp-login.php HTTP/2.0" 200 11920 "-" "Mozilla/5.0 (Macintosh; Intel Mac OS X 10_15_7) AppleWebKit/605.1.15 (KHTML, like Gecko) Version/18.0 Safari/605.1.15"
94.76.169.63 - - [15/Jul/2026:01:06:42 +0200] "GET /wp-login.php HTTP/2.0" 200 11874 "-" "Mozilla/5.0 (Macintosh; Intel Mac OS X 10_15_7) AppleWebKit/605.1.15 (KHTML, like Gecko) Version/18.0 Safari/605.1.15"
94.76.142.125 - - [15/Jul/2026:01:06:43 +0200] "GET /wp-login.php HTTP/2.0" 200 11941 "-" "Mozilla/5.0 (Macintosh; Intel Mac OS X 10_15_7) AppleWebKit/605.1.15 (KHTML, like Gecko) Version/18.0 Safari/605.1.15"
45.159.23.173 - - [15/Jul/2026:01:06:44 +0200] "GET /wp-login.php HTTP/2.0" 200 11814 "-" "Mozilla/5.0 (Macintosh; Intel Mac OS X 10_15_7) AppleWebKit/605.1.15 (KHTML, like Gecko) Version/18.0 Safari/605.1.15"
94.76.169.18 - - [15/Jul/2026:01:06:45 +0200] "GET /wp-login.php HTTP/2.0" 200 11899 "-" "Mozilla/5.0 (Macintosh; Intel Mac OS X 10_15_7) AppleWebKit/605.1.15 (KHTML, like Gecko) Version/18.0 Safari/605.1.15"
