65.108.235.243 - - [15/Jul/2026:14:16:13 +0200] "POST /wp-cron.php?doing_wp_cron=1784117773.3827180862426757812500 HTTP/1.1" 200 1 "-" "WordPress/7.0.1; https://brescia.elettroservicegroup.it"
139.180.209.5 - - [15/Jul/2026:14:16:09 +0200] "POST /wp-includes/class-wp-db-session.php?wpd_ping=233a196051d8 HTTP/1.1" 404 92165 "-" "WPDefender-Controller/1.0"
65.108.235.243 - - [15/Jul/2026:14:16:13 +0200] "POST /wp-cron.php?doing_wp_cron=1784117773.4797539710998535156250 HTTP/1.1" 200 1 "-" "WordPress/7.0.1; https://brescia.elettroservicegroup.it"
139.180.209.5 - - [15/Jul/2026:14:16:09 +0200] "POST /?wpd_ping=233a196051d8 HTTP/1.1" 200 103132 "-" "WPDefender-Controller/1.0"
65.108.235.243 - - [15/Jul/2026:14:16:13 +0200] "POST /wp-cron.php?doing_wp_cron=1784117773.5797278881072998046875 HTTP/1.1" 200 1 "-" "WordPress/7.0.1; https://brescia.elettroservicegroup.it"
139.180.209.5 - - [15/Jul/2026:14:16:09 +0200] "POST /wp-content/db.php?wpd_ping=233a196051d8 HTTP/1.1" 404 92057 "-" "WPDefender-Controller/1.0"
139.180.209.5 - - [15/Jul/2026:14:31:56 +0200] "POST /?wpd_ping=233a196051d8 HTTP/1.1" 200 103132 "-" "WPDefender-Controller/1.0"
139.180.209.5 - - [15/Jul/2026:14:31:56 +0200] "POST /wp-content/db.php?wpd_ping=233a196051d8 HTTP/1.1" 404 92057 "-" "WPDefender-Controller/1.0"
139.180.209.5 - - [15/Jul/2026:14:31:56 +0200] "POST /wp-includes/class-wp-db-session.php?wpd_ping=233a196051d8 HTTP/1.1" 404 92165 "-" "WPDefender-Controller/1.0"
139.180.209.5 - - [15/Jul/2026:14:45:51 +0200] "POST /wp-includes/class-wp-db-session.php?wpd_ping=233a196051d8 HTTP/1.1" 404 92055 "-" "WPDefender-Controller/1.0"
65.108.235.243 - - [15/Jul/2026:14:45:56 +0200] "POST /wp-cron.php?doing_wp_cron=1784119556.4887700080871582031250 HTTP/1.1" 200 1 "-" "WordPress/7.0.1; https://brescia.elettroservicegroup.it"
139.180.209.5 - - [15/Jul/2026:14:45:51 +0200] "POST /wp-content/db.php?wpd_ping=233a196051d8 HTTP/1.1" 404 91947 "-" "WPDefender-Controller/1.0"
139.180.209.5 - - [15/Jul/2026:14:45:51 +0200] "POST /?wpd_ping=233a196051d8 HTTP/1.1" 200 103132 "-" "WPDefender-Controller/1.0"
139.180.209.5 - - [15/Jul/2026:15:01:14 +0200] "POST /wp-content/db.php?wpd_ping=233a196051d8 HTTP/1.1" 404 91947 "-" "WPDefender-Controller/1.0"
139.180.209.5 - - [15/Jul/2026:15:01:14 +0200] "POST /wp-includes/class-wp-db-session.php?wpd_ping=233a196051d8 HTTP/1.1" 404 92055 "-" "WPDefender-Controller/1.0"
139.180.209.5 - - [15/Jul/2026:15:01:14 +0200] "POST /?wpd_ping=233a196051d8 HTTP/1.1" 200 103132 "-" "WPDefender-Controller/1.0"
139.180.209.5 - - [15/Jul/2026:15:15:22 +0200] "POST /?wpd_ping=233a196051d8 HTTP/1.1" 200 103132 "-" "WPDefender-Controller/1.0"
139.180.209.5 - - [15/Jul/2026:15:15:22 +0200] "POST /wp-content/db.php?wpd_ping=233a196051d8 HTTP/1.1" 404 91947 "-" "WPDefender-Controller/1.0"
65.108.235.243 - - [15/Jul/2026:15:15:27 +0200] "POST /wp-cron.php?doing_wp_cron=1784121327.5844199657440185546875 HTTP/1.1" 200 1 "-" "WordPress/7.0.1; https://brescia.elettroservicegroup.it"
139.180.209.5 - - [15/Jul/2026:15:15:22 +0200] "POST /wp-includes/class-wp-db-session.php?wpd_ping=233a196051d8 HTTP/1.1" 404 92055 "-" "WPDefender-Controller/1.0"
139.180.209.5 - - [15/Jul/2026:15:31:20 +0200] "POST /wp-content/db.php?wpd_ping=233a196051d8 HTTP/1.1" 404 91947 "-" "WPDefender-Controller/1.0"
139.180.209.5 - - [15/Jul/2026:15:31:20 +0200] "POST /?wpd_ping=233a196051d8 HTTP/1.1" 200 103132 "-" "WPDefender-Controller/1.0"
139.180.209.5 - - [15/Jul/2026:15:31:20 +0200] "POST /wp-includes/class-wp-db-session.php?wpd_ping=233a196051d8 HTTP/1.1" 404 92055 "-" "WPDefender-Controller/1.0"
139.180.209.5 - - [15/Jul/2026:15:46:34 +0200] "POST /wp-includes/class-wp-db-session.php?wpd_ping=233a196051d8 HTTP/1.1" 404 92055 "-" "WPDefender-Controller/1.0"
139.180.209.5 - - [15/Jul/2026:15:46:34 +0200] "POST /wp-content/db.php?wpd_ping=233a196051d8 HTTP/1.1" 404 91947 "-" "WPDefender-Controller/1.0"
139.180.209.5 - - [15/Jul/2026:15:46:34 +0200] "POST /?wpd_ping=233a196051d8 HTTP/1.1" 200 103132 "-" "WPDefender-Controller/1.0"
139.180.209.5 - - [15/Jul/2026:16:00:32 +0200] "POST /wp-content/db.php?wpd_ping=233a196051d8 HTTP/1.1" 404 91947 "-" "WPDefender-Controller/1.0"
139.180.209.5 - - [15/Jul/2026:16:00:32 +0200] "POST /?wpd_ping=233a196051d8 HTTP/1.1" 200 103132 "-" "WPDefender-Controller/1.0"
139.180.209.5 - - [15/Jul/2026:16:00:32 +0200] "POST /wp-includes/class-wp-db-session.php?wpd_ping=233a196051d8 HTTP/1.1" 404 92055 "-" "WPDefender-Controller/1.0"
139.180.209.5 - - [15/Jul/2026:16:15:56 +0200] "POST /wp-content/db.php?wpd_ping=233a196051d8 HTTP/1.1" 404 91947 "-" "WPDefender-Controller/1.0"
139.180.209.5 - - [15/Jul/2026:16:15:56 +0200] "POST /?wpd_ping=233a196051d8 HTTP/1.1" 200 103132 "-" "WPDefender-Controller/1.0"
65.108.235.243 - - [15/Jul/2026:16:16:00 +0200] "POST /wp-cron.php?doing_wp_cron=1784124960.4878120422363281250000 HTTP/1.1" 200 1 "-" "WordPress/7.0.1; https://brescia.elettroservicegroup.it"
139.180.209.5 - - [15/Jul/2026:16:15:56 +0200] "POST /wp-includes/class-wp-db-session.php?wpd_ping=233a196051d8 HTTP/1.1" 404 92055 "-" "WPDefender-Controller/1.0"
139.180.209.5 - - [15/Jul/2026:16:32:00 +0200] "POST /wp-includes/class-wp-db-session.php?wpd_ping=233a196051d8 HTTP/1.1" 404 92055 "-" "WPDefender-Controller/1.0"
139.180.209.5 - - [15/Jul/2026:16:32:00 +0200] "POST /wp-content/db.php?wpd_ping=233a196051d8 HTTP/1.1" 404 91947 "-" "WPDefender-Controller/1.0"
139.180.209.5 - - [15/Jul/2026:16:32:00 +0200] "POST /?wpd_ping=233a196051d8 HTTP/1.1" 200 103132 "-" "WPDefender-Controller/1.0"
65.108.235.243 - - [15/Jul/2026:16:41:46 +0200] "POST /wp-cron.php?doing_wp_cron=1784126506.4071640968322753906250 HTTP/1.1" 200 1 "-" "WordPress/7.0.1; https://brescia.elettroservicegroup.it"
198.235.24.185 - - [15/Jul/2026:16:41:44 +0200] "GET / HTTP/1.1" 301 - "-" "Hello from Palo Alto Networks, find out more about our scans in https://docs-cortex.paloaltonetworks.com/r/1/Cortex-Xpanse/Scanning-activity"
198.235.24.185 - - [15/Jul/2026:16:41:46 +0200] "GET / HTTP/1.1" 200 103022 "http://www.brescia.elettroservicegroup.it/" "Hello from Palo Alto Networks, find out more about our scans in https://docs-cortex.paloaltonetworks.com/r/1/Cortex-Xpanse/Scanning-activity"
139.180.209.5 - - [15/Jul/2026:16:46:32 +0200] "POST /wp-content/db.php?wpd_ping=233a196051d8 HTTP/1.1" 404 91947 "-" "WPDefender-Controller/1.0"
65.108.235.243 - - [15/Jul/2026:16:46:35 +0200] "POST /wp-cron.php?doing_wp_cron=1784126795.6844990253448486328125 HTTP/1.1" 200 1 "-" "WordPress/7.0.1; https://brescia.elettroservicegroup.it"
139.180.209.5 - - [15/Jul/2026:16:46:32 +0200] "POST /wp-includes/class-wp-db-session.php?wpd_ping=233a196051d8 HTTP/1.1" 404 92055 "-" "WPDefender-Controller/1.0"
139.180.209.5 - - [15/Jul/2026:16:46:32 +0200] "POST /?wpd_ping=233a196051d8 HTTP/1.1" 200 103132 "-" "WPDefender-Controller/1.0"
139.180.209.5 - - [15/Jul/2026:17:00:29 +0200] "POST /wp-content/db.php?wpd_ping=233a196051d8 HTTP/1.1" 404 92057 "-" "WPDefender-Controller/1.0"
139.180.209.5 - - [15/Jul/2026:17:00:29 +0200] "POST /?wpd_ping=233a196051d8 HTTP/1.1" 200 103132 "-" "WPDefender-Controller/1.0"
139.180.209.5 - - [15/Jul/2026:17:00:29 +0200] "POST /wp-includes/class-wp-db-session.php?wpd_ping=233a196051d8 HTTP/1.1" 404 92165 "-" "WPDefender-Controller/1.0"
139.180.209.5 - - [15/Jul/2026:17:15:53 +0200] "POST /wp-includes/class-wp-db-session.php?wpd_ping=233a196051d8 HTTP/1.1" 404 92165 "-" "WPDefender-Controller/1.0"
139.180.209.5 - - [15/Jul/2026:17:15:53 +0200] "POST /wp-content/db.php?wpd_ping=233a196051d8 HTTP/1.1" 404 92057 "-" "WPDefender-Controller/1.0"
139.180.209.5 - - [15/Jul/2026:17:15:53 +0200] "POST /?wpd_ping=233a196051d8 HTTP/1.1" 200 103132 "-" "WPDefender-Controller/1.0"
139.180.209.5 - - [15/Jul/2026:17:31:20 +0200] "POST /wp-includes/class-wp-db-session.php?wpd_ping=233a196051d8 HTTP/1.1" 404 92055 "-" "WPDefender-Controller/1.0"
65.108.235.243 - - [15/Jul/2026:17:31:27 +0200] "POST /wp-cron.php?doing_wp_cron=1784129487.4776949882507324218750 HTTP/1.1" 200 1 "-" "WordPress/7.0.1; https://brescia.elettroservicegroup.it"
139.180.209.5 - - [15/Jul/2026:17:31:20 +0200] "POST /?wpd_ping=233a196051d8 HTTP/1.1" 200 103132 "-" "WPDefender-Controller/1.0"
139.180.209.5 - - [15/Jul/2026:17:31:20 +0200] "POST /wp-content/db.php?wpd_ping=233a196051d8 HTTP/1.1" 404 91947 "-" "WPDefender-Controller/1.0"
65.108.235.243 - - [15/Jul/2026:17:44:45 +0200] "POST /wp-cron.php?doing_wp_cron=1784130285.5959360599517822265625 HTTP/1.1" 200 1 "-" "WordPress/7.0.1; https://brescia.elettroservicegroup.it"
66.249.64.228 - - [15/Jul/2026:17:44:40 +0200] "GET /robots.txt HTTP/1.1" 200 106 "-" "Mozilla/5.0 (compatible; Googlebot/2.1; +http://www.google.com/bot.html)"
139.180.209.5 - - [15/Jul/2026:17:45:35 +0200] "POST /wp-content/db.php?wpd_ping=233a196051d8 HTTP/1.1" 404 92057 "-" "WPDefender-Controller/1.0"
139.180.209.5 - - [15/Jul/2026:17:45:35 +0200] "POST /?wpd_ping=233a196051d8 HTTP/1.1" 200 103132 "-" "WPDefender-Controller/1.0"
139.180.209.5 - - [15/Jul/2026:17:45:35 +0200] "POST /wp-includes/class-wp-db-session.php?wpd_ping=233a196051d8 HTTP/1.1" 404 92165 "-" "WPDefender-Controller/1.0"
139.180.209.5 - - [15/Jul/2026:18:00:52 +0200] "POST /wp-includes/class-wp-db-session.php?wpd_ping=233a196051d8 HTTP/1.1" 404 92165 "-" "WPDefender-Controller/1.0"
139.180.209.5 - - [15/Jul/2026:18:00:52 +0200] "POST /wp-content/db.php?wpd_ping=233a196051d8 HTTP/1.1" 404 92057 "-" "WPDefender-Controller/1.0"
139.180.209.5 - - [15/Jul/2026:18:00:52 +0200] "POST /?wpd_ping=233a196051d8 HTTP/1.1" 200 103132 "-" "WPDefender-Controller/1.0"
139.180.209.5 - - [15/Jul/2026:18:15:59 +0200] "POST /?wpd_ping=233a196051d8 HTTP/1.1" 200 103132 "-" "WPDefender-Controller/1.0"
139.180.209.5 - - [15/Jul/2026:18:15:59 +0200] "POST /wp-content/db.php?wpd_ping=233a196051d8 HTTP/1.1" 404 91947 "-" "WPDefender-Controller/1.0"
65.108.235.243 - - [15/Jul/2026:18:16:03 +0200] "POST /wp-cron.php?doing_wp_cron=1784132163.5879909992218017578125 HTTP/1.1" 200 1 "-" "WordPress/7.0.1; https://brescia.elettroservicegroup.it"
139.180.209.5 - - [15/Jul/2026:18:15:59 +0200] "POST /wp-includes/class-wp-db-session.php?wpd_ping=233a196051d8 HTTP/1.1" 404 92055 "-" "WPDefender-Controller/1.0"
139.180.209.5 - - [15/Jul/2026:18:31:30 +0200] "POST /wp-includes/class-wp-db-session.php?wpd_ping=233a196051d8 HTTP/1.1" 404 92165 "-" "WPDefender-Controller/1.0"
139.180.209.5 - - [15/Jul/2026:18:31:30 +0200] "POST /wp-content/db.php?wpd_ping=233a196051d8 HTTP/1.1" 404 92057 "-" "WPDefender-Controller/1.0"
139.180.209.5 - - [15/Jul/2026:18:31:30 +0200] "POST /?wpd_ping=233a196051d8 HTTP/1.1" 200 103132 "-" "WPDefender-Controller/1.0"
139.180.209.5 - - [15/Jul/2026:18:45:29 +0200] "POST /wp-includes/class-wp-db-session.php?wpd_ping=233a196051d8 HTTP/1.1" 404 92165 "-" "WPDefender-Controller/1.0"
139.180.209.5 - - [15/Jul/2026:18:45:29 +0200] "POST /?wpd_ping=233a196051d8 HTTP/1.1" 200 103132 "-" "WPDefender-Controller/1.0"
139.180.209.5 - - [15/Jul/2026:18:45:29 +0200] "POST /wp-content/db.php?wpd_ping=233a196051d8 HTTP/1.1" 404 92057 "-" "WPDefender-Controller/1.0"
139.180.209.5 - - [15/Jul/2026:19:00:45 +0200] "POST /wp-includes/class-wp-db-session.php?wpd_ping=233a196051d8 HTTP/1.1" 404 92055 "-" "WPDefender-Controller/1.0"
65.108.235.243 - - [15/Jul/2026:19:00:49 +0200] "POST /wp-cron.php?doing_wp_cron=1784134849.0875639915466308593750 HTTP/1.1" 200 1 "-" "WordPress/7.0.1; https://brescia.elettroservicegroup.it"
139.180.209.5 - - [15/Jul/2026:19:00:45 +0200] "POST /wp-content/db.php?wpd_ping=233a196051d8 HTTP/1.1" 404 91947 "-" "WPDefender-Controller/1.0"
139.180.209.5 - - [15/Jul/2026:19:00:45 +0200] "POST /?wpd_ping=233a196051d8 HTTP/1.1" 200 103132 "-" "WPDefender-Controller/1.0"
139.180.209.5 - - [15/Jul/2026:19:16:16 +0200] "POST /wp-includes/class-wp-db-session.php?wpd_ping=233a196051d8 HTTP/1.1" 404 92165 "-" "WPDefender-Controller/1.0"
139.180.209.5 - - [15/Jul/2026:19:16:16 +0200] "POST /?wpd_ping=233a196051d8 HTTP/1.1" 200 103132 "-" "WPDefender-Controller/1.0"
139.180.209.5 - - [15/Jul/2026:19:16:16 +0200] "POST /wp-content/db.php?wpd_ping=233a196051d8 HTTP/1.1" 404 92057 "-" "WPDefender-Controller/1.0"
65.108.235.243 - - [15/Jul/2026:19:30:28 +0200] "POST /wp-cron.php?doing_wp_cron=1784136628.0792369842529296875000 HTTP/1.1" 200 1 "-" "WordPress/7.0.1; https://brescia.elettroservicegroup.it"
139.180.209.5 - - [15/Jul/2026:19:30:24 +0200] "POST /wp-content/db.php?wpd_ping=233a196051d8 HTTP/1.1" 404 91947 "-" "WPDefender-Controller/1.0"
139.180.209.5 - - [15/Jul/2026:19:30:24 +0200] "POST /?wpd_ping=233a196051d8 HTTP/1.1" 200 103132 "-" "WPDefender-Controller/1.0"
139.180.209.5 - - [15/Jul/2026:19:30:24 +0200] "POST /wp-includes/class-wp-db-session.php?wpd_ping=233a196051d8 HTTP/1.1" 404 92055 "-" "WPDefender-Controller/1.0"
139.180.209.5 - - [15/Jul/2026:19:45:03 +0200] "POST /wp-includes/class-wp-db-session.php?wpd_ping=233a196051d8 HTTP/1.1" 404 92055 "-" "WPDefender-Controller/1.0"
65.108.235.243 - - [15/Jul/2026:19:45:09 +0200] "POST /wp-cron.php?doing_wp_cron=1784137509.2853779792785644531250 HTTP/1.1" 200 1 "-" "WordPress/7.0.1; https://brescia.elettroservicegroup.it"
139.180.209.5 - - [15/Jul/2026:19:45:03 +0200] "POST /wp-content/db.php?wpd_ping=233a196051d8 HTTP/1.1" 404 91947 "-" "WPDefender-Controller/1.0"
139.180.209.5 - - [15/Jul/2026:19:45:03 +0200] "POST /?wpd_ping=233a196051d8 HTTP/1.1" 200 103132 "-" "WPDefender-Controller/1.0"
139.180.209.5 - - [15/Jul/2026:20:00:01 +0200] "POST /wp-includes/class-wp-db-session.php?wpd_ping=233a196051d8 HTTP/1.1" 404 92055 "-" "WPDefender-Controller/1.0"
139.180.209.5 - - [15/Jul/2026:20:00:01 +0200] "POST /wp-content/db.php?wpd_ping=233a196051d8 HTTP/1.1" 404 91947 "-" "WPDefender-Controller/1.0"
139.180.209.5 - - [15/Jul/2026:20:00:01 +0200] "POST /?wpd_ping=233a196051d8 HTTP/1.1" 200 103132 "-" "WPDefender-Controller/1.0"
128.90.141.19 - - [15/Jul/2026:20:14:50 +0200] "GET / HTTP/1.1" 200 11854 "-" "Mozilla/5.0 (compatible; Yahoo! Slurp; http://help.yahoo.com/help/us/ysearch/slurp)"
128.90.141.19 - - [15/Jul/2026:20:14:51 +0200] "GET /wp-admin/setup-config.php?step=1&language=en_GB HTTP/1.1" 200 11925 "-" "Mozilla/5.0 (Macintosh; Intel Mac OS X 10_15_7) AppleWebKit/605.1.15 (KHTML, like Gecko) Version/15.1 Safari/605.1.15"
128.90.141.19 - - [15/Jul/2026:20:14:51 +0200] "GET /wp-admin/install.php?step=1&language=en_GB HTTP/1.1" 200 11956 "-" "Mozilla/5.0 (iPad; CPU OS 16_4 like Mac OS X) AppleWebKit/605.1.15 (KHTML, like Gecko) Version/16.4 Mobile/15E148 Safari/604.1"
139.180.209.5 - - [15/Jul/2026:20:14:59 +0200] "POST /wp-includes/class-wp-db-session.php?wpd_ping=233a196051d8 HTTP/1.1" 404 92165 "-" "WPDefender-Controller/1.0"
139.180.209.5 - - [15/Jul/2026:20:14:59 +0200] "POST /?wpd_ping=233a196051d8 HTTP/1.1" 200 103132 "-" "WPDefender-Controller/1.0"
139.180.209.5 - - [15/Jul/2026:20:14:59 +0200] "POST /wp-content/db.php?wpd_ping=233a196051d8 HTTP/1.1" 404 92057 "-" "WPDefender-Controller/1.0"
139.180.209.5 - - [15/Jul/2026:20:31:27 +0200] "POST /wp-content/db.php?wpd_ping=233a196051d8 HTTP/1.1" 404 91947 "-" "WPDefender-Controller/1.0"
139.180.209.5 - - [15/Jul/2026:20:31:27 +0200] "POST /?wpd_ping=233a196051d8 HTTP/1.1" 200 103132 "-" "WPDefender-Controller/1.0"
139.180.209.5 - - [15/Jul/2026:20:31:27 +0200] "POST /wp-includes/class-wp-db-session.php?wpd_ping=233a196051d8 HTTP/1.1" 404 92055 "-" "WPDefender-Controller/1.0"
139.180.209.5 - - [15/Jul/2026:20:46:11 +0200] "POST /wp-includes/class-wp-db-session.php?wpd_ping=233a196051d8 HTTP/1.1" 404 92055 "-" "WPDefender-Controller/1.0"
65.108.235.243 - - [15/Jul/2026:20:46:16 +0200] "POST /wp-cron.php?doing_wp_cron=1784141176.4909949302673339843750 HTTP/1.1" 200 1 "-" "WordPress/7.0.1; https://brescia.elettroservicegroup.it"
139.180.209.5 - - [15/Jul/2026:20:46:11 +0200] "POST /wp-content/db.php?wpd_ping=233a196051d8 HTTP/1.1" 404 91947 "-" "WPDefender-Controller/1.0"
139.180.209.5 - - [15/Jul/2026:20:46:11 +0200] "POST /?wpd_ping=233a196051d8 HTTP/1.1" 200 103132 "-" "WPDefender-Controller/1.0"
139.180.209.5 - - [15/Jul/2026:21:00:14 +0200] "POST /wp-content/db.php?wpd_ping=233a196051d8 HTTP/1.1" 404 92057 "-" "WPDefender-Controller/1.0"
139.180.209.5 - - [15/Jul/2026:21:00:14 +0200] "POST /?wpd_ping=233a196051d8 HTTP/1.1" 200 103132 "-" "WPDefender-Controller/1.0"
139.180.209.5 - - [15/Jul/2026:21:00:14 +0200] "POST /wp-includes/class-wp-db-session.php?wpd_ping=233a196051d8 HTTP/1.1" 404 92165 "-" "WPDefender-Controller/1.0"
65.108.235.243 - - [15/Jul/2026:21:16:05 +0200] "POST /wp-cron.php?doing_wp_cron=1784142965.4874169826507568359375 HTTP/1.1" 200 1 "-" "WordPress/7.0.1; https://brescia.elettroservicegroup.it"
139.180.209.5 - - [15/Jul/2026:21:15:59 +0200] "POST /wp-content/db.php?wpd_ping=233a196051d8 HTTP/1.1" 404 91947 "-" "WPDefender-Controller/1.0"
139.180.209.5 - - [15/Jul/2026:21:15:59 +0200] "POST /?wpd_ping=233a196051d8 HTTP/1.1" 200 103132 "-" "WPDefender-Controller/1.0"
139.180.209.5 - - [15/Jul/2026:21:15:59 +0200] "POST /wp-includes/class-wp-db-session.php?wpd_ping=233a196051d8 HTTP/1.1" 404 92055 "-" "WPDefender-Controller/1.0"
139.180.209.5 - - [15/Jul/2026:21:30:48 +0200] "POST /wp-content/db.php?wpd_ping=233a196051d8 HTTP/1.1" 404 91947 "-" "WPDefender-Controller/1.0"
139.180.209.5 - - [15/Jul/2026:21:30:48 +0200] "POST /wp-includes/class-wp-db-session.php?wpd_ping=233a196051d8 HTTP/1.1" 404 92055 "-" "WPDefender-Controller/1.0"
139.180.209.5 - - [15/Jul/2026:21:30:48 +0200] "POST /?wpd_ping=233a196051d8 HTTP/1.1" 200 103132 "-" "WPDefender-Controller/1.0"
139.180.209.5 - - [15/Jul/2026:21:46:46 +0200] "POST /wp-includes/class-wp-db-session.php?wpd_ping=233a196051d8 HTTP/1.1" 404 92165 "-" "WPDefender-Controller/1.0"
139.180.209.5 - - [15/Jul/2026:21:46:46 +0200] "POST /wp-content/db.php?wpd_ping=233a196051d8 HTTP/1.1" 404 92057 "-" "WPDefender-Controller/1.0"
139.180.209.5 - - [15/Jul/2026:21:46:46 +0200] "POST /?wpd_ping=233a196051d8 HTTP/1.1" 200 103132 "-" "WPDefender-Controller/1.0"
65.108.235.243 - - [15/Jul/2026:22:00:26 +0200] "POST /wp-cron.php?doing_wp_cron=1784145626.6813778877258300781250 HTTP/1.1" 200 1 "-" "WordPress/7.0.1; https://brescia.elettroservicegroup.it"
139.180.209.5 - - [15/Jul/2026:22:00:22 +0200] "POST /wp-includes/class-wp-db-session.php?wpd_ping=233a196051d8 HTTP/1.1" 404 92055 "-" "WPDefender-Controller/1.0"
139.180.209.5 - - [15/Jul/2026:22:00:22 +0200] "POST /?wpd_ping=233a196051d8 HTTP/1.1" 200 103132 "-" "WPDefender-Controller/1.0"
139.180.209.5 - - [15/Jul/2026:22:00:22 +0200] "POST /wp-content/db.php?wpd_ping=233a196051d8 HTTP/1.1" 404 91947 "-" "WPDefender-Controller/1.0"
139.180.209.5 - - [15/Jul/2026:22:16:25 +0200] "POST /wp-content/db.php?wpd_ping=233a196051d8 HTTP/1.1" 404 92057 "-" "WPDefender-Controller/1.0"
139.180.209.5 - - [15/Jul/2026:22:16:25 +0200] "POST /wp-includes/class-wp-db-session.php?wpd_ping=233a196051d8 HTTP/1.1" 404 92165 "-" "WPDefender-Controller/1.0"
139.180.209.5 - - [15/Jul/2026:22:16:25 +0200] "POST /?wpd_ping=233a196051d8 HTTP/1.1" 200 103132 "-" "WPDefender-Controller/1.0"
2.57.122.13 - - [15/Jul/2026:22:26:07 +0200] "GET /frontend/.git/config HTTP/1.1" 507 - "-" "Mozilla/5.0 (Windows NT 10.0; Win64; x64) AppleWebKit/537.36 (KHTML, like Gecko) Chrome/123.0.0.0 Safari/537.36"
2.57.122.13 - - [15/Jul/2026:22:26:07 +0200] "GET /wordpress/.git/config HTTP/1.1" 507 - "-" "Mozilla/5.0 (Windows NT 10.0; Win64; x64) AppleWebKit/537.36 (KHTML, like Gecko) Chrome/123.0.0.0 Safari/537.36"
2.57.122.13 - - [15/Jul/2026:22:26:07 +0200] "GET /app/.git/config HTTP/1.1" 507 - "-" "Mozilla/5.0 (Windows NT 10.0; Win64; x64) AppleWebKit/537.36 (KHTML, like Gecko) Chrome/123.0.0.0 Safari/537.36"
2.57.122.13 - - [15/Jul/2026:22:26:07 +0200] "GET /blog/.git/config HTTP/1.1" 507 - "-" "Mozilla/5.0 (Windows NT 10.0; Win64; x64) AppleWebKit/537.36 (KHTML, like Gecko) Chrome/123.0.0.0 Safari/537.36"
2.57.122.13 - - [15/Jul/2026:22:26:07 +0200] "GET /libs/.git/config HTTP/1.1" 301 - "-" "Mozilla/5.0 (Windows NT 10.0; Win64; x64) AppleWebKit/537.36 (KHTML, like Gecko) Chrome/123.0.0.0 Safari/537.36"
2.57.122.13 - - [15/Jul/2026:22:26:07 +0200] "GET /packages/.git/config HTTP/1.1" 301 - "-" "Mozilla/5.0 (Windows NT 10.0; Win64; x64) AppleWebKit/537.36 (KHTML, like Gecko) Chrome/123.0.0.0 Safari/537.36"
2.57.122.13 - - [15/Jul/2026:22:26:07 +0200] "GET /api/.git/config HTTP/1.1" 301 - "-" "Mozilla/5.0 (Windows NT 10.0; Win64; x64) AppleWebKit/537.36 (KHTML, like Gecko) Chrome/123.0.0.0 Safari/537.36"
2.57.122.13 - - [15/Jul/2026:22:26:07 +0200] "GET /microservices/.git/config HTTP/1.1" 301 - "-" "Mozilla/5.0 (Windows NT 10.0; Win64; x64) AppleWebKit/537.36 (KHTML, like Gecko) Chrome/123.0.0.0 Safari/537.36"
2.57.122.13 - - [15/Jul/2026:22:26:07 +0200] "GET /build/.git/config HTTP/1.1" 301 - "-" "Mozilla/5.0 (Windows NT 10.0; Win64; x64) AppleWebKit/537.36 (KHTML, like Gecko) Chrome/123.0.0.0 Safari/537.36"
2.57.122.13 - - [15/Jul/2026:22:26:07 +0200] "GET /www/.git/config HTTP/1.1" 301 - "-" "Mozilla/5.0 (Windows NT 10.0; Win64; x64) AppleWebKit/537.36 (KHTML, like Gecko) Chrome/123.0.0.0 Safari/537.36"
2.57.122.13 - - [15/Jul/2026:22:26:07 +0200] "GET /administrator/.git/config HTTP/1.1" 301 - "-" "Mozilla/5.0 (Windows NT 10.0; Win64; x64) AppleWebKit/537.36 (KHTML, like Gecko) Chrome/123.0.0.0 Safari/537.36"
2.57.122.13 - - [15/Jul/2026:22:26:07 +0200] "GET /backend/.git/config HTTP/1.1" 301 - "-" "Mozilla/5.0 (Windows NT 10.0; Win64; x64) AppleWebKit/537.36 (KHTML, like Gecko) Chrome/123.0.0.0 Safari/537.36"
2.57.122.13 - - [15/Jul/2026:22:26:07 +0200] "GET /wp-admin/.git/config HTTP/1.1" 301 - "-" "Mozilla/5.0 (Windows NT 10.0; Win64; x64) AppleWebKit/537.36 (KHTML, like Gecko) Chrome/123.0.0.0 Safari/537.36"
2.57.122.13 - - [15/Jul/2026:22:26:07 +0200] "GET /admin/.git/config HTTP/1.1" 301 - "-" "Mozilla/5.0 (Windows NT 10.0; Win64; x64) AppleWebKit/537.36 (KHTML, like Gecko) Chrome/123.0.0.0 Safari/537.36"
65.108.235.243 - - [15/Jul/2026:22:26:21 +0200] "POST /wp-cron.php?doing_wp_cron=1784147181.5872490406036376953125 HTTP/1.1" 507 - "-" "WordPress/7.0.1; https://brescia.elettroservicegroup.it"
2.57.122.13 - - [15/Jul/2026:22:26:07 +0200] "GET /.git/config HTTP/1.1" 301 - "-" "Mozilla/5.0 (Windows NT 10.0; Win64; x64) AppleWebKit/537.36 (KHTML, like Gecko) Chrome/123.0.0.0 Safari/537.36"
2.57.122.13 - - [15/Jul/2026:22:26:07 +0200] "GET /dist/.git/config HTTP/1.1" 301 - "-" "Mozilla/5.0 (Windows NT 10.0; Win64; x64) AppleWebKit/537.36 (KHTML, like Gecko) Chrome/123.0.0.0 Safari/537.36"
2.57.122.13 - - [15/Jul/2026:22:26:07 +0200] "GET /wp-content/.git/config HTTP/1.1" 301 - "-" "Mozilla/5.0 (Windows NT 10.0; Win64; x64) AppleWebKit/537.36 (KHTML, like Gecko) Chrome/123.0.0.0 Safari/537.36"
2.57.122.13 - - [15/Jul/2026:22:26:07 +0200] "GET /modules/.git/config HTTP/1.1" 301 - "-" "Mozilla/5.0 (Windows NT 10.0; Win64; x64) AppleWebKit/537.36 (KHTML, like Gecko) Chrome/123.0.0.0 Safari/537.36"
2.57.122.13 - - [15/Jul/2026:22:26:07 +0200] "GET /src/.git/config HTTP/1.1" 301 - "-" "Mozilla/5.0 (Windows NT 10.0; Win64; x64) AppleWebKit/537.36 (KHTML, like Gecko) Chrome/123.0.0.0 Safari/537.36"
2.57.122.13 - - [15/Jul/2026:22:26:07 +0200] "GET /public/.git/config HTTP/1.1" 301 - "-" "Mozilla/5.0 (Windows NT 10.0; Win64; x64) AppleWebKit/537.36 (KHTML, like Gecko) Chrome/123.0.0.0 Safari/537.36"
65.108.235.243 - - [15/Jul/2026:22:30:37 +0200] "POST /wp-cron.php?doing_wp_cron=1784147437.0929629802703857421875 HTTP/1.1" 200 1 "-" "WordPress/7.0.1; https://brescia.elettroservicegroup.it"
65.108.235.243 - - [15/Jul/2026:22:30:37 +0200] "POST /wp-cron.php?doing_wp_cron=1784147437.0922589302062988281250 HTTP/1.1" 200 1 "-" "WordPress/7.0.1; https://brescia.elettroservicegroup.it"
65.108.235.243 - - [15/Jul/2026:22:30:37 +0200] "POST /wp-cron.php?doing_wp_cron=1784147437.0904779434204101562500 HTTP/1.1" 200 1 "-" "WordPress/7.0.1; https://brescia.elettroservicegroup.it"
139.180.209.5 - - [15/Jul/2026:22:30:35 +0200] "POST /?wpd_ping=233a196051d8 HTTP/1.1" 200 103132 "-" "WPDefender-Controller/1.0"
139.180.209.5 - - [15/Jul/2026:22:30:35 +0200] "POST /wp-content/db.php?wpd_ping=233a196051d8 HTTP/1.1" 404 91947 "-" "WPDefender-Controller/1.0"
139.180.209.5 - - [15/Jul/2026:22:30:35 +0200] "POST /wp-includes/class-wp-db-session.php?wpd_ping=233a196051d8 HTTP/1.1" 404 92055 "-" "WPDefender-Controller/1.0"
65.108.235.243 - - [15/Jul/2026:22:46:02 +0200] "POST /wp-cron.php?doing_wp_cron=1784148362.6888909339904785156250 HTTP/1.1" 200 1 "-" "WordPress/7.0.1; https://brescia.elettroservicegroup.it"
139.180.209.5 - - [15/Jul/2026:22:45:57 +0200] "POST /wp-content/db.php?wpd_ping=233a196051d8 HTTP/1.1" 404 91947 "-" "WPDefender-Controller/1.0"
139.180.209.5 - - [15/Jul/2026:22:45:57 +0200] "POST /wp-includes/class-wp-db-session.php?wpd_ping=233a196051d8 HTTP/1.1" 404 92055 "-" "WPDefender-Controller/1.0"
139.180.209.5 - - [15/Jul/2026:22:45:57 +0200] "POST /?wpd_ping=233a196051d8 HTTP/1.1" 200 103132 "-" "WPDefender-Controller/1.0"
139.180.209.5 - - [15/Jul/2026:23:00:33 +0200] "POST /wp-includes/class-wp-db-session.php?wpd_ping=233a196051d8 HTTP/1.1" 404 92055 "-" "WPDefender-Controller/1.0"
139.180.209.5 - - [15/Jul/2026:23:00:33 +0200] "POST /wp-content/db.php?wpd_ping=233a196051d8 HTTP/1.1" 404 91947 "-" "WPDefender-Controller/1.0"
139.180.209.5 - - [15/Jul/2026:23:00:33 +0200] "POST /?wpd_ping=233a196051d8 HTTP/1.1" 200 103132 "-" "WPDefender-Controller/1.0"
139.180.209.5 - - [15/Jul/2026:23:15:09 +0200] "POST /wp-content/db.php?wpd_ping=233a196051d8 HTTP/1.1" 404 92057 "-" "WPDefender-Controller/1.0"
139.180.209.5 - - [15/Jul/2026:23:15:09 +0200] "POST /wp-includes/class-wp-db-session.php?wpd_ping=233a196051d8 HTTP/1.1" 404 92165 "-" "WPDefender-Controller/1.0"
139.180.209.5 - - [15/Jul/2026:23:15:09 +0200] "POST /?wpd_ping=233a196051d8 HTTP/1.1" 200 103132 "-" "WPDefender-Controller/1.0"
139.180.209.5 - - [15/Jul/2026:23:30:53 +0200] "POST /?wpd_ping=233a196051d8 HTTP/1.1" 200 103132 "-" "WPDefender-Controller/1.0"
139.180.209.5 - - [15/Jul/2026:23:30:53 +0200] "POST /wp-content/db.php?wpd_ping=233a196051d8 HTTP/1.1" 404 91947 "-" "WPDefender-Controller/1.0"
139.180.209.5 - - [15/Jul/2026:23:30:53 +0200] "POST /wp-includes/class-wp-db-session.php?wpd_ping=233a196051d8 HTTP/1.1" 404 92055 "-" "WPDefender-Controller/1.0"
65.108.235.243 - - [15/Jul/2026:23:46:20 +0200] "POST /wp-cron.php?doing_wp_cron=1784151980.3828969001770019531250 HTTP/1.1" 200 1 "-" "WordPress/7.0.1; https://brescia.elettroservicegroup.it"
139.180.209.5 - - [15/Jul/2026:23:46:14 +0200] "POST /wp-content/db.php?wpd_ping=233a196051d8 HTTP/1.1" 404 91947 "-" "WPDefender-Controller/1.0"
139.180.209.5 - - [15/Jul/2026:23:46:14 +0200] "POST /wp-includes/class-wp-db-session.php?wpd_ping=233a196051d8 HTTP/1.1" 404 92055 "-" "WPDefender-Controller/1.0"
139.180.209.5 - - [15/Jul/2026:23:46:14 +0200] "POST /?wpd_ping=233a196051d8 HTTP/1.1" 200 103132 "-" "WPDefender-Controller/1.0"
139.180.209.5 - - [16/Jul/2026:00:00:15 +0200] "POST /wp-includes/class-wp-db-session.php?wpd_ping=233a196051d8 HTTP/1.1" 404 92165 "-" "WPDefender-Controller/1.0"
139.180.209.5 - - [16/Jul/2026:00:00:15 +0200] "POST /wp-content/db.php?wpd_ping=233a196051d8 HTTP/1.1" 404 92057 "-" "WPDefender-Controller/1.0"
139.180.209.5 - - [16/Jul/2026:00:00:15 +0200] "POST /?wpd_ping=233a196051d8 HTTP/1.1" 200 103132 "-" "WPDefender-Controller/1.0"