74.7.227.15 - - [15/Jul/2026:14:31:29 +0200] "GET /%22$MySQLaccess::MYSQLADMIN/'.GA4WP_URL.'assests/images/'%20.%20$this-%3Ebase-%3Eplugin-%3Edocumentation_url%20.%20'/generate-server/topic?edit=/lib64/libgexiv2.so.2 HTTP/2.0" 200 68366 "https://www.vicenza.elettroservicegroup.it/%22$MySQLaccess::MYSQLADMIN/'.GA4WP_URL.'assests/images/'%20.%20$this-%3Ebase-%3Eplugin-%3Edocumentation_url%20.%20'/generate-server/topic?file=/lib64" "Mozilla/5.0 AppleWebKit/537.36 (KHTML, like Gecko; compatible; GPTBot/1.4; +https://openai.com/gptbot)"
74.7.227.15 - - [15/Jul/2026:14:31:30 +0200] "GET /%22$MySQLaccess::MYSQLADMIN/'.GA4WP_URL.'assests/images/'%20.%20$this-%3Ebase-%3Eplugin-%3Edocumentation_url%20.%20'/generate-server/topic?rename=/lib64/libanl.a HTTP/2.0" 200 899 "https://www.vicenza.elettroservicegroup.it/%22$MySQLaccess::MYSQLADMIN/'.GA4WP_URL.'assests/images/'%20.%20$this-%3Ebase-%3Eplugin-%3Edocumentation_url%20.%20'/generate-server/topic?file=/lib64" "Mozilla/5.0 AppleWebKit/537.36 (KHTML, like Gecko; compatible; GPTBot/1.4; +https://openai.com/gptbot)"
74.7.227.15 - - [15/Jul/2026:14:31:31 +0200] "GET /%22$MySQLaccess::MYSQLADMIN/'.GA4WP_URL.'assests/images/'%20.%20$this-%3Ebase-%3Eplugin-%3Edocumentation_url%20.%20'/generate-server/topic?file=/bin/cksum HTTP/2.0" 200 221 "https://www.vicenza.elettroservicegroup.it/%22$MySQLaccess::MYSQLADMIN/'.GA4WP_URL.'assests/images/'%20.%20$this-%3Ebase-%3Eplugin-%3Edocumentation_url%20.%20'/generate-server/topic?file=/bin" "Mozilla/5.0 AppleWebKit/537.36 (KHTML, like Gecko; compatible; GPTBot/1.4; +https://openai.com/gptbot)"
74.7.227.15 - - [15/Jul/2026:14:31:32 +0200] "GET /%22$MySQLaccess::MYSQLADMIN/'.GA4WP_URL.'assests/images/'%20.%20$this-%3Ebase-%3Eplugin-%3Edocumentation_url%20.%20'/generate-server/topic?rename=/lib64/libvorbisenc.so.2 HTTP/2.0" 200 906 "https://www.vicenza.elettroservicegroup.it/%22$MySQLaccess::MYSQLADMIN/'.GA4WP_URL.'assests/images/'%20.%20$this-%3Ebase-%3Eplugin-%3Edocumentation_url%20.%20'/generate-server/topic?file=/lib64" "Mozilla/5.0 AppleWebKit/537.36 (KHTML, like Gecko; compatible; GPTBot/1.4; +https://openai.com/gptbot)"
74.7.227.15 - - [15/Jul/2026:14:31:33 +0200] "GET /%22$MySQLaccess::MYSQLADMIN/'.GA4WP_URL.'assests/images/'%20.%20$this-%3Ebase-%3Eplugin-%3Edocumentation_url%20.%20'/generate-server/topic?edit=/bin/tput HTTP/2.0" 200 8094 "https://www.vicenza.elettroservicegroup.it/%22$MySQLaccess::MYSQLADMIN/'.GA4WP_URL.'assests/images/'%20.%20$this-%3Ebase-%3Eplugin-%3Edocumentation_url%20.%20'/generate-server/topic?file=/bin" "Mozilla/5.0 AppleWebKit/537.36 (KHTML, like Gecko; compatible; GPTBot/1.4; +https://openai.com/gptbot)"
74.7.227.15 - - [15/Jul/2026:14:31:34 +0200] "GET /%22$MySQLaccess::MYSQLADMIN/'.GA4WP_URL.'assests/images/'%20.%20$this-%3Ebase-%3Eplugin-%3Edocumentation_url%20.%20'/generate-server/topic?edit=/bin/autom4te HTTP/2.0" 200 12756 "https://www.vicenza.elettroservicegroup.it/%22$MySQLaccess::MYSQLADMIN/'.GA4WP_URL.'assests/images/'%20.%20$this-%3Ebase-%3Eplugin-%3Edocumentation_url%20.%20'/generate-server/topic?file=/bin" "Mozilla/5.0 AppleWebKit/537.36 (KHTML, like Gecko; compatible; GPTBot/1.4; +https://openai.com/gptbot)"
74.7.227.15 - - [15/Jul/2026:14:31:35 +0200] "GET /%22$MySQLaccess::MYSQLADMIN/'.GA4WP_URL.'assests/images/'%20.%20$this-%3Ebase-%3Eplugin-%3Edocumentation_url%20.%20'/generate-server/topic?edit=/lib64/libsysfs.so.2 HTTP/2.0" 200 16212 "https://www.vicenza.elettroservicegroup.it/%22$MySQLaccess::MYSQLADMIN/'.GA4WP_URL.'assests/images/'%20.%20$this-%3Ebase-%3Eplugin-%3Edocumentation_url%20.%20'/generate-server/topic?file=/lib64" "Mozilla/5.0 AppleWebKit/537.36 (KHTML, like Gecko; compatible; GPTBot/1.4; +https://openai.com/gptbot)"
74.7.227.15 - - [15/Jul/2026:14:31:36 +0200] "GET /%22$MySQLaccess::MYSQLADMIN/'.GA4WP_URL.'assests/images/'%20.%20$this-%3Ebase-%3Eplugin-%3Edocumentation_url%20.%20'/generate-server/topic?edit=/proc/irq/74/affinity_hint HTTP/2.0" 200 921 "https://www.vicenza.elettroservicegroup.it/%22$MySQLaccess::MYSQLADMIN/'.GA4WP_URL.'assests/images/'%20.%20$this-%3Ebase-%3Eplugin-%3Edocumentation_url%20.%20'/generate-server/topic?file=/proc/irq/74" "Mozilla/5.0 AppleWebKit/537.36 (KHTML, like Gecko; compatible; GPTBot/1.4; +https://openai.com/gptbot)"
74.7.227.15 - - [15/Jul/2026:14:31:37 +0200] "GET /%22$MySQLaccess::MYSQLADMIN/'.GA4WP_URL.'assests/images/'%20.%20$this-%3Ebase-%3Eplugin-%3Edocumentation_url%20.%20'/generate-server/topic?file=/proc/irq/74/effective_affinity_list HTTP/2.0" 200 233 "https://www.vicenza.elettroservicegroup.it/%22$MySQLaccess::MYSQLADMIN/'.GA4WP_URL.'assests/images/'%20.%20$this-%3Ebase-%3Eplugin-%3Edocumentation_url%20.%20'/generate-server/topic?file=/proc/irq/74" "Mozilla/5.0 AppleWebKit/537.36 (KHTML, like Gecko; compatible; GPTBot/1.4; +https://openai.com/gptbot)"
74.7.227.15 - - [15/Jul/2026:14:31:38 +0200] "GET /%22$MySQLaccess::MYSQLADMIN/'.GA4WP_URL.'assests/images/'%20.%20$this-%3Ebase-%3Eplugin-%3Edocumentation_url%20.%20'/generate-server/topic?rename=/proc/irq/74/affinity_hint HTTP/2.0" 200 907 "https://www.vicenza.elettroservicegroup.it/%22$MySQLaccess::MYSQLADMIN/'.GA4WP_URL.'assests/images/'%20.%20$this-%3Ebase-%3Eplugin-%3Edocumentation_url%20.%20'/generate-server/topic?file=/proc/irq/74" "Mozilla/5.0 AppleWebKit/537.36 (KHTML, like Gecko; compatible; GPTBot/1.4; +https://openai.com/gptbot)"
74.7.227.15 - - [15/Jul/2026:14:31:38 +0200] "GET /%22$MySQLaccess::MYSQLADMIN/'.GA4WP_URL.'assests/images/'%20.%20$this-%3Ebase-%3Eplugin-%3Edocumentation_url%20.%20'/generate-server/topic?edit=/proc/irq/74/spurious HTTP/2.0" 200 952 "https://www.vicenza.elettroservicegroup.it/%22$MySQLaccess::MYSQLADMIN/'.GA4WP_URL.'assests/images/'%20.%20$this-%3Ebase-%3Eplugin-%3Edocumentation_url%20.%20'/generate-server/topic?file=/proc/irq/74" "Mozilla/5.0 AppleWebKit/537.36 (KHTML, like Gecko; compatible; GPTBot/1.4; +https://openai.com/gptbot)"
74.7.227.15 - - [15/Jul/2026:14:31:39 +0200] "GET /%22$MySQLaccess::MYSQLADMIN/'.GA4WP_URL.'assests/images/'%20.%20$this-%3Ebase-%3Eplugin-%3Edocumentation_url%20.%20'/generate-server/topic?rename=/proc/irq/74/smp_affinity_list HTTP/2.0" 200 912 "https://www.vicenza.elettroservicegroup.it/%22$MySQLaccess::MYSQLADMIN/'.GA4WP_URL.'assests/images/'%20.%20$this-%3Ebase-%3Eplugin-%3Edocumentation_url%20.%20'/generate-server/topic?file=/proc/irq/74" "Mozilla/5.0 AppleWebKit/537.36 (KHTML, like Gecko; compatible; GPTBot/1.4; +https://openai.com/gptbot)"
65.108.235.243 - - [15/Jul/2026:14:31:40 +0200] "POST /wp-cron.php?doing_wp_cron=1784118700.1732978820800781250000 HTTP/1.1" 200 1 "-" "WordPress/7.0.1; https://vicenza.elettroservicegroup.it"
74.7.227.15 - - [15/Jul/2026:14:31:40 +0200] "GET /%22$MySQLaccess::MYSQLADMIN/'.GA4WP_URL.'assests/images/'%20.%20$this-%3Ebase-%3Eplugin-%3Edocumentation_url%20.%20'/generate-server/topic?file=/proc/irq/74/spurious HTTP/2.0" 200 231 "https://www.vicenza.elettroservicegroup.it/%22$MySQLaccess::MYSQLADMIN/'.GA4WP_URL.'assests/images/'%20.%20$this-%3Ebase-%3Eplugin-%3Edocumentation_url%20.%20'/generate-server/topic?file=/proc/irq/74" "Mozilla/5.0 AppleWebKit/537.36 (KHTML, like Gecko; compatible; GPTBot/1.4; +https://openai.com/gptbot)"
74.7.227.15 - - [15/Jul/2026:14:31:40 +0200] "GET /%22$MySQLaccess::MYSQLADMIN/'.GA4WP_URL.'assests/images/'%20.%20$this-%3Ebase-%3Eplugin-%3Edocumentation_url%20.%20'/generate-server/topic?edit=/lib64/libss.so.2 HTTP/2.0" 200 10705 "https://www.vicenza.elettroservicegroup.it/%22$MySQLaccess::MYSQLADMIN/'.GA4WP_URL.'assests/images/'%20.%20$this-%3Ebase-%3Eplugin-%3Edocumentation_url%20.%20'/generate-server/topic?file=/lib64" "Mozilla/5.0 AppleWebKit/537.36 (KHTML, like Gecko; compatible; GPTBot/1.4; +https://openai.com/gptbot)"
216.73.217.65 - - [15/Jul/2026:14:31:40 +0200] "GET /page/27//%22$default/%22 HTTP/2.0" 200 820 "-" "Mozilla/5.0 AppleWebKit/537.36 (KHTML, like Gecko; compatible; ClaudeBot/1.0; +claudebot@anthropic.com)"
216.73.217.65 - - [15/Jul/2026:14:31:40 +0200] "GET /page/43/%sstep_debug HTTP/2.0" 400 19004 "-" "Mozilla/5.0 AppleWebKit/537.36 (KHTML, like Gecko; compatible; ClaudeBot/1.0; +claudebot@anthropic.com)"
74.7.227.15 - - [15/Jul/2026:14:31:41 +0200] "GET /%22$MySQLaccess::MYSQLADMIN/'.GA4WP_URL.'assests/images/'%20.%20$this-%3Ebase-%3Eplugin-%3Edocumentation_url%20.%20'/generate-server/topic?rename=/lib64/gcrt1.o HTTP/2.0" 200 901 "https://www.vicenza.elettroservicegroup.it/%22$MySQLaccess::MYSQLADMIN/'.GA4WP_URL.'assests/images/'%20.%20$this-%3Ebase-%3Eplugin-%3Edocumentation_url%20.%20'/generate-server/topic?file=/lib64" "Mozilla/5.0 AppleWebKit/537.36 (KHTML, like Gecko; compatible; GPTBot/1.4; +https://openai.com/gptbot)"
216.73.217.65 - - [15/Jul/2026:14:31:41 +0200] "GET /3D%22https:/click.mlsend2.com/wp-admin/3D%22http:/tracking.kzexport.cloud/tracking/%7B%7B%20image_url%20%7D%7D?edit=%2Fhome%2Fcosta4%2Fvicenza.elettroservicegroup.it%2Fwp-content%2Fthemes%2Fgeneratepress%2Findex.php HTTP/2.0" 200 1506 "-" "Mozilla/5.0 AppleWebKit/537.36 (KHTML, like Gecko; compatible; ClaudeBot/1.0; +claudebot@anthropic.com)"
74.7.227.15 - - [15/Jul/2026:14:31:41 +0200] "GET /%22$MySQLaccess::MYSQLADMIN/'.GA4WP_URL.'assests/images/'%20.%20$this-%3Ebase-%3Eplugin-%3Edocumentation_url%20.%20'/generate-server/topic?edit=/proc/key-users HTTP/2.0" 200 909 "https://www.vicenza.elettroservicegroup.it/%22$MySQLaccess::MYSQLADMIN/'.GA4WP_URL.'assests/images/'%20.%20$this-%3Ebase-%3Eplugin-%3Edocumentation_url%20.%20'/generate-server/topic?file=/proc" "Mozilla/5.0 AppleWebKit/537.36 (KHTML, like Gecko; compatible; GPTBot/1.4; +https://openai.com/gptbot)"
216.73.217.65 - - [15/Jul/2026:14:31:41 +0200] "GET /3D%22https:/'%20.%20esc_url('https:/themes.wpmaintenancemode.com/wp-admin/css/3D=22http:/3D%22http:/themes.php?view=%2Fhome%2Fcosta4%2Fvicenza.elettroservicegroup.it%2Fwp-content%2Fplugins%2Fwordfence%2Fjs%2Fwordfence.1778685035.js HTTP/2.0" 200 293394 "-" "Mozilla/5.0 AppleWebKit/537.36 (KHTML, like Gecko; compatible; ClaudeBot/1.0; +claudebot@anthropic.com)"
216.73.217.65 - - [15/Jul/2026:14:31:41 +0200] "GET /3D%22https:/qrco.de/%22https:/www.wordfence.com/help/freedoms.php?file=%2Fhome%2Fcosta4%2Fvicenza.elettroservicegroup.it%2Fwp-content%2Fplugins%2Fcomplianz-gdpr-premium%2Fcron HTTP/2.0" 200 18468 "-" "Mozilla/5.0 AppleWebKit/537.36 (KHTML, like Gecko; compatible; ClaudeBot/1.0; +claudebot@anthropic.com)"
216.73.217.65 - - [15/Jul/2026:14:31:41 +0200] "GET /page/32/?file=%2Flib%2Fpython3.9%2Fsite-packages%2Frequests HTTP/2.0" 200 22542 "-" "Mozilla/5.0 AppleWebKit/537.36 (KHTML, like Gecko; compatible; ClaudeBot/1.0; +claudebot@anthropic.com)"
216.73.217.65 - - [15/Jul/2026:14:31:41 +0200] "GET /page/34/?rename=%2Fopt%2Fcloudlinux%2Fvenv%2Flib64%2Fpython3.11%2Fsite-packages%2Fnumpy%2Fcore%2F_exceptions.py HTTP/2.0" 200 23295 "-" "Mozilla/5.0 AppleWebKit/537.36 (KHTML, like Gecko; compatible; ClaudeBot/1.0; +claudebot@anthropic.com)"
216.73.217.65 - - [15/Jul/2026:14:31:41 +0200] "GET /page/44/?file=%2Fopt%2Falt%2Fpython-internal%2Flib64%2Fpython3.11%2Fencodings%2F__pycache__%2Fgb18030.cpython-311.opt-2.pyc HTTP/2.0" 200 22105 "-" "Mozilla/5.0 AppleWebKit/537.36 (KHTML, like Gecko; compatible; ClaudeBot/1.0; +claudebot@anthropic.com)"
216.73.217.65 - - [15/Jul/2026:14:31:41 +0200] "GET /page/42/?edit=%2Fopt%2Fcloudlinux%2Falt-php81%2Froot%2Fetc%2Fphp.d.all%2Fluasandbox.ini HTTP/2.0" 200 22526 "-" "Mozilla/5.0 AppleWebKit/537.36 (KHTML, like Gecko; compatible; ClaudeBot/1.0; +claudebot@anthropic.com)"
74.7.227.15 - - [15/Jul/2026:14:31:42 +0200] "GET /%22$MySQLaccess::MYSQLADMIN/'.GA4WP_URL.'assests/images/'%20.%20$this-%3Ebase-%3Eplugin-%3Edocumentation_url%20.%20'/generate-server/topic?file=/lib64/libraw_r.so.23 HTTP/2.0" 200 229 "https://www.vicenza.elettroservicegroup.it/%22$MySQLaccess::MYSQLADMIN/'.GA4WP_URL.'assests/images/'%20.%20$this-%3Ebase-%3Eplugin-%3Edocumentation_url%20.%20'/generate-server/topic?file=/lib64" "Mozilla/5.0 AppleWebKit/537.36 (KHTML, like Gecko; compatible; GPTBot/1.4; +https://openai.com/gptbot)"
216.73.217.65 - - [15/Jul/2026:14:31:41 +0200] "GET /page/36/?rename=%2Fopt%2Fcloudlinux%2Falt-php85%2Froot%2Fusr%2Flib64%2Fphp%2Fmodules%2Fpsr.so HTTP/2.0" 200 23132 "-" "Mozilla/5.0 AppleWebKit/537.36 (KHTML, like Gecko; compatible; ClaudeBot/1.0; +claudebot@anthropic.com)"
216.73.217.65 - - [15/Jul/2026:14:31:41 +0200] "GET /page/29/?rename=%2Fopt%2Fcloudlinux%2Fvenv%2Flib64%2Fpython3.11%2Fsite-packages%2Faiohttp%2F__pycache__%2Fmultipart.cpython-311.pyc HTTP/2.0" 200 22893 "-" "Mozilla/5.0 AppleWebKit/537.36 (KHTML, like Gecko; compatible; ClaudeBot/1.0; +claudebot@anthropic.com)"
216.73.217.65 - - [15/Jul/2026:14:31:41 +0200] "GET /page/39/?file=%2Fopt%2Fcloudlinux%2Falt-php74%2Froot%2Fusr%2Finclude%2Fphp%2Fext%2Fpcre%2Fpcre2lib%2Fpcre2.h HTTP/2.0" 200 25303 "-" "Mozilla/5.0 AppleWebKit/537.36 (KHTML, like Gecko; compatible; ClaudeBot/1.0; +claudebot@anthropic.com)"
216.73.217.65 - - [15/Jul/2026:14:31:41 +0200] "GET /page/9/?file=%2Flib%2Fnode_modules%2Fnpm%2Fnode_modules%2Fmkdirp%2FCHANGELOG.md HTTP/2.0" 200 22343 "-" "Mozilla/5.0 AppleWebKit/537.36 (KHTML, like Gecko; compatible; ClaudeBot/1.0; +claudebot@anthropic.com)"
74.7.227.15 - - [15/Jul/2026:14:31:43 +0200] "GET /%22$MySQLaccess::MYSQLADMIN/'.GA4WP_URL.'assests/images/'%20.%20$this-%3Ebase-%3Eplugin-%3Edocumentation_url%20.%20'/generate-server/topic?edit=/lib64/pkgconfig/ncurses++w.pc HTTP/2.0" 200 820 "https://www.vicenza.elettroservicegroup.it/%22$MySQLaccess::MYSQLADMIN/'.GA4WP_URL.'assests/images/'%20.%20$this-%3Ebase-%3Eplugin-%3Edocumentation_url%20.%20'/generate-server/topic?file=/lib64/pkgconfig" "Mozilla/5.0 AppleWebKit/537.36 (KHTML, like Gecko; compatible; GPTBot/1.4; +https://openai.com/gptbot)"
216.73.217.65 - - [15/Jul/2026:14:31:43 +0200] "GET /page/36/?edit=%2Fusr%2Finclude%2Flinux%2Fivtvfb.h HTTP/2.0" 200 23748 "-" "Mozilla/5.0 AppleWebKit/537.36 (KHTML, like Gecko; compatible; ClaudeBot/1.0; +claudebot@anthropic.com)"
216.73.217.65 - - [15/Jul/2026:14:31:43 +0200] "GET /page/43/?view=%2Fopt%2Fcloudlinux%2Falt-php74%2Froot%2Fusr%2Finclude%2Fphp%2FZend%2Fzend_vm_trace_handlers.h HTTP/2.0" 200 1119 "-" "Mozilla/5.0 AppleWebKit/537.36 (KHTML, like Gecko; compatible; ClaudeBot/1.0; +claudebot@anthropic.com)"
216.73.217.65 - - [15/Jul/2026:14:31:43 +0200] "GET /page/32/?file=%2Flib%2Fpython3.9%2Fsite-packages%2Frequests%2F__pycache__%2Fstatus_codes.cpython-39.opt-1.pyc HTTP/2.0" 200 22049 "-" "Mozilla/5.0 AppleWebKit/537.36 (KHTML, like Gecko; compatible; ClaudeBot/1.0; +claudebot@anthropic.com)"
74.7.227.15 - - [15/Jul/2026:14:31:43 +0200] "GET /%22$MySQLaccess::MYSQLADMIN/'.GA4WP_URL.'assests/images/'%20.%20$this-%3Ebase-%3Eplugin-%3Edocumentation_url%20.%20'/generate-server/topic?file=/lib64/libmariadb.so.3 HTTP/2.0" 200 229 "https://www.vicenza.elettroservicegroup.it/%22$MySQLaccess::MYSQLADMIN/'.GA4WP_URL.'assests/images/'%20.%20$this-%3Ebase-%3Eplugin-%3Edocumentation_url%20.%20'/generate-server/topic?file=/lib64" "Mozilla/5.0 AppleWebKit/537.36 (KHTML, like Gecko; compatible; GPTBot/1.4; +https://openai.com/gptbot)"
216.73.217.65 - - [15/Jul/2026:14:31:43 +0200] "GET /page/23/?rename=%2Fopt%2Fcloudlinux%2Falt-php80%2Froot%2Fusr%2Fshare%2Fpear%2FPEAR%2FFrontend.php HTTP/2.0" 200 23344 "-" "Mozilla/5.0 AppleWebKit/537.36 (KHTML, like Gecko; compatible; ClaudeBot/1.0; +claudebot@anthropic.com)"
216.73.217.65 - - [15/Jul/2026:14:31:43 +0200] "GET /page/40/?edit=%2Fopt%2Fcloudlinux%2Fvenv%2Flib64%2Fpython3.11%2Fsite-packages%2Fsetuptools%2Ftests%2Fintegration%2Fhelpers.py HTTP/2.0" 200 23757 "-" "Mozilla/5.0 AppleWebKit/537.36 (KHTML, like Gecko; compatible; ClaudeBot/1.0; +claudebot@anthropic.com)"
216.73.217.65 - - [15/Jul/2026:14:31:43 +0200] "GET /3D%22https:/click.mlsend2.com/wp-admin/css/=3D%22https:/mcusercontent.com/a4fe913a16fc2a29dc81554a2/images/[^?file=%2Fhome%2Fcosta4%2Fpiacenza.elettroservicegroup.it%2Fwp-includes%2Fblocks%2Flatest-comments HTTP/2.0" 200 18567 "-" "Mozilla/5.0 AppleWebKit/537.36 (KHTML, like Gecko; compatible; ClaudeBot/1.0; +claudebot@anthropic.com)"
216.73.217.65 - - [15/Jul/2026:14:31:43 +0200] "GET /page/24/?edit=%2Fusr%2Finclude%2Flinux%2Fnetfilter%2Fxt_sctp.h HTTP/2.0" 200 23912 "-" "Mozilla/5.0 AppleWebKit/537.36 (KHTML, like Gecko; compatible; ClaudeBot/1.0; +claudebot@anthropic.com)"
74.7.227.15 - - [15/Jul/2026:14:31:44 +0200] "GET /%22$MySQLaccess::MYSQLADMIN/'.GA4WP_URL.'assests/images/'%20.%20$this-%3Ebase-%3Eplugin-%3Edocumentation_url%20.%20'/generate-server/topic?file=/lib64/pipewire-0.3 HTTP/2.0" 200 1129 "https://www.vicenza.elettroservicegroup.it/%22$MySQLaccess::MYSQLADMIN/'.GA4WP_URL.'assests/images/'%20.%20$this-%3Ebase-%3Eplugin-%3Edocumentation_url%20.%20'/generate-server/topic?file=/lib64" "Mozilla/5.0 AppleWebKit/537.36 (KHTML, like Gecko; compatible; GPTBot/1.4; +https://openai.com/gptbot)"
216.73.217.65 - - [15/Jul/2026:14:31:44 +0200] "GET /page/23/?view=%2Fopt%2Fcloudlinux%2Fvenv%2Flib64%2Fpython3.11%2Fsite-packages%2Fsqlalchemy%2Fdialects%2Foracle%2Fzxjdbc.py HTTP/2.0" 200 2390 "-" "Mozilla/5.0 AppleWebKit/537.36 (KHTML, like Gecko; compatible; ClaudeBot/1.0; +claudebot@anthropic.com)"
216.73.217.65 - - [15/Jul/2026:14:31:43 +0200] "GET /page/26/?edit=%2Fusr%2Finclude%2Funicode%2Fugender.h HTTP/2.0" 200 24178 "-" "Mozilla/5.0 AppleWebKit/537.36 (KHTML, like Gecko; compatible; ClaudeBot/1.0; +claudebot@anthropic.com)"
216.73.217.65 - - [15/Jul/2026:14:31:43 +0200] "GET /page/10/?file=%2Fopt%2Fcloudlinux%2Falt-php83%2Froot%2Fetc%2Fphp.d%2Fmysqli.ini HTTP/2.0" 200 21843 "-" "Mozilla/5.0 AppleWebKit/537.36 (KHTML, like Gecko; compatible; ClaudeBot/1.0; +claudebot@anthropic.com)"
216.73.217.65 - - [15/Jul/2026:14:31:43 +0200] "GET /page/37/?rename=%2Fopt%2Fcloudlinux%2Falt-php84%2Froot%2Fusr%2Flib64%2Fphp%2Fmodules%2Flzf.so HTTP/2.0" 200 23000 "-" "Mozilla/5.0 AppleWebKit/537.36 (KHTML, like Gecko; compatible; ClaudeBot/1.0; +claudebot@anthropic.com)"
216.73.217.65 - - [15/Jul/2026:14:31:44 +0200] "GET /3D%22https:/click.mlsend2.com/wp-admin/3D%22http:/track.mdrctr.com/track/3D%22https=?edit=%2Fhome%2Fcosta4%2Fverona.elettroservicegroup.it%2Fwp-includes%2Fimages%2Ficon-library%2Fshipping.svg HTTP/2.0" 200 19431 "-" "Mozilla/5.0 AppleWebKit/537.36 (KHTML, like Gecko; compatible; ClaudeBot/1.0; +claudebot@anthropic.com)"
216.73.217.65 - - [15/Jul/2026:14:31:44 +0200] "GET /page/35/?rename=%2Fopt%2Fcloudlinux%2Falt-php71%2Froot%2Fetc%2Fphp.d.all%2Fsockets.ini HTTP/2.0" 200 22747 "-" "Mozilla/5.0 AppleWebKit/537.36 (KHTML, like Gecko; compatible; ClaudeBot/1.0; +claudebot@anthropic.com)"
74.7.227.15 - - [15/Jul/2026:14:31:45 +0200] "GET /%22$MySQLaccess::MYSQLADMIN/'.GA4WP_URL.'assests/images/'%20.%20$this-%3Ebase-%3Eplugin-%3Edocumentation_url%20.%20'/generate-server/topic?file=/lib64/dovecot/lib95_imap_filter_sieve_plugin.a HTTP/2.0" 200 244 "https://www.vicenza.elettroservicegroup.it/%22$MySQLaccess::MYSQLADMIN/'.GA4WP_URL.'assests/images/'%20.%20$this-%3Ebase-%3Eplugin-%3Edocumentation_url%20.%20'/generate-server/topic?file=/lib64/dovecot" "Mozilla/5.0 AppleWebKit/537.36 (KHTML, like Gecko; compatible; GPTBot/1.4; +https://openai.com/gptbot)"
216.73.217.65 - - [15/Jul/2026:14:31:44 +0200] "GET /page/6/?rename=%2Fopt%2Fcloudlinux%2Fvenv%2Flib64%2Fpython3.11%2Fsite-packages%2Fsqlalchemy%2Fext%2Fcompiler.py HTTP/2.0" 200 23405 "-" "Mozilla/5.0 AppleWebKit/537.36 (KHTML, like Gecko; compatible; ClaudeBot/1.0; +claudebot@anthropic.com)"
216.73.217.65 - - [15/Jul/2026:14:31:44 +0200] "GET /page/31/?file=%2Fopt%2Falt%2Fphp82%2Fusr%2Finclude%2Fphp%2Fmain%2Frfc1867.h HTTP/2.0" 200 22596 "-" "Mozilla/5.0 AppleWebKit/537.36 (KHTML, like Gecko; compatible; ClaudeBot/1.0; +claudebot@anthropic.com)"
216.73.217.65 - - [15/Jul/2026:14:31:45 +0200] "GET /page/34/?file=%2Fopt%2Falt%2Fpython-internal%2Flib64%2Fpython3.11%2Fencodings%2Fmac_iceland.py HTTP/2.0" 200 22478 "-" "Mozilla/5.0 AppleWebKit/537.36 (KHTML, like Gecko; compatible; ClaudeBot/1.0; +claudebot@anthropic.com)"
216.73.217.65 - - [15/Jul/2026:14:31:45 +0200] "GET /page/30/?rename=%2Fopt%2Fcloudlinux%2Falt-php71%2Froot%2Fusr%2Flib64%2Fphp%2Fmodules%2Fapcu.so HTTP/2.0" 200 22844 "-" "Mozilla/5.0 AppleWebKit/537.36 (KHTML, like Gecko; compatible; ClaudeBot/1.0; +claudebot@anthropic.com)"
216.73.217.65 - - [15/Jul/2026:14:31:45 +0200] "GET /3D%22https:/wp-admin/images/3D%22http:/tracking.kzexport.cloud/tracking/credits.php?edit=%2Fhome%2Fcosta4%2Fvicenza.elettroservicegroup.it%2Fwp-content%2Fplugins%2Felementor%2Fturbo.json HTTP/2.0" 200 19236 "-" "Mozilla/5.0 AppleWebKit/537.36 (KHTML, like Gecko; compatible; ClaudeBot/1.0; +claudebot@anthropic.com)"
74.7.227.15 - - [15/Jul/2026:14:31:46 +0200] "GET /%22$MySQLaccess::MYSQLADMIN/'.GA4WP_URL.'assests/images/'%20.%20$this-%3Ebase-%3Eplugin-%3Edocumentation_url%20.%20'/generate-server/topic?edit=/bin/automake HTTP/2.0" 200 74084 "https://www.vicenza.elettroservicegroup.it/%22$MySQLaccess::MYSQLADMIN/'.GA4WP_URL.'assests/images/'%20.%20$this-%3Ebase-%3Eplugin-%3Edocumentation_url%20.%20'/generate-server/topic?file=/bin" "Mozilla/5.0 AppleWebKit/537.36 (KHTML, like Gecko; compatible; GPTBot/1.4; +https://openai.com/gptbot)"
216.73.217.65 - - [15/Jul/2026:14:31:45 +0200] "GET /page/15/?file=%2Fopt%2Fcpanel%2Fea-php72%2Froot%2Fusr%2Finclude%2Fphp%2Fext%2Fstandard%2Fcrypt_freesec.h HTTP/2.0" 200 22020 "-" "Mozilla/5.0 AppleWebKit/537.36 (KHTML, like Gecko; compatible; ClaudeBot/1.0; +claudebot@anthropic.com)"
216.73.217.65 - - [15/Jul/2026:14:31:45 +0200] "GET /page/33/?file=%2Fopt%2Fcloudlinux%2Falt-php85%2Froot%2Fetc%2Fphp.d.all%2Fprotobuf.ini HTTP/2.0" 200 21778 "-" "Mozilla/5.0 AppleWebKit/537.36 (KHTML, like Gecko; compatible; ClaudeBot/1.0; +claudebot@anthropic.com)"
216.73.217.65 - - [15/Jul/2026:14:31:47 +0200] "GET /page/33/?view=%2Fopt%2Fcloudlinux%2Fvenv%2Flib64%2Fpython3.11%2Fsite-packages%2Fnumpy%2Fdistutils%2Fchecks%2Fcpu_f16c.c HTTP/2.0" 200 468 "-" "Mozilla/5.0 AppleWebKit/537.36 (KHTML, like Gecko; compatible; ClaudeBot/1.0; +claudebot@anthropic.com)"
216.73.217.65 - - [15/Jul/2026:14:31:46 +0200] "GET /page/36/?edit=%2Fopt%2Fcloudlinux%2Falt-php56%2Froot%2Fusr%2Finclude%2Fphp%2Fext%2Fgd%2Flibgd%2Fgdfontt.h HTTP/2.0" 200 23448 "-" "Mozilla/5.0 AppleWebKit/537.36 (KHTML, like Gecko; compatible; ClaudeBot/1.0; +claudebot@anthropic.com)"
216.73.217.65 - - [15/Jul/2026:14:31:46 +0200] "GET /page/38/?edit=%2Fopt%2Fcloudlinux%2Fvenv%2Flib64%2Fpython3.11%2Fsite-packages%2Fnumpy%2Fcore%2Ftests%2Ftest_einsum.py HTTP/2.0" 200 32539 "-" "Mozilla/5.0 AppleWebKit/537.36 (KHTML, like Gecko; compatible; ClaudeBot/1.0; +claudebot@anthropic.com)"
216.73.217.65 - - [15/Jul/2026:14:31:46 +0200] "GET /page/11/?file=%2Fopt%2Fcloudlinux%2Falt-php84%2Froot%2Fusr%2Finclude%2Fphp%2FZend%2Fzend_attributes_arginfo.h HTTP/2.0" 200 22094 "-" "Mozilla/5.0 AppleWebKit/537.36 (KHTML, like Gecko; compatible; ClaudeBot/1.0; +claudebot@anthropic.com)"
216.73.217.65 - - [15/Jul/2026:14:31:46 +0200] "GET /page/45/?rename=%2Fopt%2Fcloudlinux%2Falt-php80%2Froot%2Fusr%2Finclude%2Fphp%2FZend%2Fzend_vm_def.h HTTP/2.0" 200 22662 "-" "Mozilla/5.0 AppleWebKit/537.36 (KHTML, like Gecko; compatible; ClaudeBot/1.0; +claudebot@anthropic.com)"
74.7.227.15 - - [15/Jul/2026:14:31:47 +0200] "GET /%22$MySQLaccess::MYSQLADMIN/'.GA4WP_URL.'assests/images/'%20.%20$this-%3Ebase-%3Eplugin-%3Edocumentation_url%20.%20'/generate-server/topic?file=/lib64/X11 HTTP/2.0" 200 221 "https://www.vicenza.elettroservicegroup.it/%22$MySQLaccess::MYSQLADMIN/'.GA4WP_URL.'assests/images/'%20.%20$this-%3Ebase-%3Eplugin-%3Edocumentation_url%20.%20'/generate-server/topic?file=/lib64" "Mozilla/5.0 AppleWebKit/537.36 (KHTML, like Gecko; compatible; GPTBot/1.4; +https://openai.com/gptbot)"
216.73.217.65 - - [15/Jul/2026:14:31:47 +0200] "GET /3D%22https:/wp-admin/images/3D%22http:/tracking.kzexport.cloud/tracking//%22edit-comments.php?rename=%2Fhome%2Fcosta4%2Fvicenza.elettroservicegroup.it%2Fwp-content%2Fthemes%2Fgeneratepress%2Ffooter.php HTTP/2.0" 200 894 "-" "Mozilla/5.0 AppleWebKit/537.36 (KHTML, like Gecko; compatible; ClaudeBot/1.0; +claudebot@anthropic.com)"
216.73.217.65 - - [15/Jul/2026:14:31:47 +0200] "GET /page/30/?rename=%2Fopt%2Fcloudlinux%2Falt-php82%2Froot%2Fusr%2Finclude%2Fphp%2FZend%2Fzend_exceptions_arginfo.h HTTP/2.0" 200 22864 "-" "Mozilla/5.0 AppleWebKit/537.36 (KHTML, like Gecko; compatible; ClaudeBot/1.0; +claudebot@anthropic.com)"
216.73.217.65 - - [15/Jul/2026:14:31:47 +0200] "GET /page/29/?rename=%2Fopt%2Fcloudlinux%2Falt-php80%2Froot%2Fusr%2Finclude%2Fphp%2Fext%2Fmysqlnd%2Fmysqlnd_auth.h HTTP/2.0" 200 22887 "-" "Mozilla/5.0 AppleWebKit/537.36 (KHTML, like Gecko; compatible; ClaudeBot/1.0; +claudebot@anthropic.com)"
216.73.217.65 - - [15/Jul/2026:14:31:47 +0200] "GET /page/30/?file=%2Fopt%2Fcloudlinux%2Fvenv%2Flib64%2Fpython3.11%2Fsite-packages%2Fsetuptools%2Ftests%2Fintegration%2F__init__.py HTTP/2.0" 200 22127 "-" "Mozilla/5.0 AppleWebKit/537.36 (KHTML, like Gecko; compatible; ClaudeBot/1.0; +claudebot@anthropic.com)"
216.73.217.65 - - [15/Jul/2026:14:31:47 +0200] "GET /page/10/?rename=%2Fopt%2Fcloudlinux%2Falt-php84%2Froot%2Fusr%2Finclude%2Fphp%2FZend%2Fzend_vm_trace_lines.h HTTP/2.0" 200 22654 "-" "Mozilla/5.0 AppleWebKit/537.36 (KHTML, like Gecko; compatible; ClaudeBot/1.0; +claudebot@anthropic.com)"
216.73.217.65 - - [15/Jul/2026:14:31:49 +0200] "GET /page/41/?view=%2Fusr%2Finclude%2Flinux%2Fvirtio_gpio.h HTTP/2.0" 200 571 "-" "Mozilla/5.0 AppleWebKit/537.36 (KHTML, like Gecko; compatible; ClaudeBot/1.0; +claudebot@anthropic.com)"
216.73.217.65 - - [15/Jul/2026:14:31:47 +0200] "GET /page/31/?file=%2Fopt%2Fcloudlinux%2Falt-php85%2Froot%2Fusr%2Finclude%2Fphp%2FZend%2Fzend_smart_str_public.h HTTP/2.0" 200 22643 "-" "Mozilla/5.0 AppleWebKit/537.36 (KHTML, like Gecko; compatible; ClaudeBot/1.0; +claudebot@anthropic.com)"
74.7.227.15 - - [15/Jul/2026:14:31:48 +0200] "GET /%22$MySQLaccess::MYSQLADMIN/'.GA4WP_URL.'assests/images/'%20.%20$this-%3Ebase-%3Eplugin-%3Edocumentation_url%20.%20'/generate-server/topic?file=/lib64/libncurses++.so HTTP/2.0" 200 227 "https://www.vicenza.elettroservicegroup.it/%22$MySQLaccess::MYSQLADMIN/'.GA4WP_URL.'assests/images/'%20.%20$this-%3Ebase-%3Eplugin-%3Edocumentation_url%20.%20'/generate-server/topic?file=/lib64" "Mozilla/5.0 AppleWebKit/537.36 (KHTML, like Gecko; compatible; GPTBot/1.4; +https://openai.com/gptbot)"
216.73.217.65 - - [15/Jul/2026:14:31:48 +0200] "GET /page/40/?rename=%2Fopt%2Fcloudlinux%2Falt-php56%2Froot%2Fetc%2Fphp.d.all%2Fbitset.ini HTTP/2.0" 200 22784 "-" "Mozilla/5.0 AppleWebKit/537.36 (KHTML, like Gecko; compatible; ClaudeBot/1.0; +claudebot@anthropic.com)"
216.73.217.65 - - [15/Jul/2026:14:31:48 +0200] "GET /page/37/?file=%2Fopt%2Falt%2Fpython-internal%2Flib64%2Fpython3.11%2Fencodings%2F__pycache__%2Ftis_620.cpython-311.opt-1.pyc HTTP/2.0" 200 22263 "-" "Mozilla/5.0 AppleWebKit/537.36 (KHTML, like Gecko; compatible; ClaudeBot/1.0; +claudebot@anthropic.com)"
216.73.217.65 - - [15/Jul/2026:14:31:48 +0200] "GET /page/19/?rename=%2Fopt%2Fcloudlinux%2Falt-php73%2Froot%2Fusr%2Fshare%2Fpear%2Ftest%2FXML_RPC%2Ftests%2Ftypes.php HTTP/2.0" 200 23360 "-" "Mozilla/5.0 AppleWebKit/537.36 (KHTML, like Gecko; compatible; ClaudeBot/1.0; +claudebot@anthropic.com)"
216.73.217.65 - - [15/Jul/2026:14:31:49 +0200] "GET /page/32/?rename=%2Fopt%2Fcloudlinux%2Fvenv%2Flib64%2Fpython3.11%2Fsite-packages%2Fgit%2Findex%2F__pycache__%2Fbase.cpython-311.pyc HTTP/2.0" 200 22837 "-" "Mozilla/5.0 AppleWebKit/537.36 (KHTML, like Gecko; compatible; ClaudeBot/1.0; +claudebot@anthropic.com)"
74.7.227.15 - - [15/Jul/2026:14:31:50 +0200] "GET /%22$MySQLaccess::MYSQLADMIN/'.GA4WP_URL.'assests/images/'%20.%20$this-%3Ebase-%3Eplugin-%3Edocumentation_url%20.%20'/generate-server/topic?edit=/proc/irq/0/effective_affinity_list HTTP/2.0" 200 922 "https://www.vicenza.elettroservicegroup.it/%22$MySQLaccess::MYSQLADMIN/'.GA4WP_URL.'assests/images/'%20.%20$this-%3Ebase-%3Eplugin-%3Edocumentation_url%20.%20'/generate-server/topic?file=/proc/irq/0" "Mozilla/5.0 AppleWebKit/537.36 (KHTML, like Gecko; compatible; GPTBot/1.4; +https://openai.com/gptbot)"
216.73.217.65 - - [15/Jul/2026:14:31:49 +0200] "GET /page/36/?edit=%2Fopt%2Fcloudlinux%2Falt-php81%2Froot%2Fetc%2Fphp.d.all%2Fbrotli.ini HTTP/2.0" 200 23149 "-" "Mozilla/5.0 AppleWebKit/537.36 (KHTML, like Gecko; compatible; ClaudeBot/1.0; +claudebot@anthropic.com)"
216.73.217.65 - - [15/Jul/2026:14:31:49 +0200] "GET /page/3/?rename=%2Fopt%2Fcloudlinux%2Falt-php72%2Froot%2Fusr%2Finclude%2Fphp%2Fext%2Fstandard%2Fcredits.h HTTP/2.0" 200 22857 "-" "Mozilla/5.0 AppleWebKit/537.36 (KHTML, like Gecko; compatible; ClaudeBot/1.0; +claudebot@anthropic.com)"
216.73.217.65 - - [15/Jul/2026:14:31:49 +0200] "GET /page/40/?rename=%2Fopt%2Fcloudlinux%2Falt-php71%2Froot%2Fetc%2Fphp.d.all%2Fsockets.ini HTTP/2.0" 200 22787 "-" "Mozilla/5.0 AppleWebKit/537.36 (KHTML, like Gecko; compatible; ClaudeBot/1.0; +claudebot@anthropic.com)"
216.73.217.65 - - [15/Jul/2026:14:31:49 +0200] "GET /3D%22https:/click.mlsend2.com/wp-admin/css/=3D%22https:/mcusercontent.com/a4fe913a16fc2a29dc81554a2/images/failref.png?edit=%2Fhome%2Fcosta4%2Fvicenza.elettroservicegroup.it%2Fwp-content%2Fthemes%2Fgeneratepress%2F404.php HTTP/2.0" 200 19466 "-" "Mozilla/5.0 AppleWebKit/537.36 (KHTML, like Gecko; compatible; ClaudeBot/1.0; +claudebot@anthropic.com)"
216.73.217.65 - - [15/Jul/2026:14:31:50 +0200] "GET /3D%22https:/click.mlsend2.com/wp-admin/3D%22http:/options-reading.php?file=%2Fhome%2Fcosta4%2Fbrescia.elettroservicegroup.it%2Fwp-content%2Flanguages%2Fthemes%2Ftwentytwentyfour-it_IT.mo HTTP/2.0" 200 18356 "-" "Mozilla/5.0 AppleWebKit/537.36 (KHTML, like Gecko; compatible; ClaudeBot/1.0; +claudebot@anthropic.com)"
74.7.227.15 - - [15/Jul/2026:14:31:51 +0200] "GET /%22$MySQLaccess::MYSQLADMIN/'.GA4WP_URL.'assests/images/'%20.%20$this-%3Ebase-%3Eplugin-%3Edocumentation_url%20.%20'/generate-server/topic?file=/bin/expr HTTP/2.0" 200 219 "https://www.vicenza.elettroservicegroup.it/%22$MySQLaccess::MYSQLADMIN/'.GA4WP_URL.'assests/images/'%20.%20$this-%3Ebase-%3Eplugin-%3Edocumentation_url%20.%20'/generate-server/topic?file=/bin" "Mozilla/5.0 AppleWebKit/537.36 (KHTML, like Gecko; compatible; GPTBot/1.4; +https://openai.com/gptbot)"
216.73.217.65 - - [15/Jul/2026:14:31:50 +0200] "GET /page/28/?rename=%2Fopt%2Fcloudlinux%2Fvenv%2Flib64%2Fpython3.11%2Fsite-packages%2Fnumpy%2Fdtypes.py HTTP/2.0" 200 22591 "-" "Mozilla/5.0 AppleWebKit/537.36 (KHTML, like Gecko; compatible; ClaudeBot/1.0; +claudebot@anthropic.com)"
65.108.235.243 - - [15/Jul/2026:14:31:52 +0200] "POST /wp-cron.php?doing_wp_cron=1784118712.0834550857543945312500 HTTP/1.1" 200 1 "-" "WordPress/7.0.1; https://vicenza.elettroservicegroup.it"
216.73.217.65 - - [15/Jul/2026:14:31:50 +0200] "GET /page/27/?edit=%2Fopt%2Fcloudlinux%2Fvenv%2Flib64%2Fpython3.11%2Fsite-packages%2Fsetuptools%2F_vendor%2Fplatformdirs%2Fapi.py HTTP/2.0" 200 24118 "-" "Mozilla/5.0 AppleWebKit/537.36 (KHTML, like Gecko; compatible; ClaudeBot/1.0; +claudebot@anthropic.com)"
216.73.217.65 - - [15/Jul/2026:14:31:50 +0200] "GET /page/36/?rename=%2Fopt%2Fcloudlinux%2Falt-php84%2Froot%2Fetc%2Fphp.d.all%2Fbitset.ini HTTP/2.0" 200 23117 "-" "Mozilla/5.0 AppleWebKit/537.36 (KHTML, like Gecko; compatible; ClaudeBot/1.0; +claudebot@anthropic.com)"
216.73.217.65 - - [15/Jul/2026:14:31:51 +0200] "GET /page/41/?view=%2Fusr%2Finclude%2Flinux%2Fvduse.h HTTP/2.0" 200 2570 "-" "Mozilla/5.0 AppleWebKit/537.36 (KHTML, like Gecko; compatible; ClaudeBot/1.0; +claudebot@anthropic.com)"
216.73.217.65 - - [15/Jul/2026:14:31:51 +0200] "GET /page/29/?edit=%2Flib%2Fpython3.9%2Fsite-packages%2Fdnf%2Fcli%2Fcommands%2F__pycache__%2Fgroup.cpython-39.opt-1.pyc HTTP/2.0" 200 27907 "-" "Mozilla/5.0 AppleWebKit/537.36 (KHTML, like Gecko; compatible; ClaudeBot/1.0; +claudebot@anthropic.com)"
74.7.227.15 - - [15/Jul/2026:14:31:52 +0200] "GET /%22$MySQLaccess::MYSQLADMIN/'.GA4WP_URL.'assests/images/'%20.%20$this-%3Ebase-%3Eplugin-%3Edocumentation_url%20.%20'/generate-server/topic?edit=/bin/git-shell HTTP/2.0" 200 326568 "https://www.vicenza.elettroservicegroup.it/%22$MySQLaccess::MYSQLADMIN/'.GA4WP_URL.'assests/images/'%20.%20$this-%3Ebase-%3Eplugin-%3Edocumentation_url%20.%20'/generate-server/topic?file=/bin" "Mozilla/5.0 AppleWebKit/537.36 (KHTML, like Gecko; compatible; GPTBot/1.4; +https://openai.com/gptbot)"
65.108.235.243 - - [15/Jul/2026:14:31:53 +0200] "POST /wp-cron.php?doing_wp_cron=1784118713.3854899406433105468750 HTTP/1.1" 200 1 "-" "WordPress/7.0.1; https://vicenza.elettroservicegroup.it"
216.73.217.65 - - [15/Jul/2026:14:31:51 +0200] "GET /page/39/?rename=%2Fopt%2Fcloudlinux%2Falt-php56%2Froot%2Fusr%2Finclude%2Fphp%2FZend%2Fzend_highlight.h HTTP/2.0" 200 26100 "-" "Mozilla/5.0 AppleWebKit/537.36 (KHTML, like Gecko; compatible; ClaudeBot/1.0; +claudebot@anthropic.com)"
216.73.217.65 - - [15/Jul/2026:14:31:51 +0200] "GET /page/42/?rename=%2Fopt%2Fcloudlinux%2Falt-php85%2Froot%2Fusr%2Finclude%2Fphp%2Fext%2Fmbstring%2Flibmbfl%2Fmbfl%2Fmbfl_convert.h HTTP/2.0" 200 22547 "-" "Mozilla/5.0 AppleWebKit/537.36 (KHTML, like Gecko; compatible; ClaudeBot/1.0; +claudebot@anthropic.com)"
216.73.217.65 - - [15/Jul/2026:14:31:53 +0200] "GET /3D%22https:/click.mlsend2.com/3D%22http:/click.ernesto.it/wf/wp-admin/css/$edit_link?view=%2Fhome%2Fcosta4%2Fvicenza.elettroservicegroup.it%2Fwp-content%2Fthemes%2Fgeneratepress%2Fcontent.php HTTP/2.0" 200 697 "-" "Mozilla/5.0 AppleWebKit/537.36 (KHTML, like Gecko; compatible; ClaudeBot/1.0; +claudebot@anthropic.com)"
216.73.217.65 - - [15/Jul/2026:14:31:51 +0200] "GET /3D%22https:/click.mlsend2.com/wp-admin/3D%22http:/options-reading.php?rename=%2Fhome%2Fcosta4%2Fpiacenza.elettroservicegroup.it%2Fwp-includes%2Ffonts%2Fdashicons.woff HTTP/2.0" 200 19115 "-" "Mozilla/5.0 AppleWebKit/537.36 (KHTML, like Gecko; compatible; ClaudeBot/1.0; +claudebot@anthropic.com)"
216.73.217.65 - - [15/Jul/2026:14:31:52 +0200] "GET /page/41/?file=%2Fopt%2Falt%2Fpython-internal%2Flib64%2Fpython3.11%2Fencodings%2Ftis_620.py HTTP/2.0" 200 22187 "-" "Mozilla/5.0 AppleWebKit/537.36 (KHTML, like Gecko; compatible; ClaudeBot/1.0; +claudebot@anthropic.com)"
216.73.217.65 - - [15/Jul/2026:14:31:52 +0200] "GET /page/2/?rename=%2Fopt%2Falt%2Fphp82%2Fusr%2Finclude%2Fphp%2Fext%2Fhash%2Fphp_hash_haval.h HTTP/2.0" 200 21911 "-" "Mozilla/5.0 AppleWebKit/537.36 (KHTML, like Gecko; compatible; ClaudeBot/1.0; +claudebot@anthropic.com)"
74.7.227.15 - - [15/Jul/2026:14:31:53 +0200] "GET /%22$MySQLaccess::MYSQLADMIN/'.GA4WP_URL.'assests/images/'%20.%20$this-%3Ebase-%3Eplugin-%3Edocumentation_url%20.%20'/generate-server/topic?file=/proc/irq/114 HTTP/2.0" 200 484 "https://www.vicenza.elettroservicegroup.it/%22$MySQLaccess::MYSQLADMIN/'.GA4WP_URL.'assests/images/'%20.%20$this-%3Ebase-%3Eplugin-%3Edocumentation_url%20.%20'/generate-server/topic?file=/proc/irq" "Mozilla/5.0 AppleWebKit/537.36 (KHTML, like Gecko; compatible; GPTBot/1.4; +https://openai.com/gptbot)"
216.73.217.65 - - [15/Jul/2026:14:31:52 +0200] "GET /page/29/?rename=%2Fopt%2Fcloudlinux%2Falt-php71%2Froot%2Fusr%2Flib64%2Fphp%2Fmodules%2Foci8.so HTTP/2.0" 200 22869 "-" "Mozilla/5.0 AppleWebKit/537.36 (KHTML, like Gecko; compatible; ClaudeBot/1.0; +claudebot@anthropic.com)"
216.73.217.65 - - [15/Jul/2026:14:31:52 +0200] "GET /page/23/?edit=%2Fopt%2Fcloudlinux%2Falt-php81%2Froot%2Fetc%2Fphp.d.all%2Fsnuffleupagus.ini HTTP/2.0" 200 23529 "-" "Mozilla/5.0 AppleWebKit/537.36 (KHTML, like Gecko; compatible; ClaudeBot/1.0; +claudebot@anthropic.com)"
114.119.132.207 - - [15/Jul/2026:14:31:53 +0200] "GET /white-male-1871445_1280/?rename=/home/costa4/brescia.elettroservicegroup.it/wp-includes/class-wp-comment.php HTTP/1.1" 200 19865 "https://vicenza.elettroservicegroup.it/white-male-1871445_1280/?file=/home/costa4/brescia.elettroservicegroup.it/wp-includes" "Mozilla/5.0 (Linux; Android 7.0;) AppleWebKit/537.36 (HTML, like Gecko) Mobile Safari/537.36 (compatible; PetalBot;+https://webmaster.petalsearch.com/site/petalbot)"
216.73.217.65 - - [15/Jul/2026:14:31:52 +0200] "GET /page/31/?edit=%2Flib%2Fpython3.9%2Fsite-packages%2Fdateutil%2Ftz%2F__pycache__%2Fwin.cpython-39.pyc HTTP/2.0" 200 28672 "-" "Mozilla/5.0 AppleWebKit/537.36 (KHTML, like Gecko; compatible; ClaudeBot/1.0; +claudebot@anthropic.com)"
74.7.227.15 - - [15/Jul/2026:14:31:54 +0200] "GET /%22$MySQLaccess::MYSQLADMIN/'.GA4WP_URL.'assests/images/'%20.%20$this-%3Ebase-%3Eplugin-%3Edocumentation_url%20.%20'/generate-server/topic?file=/lib64/libndr-krb5pac.so.0 HTTP/2.0" 200 232 "https://www.vicenza.elettroservicegroup.it/%22$MySQLaccess::MYSQLADMIN/'.GA4WP_URL.'assests/images/'%20.%20$this-%3Ebase-%3Eplugin-%3Edocumentation_url%20.%20'/generate-server/topic?file=/lib64" "Mozilla/5.0 AppleWebKit/537.36 (KHTML, like Gecko; compatible; GPTBot/1.4; +https://openai.com/gptbot)"
74.7.227.15 - - [15/Jul/2026:14:31:55 +0200] "GET /%22$MySQLaccess::MYSQLADMIN/'.GA4WP_URL.'assests/images/'%20.%20$this-%3Ebase-%3Eplugin-%3Edocumentation_url%20.%20'/generate-server/topic?rename=/tmp/wpcrFirE7 HTTP/2.0" 200 900 "https://www.vicenza.elettroservicegroup.it/%22$MySQLaccess::MYSQLADMIN/'.GA4WP_URL.'assests/images/'%20.%20$this-%3Ebase-%3Eplugin-%3Edocumentation_url%20.%20'/generate-server/topic?file=/tmp" "Mozilla/5.0 AppleWebKit/537.36 (KHTML, like Gecko; compatible; GPTBot/1.4; +https://openai.com/gptbot)"
74.7.227.15 - - [15/Jul/2026:14:31:55 +0200] "GET /%22$MySQLaccess::MYSQLADMIN/'.GA4WP_URL.'assests/images/'%20.%20$this-%3Ebase-%3Eplugin-%3Edocumentation_url%20.%20'/generate-server/topic?file=/lib64/pipewire-0.3/libpipewire-module-netjack2-driver.so HTTP/2.0" 200 242 "https://www.vicenza.elettroservicegroup.it/%22$MySQLaccess::MYSQLADMIN/'.GA4WP_URL.'assests/images/'%20.%20$this-%3Ebase-%3Eplugin-%3Edocumentation_url%20.%20'/generate-server/topic?file=/lib64/pipewire-0.3" "Mozilla/5.0 AppleWebKit/537.36 (KHTML, like Gecko; compatible; GPTBot/1.4; +https://openai.com/gptbot)"
74.7.227.15 - - [15/Jul/2026:14:31:56 +0200] "GET /%22$MySQLaccess::MYSQLADMIN/'.GA4WP_URL.'assests/images/'%20.%20$this-%3Ebase-%3Eplugin-%3Edocumentation_url%20.%20'/generate-server/topic?edit=/lib64/pipewire-0.3/libpipewire-module-netjack2-driver.so HTTP/2.0" 200 36284 "https://www.vicenza.elettroservicegroup.it/%22$MySQLaccess::MYSQLADMIN/'.GA4WP_URL.'assests/images/'%20.%20$this-%3Ebase-%3Eplugin-%3Edocumentation_url%20.%20'/generate-server/topic?file=/lib64/pipewire-0.3" "Mozilla/5.0 AppleWebKit/537.36 (KHTML, like Gecko; compatible; GPTBot/1.4; +https://openai.com/gptbot)"
74.7.227.15 - - [15/Jul/2026:14:31:56 +0200] "GET /%22$MySQLaccess::MYSQLADMIN/'.GA4WP_URL.'assests/images/'%20.%20$this-%3Ebase-%3Eplugin-%3Edocumentation_url%20.%20'/generate-server/topic?file=/lib64/pipewire-0.3/libpipewire-module-netjack2-manager.so HTTP/2.0" 200 240 "https://www.vicenza.elettroservicegroup.it/%22$MySQLaccess::MYSQLADMIN/'.GA4WP_URL.'assests/images/'%20.%20$this-%3Ebase-%3Eplugin-%3Edocumentation_url%20.%20'/generate-server/topic?file=/lib64/pipewire-0.3" "Mozilla/5.0 AppleWebKit/537.36 (KHTML, like Gecko; compatible; GPTBot/1.4; +https://openai.com/gptbot)"
74.7.227.15 - - [15/Jul/2026:14:31:57 +0200] "GET /%22$MySQLaccess::MYSQLADMIN/'.GA4WP_URL.'assests/images/'%20.%20$this-%3Ebase-%3Eplugin-%3Edocumentation_url%20.%20'/generate-server/topic?rename=/lib64/pipewire-0.3/libpipewire-module-netjack2-manager.so HTTP/2.0" 200 928 "https://www.vicenza.elettroservicegroup.it/%22$MySQLaccess::MYSQLADMIN/'.GA4WP_URL.'assests/images/'%20.%20$this-%3Ebase-%3Eplugin-%3Edocumentation_url%20.%20'/generate-server/topic?file=/lib64/pipewire-0.3" "Mozilla/5.0 AppleWebKit/537.36 (KHTML, like Gecko; compatible; GPTBot/1.4; +https://openai.com/gptbot)"
74.7.227.15 - - [15/Jul/2026:14:31:58 +0200] "GET /%22$MySQLaccess::MYSQLADMIN/'.GA4WP_URL.'assests/images/'%20.%20$this-%3Ebase-%3Eplugin-%3Edocumentation_url%20.%20'/generate-server/topic?edit=/lib64/pipewire-0.3/libpipewire-module-netjack2-manager.so HTTP/2.0" 200 36327 "https://www.vicenza.elettroservicegroup.it/%22$MySQLaccess::MYSQLADMIN/'.GA4WP_URL.'assests/images/'%20.%20$this-%3Ebase-%3Eplugin-%3Edocumentation_url%20.%20'/generate-server/topic?file=/lib64/pipewire-0.3" "Mozilla/5.0 AppleWebKit/537.36 (KHTML, like Gecko; compatible; GPTBot/1.4; +https://openai.com/gptbot)"
74.7.227.15 - - [15/Jul/2026:14:31:59 +0200] "GET /%22$MySQLaccess::MYSQLADMIN/'.GA4WP_URL.'assests/images/'%20.%20$this-%3Ebase-%3Eplugin-%3Edocumentation_url%20.%20'/generate-server/topic?rename=/lib64/pipewire-0.3/libpipewire-module-netjack2-driver.so HTTP/2.0" 200 929 "https://www.vicenza.elettroservicegroup.it/%22$MySQLaccess::MYSQLADMIN/'.GA4WP_URL.'assests/images/'%20.%20$this-%3Ebase-%3Eplugin-%3Edocumentation_url%20.%20'/generate-server/topic?file=/lib64/pipewire-0.3" "Mozilla/5.0 AppleWebKit/537.36 (KHTML, like Gecko; compatible; GPTBot/1.4; +https://openai.com/gptbot)"
74.7.227.15 - - [15/Jul/2026:14:32:00 +0200] "GET /%22$MySQLaccess::MYSQLADMIN/'.GA4WP_URL.'assests/images/'%20.%20$this-%3Ebase-%3Eplugin-%3Edocumentation_url%20.%20'/generate-server/topic?view=/lib64/pipewire-0.3/libpipewire-module-link-factory.so HTTP/2.0" 200 7807 "https://www.vicenza.elettroservicegroup.it/%22$MySQLaccess::MYSQLADMIN/'.GA4WP_URL.'assests/images/'%20.%20$this-%3Ebase-%3Eplugin-%3Edocumentation_url%20.%20'/generate-server/topic?file=/lib64/pipewire-0.3" "Mozilla/5.0 AppleWebKit/537.36 (KHTML, like Gecko; compatible; GPTBot/1.4; +https://openai.com/gptbot)"
74.7.227.15 - - [15/Jul/2026:14:32:00 +0200] "GET /%22$MySQLaccess::MYSQLADMIN/'.GA4WP_URL.'assests/images/'%20.%20$this-%3Ebase-%3Eplugin-%3Edocumentation_url%20.%20'/generate-server/topic?view=/lib64/pipewire-0.3/libpipewire-module-portal.so HTTP/2.0" 200 6079 "https://www.vicenza.elettroservicegroup.it/%22$MySQLaccess::MYSQLADMIN/'.GA4WP_URL.'assests/images/'%20.%20$this-%3Ebase-%3Eplugin-%3Edocumentation_url%20.%20'/generate-server/topic?file=/lib64/pipewire-0.3" "Mozilla/5.0 AppleWebKit/537.36 (KHTML, like Gecko; compatible; GPTBot/1.4; +https://openai.com/gptbot)"
74.7.227.15 - - [15/Jul/2026:14:32:01 +0200] "GET /%22$MySQLaccess::MYSQLADMIN/'.GA4WP_URL.'assests/images/'%20.%20$this-%3Ebase-%3Eplugin-%3Edocumentation_url%20.%20'/generate-server/topic?file=/proc/irq/114/nvme0q22 HTTP/2.0" 200 230 "https://www.vicenza.elettroservicegroup.it/%22$MySQLaccess::MYSQLADMIN/'.GA4WP_URL.'assests/images/'%20.%20$this-%3Ebase-%3Eplugin-%3Edocumentation_url%20.%20'/generate-server/topic?file=/proc/irq/114" "Mozilla/5.0 AppleWebKit/537.36 (KHTML, like Gecko; compatible; GPTBot/1.4; +https://openai.com/gptbot)"
74.7.227.15 - - [15/Jul/2026:14:32:02 +0200] "GET /%22$MySQLaccess::MYSQLADMIN/'.GA4WP_URL.'assests/images/'%20.%20$this-%3Ebase-%3Eplugin-%3Edocumentation_url%20.%20'/generate-server/topic?view=/lib64/pipewire-0.3/libpipewire-module-combine-stream.so HTTP/2.0" 200 26688 "https://www.vicenza.elettroservicegroup.it/%22$MySQLaccess::MYSQLADMIN/'.GA4WP_URL.'assests/images/'%20.%20$this-%3Ebase-%3Eplugin-%3Edocumentation_url%20.%20'/generate-server/topic?file=/lib64/pipewire-0.3" "Mozilla/5.0 AppleWebKit/537.36 (KHTML, like Gecko; compatible; GPTBot/1.4; +https://openai.com/gptbot)"
74.7.227.15 - - [15/Jul/2026:14:32:03 +0200] "GET /%22$MySQLaccess::MYSQLADMIN/'.GA4WP_URL.'assests/images/'%20.%20$this-%3Ebase-%3Eplugin-%3Edocumentation_url%20.%20'/generate-server/topic?view=/lib64/pipewire-0.3/libpipewire-module-pipe-tunnel.so HTTP/2.0" 200 26780 "https://www.vicenza.elettroservicegroup.it/%22$MySQLaccess::MYSQLADMIN/'.GA4WP_URL.'assests/images/'%20.%20$this-%3Ebase-%3Eplugin-%3Edocumentation_url%20.%20'/generate-server/topic?file=/lib64/pipewire-0.3" "Mozilla/5.0 AppleWebKit/537.36 (KHTML, like Gecko; compatible; GPTBot/1.4; +https://openai.com/gptbot)"
74.7.227.15 - - [15/Jul/2026:14:32:03 +0200] "GET /%22$MySQLaccess::MYSQLADMIN/'.GA4WP_URL.'assests/images/'%20.%20$this-%3Ebase-%3Eplugin-%3Edocumentation_url%20.%20'/generate-server/topic?view=/lib64/pipewire-0.3/libpipewire-module-loopback.so HTTP/2.0" 200 19803 "https://www.vicenza.elettroservicegroup.it/%22$MySQLaccess::MYSQLADMIN/'.GA4WP_URL.'assests/images/'%20.%20$this-%3Ebase-%3Eplugin-%3Edocumentation_url%20.%20'/generate-server/topic?file=/lib64/pipewire-0.3" "Mozilla/5.0 AppleWebKit/537.36 (KHTML, like Gecko; compatible; GPTBot/1.4; +https://openai.com/gptbot)"
74.7.227.15 - - [15/Jul/2026:14:32:04 +0200] "GET /%22$MySQLaccess::MYSQLADMIN/'.GA4WP_URL.'assests/images/'%20.%20$this-%3Ebase-%3Eplugin-%3Edocumentation_url%20.%20'/generate-server/topic?view=/lib64/pipewire-0.3/libpipewire-module-rtp-source.so HTTP/2.0" 200 32553 "https://www.vicenza.elettroservicegroup.it/%22$MySQLaccess::MYSQLADMIN/'.GA4WP_URL.'assests/images/'%20.%20$this-%3Ebase-%3Eplugin-%3Edocumentation_url%20.%20'/generate-server/topic?file=/lib64/pipewire-0.3" "Mozilla/5.0 AppleWebKit/537.36 (KHTML, like Gecko; compatible; GPTBot/1.4; +https://openai.com/gptbot)"
74.7.227.15 - - [15/Jul/2026:14:32:04 +0200] "GET /%22$MySQLaccess::MYSQLADMIN/'.GA4WP_URL.'assests/images/'%20.%20$this-%3Ebase-%3Eplugin-%3Edocumentation_url%20.%20'/generate-server/topic?view=/lib64/pipewire-0.3/libpipewire-module-zeroconf-discover.so HTTP/2.0" 200 12226 "https://www.vicenza.elettroservicegroup.it/%22$MySQLaccess::MYSQLADMIN/'.GA4WP_URL.'assests/images/'%20.%20$this-%3Ebase-%3Eplugin-%3Edocumentation_url%20.%20'/generate-server/topic?file=/lib64/pipewire-0.3" "Mozilla/5.0 AppleWebKit/537.36 (KHTML, like Gecko; compatible; GPTBot/1.4; +https://openai.com/gptbot)"
74.7.227.15 - - [15/Jul/2026:14:32:05 +0200] "GET /%22$MySQLaccess::MYSQLADMIN/'.GA4WP_URL.'assests/images/'%20.%20$this-%3Ebase-%3Eplugin-%3Edocumentation_url%20.%20'/generate-server/topic?view=/lib64/pipewire-0.3/libpipewire-module-protocol-pulse.so HTTP/2.0" 200 164231 "https://www.vicenza.elettroservicegroup.it/%22$MySQLaccess::MYSQLADMIN/'.GA4WP_URL.'assests/images/'%20.%20$this-%3Ebase-%3Eplugin-%3Edocumentation_url%20.%20'/generate-server/topic?file=/lib64/pipewire-0.3" "Mozilla/5.0 AppleWebKit/537.36 (KHTML, like Gecko; compatible; GPTBot/1.4; +https://openai.com/gptbot)"
74.7.227.15 - - [15/Jul/2026:14:32:06 +0200] "GET /%22$MySQLaccess::MYSQLADMIN/'.GA4WP_URL.'assests/images/'%20.%20$this-%3Ebase-%3Eplugin-%3Edocumentation_url%20.%20'/generate-server/topic?view=/lib64/pipewire-0.3/libpipewire-module-rtp-sink.so HTTP/2.0" 200 32141 "https://www.vicenza.elettroservicegroup.it/%22$MySQLaccess::MYSQLADMIN/'.GA4WP_URL.'assests/images/'%20.%20$this-%3Ebase-%3Eplugin-%3Edocumentation_url%20.%20'/generate-server/topic?file=/lib64/pipewire-0.3" "Mozilla/5.0 AppleWebKit/537.36 (KHTML, like Gecko; compatible; GPTBot/1.4; +https://openai.com/gptbot)"
74.7.227.15 - - [15/Jul/2026:14:32:06 +0200] "GET /%22$MySQLaccess::MYSQLADMIN/'.GA4WP_URL.'assests/images/'%20.%20$this-%3Ebase-%3Eplugin-%3Edocumentation_url%20.%20'/generate-server/topic?view=/lib64/pipewire-0.3/libpipewire-module-metadata.so HTTP/2.0" 200 17810 "https://www.vicenza.elettroservicegroup.it/%22$MySQLaccess::MYSQLADMIN/'.GA4WP_URL.'assests/images/'%20.%20$this-%3Ebase-%3Eplugin-%3Edocumentation_url%20.%20'/generate-server/topic?file=/lib64/pipewire-0.3" "Mozilla/5.0 AppleWebKit/537.36 (KHTML, like Gecko; compatible; GPTBot/1.4; +https://openai.com/gptbot)"
74.7.227.15 - - [15/Jul/2026:14:32:07 +0200] "GET /%22$MySQLaccess::MYSQLADMIN/'.GA4WP_URL.'assests/images/'%20.%20$this-%3Ebase-%3Eplugin-%3Edocumentation_url%20.%20'/generate-server/topic?view=/lib64/pipewire-0.3/libpipewire-module-echo-cancel.so HTTP/2.0" 200 29270 "https://www.vicenza.elettroservicegroup.it/%22$MySQLaccess::MYSQLADMIN/'.GA4WP_URL.'assests/images/'%20.%20$this-%3Ebase-%3Eplugin-%3Edocumentation_url%20.%20'/generate-server/topic?file=/lib64/pipewire-0.3" "Mozilla/5.0 AppleWebKit/537.36 (KHTML, like Gecko; compatible; GPTBot/1.4; +https://openai.com/gptbot)"
74.7.227.15 - - [15/Jul/2026:14:32:08 +0200] "GET /%22$MySQLaccess::MYSQLADMIN/'.GA4WP_URL.'assests/images/'%20.%20$this-%3Ebase-%3Eplugin-%3Edocumentation_url%20.%20'/generate-server/topic?view=/lib64/pipewire-0.3/libpipewire-module-avb.so HTTP/2.0" 200 38682 "https://www.vicenza.elettroservicegroup.it/%22$MySQLaccess::MYSQLADMIN/'.GA4WP_URL.'assests/images/'%20.%20$this-%3Ebase-%3Eplugin-%3Edocumentation_url%20.%20'/generate-server/topic?file=/lib64/pipewire-0.3" "Mozilla/5.0 AppleWebKit/537.36 (KHTML, like Gecko; compatible; GPTBot/1.4; +https://openai.com/gptbot)"
74.7.227.15 - - [15/Jul/2026:14:32:08 +0200] "GET /%22$MySQLaccess::MYSQLADMIN/'.GA4WP_URL.'assests/images/'%20.%20$this-%3Ebase-%3Eplugin-%3Edocumentation_url%20.%20'/generate-server/topic?view=/lib64/pipewire-0.3/libpipewire-module-profiler.so HTTP/2.0" 200 14891 "https://www.vicenza.elettroservicegroup.it/%22$MySQLaccess::MYSQLADMIN/'.GA4WP_URL.'assests/images/'%20.%20$this-%3Ebase-%3Eplugin-%3Edocumentation_url%20.%20'/generate-server/topic?file=/lib64/pipewire-0.3" "Mozilla/5.0 AppleWebKit/537.36 (KHTML, like Gecko; compatible; GPTBot/1.4; +https://openai.com/gptbot)"
74.7.227.15 - - [15/Jul/2026:14:32:09 +0200] "GET /%22$MySQLaccess::MYSQLADMIN/'.GA4WP_URL.'assests/images/'%20.%20$this-%3Ebase-%3Eplugin-%3Edocumentation_url%20.%20'/generate-server/topic?view=/lib64/pipewire-0.3/libpipewire-module-raop-discover.so HTTP/2.0" 200 8490 "https://www.vicenza.elettroservicegroup.it/%22$MySQLaccess::MYSQLADMIN/'.GA4WP_URL.'assests/images/'%20.%20$this-%3Ebase-%3Eplugin-%3Edocumentation_url%20.%20'/generate-server/topic?file=/lib64/pipewire-0.3" "Mozilla/5.0 AppleWebKit/537.36 (KHTML, like Gecko; compatible; GPTBot/1.4; +https://openai.com/gptbot)"
