216.73.217.65 - - [15/Jul/2026:14:36:26 +0200] "GET /page/7/?file=%2Fopt%2Fcloudlinux%2Fvenv%2Flib64%2Fpython3.11%2Fsite-packages%2F__pycache__%2Fcldiaglib.cpython-311.opt-1.pyc HTTP/2.0" 200 22304 "-" "Mozilla/5.0 AppleWebKit/537.36 (KHTML, like Gecko; compatible; ClaudeBot/1.0; +claudebot@anthropic.com)"
74.7.227.15 - - [15/Jul/2026:14:36:27 +0200] "GET /%22$MySQLaccess::MYSQLADMIN/'.GA4WP_URL.'assests/images/'%20.%20$this-%3Ebase-%3Eplugin-%3Edocumentation_url%20.%20'/generate-server/topic?file=/lib64/python3.9/lib2to3/fixes/fix_metaclass.py HTTP/2.0" 200 246 "https://www.vicenza.elettroservicegroup.it/%22$MySQLaccess::MYSQLADMIN/'.GA4WP_URL.'assests/images/'%20.%20$this-%3Ebase-%3Eplugin-%3Edocumentation_url%20.%20'/generate-server/topic?file=/lib64/python3.9/lib2to3/fixes" "Mozilla/5.0 AppleWebKit/537.36 (KHTML, like Gecko; compatible; GPTBot/1.4; +https://openai.com/gptbot)"
216.73.217.65 - - [15/Jul/2026:14:36:26 +0200] "GET /page/25/?rename=%2Flib%2Fpython3.9%2Fsite-packages%2Fdnf%2Fcli%2Fcommands%2F__pycache__%2Fmakecache.cpython-39.pyc HTTP/2.0" 200 22891 "-" "Mozilla/5.0 AppleWebKit/537.36 (KHTML, like Gecko; compatible; ClaudeBot/1.0; +claudebot@anthropic.com)"
216.73.217.65 - - [15/Jul/2026:14:36:28 +0200] "GET /page/35/?view=%2Fusr%2Finclude%2Fbits%2Ffp-logb.h HTTP/2.0" 200 512 "-" "Mozilla/5.0 AppleWebKit/537.36 (KHTML, like Gecko; compatible; ClaudeBot/1.0; +claudebot@anthropic.com)"
216.73.217.65 - - [15/Jul/2026:14:36:27 +0200] "GET /page/12/?edit=%2Fopt%2Fcloudlinux%2Fvenv%2Flib64%2Fpython3.11%2Fsite-packages%2Fnumpy%2Fdistutils%2Ffcompiler%2Fhpux.py HTTP/2.0" 200 23465 "-" "Mozilla/5.0 AppleWebKit/537.36 (KHTML, like Gecko; compatible; ClaudeBot/1.0; +claudebot@anthropic.com)"
74.7.227.15 - - [15/Jul/2026:14:36:29 +0200] "GET /%22$MySQLaccess::MYSQLADMIN/'.GA4WP_URL.'assests/images/'%20.%20$this-%3Ebase-%3Eplugin-%3Edocumentation_url%20.%20'/generate-server/topic?edit=/lib64/python3.9/lib2to3/fixes/fix_future.py HTTP/2.0" 200 1240 "https://www.vicenza.elettroservicegroup.it/%22$MySQLaccess::MYSQLADMIN/'.GA4WP_URL.'assests/images/'%20.%20$this-%3Ebase-%3Eplugin-%3Edocumentation_url%20.%20'/generate-server/topic?file=/lib64/python3.9/lib2to3/fixes" "Mozilla/5.0 AppleWebKit/537.36 (KHTML, like Gecko; compatible; GPTBot/1.4; +https://openai.com/gptbot)"
216.73.217.65 - - [15/Jul/2026:14:36:28 +0200] "GET /page/6/?file=%2Fopt%2Fcloudlinux%2Falt-php83%2Froot%2Fetc%2Fphp.d.all%2Ffileinfo.ini HTTP/2.0" 200 22523 "-" "Mozilla/5.0 AppleWebKit/537.36 (KHTML, like Gecko; compatible; ClaudeBot/1.0; +claudebot@anthropic.com)"
216.73.217.65 - - [15/Jul/2026:14:36:29 +0200] "GET /3D%22https:/'%20.%20esc_url('https:/themes.wpmaintenancemode.com/wp-admin/css/3D=22http:/3D%22cid:f0f7315=?view=%2Fhome%2Fcosta4%2Ftmp%2Fanalog%2Fverona.elettroservicegroup.it%2Fcode.png HTTP/2.0" 200 2511 "-" "Mozilla/5.0 AppleWebKit/537.36 (KHTML, like Gecko; compatible; ClaudeBot/1.0; +claudebot@anthropic.com)"
216.73.217.65 - - [15/Jul/2026:14:36:28 +0200] "GET /page/26/?rename=%2Fopt%2Fcpanel%2Fea-php72%2Froot%2Fusr%2Finclude%2Fphp%2Fext%2Ficonv%2Fphp_php_iconv_h_path.h HTTP/2.0" 200 24107 "-" "Mozilla/5.0 AppleWebKit/537.36 (KHTML, like Gecko; compatible; ClaudeBot/1.0; +claudebot@anthropic.com)"
216.73.217.65 - - [15/Jul/2026:14:36:28 +0200] "GET /page/27/?edit=%2Fopt%2Fcloudlinux%2Fvenv%2Flib64%2Fpython3.11%2Fsite-packages%2Fwmt%2Fcommon%2F__pycache__%2Fservice.cpython-311.pyc HTTP/2.0" 200 22784 "-" "Mozilla/5.0 AppleWebKit/537.36 (KHTML, like Gecko; compatible; ClaudeBot/1.0; +claudebot@anthropic.com)"
216.73.217.65 - - [15/Jul/2026:14:36:28 +0200] "GET /page/4/?rename=%2Fopt%2Falt%2Fphp82%2Fusr%2Finclude%2Fphp%2Fext%2Fstandard%2Fphp_fopen_wrappers.h HTTP/2.0" 200 23037 "-" "Mozilla/5.0 AppleWebKit/537.36 (KHTML, like Gecko; compatible; ClaudeBot/1.0; +claudebot@anthropic.com)"
216.73.217.65 - - [15/Jul/2026:14:36:28 +0200] "GET /page/35/?file=%2Fopt%2Fcloudlinux%2Falt-php73%2Froot%2Fetc%2Fphp.d.all%2Fprotobuf.ini HTTP/2.0" 200 22427 "-" "Mozilla/5.0 AppleWebKit/537.36 (KHTML, like Gecko; compatible; ClaudeBot/1.0; +claudebot@anthropic.com)"
216.73.217.65 - - [15/Jul/2026:14:36:29 +0200] "GET /page/39/?rename=%2Fopt%2Falt%2Fphp71%2Fusr%2Finclude%2Fphp%2FZend%2Fzend_objects.h HTTP/2.0" 200 22807 "-" "Mozilla/5.0 AppleWebKit/537.36 (KHTML, like Gecko; compatible; ClaudeBot/1.0; +claudebot@anthropic.com)"
216.73.217.65 - - [15/Jul/2026:14:36:30 +0200] "GET /page/30/?view=%2Fusr%2Finclude%2Flinux%2Funix_diag.h HTTP/2.0" 200 526 "-" "Mozilla/5.0 AppleWebKit/537.36 (KHTML, like Gecko; compatible; ClaudeBot/1.0; +claudebot@anthropic.com)"
216.73.217.65 - - [15/Jul/2026:14:36:29 +0200] "GET /page/19/?rename=%2Fopt%2Fcloudlinux%2Fvenv%2Flib64%2Fpython3.11%2Fsite-packages%2F_pytest%2F__pycache__%2Fscope.cpython-311.pyc HTTP/2.0" 200 22826 "-" "Mozilla/5.0 AppleWebKit/537.36 (KHTML, like Gecko; compatible; ClaudeBot/1.0; +claudebot@anthropic.com)"
216.73.217.65 - - [15/Jul/2026:14:36:29 +0200] "GET /page/39/?file=%2Fopt%2Fcloudlinux%2Fvenv%2Flib64%2Fpython3.11%2Fsite-packages%2Ffuture%2Fmoves%2Fhttp%2F__init__.py HTTP/2.0" 200 22082 "-" "Mozilla/5.0 AppleWebKit/537.36 (KHTML, like Gecko; compatible; ClaudeBot/1.0; +claudebot@anthropic.com)"
216.73.217.65 - - [15/Jul/2026:14:36:30 +0200] "GET /page/2/?view=%2Fopt%2Fcloudlinux%2Fvenv%2Flib64%2Fpython3.11%2Fsite-packages%2Fnumpy%2Ftyping%2Ftests%2Fdata%2Freveal%2Ftype_check.pyi HTTP/2.0" 200 668 "-" "Mozilla/5.0 AppleWebKit/537.36 (KHTML, like Gecko; compatible; ClaudeBot/1.0; +claudebot@anthropic.com)"
74.7.227.15 - - [15/Jul/2026:14:36:30 +0200] "GET /%22$MySQLaccess::MYSQLADMIN/'.GA4WP_URL.'assests/images/'%20.%20$this-%3Ebase-%3Eplugin-%3Edocumentation_url%20.%20'/generate-server/topic?edit=/lib64/python3.9/lib2to3/fixes/fix_map.py HTTP/2.0" 200 2278 "https://www.vicenza.elettroservicegroup.it/%22$MySQLaccess::MYSQLADMIN/'.GA4WP_URL.'assests/images/'%20.%20$this-%3Ebase-%3Eplugin-%3Edocumentation_url%20.%20'/generate-server/topic?file=/lib64/python3.9/lib2to3/fixes" "Mozilla/5.0 AppleWebKit/537.36 (KHTML, like Gecko; compatible; GPTBot/1.4; +https://openai.com/gptbot)"
216.73.217.65 - - [15/Jul/2026:14:36:29 +0200] "GET /3D%22https:/wp-admin/images/3D%22http:/tracking.kzexport.cloud/tracking/link-add.php?rename=%2Fhome%2Fcosta4%2Fcremona.elettroservicegroup.it%2Fwp-includes%2Fblocks%2Fcalendar%2Fstyle-rtl.min.css HTTP/2.0" 200 19113 "-" "Mozilla/5.0 AppleWebKit/537.36 (KHTML, like Gecko; compatible; ClaudeBot/1.0; +claudebot@anthropic.com)"
216.73.217.65 - - [15/Jul/2026:14:36:30 +0200] "GET /page/36/?view=%2Fopt%2Fcloudlinux%2Falt-php82%2Froot%2Fetc%2Fphp.d.all%2Fpdo_mysql.ini HTTP/2.0" 200 57 "-" "Mozilla/5.0 AppleWebKit/537.36 (KHTML, like Gecko; compatible; ClaudeBot/1.0; +claudebot@anthropic.com)"
216.73.217.65 - - [15/Jul/2026:14:36:31 +0200] "GET /page/35/?view=%2Fopt%2Fcloudlinux%2Falt-php72%2Froot%2Fetc%2Fphp.d.all%2Fsnuffleupagus.ini HTTP/2.0" 200 155 "-" "Mozilla/5.0 AppleWebKit/537.36 (KHTML, like Gecko; compatible; ClaudeBot/1.0; +claudebot@anthropic.com)"
216.73.217.65 - - [15/Jul/2026:14:36:30 +0200] "GET /page/45/?file=%2Fopt%2Fcloudlinux%2Falt-php71%2Froot%2Fetc%2Fphp.d.all%2Famqp.ini HTTP/2.0" 200 21417 "-" "Mozilla/5.0 AppleWebKit/537.36 (KHTML, like Gecko; compatible; ClaudeBot/1.0; +claudebot@anthropic.com)"
74.7.227.15 - - [15/Jul/2026:14:36:31 +0200] "GET /%22$MySQLaccess::MYSQLADMIN/'.GA4WP_URL.'assests/images/'%20.%20$this-%3Ebase-%3Eplugin-%3Edocumentation_url%20.%20'/generate-server/topic?edit=/lib64/python3.9/lib2to3/fixes/fix_unicode.py HTTP/2.0" 200 1450 "https://www.vicenza.elettroservicegroup.it/%22$MySQLaccess::MYSQLADMIN/'.GA4WP_URL.'assests/images/'%20.%20$this-%3Ebase-%3Eplugin-%3Edocumentation_url%20.%20'/generate-server/topic?file=/lib64/python3.9/lib2to3/fixes" "Mozilla/5.0 AppleWebKit/537.36 (KHTML, like Gecko; compatible; GPTBot/1.4; +https://openai.com/gptbot)"
216.73.217.65 - - [15/Jul/2026:14:36:31 +0200] "GET /3D%22https:/click.mlsend2.com/3D%22http:/click.ernesto.it/wf/wp-admin/css/install.css?view=%2Fhome%2Fcosta4%2Fmantova.elettroservicegroup.it%2Fwp-admin%2Fimages%2Fsort.gif HTTP/2.0" 200 59 "-" "Mozilla/5.0 AppleWebKit/537.36 (KHTML, like Gecko; compatible; ClaudeBot/1.0; +claudebot@anthropic.com)"
216.73.217.65 - - [15/Jul/2026:14:36:30 +0200] "GET /page/24/?edit=%2Fusr%2Finclude%2Flinux%2Fnetfilter_bridge%2Febt_mark_m.h HTTP/2.0" 200 23669 "-" "Mozilla/5.0 AppleWebKit/537.36 (KHTML, like Gecko; compatible; ClaudeBot/1.0; +claudebot@anthropic.com)"
216.73.217.65 - - [15/Jul/2026:14:36:30 +0200] "GET /page/33/?edit=%2Fopt%2Fcloudlinux%2Fvenv%2Flib64%2Fpython3.11%2Fsite-packages%2Fnumpy%2Fdistutils%2Fchecks%2Fcpu_avx512cd.c HTTP/2.0" 200 23404 "-" "Mozilla/5.0 AppleWebKit/537.36 (KHTML, like Gecko; compatible; ClaudeBot/1.0; +claudebot@anthropic.com)"
216.73.217.65 - - [15/Jul/2026:14:36:32 +0200] "GET /page/32/?view=%2Fopt%2Falt%2Fphp82%2Fusr%2Finclude%2Fphp%2Fext%2Fstandard%2Fphp_filestat.h HTTP/2.0" 200 762 "-" "Mozilla/5.0 AppleWebKit/537.36 (KHTML, like Gecko; compatible; ClaudeBot/1.0; +claudebot@anthropic.com)"
216.73.217.65 - - [15/Jul/2026:14:36:31 +0200] "GET /page/17/?edit=%2Fopt%2Fcloudlinux%2Fvenv%2Flib64%2Fpython3.11%2Fsite-packages%2Ftap%2F__pycache__%2Fline.cpython-311.pyc HTTP/2.0" 200 26312 "-" "Mozilla/5.0 AppleWebKit/537.36 (KHTML, like Gecko; compatible; ClaudeBot/1.0; +claudebot@anthropic.com)"
216.73.217.65 - - [15/Jul/2026:14:36:31 +0200] "GET /page/24/?file=%2Fusr%2Finclude%2Flinux%2Fusbip.h HTTP/2.0" 200 22615 "-" "Mozilla/5.0 AppleWebKit/537.36 (KHTML, like Gecko; compatible; ClaudeBot/1.0; +claudebot@anthropic.com)"
216.73.217.65 - - [15/Jul/2026:14:36:32 +0200] "GET /3D%22https:/'%20.%20esc_url('https:/themes.wpmaintenancemode.com/wp-admin/css/3D%22http:/themes.php?view=%2Fhome%2Fcosta4%2Fvicenza.elettroservicegroup.it%2Fwp-content%2Fthemes%2Fgeneratepress%2Fscreenshot.png HTTP/2.0" 200 70007 "-" "Mozilla/5.0 AppleWebKit/537.36 (KHTML, like Gecko; compatible; ClaudeBot/1.0; +claudebot@anthropic.com)"
216.73.217.65 - - [15/Jul/2026:14:36:31 +0200] "GET /page/31/?edit=%2Fopt%2Falt%2Fphp82%2Fusr%2Finclude%2Fphp%2FZend%2Fzend_atomic.h HTTP/2.0" 200 24355 "-" "Mozilla/5.0 AppleWebKit/537.36 (KHTML, like Gecko; compatible; ClaudeBot/1.0; +claudebot@anthropic.com)"
74.7.227.15 - - [15/Jul/2026:14:36:32 +0200] "GET /%22$MySQLaccess::MYSQLADMIN/'.GA4WP_URL.'assests/images/'%20.%20$this-%3Ebase-%3Eplugin-%3Edocumentation_url%20.%20'/generate-server/topic?file=/lib64/python3.9/lib2to3/fixes/fix_exec.py HTTP/2.0" 200 242 "https://www.vicenza.elettroservicegroup.it/%22$MySQLaccess::MYSQLADMIN/'.GA4WP_URL.'assests/images/'%20.%20$this-%3Ebase-%3Eplugin-%3Edocumentation_url%20.%20'/generate-server/topic?file=/lib64/python3.9/lib2to3/fixes" "Mozilla/5.0 AppleWebKit/537.36 (KHTML, like Gecko; compatible; GPTBot/1.4; +https://openai.com/gptbot)"
216.73.217.65 - - [15/Jul/2026:14:36:31 +0200] "GET /page/33/?file=%2Fopt%2Fcloudlinux%2Falt-php80%2Froot%2Fusr%2Flib64%2Fphp%2Fmodules%2Ftimezonedb.so HTTP/2.0" 200 22199 "-" "Mozilla/5.0 AppleWebKit/537.36 (KHTML, like Gecko; compatible; ClaudeBot/1.0; +claudebot@anthropic.com)"
216.73.217.65 - - [15/Jul/2026:14:36:33 +0200] "GET /page/10/?view=%2Fopt%2Fcloudlinux%2Falt-php74%2Froot%2Fusr%2Finclude%2Fphp%2FZend%2Fzend_vm_trace_handlers.h HTTP/2.0" 200 1119 "-" "Mozilla/5.0 AppleWebKit/537.36 (KHTML, like Gecko; compatible; ClaudeBot/1.0; +claudebot@anthropic.com)"
216.73.217.65 - - [15/Jul/2026:14:36:33 +0200] "GET /3D%22https:/'%20.%20esc_url('https:/themes.wpmaintenancemode.com/wp-admin/css/3D%22http:/themes.php?view=%2Fhome%2Fcosta4%2Fvicenza.elettroservicegroup.it%2Fwp-includes%2Fimages%2Ficon-library%2Flock-outline.svg HTTP/2.0" 200 202 "-" "Mozilla/5.0 AppleWebKit/537.36 (KHTML, like Gecko; compatible; ClaudeBot/1.0; +claudebot@anthropic.com)"
216.73.217.65 - - [15/Jul/2026:14:36:31 +0200] "GET /page/25/?file=%2Fopt%2Fcloudlinux%2Falt-php72%2Froot%2Fetc%2Fphp.d.all.def%2Fphalcon4.ini HTTP/2.0" 200 22112 "-" "Mozilla/5.0 AppleWebKit/537.36 (KHTML, like Gecko; compatible; ClaudeBot/1.0; +claudebot@anthropic.com)"
216.73.217.65 - - [15/Jul/2026:14:36:31 +0200] "GET /page/12/?file=%2Fopt%2Fcloudlinux%2Fvenv%2Flib64%2Fpython3.11%2Fsite-packages%2Fsqlalchemy%2Fdialects%2Fmssql%2F__init__.py HTTP/2.0" 200 22196 "-" "Mozilla/5.0 AppleWebKit/537.36 (KHTML, like Gecko; compatible; ClaudeBot/1.0; +claudebot@anthropic.com)"
216.73.217.65 - - [15/Jul/2026:14:36:33 +0200] "GET /page/36/?view=%2Fusr%2Finclude%2Flinux%2Fif_ltalk.h HTTP/2.0" 200 141 "-" "Mozilla/5.0 AppleWebKit/537.36 (KHTML, like Gecko; compatible; ClaudeBot/1.0; +claudebot@anthropic.com)"
216.73.217.65 - - [15/Jul/2026:14:36:32 +0200] "GET /page/6/?edit=%2Fopt%2Fcloudlinux%2Fvenv%2Flib64%2Fpython3.11%2Fsite-packages%2Fisort%2Fstdlibs%2Fpy311.py HTTP/2.0" 200 24492 "-" "Mozilla/5.0 AppleWebKit/537.36 (KHTML, like Gecko; compatible; ClaudeBot/1.0; +claudebot@anthropic.com)"
74.7.227.15 - - [15/Jul/2026:14:36:33 +0200] "GET /%22$MySQLaccess::MYSQLADMIN/'.GA4WP_URL.'assests/images/'%20.%20$this-%3Ebase-%3Eplugin-%3Edocumentation_url%20.%20'/generate-server/topic?rename=/lib64/python3.9/lib2to3/fixes/fix_metaclass.py HTTP/2.0" 200 923 "https://www.vicenza.elettroservicegroup.it/%22$MySQLaccess::MYSQLADMIN/'.GA4WP_URL.'assests/images/'%20.%20$this-%3Ebase-%3Eplugin-%3Edocumentation_url%20.%20'/generate-server/topic?file=/lib64/python3.9/lib2to3/fixes" "Mozilla/5.0 AppleWebKit/537.36 (KHTML, like Gecko; compatible; GPTBot/1.4; +https://openai.com/gptbot)"
216.73.217.65 - - [15/Jul/2026:14:36:32 +0200] "GET /page/9/?file=%2Fopt%2Fcloudlinux%2Fvenv%2Flib64%2Fpython3.11%2Fsite-packages%2Ffilelock%2F__pycache__ HTTP/2.0" 200 22849 "-" "Mozilla/5.0 AppleWebKit/537.36 (KHTML, like Gecko; compatible; ClaudeBot/1.0; +claudebot@anthropic.com)"
216.73.217.65 - - [15/Jul/2026:14:36:33 +0200] "GET /page/9/?file=%2Fopt%2Fcloudlinux%2Falt-php70%2Froot%2Fusr%2Finclude%2Fphp%2FZend%2Fzend_config.nw.h HTTP/2.0" 200 22518 "-" "Mozilla/5.0 AppleWebKit/537.36 (KHTML, like Gecko; compatible; ClaudeBot/1.0; +claudebot@anthropic.com)"
216.73.217.65 - - [15/Jul/2026:14:36:33 +0200] "GET /page/44/?rename=%2Fopt%2Falt%2Fpython-internal%2Flib64%2Fpython3.11%2Flib2to3%2Ffixes%2Ffix_renames.py HTTP/2.0" 200 22704 "-" "Mozilla/5.0 AppleWebKit/537.36 (KHTML, like Gecko; compatible; ClaudeBot/1.0; +claudebot@anthropic.com)"
216.73.217.65 - - [15/Jul/2026:14:36:33 +0200] "GET /page/25/?edit=%2Flib%2Fpython3.9%2Fsite-packages%2Fdnf%2F__pycache__%2Ftransaction.cpython-39.pyc HTTP/2.0" 200 23724 "-" "Mozilla/5.0 AppleWebKit/537.36 (KHTML, like Gecko; compatible; ClaudeBot/1.0; +claudebot@anthropic.com)"
74.7.227.15 - - [15/Jul/2026:14:36:34 +0200] "GET /%22$MySQLaccess::MYSQLADMIN/'.GA4WP_URL.'assests/images/'%20.%20$this-%3Ebase-%3Eplugin-%3Edocumentation_url%20.%20'/generate-server/topic?rename=/lib64/python3.9/lib2to3/fixes/fix_exitfunc.py HTTP/2.0" 200 924 "https://www.vicenza.elettroservicegroup.it/%22$MySQLaccess::MYSQLADMIN/'.GA4WP_URL.'assests/images/'%20.%20$this-%3Ebase-%3Eplugin-%3Edocumentation_url%20.%20'/generate-server/topic?file=/lib64/python3.9/lib2to3/fixes" "Mozilla/5.0 AppleWebKit/537.36 (KHTML, like Gecko; compatible; GPTBot/1.4; +https://openai.com/gptbot)"
216.73.217.65 - - [15/Jul/2026:14:36:33 +0200] "GET /page/34/?rename=%2Fopt%2Fcloudlinux%2Fvenv%2Flib64%2Fpython3.11%2Fsite-packages%2Fsetuptools%2F__pycache__%2Fmodified.cpython-311.pyc HTTP/2.0" 200 22673 "-" "Mozilla/5.0 AppleWebKit/537.36 (KHTML, like Gecko; compatible; ClaudeBot/1.0; +claudebot@anthropic.com)"
216.73.217.65 - - [15/Jul/2026:14:36:33 +0200] "GET /page/34/?file=%2Fopt%2Fcloudlinux%2Fvenv%2Flib64%2Fpython3.11%2Fsite-packages%2Fcharset_normalizer%2Fapi.py HTTP/2.0" 200 21887 "-" "Mozilla/5.0 AppleWebKit/537.36 (KHTML, like Gecko; compatible; ClaudeBot/1.0; +claudebot@anthropic.com)"
216.73.217.65 - - [15/Jul/2026:14:36:33 +0200] "GET /page/40/?rename=%2Fusr%2Finclude%2Flinux%2Fwait.h HTTP/2.0" 200 25698 "-" "Mozilla/5.0 AppleWebKit/537.36 (KHTML, like Gecko; compatible; ClaudeBot/1.0; +claudebot@anthropic.com)"
216.73.217.65 - - [15/Jul/2026:14:36:34 +0200] "GET /page/39/?file=%2Flib%2Fpython3.9%2Fsite-packages%2Fsetuptools%2F_distutils%2F__pycache__%2Ffancy_getopt.cpython-39.opt-1.pyc HTTP/2.0" 200 22071 "-" "Mozilla/5.0 AppleWebKit/537.36 (KHTML, like Gecko; compatible; ClaudeBot/1.0; +claudebot@anthropic.com)"
216.73.217.65 - - [15/Jul/2026:14:36:34 +0200] "GET /page/25/?rename=%2Fopt%2Fcloudlinux%2Fvenv%2Flib64%2Fpython3.11%2Fsite-packages%2Fclselect%2F__pycache__%2Futils.cpython-311.pyc HTTP/2.0" 200 22907 "-" "Mozilla/5.0 AppleWebKit/537.36 (KHTML, like Gecko; compatible; ClaudeBot/1.0; +claudebot@anthropic.com)"
216.73.217.65 - - [15/Jul/2026:14:36:34 +0200] "GET /3D%22https:/wp-admin/images/3D%22http:/tracking.kzexport.cloud/tracking/$src?rename=%2Fhome%2Fcosta4%2Fvicenza.elettroservicegroup.it%2Fwp-content%2Fthemes%2Fgeneratepress%2Finc%2Fdefaults.php HTTP/2.0" 200 19093 "-" "Mozilla/5.0 AppleWebKit/537.36 (KHTML, like Gecko; compatible; ClaudeBot/1.0; +claudebot@anthropic.com)"
216.73.217.65 - - [15/Jul/2026:14:36:35 +0200] "GET /3D%22https:/click.mlsend2.com/wp-admin/3D%22http:/options-reading.php?file=%2Fhome%2Fcosta4%2Fbrescia.elettroservicegroup.it%2Fwp-includes%2Fimages%2Ficon-library%2Fcog.svg HTTP/2.0" 200 18332 "-" "Mozilla/5.0 AppleWebKit/537.36 (KHTML, like Gecko; compatible; ClaudeBot/1.0; +claudebot@anthropic.com)"
74.7.227.15 - - [15/Jul/2026:14:36:35 +0200] "GET /%22$MySQLaccess::MYSQLADMIN/'.GA4WP_URL.'assests/images/'%20.%20$this-%3Ebase-%3Eplugin-%3Edocumentation_url%20.%20'/generate-server/topic?file=/lib64/python3.9/lib2to3/__init__.py HTTP/2.0" 200 242 "https://www.vicenza.elettroservicegroup.it/%22$MySQLaccess::MYSQLADMIN/'.GA4WP_URL.'assests/images/'%20.%20$this-%3Ebase-%3Eplugin-%3Edocumentation_url%20.%20'/generate-server/topic?file=/lib64/python3.9/lib2to3" "Mozilla/5.0 AppleWebKit/537.36 (KHTML, like Gecko; compatible; GPTBot/1.4; +https://openai.com/gptbot)"
216.73.217.65 - - [15/Jul/2026:14:36:35 +0200] "GET /page/41/?file=%2Fopt%2Fcloudlinux%2Falt-php56%2Froot%2Fusr%2Flib64%2Fphp%2Fmodules%2Fsuhosin.so HTTP/2.0" 200 22704 "-" "Mozilla/5.0 AppleWebKit/537.36 (KHTML, like Gecko; compatible; ClaudeBot/1.0; +claudebot@anthropic.com)"
216.73.217.65 - - [15/Jul/2026:14:36:35 +0200] "GET /3D%22https:/wp-admin/images/3D%22http:/tracking.kzexport.cloud/tracking/link-add.php?rename=%2Fhome%2Fcosta4%2Fpublic_html%2Fwp-includes%2Fimages%2Ficon-library%2Farrow-up.svg HTTP/2.0" 200 19114 "-" "Mozilla/5.0 AppleWebKit/537.36 (KHTML, like Gecko; compatible; ClaudeBot/1.0; +claudebot@anthropic.com)"
216.73.217.65 - - [15/Jul/2026:14:36:35 +0200] "GET /page/26/?edit=%2Flib%2Fpython3.9%2Fsite-packages%2Fsetuptools%2F_distutils%2F__pycache__%2Fdist.cpython-39.pyc HTTP/2.0" 200 37468 "-" "Mozilla/5.0 AppleWebKit/537.36 (KHTML, like Gecko; compatible; ClaudeBot/1.0; +claudebot@anthropic.com)"
216.73.217.65 - - [15/Jul/2026:14:36:35 +0200] "GET /page/43/?file=%2Fopt%2Fcloudlinux%2Falt-php84%2Froot%2Fetc%2Fphp.d.all%2Fyaf.ini HTTP/2.0" 200 21683 "-" "Mozilla/5.0 AppleWebKit/537.36 (KHTML, like Gecko; compatible; ClaudeBot/1.0; +claudebot@anthropic.com)"
74.7.227.15 - - [15/Jul/2026:14:36:36 +0200] "GET /%22$MySQLaccess::MYSQLADMIN/'.GA4WP_URL.'assests/images/'%20.%20$this-%3Ebase-%3Eplugin-%3Edocumentation_url%20.%20'/generate-server/topic?file=/lib64/python3.9/lib2to3/fixes/fix_dict.py HTTP/2.0" 200 243 "https://www.vicenza.elettroservicegroup.it/%22$MySQLaccess::MYSQLADMIN/'.GA4WP_URL.'assests/images/'%20.%20$this-%3Ebase-%3Eplugin-%3Edocumentation_url%20.%20'/generate-server/topic?file=/lib64/python3.9/lib2to3/fixes" "Mozilla/5.0 AppleWebKit/537.36 (KHTML, like Gecko; compatible; GPTBot/1.4; +https://openai.com/gptbot)"
216.73.217.65 - - [15/Jul/2026:14:36:36 +0200] "GET /page/31/?rename=%2Fopt%2Fcloudlinux%2Falt-php85%2Froot%2Fusr%2Flib64%2Fphp%2Fmodules%2Fyaf.so HTTP/2.0" 200 23096 "-" "Mozilla/5.0 AppleWebKit/537.36 (KHTML, like Gecko; compatible; ClaudeBot/1.0; +claudebot@anthropic.com)"
216.73.217.65 - - [15/Jul/2026:14:36:36 +0200] "GET /page/19/?edit=%2Fopt%2Fcloudlinux%2Fvenv%2Flib64%2Fpython3.11%2Fsite-packages%2Fnumpy%2Fdistutils%2Fchecks%2Fcpu_sse3.c HTTP/2.0" 200 23172 "-" "Mozilla/5.0 AppleWebKit/537.36 (KHTML, like Gecko; compatible; ClaudeBot/1.0; +claudebot@anthropic.com)"
216.73.217.65 - - [15/Jul/2026:14:36:36 +0200] "GET /page/20/?rename=%2Fopt%2Fcloudlinux%2Falt-php80%2Froot%2Fetc%2Fphp.d.all%2Fbitset.ini HTTP/2.0" 200 23148 "-" "Mozilla/5.0 AppleWebKit/537.36 (KHTML, like Gecko; compatible; ClaudeBot/1.0; +claudebot@anthropic.com)"
216.73.217.65 - - [15/Jul/2026:14:36:36 +0200] "GET /page/3/?edit=%2Fopt%2Fcloudlinux%2Fvenv%2Flib64%2Fpython3.11%2Fsite-packages%2Ftestfixtures%2Ftests%2Ftest_mock.py HTTP/2.0" 200 23385 "-" "Mozilla/5.0 AppleWebKit/537.36 (KHTML, like Gecko; compatible; ClaudeBot/1.0; +claudebot@anthropic.com)"
216.73.217.65 - - [15/Jul/2026:14:36:36 +0200] "GET /page/36/?edit=%2Fopt%2Fcloudlinux%2Falt-php85%2Froot%2Fusr%2Finclude%2Fphp%2Fext%2Fpcre%2Fpcre2lib%2Fpcre2_intmodedep.h HTTP/2.0" 200 32644 "-" "Mozilla/5.0 AppleWebKit/537.36 (KHTML, like Gecko; compatible; ClaudeBot/1.0; +claudebot@anthropic.com)"
216.73.217.65 - - [15/Jul/2026:14:36:38 +0200] "GET /3D%22https:/click.mlsend2.com/wp-admin/3D%22http:/js/jquery.js?view=%2Fhome%2Fcosta4%2Fvicenza.elettroservicegroup.it%2Fwp-content%2Fthemes%2Fgeneratepress%2Ffooter-min.php HTTP/2.0" 200 184 "-" "Mozilla/5.0 AppleWebKit/537.36 (KHTML, like Gecko; compatible; ClaudeBot/1.0; +claudebot@anthropic.com)"
216.73.217.65 - - [15/Jul/2026:14:36:38 +0200] "GET /page/19/?view=%2Fopt%2Fcloudlinux%2Fvenv%2Flib64%2Fpython3.11%2Fsite-packages%2Fnumpy%2Fdistutils%2Fchecks%2Fcpu_fma3.c HTTP/2.0" 200 466 "-" "Mozilla/5.0 AppleWebKit/537.36 (KHTML, like Gecko; compatible; ClaudeBot/1.0; +claudebot@anthropic.com)"
74.7.227.15 - - [15/Jul/2026:14:36:38 +0200] "GET /%22$MySQLaccess::MYSQLADMIN/'.GA4WP_URL.'assests/images/'%20.%20$this-%3Ebase-%3Eplugin-%3Edocumentation_url%20.%20'/generate-server/topic?edit=/lib64/python3.9/lib2to3/PatternGrammar.txt HTTP/2.0" 200 1342 "https://www.vicenza.elettroservicegroup.it/%22$MySQLaccess::MYSQLADMIN/'.GA4WP_URL.'assests/images/'%20.%20$this-%3Ebase-%3Eplugin-%3Edocumentation_url%20.%20'/generate-server/topic?file=/lib64/python3.9/lib2to3" "Mozilla/5.0 AppleWebKit/537.36 (KHTML, like Gecko; compatible; GPTBot/1.4; +https://openai.com/gptbot)"
216.73.217.65 - - [15/Jul/2026:14:36:36 +0200] "GET /page/25/?rename=%2Fopt%2Fcloudlinux%2Fvenv%2Flib64%2Fpython3.11%2Fsite-packages%2Fnumpy%2Fmatrixlib%2Ftests%2Ftest_regression.py HTTP/2.0" 200 22914 "-" "Mozilla/5.0 AppleWebKit/537.36 (KHTML, like Gecko; compatible; ClaudeBot/1.0; +claudebot@anthropic.com)"
216.73.217.65 - - [15/Jul/2026:14:36:37 +0200] "GET /3D%22https:/ln.run/%22http:/php.net/manual/en/js/3D%22http:/themes.php?rename=%2Fhome%2Fcosta4%2Fcremona.elettroservicegroup.it%2Fwp-admin%2Fsite-health-info.php HTTP/2.0" 200 19104 "-" "Mozilla/5.0 AppleWebKit/537.36 (KHTML, like Gecko; compatible; ClaudeBot/1.0; +claudebot@anthropic.com)"
216.73.217.65 - - [15/Jul/2026:14:36:37 +0200] "GET /page/37/?rename=%2Fopt%2Fcloudlinux%2Falt-php71%2Froot%2Fusr%2Finclude%2Fphp%2Fext%2Fmysqlnd%2Fmysqlnd_libmysql_compat.h HTTP/2.0" 200 23003 "-" "Mozilla/5.0 AppleWebKit/537.36 (KHTML, like Gecko; compatible; ClaudeBot/1.0; +claudebot@anthropic.com)"
216.73.217.65 - - [15/Jul/2026:14:36:37 +0200] "GET /page/32/?file=%2Fusr%2Finclude%2Fgssapi.h HTTP/2.0" 200 22504 "-" "Mozilla/5.0 AppleWebKit/537.36 (KHTML, like Gecko; compatible; ClaudeBot/1.0; +claudebot@anthropic.com)"
216.73.217.65 - - [15/Jul/2026:14:36:39 +0200] "GET /page/28/?view=%2Fopt%2Fcloudlinux%2Falt-php74%2Froot%2Fetc%2Fphp.d.all%2Fleveldb.ini HTTP/2.0" 200 48 "-" "Mozilla/5.0 AppleWebKit/537.36 (KHTML, like Gecko; compatible; ClaudeBot/1.0; +claudebot@anthropic.com)"
216.73.217.65 - - [15/Jul/2026:14:36:39 +0200] "GET /3D%22https:/wp-admin/images/3D%22http:/tracking.kzexport.cloud/tracking/%3C?view=%2Fhome%2Fcosta4%2Fparma.elettroservicegroup.it%2Fwp-includes%2Fblocks%2Fnavigation-overlay-close%2Fstyle.min.css HTTP/2.0" 200 174 "-" "Mozilla/5.0 AppleWebKit/537.36 (KHTML, like Gecko; compatible; ClaudeBot/1.0; +claudebot@anthropic.com)"
216.73.217.65 - - [15/Jul/2026:14:36:38 +0200] "GET /page/27/?file=%2Flib%2Fnode_modules%2Fnpm%2Fnode_modules%2Fnpm-packlist%2Fbin%2Findex.js HTTP/2.0" 200 21202 "-" "Mozilla/5.0 AppleWebKit/537.36 (KHTML, like Gecko; compatible; ClaudeBot/1.0; +claudebot@anthropic.com)"
74.7.227.15 - - [15/Jul/2026:14:36:39 +0200] "GET /%22$MySQLaccess::MYSQLADMIN/'.GA4WP_URL.'assests/images/'%20.%20$this-%3Ebase-%3Eplugin-%3Edocumentation_url%20.%20'/generate-server/topic?edit=/lib64/python3.9/lib2to3/fixes/fix_numliterals.py HTTP/2.0" 200 1351 "https://www.vicenza.elettroservicegroup.it/%22$MySQLaccess::MYSQLADMIN/'.GA4WP_URL.'assests/images/'%20.%20$this-%3Ebase-%3Eplugin-%3Edocumentation_url%20.%20'/generate-server/topic?file=/lib64/python3.9/lib2to3/fixes" "Mozilla/5.0 AppleWebKit/537.36 (KHTML, like Gecko; compatible; GPTBot/1.4; +https://openai.com/gptbot)"
216.73.217.65 - - [15/Jul/2026:14:36:38 +0200] "GET /page/38/?file=%2Fopt%2Fcloudlinux%2Falt-php80%2Froot%2Fusr%2Finclude%2Fphp%2Fext%2Fmysqlnd%2Fmysqlnd_charset.h HTTP/2.0" 200 22229 "-" "Mozilla/5.0 AppleWebKit/537.36 (KHTML, like Gecko; compatible; ClaudeBot/1.0; +claudebot@anthropic.com)"
216.73.217.65 - - [15/Jul/2026:14:36:39 +0200] "GET /page/22/?view=%2Fusr%2Finclude%2Flinux%2Fnetfilter%2Fxt_dscp.h HTTP/2.0" 200 404 "-" "Mozilla/5.0 AppleWebKit/537.36 (KHTML, like Gecko; compatible; ClaudeBot/1.0; +claudebot@anthropic.com)"
216.73.217.65 - - [15/Jul/2026:14:36:38 +0200] "GET /page/42/?edit=%2Fusr%2Finclude%2Flinux%2Fatmclip.h HTTP/2.0" 200 22933 "-" "Mozilla/5.0 AppleWebKit/537.36 (KHTML, like Gecko; compatible; ClaudeBot/1.0; +claudebot@anthropic.com)"
216.73.217.65 - - [15/Jul/2026:14:36:38 +0200] "GET /page/31/?file=%2Fopt%2Fcloudlinux%2Fvenv%2Flib64%2Fpython3.11%2Fsite-packages%2Flxml%2Fproxy.pxi HTTP/2.0" 200 22327 "-" "Mozilla/5.0 AppleWebKit/537.36 (KHTML, like Gecko; compatible; ClaudeBot/1.0; +claudebot@anthropic.com)"
216.73.217.65 - - [15/Jul/2026:14:36:38 +0200] "GET /3D%22https:/click.mlsend2.com/wp-admin/css/3D'https:/mxfire1.svrsh.com:8006/license.txt?file=%2Fhome%2Fcosta4%2Fvicenza.elettroservicegroup.it%2Fwp-content%2Fthemes%2Fgeneratepress%2Ffooter-min.php HTTP/2.0" 200 18344 "-" "Mozilla/5.0 AppleWebKit/537.36 (KHTML, like Gecko; compatible; ClaudeBot/1.0; +claudebot@anthropic.com)"
74.7.227.15 - - [15/Jul/2026:14:36:40 +0200] "GET /%22$MySQLaccess::MYSQLADMIN/'.GA4WP_URL.'assests/images/'%20.%20$this-%3Ebase-%3Eplugin-%3Edocumentation_url%20.%20'/generate-server/topic?rename=/lib64/python3.9/lib2to3/Grammar.txt HTTP/2.0" 200 920 "https://www.vicenza.elettroservicegroup.it/%22$MySQLaccess::MYSQLADMIN/'.GA4WP_URL.'assests/images/'%20.%20$this-%3Ebase-%3Eplugin-%3Edocumentation_url%20.%20'/generate-server/topic?file=/lib64/python3.9/lib2to3" "Mozilla/5.0 AppleWebKit/537.36 (KHTML, like Gecko; compatible; GPTBot/1.4; +https://openai.com/gptbot)"
216.73.217.65 - - [15/Jul/2026:14:36:39 +0200] "GET /page/11/?rename=%2Fopt%2Fcloudlinux%2Falt-php56%2Froot%2Fetc%2Fphp.d.all%2Frsync.ini HTTP/2.0" 200 22905 "-" "Mozilla/5.0 AppleWebKit/537.36 (KHTML, like Gecko; compatible; ClaudeBot/1.0; +claudebot@anthropic.com)"
216.73.217.65 - - [15/Jul/2026:14:36:40 +0200] "GET /3D%22https:/wp-admin/images/3D%22http:/tracking.kzexport.cloud/tracking/%3C?view=%2Fhome%2Fcosta4%2Fparma.elettroservicegroup.it%2Fwp-admin%2Fimages%2Fabout-header-default-rtl.webp HTTP/2.0" 200 16628 "-" "Mozilla/5.0 AppleWebKit/537.36 (KHTML, like Gecko; compatible; ClaudeBot/1.0; +claudebot@anthropic.com)"
216.73.217.65 - - [15/Jul/2026:14:36:40 +0200] "GET /page/24/?view=%2Fopt%2Fcloudlinux%2Fvenv%2Flib64%2Fpython3.11%2Fsite-packages%2F__pycache__%2Fcldiaglib.cpython-311.opt-1.pyc HTTP/2.0" 200 28643 "-" "Mozilla/5.0 AppleWebKit/537.36 (KHTML, like Gecko; compatible; ClaudeBot/1.0; +claudebot@anthropic.com)"
216.73.217.65 - - [15/Jul/2026:14:36:40 +0200] "GET /page/36/?rename=%2Fopt%2Fcloudlinux%2Falt-php70%2Froot%2Fusr%2Finclude%2Fphp%2Fext%2Fmysqlnd%2Fmysqlnd_enum_n_def.h HTTP/2.0" 200 22707 "-" "Mozilla/5.0 AppleWebKit/537.36 (KHTML, like Gecko; compatible; ClaudeBot/1.0; +claudebot@anthropic.com)"
216.73.217.65 - - [15/Jul/2026:14:36:41 +0200] "GET /3D%22https:/click.mlsend2.com/3D%22http:/click.ernesto.it/wf/%3C?view=%2Fhome%2Fcosta4%2Fwww%2Fwp-admin%2Fcss%2Fcolors%2Focean%2Fcolors.min.css HTTP/2.0" 200 3154 "-" "Mozilla/5.0 AppleWebKit/537.36 (KHTML, like Gecko; compatible; ClaudeBot/1.0; +claudebot@anthropic.com)"
74.7.227.15 - - [15/Jul/2026:14:36:41 +0200] "GET /%22$MySQLaccess::MYSQLADMIN/'.GA4WP_URL.'assests/images/'%20.%20$this-%3Ebase-%3Eplugin-%3Edocumentation_url%20.%20'/generate-server/topic?edit=/lib64/python3.9/lib2to3/fixes/fix_raw_input.py HTTP/2.0" 200 1207 "https://www.vicenza.elettroservicegroup.it/%22$MySQLaccess::MYSQLADMIN/'.GA4WP_URL.'assests/images/'%20.%20$this-%3Ebase-%3Eplugin-%3Edocumentation_url%20.%20'/generate-server/topic?file=/lib64/python3.9/lib2to3/fixes" "Mozilla/5.0 AppleWebKit/537.36 (KHTML, like Gecko; compatible; GPTBot/1.4; +https://openai.com/gptbot)"
216.73.217.65 - - [15/Jul/2026:14:36:40 +0200] "GET /3D%22https:/click.mlsend2.com/3D%22http:/click.ernesto.it/wf/wp-admin/css/install.css?edit=%2Fhome%2Fcosta4%2Fwww%2Fwp-content%2Flanguages%2Fit_IT-529362903a5a05b34b06b5e793fb4cf8.json HTTP/2.0" 200 19496 "-" "Mozilla/5.0 AppleWebKit/537.36 (KHTML, like Gecko; compatible; ClaudeBot/1.0; +claudebot@anthropic.com)"
216.73.217.65 - - [15/Jul/2026:14:36:40 +0200] "GET /page/18/?edit=%2Fopt%2Falt%2Fphp56%2Fusr%2Finclude%2Fphp%2Fext%2Fstandard%2Ffsock.h HTTP/2.0" 200 23531 "-" "Mozilla/5.0 AppleWebKit/537.36 (KHTML, like Gecko; compatible; ClaudeBot/1.0; +claudebot@anthropic.com)"
216.73.217.65 - - [15/Jul/2026:14:36:40 +0200] "GET /page/41/?rename=%2Fopt%2Fcloudlinux%2Falt-php73%2Froot%2Fusr%2Finclude%2Fphp%2FZend%2Fzend_highlight.h HTTP/2.0" 200 23474 "-" "Mozilla/5.0 AppleWebKit/537.36 (KHTML, like Gecko; compatible; ClaudeBot/1.0; +claudebot@anthropic.com)"
216.73.217.65 - - [15/Jul/2026:14:36:42 +0200] "GET /page/30/?view=%2Fopt%2Fcloudlinux%2Falt-php71%2Froot%2Fetc%2Fphp.d.all%2Fgnupg.ini HTTP/2.0" 200 46 "-" "Mozilla/5.0 AppleWebKit/537.36 (KHTML, like Gecko; compatible; ClaudeBot/1.0; +claudebot@anthropic.com)"
216.73.217.65 - - [15/Jul/2026:14:36:40 +0200] "GET /page/24/?rename=%2Fopt%2Falt%2Fpython-internal%2Flib64%2Fpython3.11%2Fencodings%2F__pycache__%2Fcp863.cpython-311.pyc HTTP/2.0" 200 23485 "-" "Mozilla/5.0 AppleWebKit/537.36 (KHTML, like Gecko; compatible; ClaudeBot/1.0; +claudebot@anthropic.com)"
216.73.217.65 - - [15/Jul/2026:14:36:40 +0200] "GET /page/15/?rename=%2Fopt%2Fcpanel%2Fea-php71%2Froot%2Fusr%2Finclude%2Fphp%2Fext%2Fstandard%2Fphp_ext_syslog.h HTTP/2.0" 200 22610 "-" "Mozilla/5.0 AppleWebKit/537.36 (KHTML, like Gecko; compatible; ClaudeBot/1.0; +claudebot@anthropic.com)"
216.73.217.65 - - [15/Jul/2026:14:36:41 +0200] "GET /page/21/?file=%2Fopt%2Fcloudlinux%2Falt-php84%2Froot%2Fetc%2Fphp.d.all%2Fyaf.ini HTTP/2.0" 200 22133 "-" "Mozilla/5.0 AppleWebKit/537.36 (KHTML, like Gecko; compatible; ClaudeBot/1.0; +claudebot@anthropic.com)"
216.73.217.65 - - [15/Jul/2026:14:36:42 +0200] "GET /page/11/?view=%2Fopt%2Fcloudlinux%2Falt-php81%2Froot%2Fusr%2Fbin%2Fpeardev HTTP/2.0" 200 221 "-" "Mozilla/5.0 AppleWebKit/537.36 (KHTML, like Gecko; compatible; ClaudeBot/1.0; +claudebot@anthropic.com)"
74.7.227.15 - - [15/Jul/2026:14:36:42 +0200] "GET /%22$MySQLaccess::MYSQLADMIN/'.GA4WP_URL.'assests/images/'%20.%20$this-%3Ebase-%3Eplugin-%3Edocumentation_url%20.%20'/generate-server/topic?rename=/lib64/python3.9/lib2to3/fixes/fix_renames.py HTTP/2.0" 200 921 "https://www.vicenza.elettroservicegroup.it/%22$MySQLaccess::MYSQLADMIN/'.GA4WP_URL.'assests/images/'%20.%20$this-%3Ebase-%3Eplugin-%3Edocumentation_url%20.%20'/generate-server/topic?file=/lib64/python3.9/lib2to3/fixes" "Mozilla/5.0 AppleWebKit/537.36 (KHTML, like Gecko; compatible; GPTBot/1.4; +https://openai.com/gptbot)"
216.73.217.65 - - [15/Jul/2026:14:36:41 +0200] "GET /page/30/?file=%2Fopt%2Fcloudlinux%2Falt-php74%2Froot%2Fetc%2Fphp.d.all%2Fxdiff.ini HTTP/2.0" 200 21987 "-" "Mozilla/5.0 AppleWebKit/537.36 (KHTML, like Gecko; compatible; ClaudeBot/1.0; +claudebot@anthropic.com)"
216.73.217.65 - - [15/Jul/2026:14:36:42 +0200] "GET /3D%22https:/'%20.%20esc_url('https:/themes.wpmaintenancemode.com/wp-admin/css/3D=22http:/3D%22http:/www.elettropiusrl.it%22?edit=%2Fhome%2Fcosta4%2Fvicenza.elettroservicegroup.it%2Fwp-content%2Fplugins%2Felementor%2Fassets%2Fjs%2Feditor.min.js HTTP/2.0" 200 268472 "-" "Mozilla/5.0 AppleWebKit/537.36 (KHTML, like Gecko; compatible; ClaudeBot/1.0; +claudebot@anthropic.com)"
216.73.217.65 - - [15/Jul/2026:14:36:43 +0200] "GET /page/40/?view=%2Fusr%2Finclude%2Funicode%2Fmeasunit.h HTTP/2.0" 200 9204 "-" "Mozilla/5.0 AppleWebKit/537.36 (KHTML, like Gecko; compatible; ClaudeBot/1.0; +claudebot@anthropic.com)"
216.73.217.65 - - [15/Jul/2026:14:36:43 +0200] "GET /page/18/?view=%2Fopt%2Fcloudlinux%2Falt-php84%2Froot%2Fusr%2Flib64%2Fphp%2Fmodules%2Fpdo_sqlsrv.so HTTP/2.0" 200 122553 "-" "Mozilla/5.0 AppleWebKit/537.36 (KHTML, like Gecko; compatible; ClaudeBot/1.0; +claudebot@anthropic.com)"
216.73.217.65 - - [15/Jul/2026:14:36:43 +0200] "GET /3D%22https:/ln.run/%22http:/php.net/manual/en/js/3D%22http:/wp-admin/%7B$link%7D?rename=%2Fhome%2Fcosta4%2Fvicenza.elettroservicegroup.it%2Fwp-content%2Fthemes%2Fgeneratepress%2Fcontent-404.php HTTP/2.0" 200 895 "-" "Mozilla/5.0 AppleWebKit/537.36 (KHTML, like Gecko; compatible; ClaudeBot/1.0; +claudebot@anthropic.com)"
216.73.217.65 - - [15/Jul/2026:14:36:41 +0200] "GET /page/26/?file=%2Fusr%2Finclude%2Flinux%2Fdpll.h HTTP/2.0" 200 23280 "-" "Mozilla/5.0 AppleWebKit/537.36 (KHTML, like Gecko; compatible; ClaudeBot/1.0; +claudebot@anthropic.com)"
216.73.217.65 - - [15/Jul/2026:14:36:41 +0200] "GET /page/10/?rename=%2Flib%2Fnode_modules%2Fnpm%2Fnode_modules%2Fsocks%2Fbuild%2Fcommon%2Fconstants.js HTTP/2.0" 200 22577 "-" "Mozilla/5.0 AppleWebKit/537.36 (KHTML, like Gecko; compatible; ClaudeBot/1.0; +claudebot@anthropic.com)"
216.73.217.65 - - [15/Jul/2026:14:36:42 +0200] "GET /page/27/?rename=%2Fopt%2Fcloudlinux%2Fvenv%2Flib64%2Fpython3.11%2Fsite-packages%2Fcoverage%2F__pycache__%2Fjsonreport.cpython-311.pyc HTTP/2.0" 200 22044 "-" "Mozilla/5.0 AppleWebKit/537.36 (KHTML, like Gecko; compatible; ClaudeBot/1.0; +claudebot@anthropic.com)"
74.7.227.15 - - [15/Jul/2026:14:36:43 +0200] "GET /%22$MySQLaccess::MYSQLADMIN/'.GA4WP_URL.'assests/images/'%20.%20$this-%3Ebase-%3Eplugin-%3Edocumentation_url%20.%20'/generate-server/topic?edit=/lib64/python3.9/lib2to3/patcomp.py HTTP/2.0" 200 3062 "https://www.vicenza.elettroservicegroup.it/%22$MySQLaccess::MYSQLADMIN/'.GA4WP_URL.'assests/images/'%20.%20$this-%3Ebase-%3Eplugin-%3Edocumentation_url%20.%20'/generate-server/topic?file=/lib64/python3.9/lib2to3" "Mozilla/5.0 AppleWebKit/537.36 (KHTML, like Gecko; compatible; GPTBot/1.4; +https://openai.com/gptbot)"
74.7.227.15 - - [15/Jul/2026:14:36:44 +0200] "GET /%22$MySQLaccess::MYSQLADMIN/'.GA4WP_URL.'assests/images/'%20.%20$this-%3Ebase-%3Eplugin-%3Edocumentation_url%20.%20'/generate-server/topic?edit=/lib64/python3.9/lib2to3/__init__.py HTTP/2.0" 200 1025 "https://www.vicenza.elettroservicegroup.it/%22$MySQLaccess::MYSQLADMIN/'.GA4WP_URL.'assests/images/'%20.%20$this-%3Ebase-%3Eplugin-%3Edocumentation_url%20.%20'/generate-server/topic?file=/lib64/python3.9/lib2to3" "Mozilla/5.0 AppleWebKit/537.36 (KHTML, like Gecko; compatible; GPTBot/1.4; +https://openai.com/gptbot)"
74.7.227.15 - - [15/Jul/2026:14:36:44 +0200] "GET /%22$MySQLaccess::MYSQLADMIN/'.GA4WP_URL.'assests/images/'%20.%20$this-%3Ebase-%3Eplugin-%3Edocumentation_url%20.%20'/generate-server/topic?rename=/lib64/python3.9/lib2to3/btm_utils.py HTTP/2.0" 200 915 "https://www.vicenza.elettroservicegroup.it/%22$MySQLaccess::MYSQLADMIN/'.GA4WP_URL.'assests/images/'%20.%20$this-%3Ebase-%3Eplugin-%3Edocumentation_url%20.%20'/generate-server/topic?file=/lib64/python3.9/lib2to3" "Mozilla/5.0 AppleWebKit/537.36 (KHTML, like Gecko; compatible; GPTBot/1.4; +https://openai.com/gptbot)"
74.7.227.15 - - [15/Jul/2026:14:36:45 +0200] "GET /%22$MySQLaccess::MYSQLADMIN/'.GA4WP_URL.'assests/images/'%20.%20$this-%3Ebase-%3Eplugin-%3Edocumentation_url%20.%20'/generate-server/topic?file=/lib64/python3.9/lib2to3/fixes/fix_tuple_params.py HTTP/2.0" 200 246 "https://www.vicenza.elettroservicegroup.it/%22$MySQLaccess::MYSQLADMIN/'.GA4WP_URL.'assests/images/'%20.%20$this-%3Ebase-%3Eplugin-%3Edocumentation_url%20.%20'/generate-server/topic?file=/lib64/python3.9/lib2to3/fixes" "Mozilla/5.0 AppleWebKit/537.36 (KHTML, like Gecko; compatible; GPTBot/1.4; +https://openai.com/gptbot)"
74.7.227.15 - - [15/Jul/2026:14:36:45 +0200] "GET /%22$MySQLaccess::MYSQLADMIN/'.GA4WP_URL.'assests/images/'%20.%20$this-%3Ebase-%3Eplugin-%3Edocumentation_url%20.%20'/generate-server/topic?rename=/lib64/python3.9/lib2to3/fixes/fix_execfile.py HTTP/2.0" 200 922 "https://www.vicenza.elettroservicegroup.it/%22$MySQLaccess::MYSQLADMIN/'.GA4WP_URL.'assests/images/'%20.%20$this-%3Ebase-%3Eplugin-%3Edocumentation_url%20.%20'/generate-server/topic?file=/lib64/python3.9/lib2to3/fixes" "Mozilla/5.0 AppleWebKit/537.36 (KHTML, like Gecko; compatible; GPTBot/1.4; +https://openai.com/gptbot)"
74.7.227.15 - - [15/Jul/2026:14:36:46 +0200] "GET /%22$MySQLaccess::MYSQLADMIN/'.GA4WP_URL.'assests/images/'%20.%20$this-%3Ebase-%3Eplugin-%3Edocumentation_url%20.%20'/generate-server/topic?rename=/lib64/python3.9/lib2to3/fixes/fix_raise.py HTTP/2.0" 200 920 "https://www.vicenza.elettroservicegroup.it/%22$MySQLaccess::MYSQLADMIN/'.GA4WP_URL.'assests/images/'%20.%20$this-%3Ebase-%3Eplugin-%3Edocumentation_url%20.%20'/generate-server/topic?file=/lib64/python3.9/lib2to3/fixes" "Mozilla/5.0 AppleWebKit/537.36 (KHTML, like Gecko; compatible; GPTBot/1.4; +https://openai.com/gptbot)"
74.7.227.15 - - [15/Jul/2026:14:36:46 +0200] "GET /%22$MySQLaccess::MYSQLADMIN/'.GA4WP_URL.'assests/images/'%20.%20$this-%3Ebase-%3Eplugin-%3Edocumentation_url%20.%20'/generate-server/topic?rename=/lib64/python3.9/lib2to3/fixes/fix_paren.py HTTP/2.0" 200 920 "https://www.vicenza.elettroservicegroup.it/%22$MySQLaccess::MYSQLADMIN/'.GA4WP_URL.'assests/images/'%20.%20$this-%3Ebase-%3Eplugin-%3Edocumentation_url%20.%20'/generate-server/topic?file=/lib64/python3.9/lib2to3/fixes" "Mozilla/5.0 AppleWebKit/537.36 (KHTML, like Gecko; compatible; GPTBot/1.4; +https://openai.com/gptbot)"
74.7.227.15 - - [15/Jul/2026:14:36:47 +0200] "GET /%22$MySQLaccess::MYSQLADMIN/'.GA4WP_URL.'assests/images/'%20.%20$this-%3Ebase-%3Eplugin-%3Edocumentation_url%20.%20'/generate-server/topic?rename=/lib64/python3.9/lib2to3/fixes/fix_zip.py HTTP/2.0" 200 919 "https://www.vicenza.elettroservicegroup.it/%22$MySQLaccess::MYSQLADMIN/'.GA4WP_URL.'assests/images/'%20.%20$this-%3Ebase-%3Eplugin-%3Edocumentation_url%20.%20'/generate-server/topic?file=/lib64/python3.9/lib2to3/fixes" "Mozilla/5.0 AppleWebKit/537.36 (KHTML, like Gecko; compatible; GPTBot/1.4; +https://openai.com/gptbot)"
74.7.227.15 - - [15/Jul/2026:14:36:48 +0200] "GET /%22$MySQLaccess::MYSQLADMIN/'.GA4WP_URL.'assests/images/'%20.%20$this-%3Ebase-%3Eplugin-%3Edocumentation_url%20.%20'/generate-server/topic?rename=/lib64/python3.9/lib2to3/fixes/fix_import.py HTTP/2.0" 200 920 "https://www.vicenza.elettroservicegroup.it/%22$MySQLaccess::MYSQLADMIN/'.GA4WP_URL.'assests/images/'%20.%20$this-%3Ebase-%3Eplugin-%3Edocumentation_url%20.%20'/generate-server/topic?file=/lib64/python3.9/lib2to3/fixes" "Mozilla/5.0 AppleWebKit/537.36 (KHTML, like Gecko; compatible; GPTBot/1.4; +https://openai.com/gptbot)"
74.7.227.15 - - [15/Jul/2026:14:36:48 +0200] "GET /%22$MySQLaccess::MYSQLADMIN/'.GA4WP_URL.'assests/images/'%20.%20$this-%3Ebase-%3Eplugin-%3Edocumentation_url%20.%20'/generate-server/topic?file=/lib64/python3.9/lib2to3/fixes/fix_isinstance.py HTTP/2.0" 200 248 "https://www.vicenza.elettroservicegroup.it/%22$MySQLaccess::MYSQLADMIN/'.GA4WP_URL.'assests/images/'%20.%20$this-%3Ebase-%3Eplugin-%3Edocumentation_url%20.%20'/generate-server/topic?file=/lib64/python3.9/lib2to3/fixes" "Mozilla/5.0 AppleWebKit/537.36 (KHTML, like Gecko; compatible; GPTBot/1.4; +https://openai.com/gptbot)"
74.7.227.15 - - [15/Jul/2026:14:36:49 +0200] "GET /%22$MySQLaccess::MYSQLADMIN/'.GA4WP_URL.'assests/images/'%20.%20$this-%3Ebase-%3Eplugin-%3Edocumentation_url%20.%20'/generate-server/topic?file=/lib64/python3.9/lib2to3/PatternGrammar.txt HTTP/2.0" 200 245 "https://www.vicenza.elettroservicegroup.it/%22$MySQLaccess::MYSQLADMIN/'.GA4WP_URL.'assests/images/'%20.%20$this-%3Ebase-%3Eplugin-%3Edocumentation_url%20.%20'/generate-server/topic?file=/lib64/python3.9/lib2to3" "Mozilla/5.0 AppleWebKit/537.36 (KHTML, like Gecko; compatible; GPTBot/1.4; +https://openai.com/gptbot)"
74.7.227.15 - - [15/Jul/2026:14:36:50 +0200] "GET /%22$MySQLaccess::MYSQLADMIN/'.GA4WP_URL.'assests/images/'%20.%20$this-%3Ebase-%3Eplugin-%3Edocumentation_url%20.%20'/generate-server/topic?file=/lib64/python3.9/lib2to3/fixes/fix_except.py HTTP/2.0" 200 240 "https://www.vicenza.elettroservicegroup.it/%22$MySQLaccess::MYSQLADMIN/'.GA4WP_URL.'assests/images/'%20.%20$this-%3Ebase-%3Eplugin-%3Edocumentation_url%20.%20'/generate-server/topic?file=/lib64/python3.9/lib2to3/fixes" "Mozilla/5.0 AppleWebKit/537.36 (KHTML, like Gecko; compatible; GPTBot/1.4; +https://openai.com/gptbot)"
74.7.227.15 - - [15/Jul/2026:14:36:50 +0200] "GET /%22$MySQLaccess::MYSQLADMIN/'.GA4WP_URL.'assests/images/'%20.%20$this-%3Ebase-%3Eplugin-%3Edocumentation_url%20.%20'/generate-server/topic?file=/lib64/python3.9/lib2to3/fixes/fix_future.py HTTP/2.0" 200 240 "https://www.vicenza.elettroservicegroup.it/%22$MySQLaccess::MYSQLADMIN/'.GA4WP_URL.'assests/images/'%20.%20$this-%3Ebase-%3Eplugin-%3Edocumentation_url%20.%20'/generate-server/topic?file=/lib64/python3.9/lib2to3/fixes" "Mozilla/5.0 AppleWebKit/537.36 (KHTML, like Gecko; compatible; GPTBot/1.4; +https://openai.com/gptbot)"
74.7.227.15 - - [15/Jul/2026:14:36:51 +0200] "GET /%22$MySQLaccess::MYSQLADMIN/'.GA4WP_URL.'assests/images/'%20.%20$this-%3Ebase-%3Eplugin-%3Edocumentation_url%20.%20'/generate-server/topic?edit=/lib64/python3.9/lib2to3/fixes/fix_xreadlines.py HTTP/2.0" 200 1295 "https://www.vicenza.elettroservicegroup.it/%22$MySQLaccess::MYSQLADMIN/'.GA4WP_URL.'assests/images/'%20.%20$this-%3Ebase-%3Eplugin-%3Edocumentation_url%20.%20'/generate-server/topic?file=/lib64/python3.9/lib2to3/fixes" "Mozilla/5.0 AppleWebKit/537.36 (KHTML, like Gecko; compatible; GPTBot/1.4; +https://openai.com/gptbot)"
65.108.235.243 - - [15/Jul/2026:14:36:52 +0200] "POST /wp-cron.php?doing_wp_cron=1784119012.1930220127105712890625 HTTP/1.1" 200 1 "-" "WordPress/7.0.1; https://vicenza.elettroservicegroup.it"
74.7.227.15 - - [15/Jul/2026:14:36:52 +0200] "GET /%22$MySQLaccess::MYSQLADMIN/'.GA4WP_URL.'assests/images/'%20.%20$this-%3Ebase-%3Eplugin-%3Edocumentation_url%20.%20'/generate-server/topic?file=/lib64/python3.9/lib2to3/fixes/fix_numliterals.py HTTP/2.0" 200 249 "https://www.vicenza.elettroservicegroup.it/%22$MySQLaccess::MYSQLADMIN/'.GA4WP_URL.'assests/images/'%20.%20$this-%3Ebase-%3Eplugin-%3Edocumentation_url%20.%20'/generate-server/topic?file=/lib64/python3.9/lib2to3/fixes" "Mozilla/5.0 AppleWebKit/537.36 (KHTML, like Gecko; compatible; GPTBot/1.4; +https://openai.com/gptbot)"
74.7.227.15 - - [15/Jul/2026:14:36:52 +0200] "GET /%22$MySQLaccess::MYSQLADMIN/'.GA4WP_URL.'assests/images/'%20.%20$this-%3Ebase-%3Eplugin-%3Edocumentation_url%20.%20'/generate-server/topic?edit=/lib64/python3.9/lib2to3/fixes/fix_intern.py HTTP/2.0" 200 1501 "https://www.vicenza.elettroservicegroup.it/%22$MySQLaccess::MYSQLADMIN/'.GA4WP_URL.'assests/images/'%20.%20$this-%3Ebase-%3Eplugin-%3Edocumentation_url%20.%20'/generate-server/topic?file=/lib64/python3.9/lib2to3/fixes" "Mozilla/5.0 AppleWebKit/537.36 (KHTML, like Gecko; compatible; GPTBot/1.4; +https://openai.com/gptbot)"
74.7.227.15 - - [15/Jul/2026:14:36:53 +0200] "GET /%22$MySQLaccess::MYSQLADMIN/'.GA4WP_URL.'assests/images/'%20.%20$this-%3Ebase-%3Eplugin-%3Edocumentation_url%20.%20'/generate-server/topic?file=/lib64/python3.9/lib2to3/fixes/fix_import.py HTTP/2.0" 200 240 "https://www.vicenza.elettroservicegroup.it/%22$MySQLaccess::MYSQLADMIN/'.GA4WP_URL.'assests/images/'%20.%20$this-%3Ebase-%3Eplugin-%3Edocumentation_url%20.%20'/generate-server/topic?file=/lib64/python3.9/lib2to3/fixes" "Mozilla/5.0 AppleWebKit/537.36 (KHTML, like Gecko; compatible; GPTBot/1.4; +https://openai.com/gptbot)"
74.7.227.15 - - [15/Jul/2026:14:36:53 +0200] "GET /%22$MySQLaccess::MYSQLADMIN/'.GA4WP_URL.'assests/images/'%20.%20$this-%3Ebase-%3Eplugin-%3Edocumentation_url%20.%20'/generate-server/topic?edit=/lib64/python3.9/lib2to3/fixes/fix_basestring.py HTTP/2.0" 200 1127 "https://www.vicenza.elettroservicegroup.it/%22$MySQLaccess::MYSQLADMIN/'.GA4WP_URL.'assests/images/'%20.%20$this-%3Ebase-%3Eplugin-%3Edocumentation_url%20.%20'/generate-server/topic?file=/lib64/python3.9/lib2to3/fixes" "Mozilla/5.0 AppleWebKit/537.36 (KHTML, like Gecko; compatible; GPTBot/1.4; +https://openai.com/gptbot)"
74.7.227.15 - - [15/Jul/2026:14:36:54 +0200] "GET /%22$MySQLaccess::MYSQLADMIN/'.GA4WP_URL.'assests/images/'%20.%20$this-%3Ebase-%3Eplugin-%3Edocumentation_url%20.%20'/generate-server/topic?rename=/lib64/python3.9/lib2to3/fixes/fix_ne.py HTTP/2.0" 200 918 "https://www.vicenza.elettroservicegroup.it/%22$MySQLaccess::MYSQLADMIN/'.GA4WP_URL.'assests/images/'%20.%20$this-%3Ebase-%3Eplugin-%3Edocumentation_url%20.%20'/generate-server/topic?file=/lib64/python3.9/lib2to3/fixes" "Mozilla/5.0 AppleWebKit/537.36 (KHTML, like Gecko; compatible; GPTBot/1.4; +https://openai.com/gptbot)"
74.7.227.15 - - [15/Jul/2026:14:36:54 +0200] "GET /%22$MySQLaccess::MYSQLADMIN/'.GA4WP_URL.'assests/images/'%20.%20$this-%3Ebase-%3Eplugin-%3Edocumentation_url%20.%20'/generate-server/topic?rename=/lib64/python3.9/lib2to3/fixes/fix_except.py HTTP/2.0" 200 920 "https://www.vicenza.elettroservicegroup.it/%22$MySQLaccess::MYSQLADMIN/'.GA4WP_URL.'assests/images/'%20.%20$this-%3Ebase-%3Eplugin-%3Edocumentation_url%20.%20'/generate-server/topic?file=/lib64/python3.9/lib2to3/fixes" "Mozilla/5.0 AppleWebKit/537.36 (KHTML, like Gecko; compatible; GPTBot/1.4; +https://openai.com/gptbot)"
74.7.227.15 - - [15/Jul/2026:14:36:55 +0200] "GET /%22$MySQLaccess::MYSQLADMIN/'.GA4WP_URL.'assests/images/'%20.%20$this-%3Ebase-%3Eplugin-%3Edocumentation_url%20.%20'/generate-server/topic?rename=/lib64/python3.9/lib2to3/fixes/fix_filter.py HTTP/2.0" 200 924 "https://www.vicenza.elettroservicegroup.it/%22$MySQLaccess::MYSQLADMIN/'.GA4WP_URL.'assests/images/'%20.%20$this-%3Ebase-%3Eplugin-%3Edocumentation_url%20.%20'/generate-server/topic?file=/lib64/python3.9/lib2to3/fixes" "Mozilla/5.0 AppleWebKit/537.36 (KHTML, like Gecko; compatible; GPTBot/1.4; +https://openai.com/gptbot)"
74.7.227.15 - - [15/Jul/2026:14:36:56 +0200] "GET /%22$MySQLaccess::MYSQLADMIN/'.GA4WP_URL.'assests/images/'%20.%20$this-%3Ebase-%3Eplugin-%3Edocumentation_url%20.%20'/generate-server/topic?rename=/lib64/python3.9/lib2to3/fixes/fix_idioms.py HTTP/2.0" 200 922 "https://www.vicenza.elettroservicegroup.it/%22$MySQLaccess::MYSQLADMIN/'.GA4WP_URL.'assests/images/'%20.%20$this-%3Ebase-%3Eplugin-%3Edocumentation_url%20.%20'/generate-server/topic?file=/lib64/python3.9/lib2to3/fixes" "Mozilla/5.0 AppleWebKit/537.36 (KHTML, like Gecko; compatible; GPTBot/1.4; +https://openai.com/gptbot)"
74.7.227.15 - - [15/Jul/2026:14:36:57 +0200] "GET /%22$MySQLaccess::MYSQLADMIN/'.GA4WP_URL.'assests/images/'%20.%20$this-%3Ebase-%3Eplugin-%3Edocumentation_url%20.%20'/generate-server/topic?rename=/lib64/python3.9/lib2to3/fixes/fix_unicode.py HTTP/2.0" 200 921 "https://www.vicenza.elettroservicegroup.it/%22$MySQLaccess::MYSQLADMIN/'.GA4WP_URL.'assests/images/'%20.%20$this-%3Ebase-%3Eplugin-%3Edocumentation_url%20.%20'/generate-server/topic?file=/lib64/python3.9/lib2to3/fixes" "Mozilla/5.0 AppleWebKit/537.36 (KHTML, like Gecko; compatible; GPTBot/1.4; +https://openai.com/gptbot)"
74.7.227.15 - - [15/Jul/2026:14:36:59 +0200] "GET /%22$MySQLaccess::MYSQLADMIN/'.GA4WP_URL.'assests/images/'%20.%20$this-%3Ebase-%3Eplugin-%3Edocumentation_url%20.%20'/generate-server/topic?file=/lib64/python3.9/lib2to3/fixes/fix_repr.py HTTP/2.0" 200 243 "https://www.vicenza.elettroservicegroup.it/%22$MySQLaccess::MYSQLADMIN/'.GA4WP_URL.'assests/images/'%20.%20$this-%3Ebase-%3Eplugin-%3Edocumentation_url%20.%20'/generate-server/topic?file=/lib64/python3.9/lib2to3/fixes" "Mozilla/5.0 AppleWebKit/537.36 (KHTML, like Gecko; compatible; GPTBot/1.4; +https://openai.com/gptbot)"
191.116.38.174 - - [15/Jul/2026:14:36:58 +0200] "GET /importancia-creciente-de-ivybet-en-el-mundo-97248/?wpmoncb=00407 HTTP/1.1" 200 131559 "-" "Mozilla/5.0 (Windows NT 10.0; Win64; x64) AppleWebKit/537.36 (KHTML, like Gecko) Chrome/124.0 Safari/537.36"
74.7.227.15 - - [15/Jul/2026:14:37:00 +0200] "GET /%22$MySQLaccess::MYSQLADMIN/'.GA4WP_URL.'assests/images/'%20.%20$this-%3Ebase-%3Eplugin-%3Edocumentation_url%20.%20'/generate-server/topic?file=/lib64/python3.9/lib2to3/fixes/fix_idioms.py HTTP/2.0" 200 245 "https://www.vicenza.elettroservicegroup.it/%22$MySQLaccess::MYSQLADMIN/'.GA4WP_URL.'assests/images/'%20.%20$this-%3Ebase-%3Eplugin-%3Edocumentation_url%20.%20'/generate-server/topic?file=/lib64/python3.9/lib2to3/fixes" "Mozilla/5.0 AppleWebKit/537.36 (KHTML, like Gecko; compatible; GPTBot/1.4; +https://openai.com/gptbot)"
