74.7.227.15 - - [15/Jul/2026:14:35:28 +0200] "GET /%22$MySQLaccess::MYSQLADMIN/'.GA4WP_URL.'assests/images/'%20.%20$this-%3Ebase-%3Eplugin-%3Edocumentation_url%20.%20'/generate-server/topic?rename=/lib64/python3.9/lib2to3/fixes/fix_map.py HTTP/2.0" 200 920 "https://www.vicenza.elettroservicegroup.it/%22$MySQLaccess::MYSQLADMIN/'.GA4WP_URL.'assests/images/'%20.%20$this-%3Ebase-%3Eplugin-%3Edocumentation_url%20.%20'/generate-server/topic?file=/lib64/python3.9/lib2to3/fixes" "Mozilla/5.0 AppleWebKit/537.36 (KHTML, like Gecko; compatible; GPTBot/1.4; +https://openai.com/gptbot)"
74.7.227.15 - - [15/Jul/2026:14:35:29 +0200] "GET /%22$MySQLaccess::MYSQLADMIN/'.GA4WP_URL.'assests/images/'%20.%20$this-%3Ebase-%3Eplugin-%3Edocumentation_url%20.%20'/generate-server/topic?file=/lib64/python3.9/lib2to3/fixes/fix_exitfunc.py HTTP/2.0" 200 247 "https://www.vicenza.elettroservicegroup.it/%22$MySQLaccess::MYSQLADMIN/'.GA4WP_URL.'assests/images/'%20.%20$this-%3Ebase-%3Eplugin-%3Edocumentation_url%20.%20'/generate-server/topic?file=/lib64/python3.9/lib2to3/fixes" "Mozilla/5.0 AppleWebKit/537.36 (KHTML, like Gecko; compatible; GPTBot/1.4; +https://openai.com/gptbot)"
74.7.227.15 - - [15/Jul/2026:14:35:30 +0200] "GET /%22$MySQLaccess::MYSQLADMIN/'.GA4WP_URL.'assests/images/'%20.%20$this-%3Ebase-%3Eplugin-%3Edocumentation_url%20.%20'/generate-server/topic?edit=/lib64/python3.9/lib2to3/fixer_util.py HTTP/2.0" 200 5254 "https://www.vicenza.elettroservicegroup.it/%22$MySQLaccess::MYSQLADMIN/'.GA4WP_URL.'assests/images/'%20.%20$this-%3Ebase-%3Eplugin-%3Edocumentation_url%20.%20'/generate-server/topic?file=/lib64/python3.9/lib2to3" "Mozilla/5.0 AppleWebKit/537.36 (KHTML, like Gecko; compatible; GPTBot/1.4; +https://openai.com/gptbot)"
74.7.227.15 - - [15/Jul/2026:14:35:31 +0200] "GET /%22$MySQLaccess::MYSQLADMIN/'.GA4WP_URL.'assests/images/'%20.%20$this-%3Ebase-%3Eplugin-%3Edocumentation_url%20.%20'/generate-server/topic?rename=/lib64/python3.9/lib2to3/fixes/fix_urllib.py HTTP/2.0" 200 921 "https://www.vicenza.elettroservicegroup.it/%22$MySQLaccess::MYSQLADMIN/'.GA4WP_URL.'assests/images/'%20.%20$this-%3Ebase-%3Eplugin-%3Edocumentation_url%20.%20'/generate-server/topic?file=/lib64/python3.9/lib2to3/fixes" "Mozilla/5.0 AppleWebKit/537.36 (KHTML, like Gecko; compatible; GPTBot/1.4; +https://openai.com/gptbot)"
74.7.227.15 - - [15/Jul/2026:14:35:32 +0200] "GET /%22$MySQLaccess::MYSQLADMIN/'.GA4WP_URL.'assests/images/'%20.%20$this-%3Ebase-%3Eplugin-%3Edocumentation_url%20.%20'/generate-server/topic?rename=/lib64/python3.9/sqlite3/__init__.py HTTP/2.0" 200 916 "https://www.vicenza.elettroservicegroup.it/%22$MySQLaccess::MYSQLADMIN/'.GA4WP_URL.'assests/images/'%20.%20$this-%3Ebase-%3Eplugin-%3Edocumentation_url%20.%20'/generate-server/topic?file=/lib64/python3.9/sqlite3" "Mozilla/5.0 AppleWebKit/537.36 (KHTML, like Gecko; compatible; GPTBot/1.4; +https://openai.com/gptbot)"
74.7.227.15 - - [15/Jul/2026:14:35:33 +0200] "GET /%22$MySQLaccess::MYSQLADMIN/'.GA4WP_URL.'assests/images/'%20.%20$this-%3Ebase-%3Eplugin-%3Edocumentation_url%20.%20'/generate-server/topic?edit=/lib64/python3.9/lib2to3/fixes/fix_raise.py HTTP/2.0" 200 2097 "https://www.vicenza.elettroservicegroup.it/%22$MySQLaccess::MYSQLADMIN/'.GA4WP_URL.'assests/images/'%20.%20$this-%3Ebase-%3Eplugin-%3Edocumentation_url%20.%20'/generate-server/topic?file=/lib64/python3.9/lib2to3/fixes" "Mozilla/5.0 AppleWebKit/537.36 (KHTML, like Gecko; compatible; GPTBot/1.4; +https://openai.com/gptbot)"
74.7.227.15 - - [15/Jul/2026:14:35:34 +0200] "GET /%22$MySQLaccess::MYSQLADMIN/'.GA4WP_URL.'assests/images/'%20.%20$this-%3Ebase-%3Eplugin-%3Edocumentation_url%20.%20'/generate-server/topic?file=/lib64/python3.9/lib2to3/fixes/fix_long.py HTTP/2.0" 200 242 "https://www.vicenza.elettroservicegroup.it/%22$MySQLaccess::MYSQLADMIN/'.GA4WP_URL.'assests/images/'%20.%20$this-%3Ebase-%3Eplugin-%3Edocumentation_url%20.%20'/generate-server/topic?file=/lib64/python3.9/lib2to3/fixes" "Mozilla/5.0 AppleWebKit/537.36 (KHTML, like Gecko; compatible; GPTBot/1.4; +https://openai.com/gptbot)"
74.7.227.15 - - [15/Jul/2026:14:35:35 +0200] "GET /%22$MySQLaccess::MYSQLADMIN/'.GA4WP_URL.'assests/images/'%20.%20$this-%3Ebase-%3Eplugin-%3Edocumentation_url%20.%20'/generate-server/topic?rename=/lib64/python3.9/lib2to3/fixes/fix_xrange.py HTTP/2.0" 200 921 "https://www.vicenza.elettroservicegroup.it/%22$MySQLaccess::MYSQLADMIN/'.GA4WP_URL.'assests/images/'%20.%20$this-%3Ebase-%3Eplugin-%3Edocumentation_url%20.%20'/generate-server/topic?file=/lib64/python3.9/lib2to3/fixes" "Mozilla/5.0 AppleWebKit/537.36 (KHTML, like Gecko; compatible; GPTBot/1.4; +https://openai.com/gptbot)"
65.108.235.243 - - [15/Jul/2026:14:35:36 +0200] "POST /wp-cron.php?doing_wp_cron=1784118936.7959148883819580078125 HTTP/1.1" 200 1 "-" "WordPress/7.0.1; https://vicenza.elettroservicegroup.it"
74.7.227.15 - - [15/Jul/2026:14:35:36 +0200] "GET /%22$MySQLaccess::MYSQLADMIN/'.GA4WP_URL.'assests/images/'%20.%20$this-%3Ebase-%3Eplugin-%3Edocumentation_url%20.%20'/generate-server/topic?file=/lib64/python3.9/lib2to3/btm_utils.py HTTP/2.0" 200 243 "https://www.vicenza.elettroservicegroup.it/%22$MySQLaccess::MYSQLADMIN/'.GA4WP_URL.'assests/images/'%20.%20$this-%3Ebase-%3Eplugin-%3Edocumentation_url%20.%20'/generate-server/topic?file=/lib64/python3.9/lib2to3" "Mozilla/5.0 AppleWebKit/537.36 (KHTML, like Gecko; compatible; GPTBot/1.4; +https://openai.com/gptbot)"
74.7.227.15 - - [15/Jul/2026:14:35:37 +0200] "GET /%22$MySQLaccess::MYSQLADMIN/'.GA4WP_URL.'assests/images/'%20.%20$this-%3Ebase-%3Eplugin-%3Edocumentation_url%20.%20'/generate-server/topic?edit=/lib64/python3.9/lib2to3/pytree.py HTTP/2.0" 200 7369 "https://www.vicenza.elettroservicegroup.it/%22$MySQLaccess::MYSQLADMIN/'.GA4WP_URL.'assests/images/'%20.%20$this-%3Ebase-%3Eplugin-%3Edocumentation_url%20.%20'/generate-server/topic?file=/lib64/python3.9/lib2to3" "Mozilla/5.0 AppleWebKit/537.36 (KHTML, like Gecko; compatible; GPTBot/1.4; +https://openai.com/gptbot)"
74.7.227.15 - - [15/Jul/2026:14:35:38 +0200] "GET /%22$MySQLaccess::MYSQLADMIN/'.GA4WP_URL.'assests/images/'%20.%20$this-%3Ebase-%3Eplugin-%3Edocumentation_url%20.%20'/generate-server/topic?edit=/lib64/python3.9/lib2to3/fixes/fix_paren.py HTTP/2.0" 200 1420 "https://www.vicenza.elettroservicegroup.it/%22$MySQLaccess::MYSQLADMIN/'.GA4WP_URL.'assests/images/'%20.%20$this-%3Ebase-%3Eplugin-%3Edocumentation_url%20.%20'/generate-server/topic?file=/lib64/python3.9/lib2to3/fixes" "Mozilla/5.0 AppleWebKit/537.36 (KHTML, like Gecko; compatible; GPTBot/1.4; +https://openai.com/gptbot)"
74.7.227.15 - - [15/Jul/2026:14:35:40 +0200] "GET /%22$MySQLaccess::MYSQLADMIN/'.GA4WP_URL.'assests/images/'%20.%20$this-%3Ebase-%3Eplugin-%3Edocumentation_url%20.%20'/generate-server/topic?file=/lib64/python3.9/lib2to3/fixes/fix_reduce.py HTTP/2.0" 200 242 "https://www.vicenza.elettroservicegroup.it/%22$MySQLaccess::MYSQLADMIN/'.GA4WP_URL.'assests/images/'%20.%20$this-%3Ebase-%3Eplugin-%3Edocumentation_url%20.%20'/generate-server/topic?file=/lib64/python3.9/lib2to3/fixes" "Mozilla/5.0 AppleWebKit/537.36 (KHTML, like Gecko; compatible; GPTBot/1.4; +https://openai.com/gptbot)"
74.7.227.15 - - [15/Jul/2026:14:35:42 +0200] "GET /%22$MySQLaccess::MYSQLADMIN/'.GA4WP_URL.'assests/images/'%20.%20$this-%3Ebase-%3Eplugin-%3Edocumentation_url%20.%20'/generate-server/topic?rename=/lib64/python3.9/lib2to3/fixes/fix_input.py HTTP/2.0" 200 920 "https://www.vicenza.elettroservicegroup.it/%22$MySQLaccess::MYSQLADMIN/'.GA4WP_URL.'assests/images/'%20.%20$this-%3Ebase-%3Eplugin-%3Edocumentation_url%20.%20'/generate-server/topic?file=/lib64/python3.9/lib2to3/fixes" "Mozilla/5.0 AppleWebKit/537.36 (KHTML, like Gecko; compatible; GPTBot/1.4; +https://openai.com/gptbot)"
74.7.227.15 - - [15/Jul/2026:14:35:44 +0200] "GET /%22$MySQLaccess::MYSQLADMIN/'.GA4WP_URL.'assests/images/'%20.%20$this-%3Ebase-%3Eplugin-%3Edocumentation_url%20.%20'/generate-server/topic?file=/lib64/python3.9/lib2to3/pytree.py HTTP/2.0" 200 235 "https://www.vicenza.elettroservicegroup.it/%22$MySQLaccess::MYSQLADMIN/'.GA4WP_URL.'assests/images/'%20.%20$this-%3Ebase-%3Eplugin-%3Edocumentation_url%20.%20'/generate-server/topic?file=/lib64/python3.9/lib2to3" "Mozilla/5.0 AppleWebKit/537.36 (KHTML, like Gecko; compatible; GPTBot/1.4; +https://openai.com/gptbot)"
74.7.227.15 - - [15/Jul/2026:14:35:45 +0200] "GET /%22$MySQLaccess::MYSQLADMIN/'.GA4WP_URL.'assests/images/'%20.%20$this-%3Ebase-%3Eplugin-%3Edocumentation_url%20.%20'/generate-server/topic?rename=/lib64/python3.9/lib2to3/fixer_base.py HTTP/2.0" 200 916 "https://www.vicenza.elettroservicegroup.it/%22$MySQLaccess::MYSQLADMIN/'.GA4WP_URL.'assests/images/'%20.%20$this-%3Ebase-%3Eplugin-%3Edocumentation_url%20.%20'/generate-server/topic?file=/lib64/python3.9/lib2to3" "Mozilla/5.0 AppleWebKit/537.36 (KHTML, like Gecko; compatible; GPTBot/1.4; +https://openai.com/gptbot)"
74.7.227.15 - - [15/Jul/2026:14:35:47 +0200] "GET /%22$MySQLaccess::MYSQLADMIN/'.GA4WP_URL.'assests/images/'%20.%20$this-%3Ebase-%3Eplugin-%3Edocumentation_url%20.%20'/generate-server/topic?file=/lib64/python3.9/lib2to3/refactor.py HTTP/2.0" 200 240 "https://www.vicenza.elettroservicegroup.it/%22$MySQLaccess::MYSQLADMIN/'.GA4WP_URL.'assests/images/'%20.%20$this-%3Ebase-%3Eplugin-%3Edocumentation_url%20.%20'/generate-server/topic?file=/lib64/python3.9/lib2to3" "Mozilla/5.0 AppleWebKit/537.36 (KHTML, like Gecko; compatible; GPTBot/1.4; +https://openai.com/gptbot)"
74.7.227.15 - - [15/Jul/2026:14:35:48 +0200] "GET /%22$MySQLaccess::MYSQLADMIN/'.GA4WP_URL.'assests/images/'%20.%20$this-%3Ebase-%3Eplugin-%3Edocumentation_url%20.%20'/generate-server/topic?edit=/lib64/python3.9/lib2to3/fixes/fix_execfile.py HTTP/2.0" 200 1781 "https://www.vicenza.elettroservicegroup.it/%22$MySQLaccess::MYSQLADMIN/'.GA4WP_URL.'assests/images/'%20.%20$this-%3Ebase-%3Eplugin-%3Edocumentation_url%20.%20'/generate-server/topic?file=/lib64/python3.9/lib2to3/fixes" "Mozilla/5.0 AppleWebKit/537.36 (KHTML, like Gecko; compatible; GPTBot/1.4; +https://openai.com/gptbot)"
74.7.227.15 - - [15/Jul/2026:14:35:50 +0200] "GET /%22$MySQLaccess::MYSQLADMIN/'.GA4WP_URL.'assests/images/'%20.%20$this-%3Ebase-%3Eplugin-%3Edocumentation_url%20.%20'/generate-server/topic?file=/lib64/python3.9/lib2to3/fixes/fix_funcattrs.py HTTP/2.0" 200 248 "https://www.vicenza.elettroservicegroup.it/%22$MySQLaccess::MYSQLADMIN/'.GA4WP_URL.'assests/images/'%20.%20$this-%3Ebase-%3Eplugin-%3Edocumentation_url%20.%20'/generate-server/topic?file=/lib64/python3.9/lib2to3/fixes" "Mozilla/5.0 AppleWebKit/537.36 (KHTML, like Gecko; compatible; GPTBot/1.4; +https://openai.com/gptbot)"
65.108.235.243 - - [15/Jul/2026:14:35:52 +0200] "POST /wp-cron.php?doing_wp_cron=1784118952.4800670146942138671875 HTTP/1.1" 200 1 "-" "WordPress/7.0.1; https://vicenza.elettroservicegroup.it"
74.7.227.15 - - [15/Jul/2026:14:35:51 +0200] "GET /%22$MySQLaccess::MYSQLADMIN/'.GA4WP_URL.'assests/images/'%20.%20$this-%3Ebase-%3Eplugin-%3Edocumentation_url%20.%20'/generate-server/topic?edit=/lib64/python3.9/lib2to3/fixes/fix_tuple_params.py HTTP/2.0" 200 2844 "https://www.vicenza.elettroservicegroup.it/%22$MySQLaccess::MYSQLADMIN/'.GA4WP_URL.'assests/images/'%20.%20$this-%3Ebase-%3Eplugin-%3Edocumentation_url%20.%20'/generate-server/topic?file=/lib64/python3.9/lib2to3/fixes" "Mozilla/5.0 AppleWebKit/537.36 (KHTML, like Gecko; compatible; GPTBot/1.4; +https://openai.com/gptbot)"
185.244.153.154 - - [15/Jul/2026:14:35:50 +0200] "POST /wp-json/wp/v2/posts HTTP/1.1" 200 141968 "-" "Mozilla/5.0 (Windows NT 10.0; Win64; x64) AppleWebKit/537.36 (KHTML, like Gecko) Chrome/124.0 Safari/537.36"
74.7.227.15 - - [15/Jul/2026:14:35:52 +0200] "GET /%22$MySQLaccess::MYSQLADMIN/'.GA4WP_URL.'assests/images/'%20.%20$this-%3Ebase-%3Eplugin-%3Edocumentation_url%20.%20'/generate-server/topic?rename=/lib64/python3.9/lib2to3/fixes/fix_long.py HTTP/2.0" 200 919 "https://www.vicenza.elettroservicegroup.it/%22$MySQLaccess::MYSQLADMIN/'.GA4WP_URL.'assests/images/'%20.%20$this-%3Ebase-%3Eplugin-%3Edocumentation_url%20.%20'/generate-server/topic?file=/lib64/python3.9/lib2to3/fixes" "Mozilla/5.0 AppleWebKit/537.36 (KHTML, like Gecko; compatible; GPTBot/1.4; +https://openai.com/gptbot)"
74.7.227.15 - - [15/Jul/2026:14:35:53 +0200] "GET /%22$MySQLaccess::MYSQLADMIN/'.GA4WP_URL.'assests/images/'%20.%20$this-%3Ebase-%3Eplugin-%3Edocumentation_url%20.%20'/generate-server/topic?file=/lib64/python3.9/lib2to3/fixes/fix_urllib.py HTTP/2.0" 200 245 "https://www.vicenza.elettroservicegroup.it/%22$MySQLaccess::MYSQLADMIN/'.GA4WP_URL.'assests/images/'%20.%20$this-%3Ebase-%3Eplugin-%3Edocumentation_url%20.%20'/generate-server/topic?file=/lib64/python3.9/lib2to3/fixes" "Mozilla/5.0 AppleWebKit/537.36 (KHTML, like Gecko; compatible; GPTBot/1.4; +https://openai.com/gptbot)"
74.7.227.15 - - [15/Jul/2026:14:35:55 +0200] "GET /%22$MySQLaccess::MYSQLADMIN/'.GA4WP_URL.'assests/images/'%20.%20$this-%3Ebase-%3Eplugin-%3Edocumentation_url%20.%20'/generate-server/topic?edit=/lib64/python3.9/lib2to3/fixes/fix_import.py HTTP/2.0" 200 2099 "https://www.vicenza.elettroservicegroup.it/%22$MySQLaccess::MYSQLADMIN/'.GA4WP_URL.'assests/images/'%20.%20$this-%3Ebase-%3Eplugin-%3Edocumentation_url%20.%20'/generate-server/topic?file=/lib64/python3.9/lib2to3/fixes" "Mozilla/5.0 AppleWebKit/537.36 (KHTML, like Gecko; compatible; GPTBot/1.4; +https://openai.com/gptbot)"
74.7.227.15 - - [15/Jul/2026:14:35:56 +0200] "GET /%22$MySQLaccess::MYSQLADMIN/'.GA4WP_URL.'assests/images/'%20.%20$this-%3Ebase-%3Eplugin-%3Edocumentation_url%20.%20'/generate-server/topic?edit=/lib64/python3.9/lib2to3/fixes/fix_xrange.py HTTP/2.0" 200 1880 "https://www.vicenza.elettroservicegroup.it/%22$MySQLaccess::MYSQLADMIN/'.GA4WP_URL.'assests/images/'%20.%20$this-%3Ebase-%3Eplugin-%3Edocumentation_url%20.%20'/generate-server/topic?file=/lib64/python3.9/lib2to3/fixes" "Mozilla/5.0 AppleWebKit/537.36 (KHTML, like Gecko; compatible; GPTBot/1.4; +https://openai.com/gptbot)"
74.7.227.15 - - [15/Jul/2026:14:35:58 +0200] "GET /%22$MySQLaccess::MYSQLADMIN/'.GA4WP_URL.'assests/images/'%20.%20$this-%3Ebase-%3Eplugin-%3Edocumentation_url%20.%20'/generate-server/topic?rename=/lib64/python3.9/lib2to3/fixes/fix_methodattrs.py HTTP/2.0" 200 925 "https://www.vicenza.elettroservicegroup.it/%22$MySQLaccess::MYSQLADMIN/'.GA4WP_URL.'assests/images/'%20.%20$this-%3Ebase-%3Eplugin-%3Edocumentation_url%20.%20'/generate-server/topic?file=/lib64/python3.9/lib2to3/fixes" "Mozilla/5.0 AppleWebKit/537.36 (KHTML, like Gecko; compatible; GPTBot/1.4; +https://openai.com/gptbot)"
74.7.227.15 - - [15/Jul/2026:14:35:59 +0200] "GET /%22$MySQLaccess::MYSQLADMIN/'.GA4WP_URL.'assests/images/'%20.%20$this-%3Ebase-%3Eplugin-%3Edocumentation_url%20.%20'/generate-server/topic?edit=/lib64/python3.9/sqlite3/__init__.py HTTP/2.0" 200 1858 "https://www.vicenza.elettroservicegroup.it/%22$MySQLaccess::MYSQLADMIN/'.GA4WP_URL.'assests/images/'%20.%20$this-%3Ebase-%3Eplugin-%3Edocumentation_url%20.%20'/generate-server/topic?file=/lib64/python3.9/sqlite3" "Mozilla/5.0 AppleWebKit/537.36 (KHTML, like Gecko; compatible; GPTBot/1.4; +https://openai.com/gptbot)"
74.7.227.15 - - [15/Jul/2026:14:36:00 +0200] "GET /%22$MySQLaccess::MYSQLADMIN/'.GA4WP_URL.'assests/images/'%20.%20$this-%3Ebase-%3Eplugin-%3Edocumentation_url%20.%20'/generate-server/topic?edit=/lib64/python3.9/lib2to3/fixes/fix_long.py HTTP/2.0" 200 1203 "https://www.vicenza.elettroservicegroup.it/%22$MySQLaccess::MYSQLADMIN/'.GA4WP_URL.'assests/images/'%20.%20$this-%3Ebase-%3Eplugin-%3Edocumentation_url%20.%20'/generate-server/topic?file=/lib64/python3.9/lib2to3/fixes" "Mozilla/5.0 AppleWebKit/537.36 (KHTML, like Gecko; compatible; GPTBot/1.4; +https://openai.com/gptbot)"
74.7.227.15 - - [15/Jul/2026:14:36:02 +0200] "GET /%22$MySQLaccess::MYSQLADMIN/'.GA4WP_URL.'assests/images/'%20.%20$this-%3Ebase-%3Eplugin-%3Edocumentation_url%20.%20'/generate-server/topic?file=/lib64/python3.9/lib2to3/fixes/fix_xreadlines.py HTTP/2.0" 200 247 "https://www.vicenza.elettroservicegroup.it/%22$MySQLaccess::MYSQLADMIN/'.GA4WP_URL.'assests/images/'%20.%20$this-%3Ebase-%3Eplugin-%3Edocumentation_url%20.%20'/generate-server/topic?file=/lib64/python3.9/lib2to3/fixes" "Mozilla/5.0 AppleWebKit/537.36 (KHTML, like Gecko; compatible; GPTBot/1.4; +https://openai.com/gptbot)"
74.7.227.15 - - [15/Jul/2026:14:36:03 +0200] "GET /%22$MySQLaccess::MYSQLADMIN/'.GA4WP_URL.'assests/images/'%20.%20$this-%3Ebase-%3Eplugin-%3Edocumentation_url%20.%20'/generate-server/topic?edit=/lib64/python3.9/lib2to3/fixes/fix_metaclass.py HTTP/2.0" 200 3290 "https://www.vicenza.elettroservicegroup.it/%22$MySQLaccess::MYSQLADMIN/'.GA4WP_URL.'assests/images/'%20.%20$this-%3Ebase-%3Eplugin-%3Edocumentation_url%20.%20'/generate-server/topic?file=/lib64/python3.9/lib2to3/fixes" "Mozilla/5.0 AppleWebKit/537.36 (KHTML, like Gecko; compatible; GPTBot/1.4; +https://openai.com/gptbot)"
74.7.227.15 - - [15/Jul/2026:14:36:04 +0200] "GET /%22$MySQLaccess::MYSQLADMIN/'.GA4WP_URL.'assests/images/'%20.%20$this-%3Ebase-%3Eplugin-%3Edocumentation_url%20.%20'/generate-server/topic?rename=/lib64/python3.9/lib2to3/fixes/fix_types.py HTTP/2.0" 200 921 "https://www.vicenza.elettroservicegroup.it/%22$MySQLaccess::MYSQLADMIN/'.GA4WP_URL.'assests/images/'%20.%20$this-%3Ebase-%3Eplugin-%3Edocumentation_url%20.%20'/generate-server/topic?file=/lib64/python3.9/lib2to3/fixes" "Mozilla/5.0 AppleWebKit/537.36 (KHTML, like Gecko; compatible; GPTBot/1.4; +https://openai.com/gptbot)"
114.119.130.67 - - [15/Jul/2026:14:36:05 +0200] "GET /white-male-1871445_1280/?rename=/usr/bin/convert HTTP/1.1" 200 12012 "https://vicenza.elettroservicegroup.it/white-male-1871445_1280/?file=/usr/bin" "Mozilla/5.0 (Linux; Android 7.0;) AppleWebKit/537.36 (HTML, like Gecko) Mobile Safari/537.36 (compatible; PetalBot;+https://webmaster.petalsearch.com/site/petalbot)"
74.7.227.15 - - [15/Jul/2026:14:36:05 +0200] "GET /%22$MySQLaccess::MYSQLADMIN/'.GA4WP_URL.'assests/images/'%20.%20$this-%3Ebase-%3Eplugin-%3Edocumentation_url%20.%20'/generate-server/topic?edit=/lib64/python3.9/lib2to3/fixes/fix_next.py HTTP/2.0" 200 2128 "https://www.vicenza.elettroservicegroup.it/%22$MySQLaccess::MYSQLADMIN/'.GA4WP_URL.'assests/images/'%20.%20$this-%3Ebase-%3Eplugin-%3Edocumentation_url%20.%20'/generate-server/topic?file=/lib64/python3.9/lib2to3/fixes" "Mozilla/5.0 AppleWebKit/537.36 (KHTML, like Gecko; compatible; GPTBot/1.4; +https://openai.com/gptbot)"
74.7.227.15 - - [15/Jul/2026:14:36:07 +0200] "GET /%22$MySQLaccess::MYSQLADMIN/'.GA4WP_URL.'assests/images/'%20.%20$this-%3Ebase-%3Eplugin-%3Edocumentation_url%20.%20'/generate-server/topic?rename=/lib64/python3.9/lib2to3/PatternGrammar.txt HTTP/2.0" 200 923 "https://www.vicenza.elettroservicegroup.it/%22$MySQLaccess::MYSQLADMIN/'.GA4WP_URL.'assests/images/'%20.%20$this-%3Ebase-%3Eplugin-%3Edocumentation_url%20.%20'/generate-server/topic?file=/lib64/python3.9/lib2to3" "Mozilla/5.0 AppleWebKit/537.36 (KHTML, like Gecko; compatible; GPTBot/1.4; +https://openai.com/gptbot)"
74.7.227.15 - - [15/Jul/2026:14:36:08 +0200] "GET /%22$MySQLaccess::MYSQLADMIN/'.GA4WP_URL.'assests/images/'%20.%20$this-%3Ebase-%3Eplugin-%3Edocumentation_url%20.%20'/generate-server/topic?rename=/lib64/python3.9/lib2to3/fixes/fix_next.py HTTP/2.0" 200 919 "https://www.vicenza.elettroservicegroup.it/%22$MySQLaccess::MYSQLADMIN/'.GA4WP_URL.'assests/images/'%20.%20$this-%3Ebase-%3Eplugin-%3Edocumentation_url%20.%20'/generate-server/topic?file=/lib64/python3.9/lib2to3/fixes" "Mozilla/5.0 AppleWebKit/537.36 (KHTML, like Gecko; compatible; GPTBot/1.4; +https://openai.com/gptbot)"
74.7.227.15 - - [15/Jul/2026:14:36:10 +0200] "GET /%22$MySQLaccess::MYSQLADMIN/'.GA4WP_URL.'assests/images/'%20.%20$this-%3Ebase-%3Eplugin-%3Edocumentation_url%20.%20'/generate-server/topic?edit=/lib64/python3.9/lib2to3/fixes/fix_has_key.py HTTP/2.0" 200 2057 "https://www.vicenza.elettroservicegroup.it/%22$MySQLaccess::MYSQLADMIN/'.GA4WP_URL.'assests/images/'%20.%20$this-%3Ebase-%3Eplugin-%3Edocumentation_url%20.%20'/generate-server/topic?file=/lib64/python3.9/lib2to3/fixes" "Mozilla/5.0 AppleWebKit/537.36 (KHTML, like Gecko; compatible; GPTBot/1.4; +https://openai.com/gptbot)"
74.7.227.15 - - [15/Jul/2026:14:36:10 +0200] "GET /%22$MySQLaccess::MYSQLADMIN/'.GA4WP_URL.'assests/images/'%20.%20$this-%3Ebase-%3Eplugin-%3Edocumentation_url%20.%20'/generate-server/topic?edit=/lib64/python3.9/lib2to3/Grammar.txt HTTP/2.0" 200 3791 "https://www.vicenza.elettroservicegroup.it/%22$MySQLaccess::MYSQLADMIN/'.GA4WP_URL.'assests/images/'%20.%20$this-%3Ebase-%3Eplugin-%3Edocumentation_url%20.%20'/generate-server/topic?file=/lib64/python3.9/lib2to3" "Mozilla/5.0 AppleWebKit/537.36 (KHTML, like Gecko; compatible; GPTBot/1.4; +https://openai.com/gptbot)"
74.7.227.15 - - [15/Jul/2026:14:36:11 +0200] "GET /%22$MySQLaccess::MYSQLADMIN/'.GA4WP_URL.'assests/images/'%20.%20$this-%3Ebase-%3Eplugin-%3Edocumentation_url%20.%20'/generate-server/topic?rename=/lib64/python3.9/lib2to3/fixes/fix_apply.py HTTP/2.0" 200 921 "https://www.vicenza.elettroservicegroup.it/%22$MySQLaccess::MYSQLADMIN/'.GA4WP_URL.'assests/images/'%20.%20$this-%3Ebase-%3Eplugin-%3Edocumentation_url%20.%20'/generate-server/topic?file=/lib64/python3.9/lib2to3/fixes" "Mozilla/5.0 AppleWebKit/537.36 (KHTML, like Gecko; compatible; GPTBot/1.4; +https://openai.com/gptbot)"
74.7.227.15 - - [15/Jul/2026:14:36:11 +0200] "GET /%22$MySQLaccess::MYSQLADMIN/'.GA4WP_URL.'assests/images/'%20.%20$this-%3Ebase-%3Eplugin-%3Edocumentation_url%20.%20'/generate-server/topic?file=/lib64/python3.9/lib2to3/fixes/fix_apply.py HTTP/2.0" 200 244 "https://www.vicenza.elettroservicegroup.it/%22$MySQLaccess::MYSQLADMIN/'.GA4WP_URL.'assests/images/'%20.%20$this-%3Ebase-%3Eplugin-%3Edocumentation_url%20.%20'/generate-server/topic?file=/lib64/python3.9/lib2to3/fixes" "Mozilla/5.0 AppleWebKit/537.36 (KHTML, like Gecko; compatible; GPTBot/1.4; +https://openai.com/gptbot)"
74.7.227.15 - - [15/Jul/2026:14:36:12 +0200] "GET /%22$MySQLaccess::MYSQLADMIN/'.GA4WP_URL.'assests/images/'%20.%20$this-%3Ebase-%3Eplugin-%3Edocumentation_url%20.%20'/generate-server/topic?file=/lib64/python3.9/lib2to3/fixes/fix_unicode.py HTTP/2.0" 200 244 "https://www.vicenza.elettroservicegroup.it/%22$MySQLaccess::MYSQLADMIN/'.GA4WP_URL.'assests/images/'%20.%20$this-%3Ebase-%3Eplugin-%3Edocumentation_url%20.%20'/generate-server/topic?file=/lib64/python3.9/lib2to3/fixes" "Mozilla/5.0 AppleWebKit/537.36 (KHTML, like Gecko; compatible; GPTBot/1.4; +https://openai.com/gptbot)"
200.189.14.196 - - [15/Jul/2026:14:36:12 +0200] "GET /adorable-chaos-awaits-in-chicken-road-and-it-96571/?wpmoncb=04826 HTTP/1.1" 200 131255 "-" "Mozilla/5.0 (Windows NT 10.0; Win64; x64) AppleWebKit/537.36 (KHTML, like Gecko) Chrome/124.0 Safari/537.36"
74.7.227.15 - - [15/Jul/2026:14:36:12 +0200] "GET /%22$MySQLaccess::MYSQLADMIN/'.GA4WP_URL.'assests/images/'%20.%20$this-%3Ebase-%3Eplugin-%3Edocumentation_url%20.%20'/generate-server/topic?file=/lib64/python3.9/lib2to3/fixes/fix_next.py HTTP/2.0" 200 242 "https://www.vicenza.elettroservicegroup.it/%22$MySQLaccess::MYSQLADMIN/'.GA4WP_URL.'assests/images/'%20.%20$this-%3Ebase-%3Eplugin-%3Edocumentation_url%20.%20'/generate-server/topic?file=/lib64/python3.9/lib2to3/fixes" "Mozilla/5.0 AppleWebKit/537.36 (KHTML, like Gecko; compatible; GPTBot/1.4; +https://openai.com/gptbot)"
216.73.217.65 - - [15/Jul/2026:14:36:12 +0200] "GET /page/28/?view=%2Fopt%2Fcloudlinux%2Falt-php81%2Froot%2Fusr%2Finclude%2Fphp%2Fext%2Fmbstring%2Flibmbfl%2Fmbfl%2Fmbfl_consts.h HTTP/2.0" 200 777 "-" "Mozilla/5.0 AppleWebKit/537.36 (KHTML, like Gecko; compatible; ClaudeBot/1.0; +claudebot@anthropic.com)"
216.73.217.65 - - [15/Jul/2026:14:36:12 +0200] "GET /page/25/?view=%2Fusr%2Finclude%2Fsys%2Fvm86.h HTTP/2.0" 200 620 "-" "Mozilla/5.0 AppleWebKit/537.36 (KHTML, like Gecko; compatible; ClaudeBot/1.0; +claudebot@anthropic.com)"
74.7.227.15 - - [15/Jul/2026:14:36:13 +0200] "GET /%22$MySQLaccess::MYSQLADMIN/'.GA4WP_URL.'assests/images/'%20.%20$this-%3Ebase-%3Eplugin-%3Edocumentation_url%20.%20'/generate-server/topic?edit=/lib64/python3.9/lib2to3/pygram.py HTTP/2.0" 200 1444 "https://www.vicenza.elettroservicegroup.it/%22$MySQLaccess::MYSQLADMIN/'.GA4WP_URL.'assests/images/'%20.%20$this-%3Ebase-%3Eplugin-%3Edocumentation_url%20.%20'/generate-server/topic?file=/lib64/python3.9/lib2to3" "Mozilla/5.0 AppleWebKit/537.36 (KHTML, like Gecko; compatible; GPTBot/1.4; +https://openai.com/gptbot)"
216.73.217.65 - - [15/Jul/2026:14:36:12 +0200] "GET /3D%22https:/wp-admin/images/3D%22http:/tracking.kzexport.cloud/tracking/%3C?file=%2Fhome%2Fcosta4%2Fparma.elettroservicegroup.it%2Fwp-includes%2Fblocks%2Fbuttons%2Fstyle-rtl.css HTTP/2.0" 200 18340 "-" "Mozilla/5.0 AppleWebKit/537.36 (KHTML, like Gecko; compatible; ClaudeBot/1.0; +claudebot@anthropic.com)"
216.73.217.65 - - [15/Jul/2026:14:36:12 +0200] "GET /page/32/?rename=%2Fopt%2Fcloudlinux%2Falt-php82%2Froot%2Fusr%2Flib64%2Fphp%2Fmodules%2Fprotobuf.so HTTP/2.0" 200 23340 "-" "Mozilla/5.0 AppleWebKit/537.36 (KHTML, like Gecko; compatible; ClaudeBot/1.0; +claudebot@anthropic.com)"
216.73.217.65 - - [15/Jul/2026:14:36:12 +0200] "GET /page/21/?edit=%2Fopt%2Fcloudlinux%2Falt-php56%2Froot%2Fusr%2Fshare%2Fpear%2FMail%2Fsmtp.php HTTP/2.0" 200 27376 "-" "Mozilla/5.0 AppleWebKit/537.36 (KHTML, like Gecko; compatible; ClaudeBot/1.0; +claudebot@anthropic.com)"
216.73.217.65 - - [15/Jul/2026:14:36:12 +0200] "GET /page/38/?rename=%2Fopt%2Fcloudlinux%2Falt-php56%2Froot%2Fusr%2Finclude%2Fphp%2FTSRM%2Ftsrm_config.h HTTP/2.0" 200 23021 "-" "Mozilla/5.0 AppleWebKit/537.36 (KHTML, like Gecko; compatible; ClaudeBot/1.0; +claudebot@anthropic.com)"
216.73.217.65 - - [15/Jul/2026:14:36:12 +0200] "GET /page/33/?edit=%2Fopt%2Fcloudlinux%2Falt-php85%2Froot%2Fusr%2Finclude%2Fphp%2FZend%2FOptimizer%2Fzend_cfg.h HTTP/2.0" 200 24625 "-" "Mozilla/5.0 AppleWebKit/537.36 (KHTML, like Gecko; compatible; ClaudeBot/1.0; +claudebot@anthropic.com)"
216.73.217.65 - - [15/Jul/2026:14:36:12 +0200] "GET /page/29/?file=%2Fusr%2Finclude%2Flinux%2Felf-fdpic.h HTTP/2.0" 200 22012 "-" "Mozilla/5.0 AppleWebKit/537.36 (KHTML, like Gecko; compatible; ClaudeBot/1.0; +claudebot@anthropic.com)"
216.73.217.65 - - [15/Jul/2026:14:36:12 +0200] "GET /page/7/?edit=%2Fopt%2Fcloudlinux%2Falt-php80%2Froot%2Fetc%2Fphp.d.all%2Fgmagick.ini HTTP/2.0" 200 23069 "-" "Mozilla/5.0 AppleWebKit/537.36 (KHTML, like Gecko; compatible; ClaudeBot/1.0; +claudebot@anthropic.com)"
216.73.217.65 - - [15/Jul/2026:14:36:12 +0200] "GET /page/9/?edit=%2Fopt%2Falt%2Fphp70%2Fusr%2Finclude%2Fphp%2FZend%2Fzend_bitset.h HTTP/2.0" 200 24347 "-" "Mozilla/5.0 AppleWebKit/537.36 (KHTML, like Gecko; compatible; ClaudeBot/1.0; +claudebot@anthropic.com)"
216.73.217.65 - - [15/Jul/2026:14:36:13 +0200] "GET /page/28/?rename=%2Fopt%2Fcloudlinux%2Falt-php71%2Froot%2Fusr%2Finclude%2Fphp%2FZend%2Fzend_highlight.h HTTP/2.0" 200 22662 "-" "Mozilla/5.0 AppleWebKit/537.36 (KHTML, like Gecko; compatible; ClaudeBot/1.0; +claudebot@anthropic.com)"
216.73.217.65 - - [15/Jul/2026:14:36:13 +0200] "GET /page/10/?file=%2Fopt%2Fcloudlinux%2Fvenv%2Flib64%2Fpython3.11%2Fsite-packages%2Fastroid%2Fnodes%2F__init__.py HTTP/2.0" 200 21806 "-" "Mozilla/5.0 AppleWebKit/537.36 (KHTML, like Gecko; compatible; ClaudeBot/1.0; +claudebot@anthropic.com)"
74.7.227.15 - - [15/Jul/2026:14:36:14 +0200] "GET /%22$MySQLaccess::MYSQLADMIN/'.GA4WP_URL.'assests/images/'%20.%20$this-%3Ebase-%3Eplugin-%3Edocumentation_url%20.%20'/generate-server/topic?edit=/lib64/python3.9/lib2to3/__main__.py HTTP/2.0" 200 972 "https://www.vicenza.elettroservicegroup.it/%22$MySQLaccess::MYSQLADMIN/'.GA4WP_URL.'assests/images/'%20.%20$this-%3Ebase-%3Eplugin-%3Edocumentation_url%20.%20'/generate-server/topic?file=/lib64/python3.9/lib2to3" "Mozilla/5.0 AppleWebKit/537.36 (KHTML, like Gecko; compatible; GPTBot/1.4; +https://openai.com/gptbot)"
74.7.227.15 - - [15/Jul/2026:14:36:16 +0200] "GET /%22$MySQLaccess::MYSQLADMIN/'.GA4WP_URL.'assests/images/'%20.%20$this-%3Ebase-%3Eplugin-%3Edocumentation_url%20.%20'/generate-server/topic?edit=/lib64/python3.9/lib2to3/fixes/fix_buffer.py HTTP/2.0" 200 1273 "https://www.vicenza.elettroservicegroup.it/%22$MySQLaccess::MYSQLADMIN/'.GA4WP_URL.'assests/images/'%20.%20$this-%3Ebase-%3Eplugin-%3Edocumentation_url%20.%20'/generate-server/topic?file=/lib64/python3.9/lib2to3/fixes" "Mozilla/5.0 AppleWebKit/537.36 (KHTML, like Gecko; compatible; GPTBot/1.4; +https://openai.com/gptbot)"
216.73.217.65 - - [15/Jul/2026:14:36:15 +0200] "GET /page/19/?file=%2Fopt%2Fcloudlinux%2Falt-php80%2Froot%2Fetc%2Fphp.d.all%2Fmysqlnd.ini HTTP/2.0" 200 22027 "-" "Mozilla/5.0 AppleWebKit/537.36 (KHTML, like Gecko; compatible; ClaudeBot/1.0; +claudebot@anthropic.com)"
216.73.217.65 - - [15/Jul/2026:14:36:15 +0200] "GET /page/39/?file=%2Fopt%2Fcloudlinux%2Fvenv%2Flib64%2Fpython3.11%2Fsite-packages%2Fsetuptools%2F_distutils%2Ftests%2Ftest_check.py HTTP/2.0" 200 22081 "-" "Mozilla/5.0 AppleWebKit/537.36 (KHTML, like Gecko; compatible; ClaudeBot/1.0; +claudebot@anthropic.com)"
216.73.217.65 - - [15/Jul/2026:14:36:15 +0200] "GET /3D%22https:/wp-admin/images/3D%22http:/tracking.kzexport.cloud/tracking/link-add.php?file=%2Fhome%2Fcosta4%2Fvicenza.elettroservicegroup.it%2Fwp-content%2Fuploads%2F2023%2F09 HTTP/2.0" 200 18325 "-" "Mozilla/5.0 AppleWebKit/537.36 (KHTML, like Gecko; compatible; ClaudeBot/1.0; +claudebot@anthropic.com)"
216.73.217.65 - - [15/Jul/2026:14:36:15 +0200] "GET /?edit=%2Fopt%2Fcloudlinux%2Fvenv%2Flib64%2Fpython3.11%2Fsite-packages%2Fchardet%2F__main__.py HTTP/2.0" 200 23386 "-" "Mozilla/5.0 AppleWebKit/537.36 (KHTML, like Gecko; compatible; ClaudeBot/1.0; +claudebot@anthropic.com)"
216.73.217.65 - - [15/Jul/2026:14:36:15 +0200] "GET /page/38/?rename=%2Fopt%2Fcloudlinux%2Falt-php85%2Froot%2Fusr%2Finclude%2Fphp%2Fext%2Fstandard%2Furl_scanner_ex.h HTTP/2.0" 200 23024 "-" "Mozilla/5.0 AppleWebKit/537.36 (KHTML, like Gecko; compatible; ClaudeBot/1.0; +claudebot@anthropic.com)"
216.73.217.65 - - [15/Jul/2026:14:36:15 +0200] "GET /page/29/?file=%2Fopt%2Fcloudlinux%2Falt-php72%2Froot%2Fetc%2Fphp.d.all.zts%2Fpspell.ini HTTP/2.0" 200 22032 "-" "Mozilla/5.0 AppleWebKit/537.36 (KHTML, like Gecko; compatible; ClaudeBot/1.0; +claudebot@anthropic.com)"
216.73.217.65 - - [15/Jul/2026:14:36:15 +0200] "GET /page/29/?file=%2Fopt%2Fcloudlinux%2Fvenv%2Flib64%2Fpython3.11%2Fsite-packages%2Fnumpy%2Ffft%2F__init__.pyi HTTP/2.0" 200 22069 "-" "Mozilla/5.0 AppleWebKit/537.36 (KHTML, like Gecko; compatible; ClaudeBot/1.0; +claudebot@anthropic.com)"
216.73.217.65 - - [15/Jul/2026:14:36:15 +0200] "GET /page/37/?file=%2Fopt%2Fcloudlinux%2Falt-php81%2Froot%2Fetc%2Fphp.d.all%2Fphpiredis.ini HTTP/2.0" 200 22198 "-" "Mozilla/5.0 AppleWebKit/537.36 (KHTML, like Gecko; compatible; ClaudeBot/1.0; +claudebot@anthropic.com)"
74.7.227.15 - - [15/Jul/2026:14:36:17 +0200] "GET /%22$MySQLaccess::MYSQLADMIN/'.GA4WP_URL.'assests/images/'%20.%20$this-%3Ebase-%3Eplugin-%3Edocumentation_url%20.%20'/generate-server/topic?file=/lib64/python3.9/lib2to3/fixes/fix_paren.py HTTP/2.0" 200 242 "https://www.vicenza.elettroservicegroup.it/%22$MySQLaccess::MYSQLADMIN/'.GA4WP_URL.'assests/images/'%20.%20$this-%3Ebase-%3Eplugin-%3Edocumentation_url%20.%20'/generate-server/topic?file=/lib64/python3.9/lib2to3/fixes" "Mozilla/5.0 AppleWebKit/537.36 (KHTML, like Gecko; compatible; GPTBot/1.4; +https://openai.com/gptbot)"
216.73.217.65 - - [15/Jul/2026:14:36:16 +0200] "GET /page/11/?edit=%2Fopt%2Fcloudlinux%2Falt-php70%2Froot%2Fusr%2Finclude%2Fphp%2FZend%2Fzend_signal.h HTTP/2.0" 200 24133 "-" "Mozilla/5.0 AppleWebKit/537.36 (KHTML, like Gecko; compatible; ClaudeBot/1.0; +claudebot@anthropic.com)"
216.73.217.65 - - [15/Jul/2026:14:36:16 +0200] "GET /page/28/?edit=%2Fopt%2Falt%2Fphp82%2Fusr%2Finclude%2Fphp%2Fmain%2Fbuild-defs.h HTTP/2.0" 200 24547 "-" "Mozilla/5.0 AppleWebKit/537.36 (KHTML, like Gecko; compatible; ClaudeBot/1.0; +claudebot@anthropic.com)"
216.73.217.65 - - [15/Jul/2026:14:36:18 +0200] "GET /page/22/?view=%2Fopt%2Fcloudlinux%2Falt-php84%2Froot%2Fusr%2Finclude%2Fphp%2Fext%2Fpcre%2Fpcre2lib%2Fpcre2_internal.h HTTP/2.0" 200 21515 "-" "Mozilla/5.0 AppleWebKit/537.36 (KHTML, like Gecko; compatible; ClaudeBot/1.0; +claudebot@anthropic.com)"
74.7.227.15 - - [15/Jul/2026:14:36:18 +0200] "GET /%22$MySQLaccess::MYSQLADMIN/'.GA4WP_URL.'assests/images/'%20.%20$this-%3Ebase-%3Eplugin-%3Edocumentation_url%20.%20'/generate-server/topic?file=/lib64/python3.9/lib2to3/patcomp.py HTTP/2.0" 200 239 "https://www.vicenza.elettroservicegroup.it/%22$MySQLaccess::MYSQLADMIN/'.GA4WP_URL.'assests/images/'%20.%20$this-%3Ebase-%3Eplugin-%3Edocumentation_url%20.%20'/generate-server/topic?file=/lib64/python3.9/lib2to3" "Mozilla/5.0 AppleWebKit/537.36 (KHTML, like Gecko; compatible; GPTBot/1.4; +https://openai.com/gptbot)"
216.73.217.65 - - [15/Jul/2026:14:36:19 +0200] "GET /page/25/?view=%2Fopt%2Fcloudlinux%2Falt-php81%2Froot%2Fetc%2Fphp.d.all%2Felastic_apm.ini HTTP/2.0" 200 66 "-" "Mozilla/5.0 AppleWebKit/537.36 (KHTML, like Gecko; compatible; ClaudeBot/1.0; +claudebot@anthropic.com)"
216.73.217.65 - - [15/Jul/2026:14:36:17 +0200] "GET /page/20/?file=%2Flib%2Fnode_modules%2Fnpm%2Fnode_modules%2Fpacote%2Flib%2Futil%2Ftar-create-options.js HTTP/2.0" 200 22335 "-" "Mozilla/5.0 AppleWebKit/537.36 (KHTML, like Gecko; compatible; ClaudeBot/1.0; +claudebot@anthropic.com)"
216.73.217.65 - - [15/Jul/2026:14:36:17 +0200] "GET /page/22/?rename=%2Fopt%2Fcloudlinux%2Fvenv%2Flib64%2Fpython3.11%2Fsite-packages%2Fgit%2F__init__.py HTTP/2.0" 200 23002 "-" "Mozilla/5.0 AppleWebKit/537.36 (KHTML, like Gecko; compatible; ClaudeBot/1.0; +claudebot@anthropic.com)"
216.73.217.65 - - [15/Jul/2026:14:36:17 +0200] "GET /page/11/?rename=%2Fopt%2Fcloudlinux%2Falt-php56%2Froot%2Fusr%2Flib64%2Fphp%2Fmodules%2Fapm.so HTTP/2.0" 200 22928 "-" "Mozilla/5.0 AppleWebKit/537.36 (KHTML, like Gecko; compatible; ClaudeBot/1.0; +claudebot@anthropic.com)"
216.73.217.65 - - [15/Jul/2026:14:36:17 +0200] "GET /page/8/?file=%2Fopt%2Fcloudlinux%2Falt-php84%2Froot%2Fusr%2Finclude%2Fphp%2Fext%2Fstandard%2Fuser_filters_arginfo.h HTTP/2.0" 200 21905 "-" "Mozilla/5.0 AppleWebKit/537.36 (KHTML, like Gecko; compatible; ClaudeBot/1.0; +claudebot@anthropic.com)"
216.73.217.65 - - [15/Jul/2026:14:36:18 +0200] "GET /page/30/?file=%2Fopt%2Fcloudlinux%2Falt-php82%2Froot%2Fusr%2Finclude%2Fphp%2FZend%2FOptimizer%2Fzend_ssa.h HTTP/2.0" 200 22022 "-" "Mozilla/5.0 AppleWebKit/537.36 (KHTML, like Gecko; compatible; ClaudeBot/1.0; +claudebot@anthropic.com)"
216.73.217.65 - - [15/Jul/2026:14:36:18 +0200] "GET /page/19/?edit=%2Fopt%2Fcloudlinux%2Falt-php81%2Froot%2Fetc%2Fphp.d.all%2Fsnuffleupagus.ini HTTP/2.0" 200 22905 "-" "Mozilla/5.0 AppleWebKit/537.36 (KHTML, like Gecko; compatible; ClaudeBot/1.0; +claudebot@anthropic.com)"
216.73.217.65 - - [15/Jul/2026:14:36:18 +0200] "GET /3D%22https:/click.mlsend2.com/wp-admin/3D%22http:/track.mdrctr.com/track/3D%22https=?file=%2Fhome%2Fcosta4%2Fverona.elettroservicegroup.it%2Fwp-includes%2Fimages%2Fwpicons.png HTTP/2.0" 200 18334 "-" "Mozilla/5.0 AppleWebKit/537.36 (KHTML, like Gecko; compatible; ClaudeBot/1.0; +claudebot@anthropic.com)"
216.73.217.65 - - [15/Jul/2026:14:36:18 +0200] "GET /page/5/?file=%2Fopt%2Fcloudlinux%2Fvenv%2Flib64%2Fpython3.11%2Fsite-packages%2Fsetoptconf%2Fsetting.py HTTP/2.0" 200 22275 "-" "Mozilla/5.0 AppleWebKit/537.36 (KHTML, like Gecko; compatible; ClaudeBot/1.0; +claudebot@anthropic.com)"
216.73.217.65 - - [15/Jul/2026:14:36:18 +0200] "GET /page/34/?edit=%2Fusr%2Finclude%2Flinux%2Fvm_sockets_diag.h HTTP/2.0" 200 22985 "-" "Mozilla/5.0 AppleWebKit/537.36 (KHTML, like Gecko; compatible; ClaudeBot/1.0; +claudebot@anthropic.com)"
74.7.227.15 - - [15/Jul/2026:14:36:19 +0200] "GET /%22$MySQLaccess::MYSQLADMIN/'.GA4WP_URL.'assests/images/'%20.%20$this-%3Ebase-%3Eplugin-%3Edocumentation_url%20.%20'/generate-server/topic?file=/lib64/python3.9/lib2to3/fixes/fix_map.py HTTP/2.0" 200 242 "https://www.vicenza.elettroservicegroup.it/%22$MySQLaccess::MYSQLADMIN/'.GA4WP_URL.'assests/images/'%20.%20$this-%3Ebase-%3Eplugin-%3Edocumentation_url%20.%20'/generate-server/topic?file=/lib64/python3.9/lib2to3/fixes" "Mozilla/5.0 AppleWebKit/537.36 (KHTML, like Gecko; compatible; GPTBot/1.4; +https://openai.com/gptbot)"
216.73.217.65 - - [15/Jul/2026:14:36:20 +0200] "GET /page/32/?view=%2Fopt%2Fcloudlinux%2Falt-php85%2Froot%2Fetc%2Fphp.d.all%2Fscoutapm.ini HTTP/2.0" 200 57 "-" "Mozilla/5.0 AppleWebKit/537.36 (KHTML, like Gecko; compatible; ClaudeBot/1.0; +claudebot@anthropic.com)"
216.73.217.65 - - [15/Jul/2026:14:36:20 +0200] "GET /page/27/?edit=%2Flib%2Fpython3.9%2Fsite-packages%2Fisc%2F__pycache__%2Fkeymgr.cpython-39.pyc HTTP/2.0" 200 24292 "-" "Mozilla/5.0 AppleWebKit/537.36 (KHTML, like Gecko; compatible; ClaudeBot/1.0; +claudebot@anthropic.com)"
74.7.227.15 - - [15/Jul/2026:14:36:21 +0200] "GET /%22$MySQLaccess::MYSQLADMIN/'.GA4WP_URL.'assests/images/'%20.%20$this-%3Ebase-%3Eplugin-%3Edocumentation_url%20.%20'/generate-server/topic?file=/lib64/python3.9/lib2to3/fixes/fix_print.py HTTP/2.0" 200 242 "https://www.vicenza.elettroservicegroup.it/%22$MySQLaccess::MYSQLADMIN/'.GA4WP_URL.'assests/images/'%20.%20$this-%3Ebase-%3Eplugin-%3Edocumentation_url%20.%20'/generate-server/topic?file=/lib64/python3.9/lib2to3/fixes" "Mozilla/5.0 AppleWebKit/537.36 (KHTML, like Gecko; compatible; GPTBot/1.4; +https://openai.com/gptbot)"
216.73.217.65 - - [15/Jul/2026:14:36:20 +0200] "GET /page/12/?file=%2Fopt%2Fcloudlinux%2Falt-php85%2Froot%2Fusr%2Fshare%2Fpear%2Fdata%2FPEAR HTTP/2.0" 200 22295 "-" "Mozilla/5.0 AppleWebKit/537.36 (KHTML, like Gecko; compatible; ClaudeBot/1.0; +claudebot@anthropic.com)"
216.73.217.65 - - [15/Jul/2026:14:36:20 +0200] "GET /page/31/?file=%2Fusr%2Finclude%2Fbits%2Fwchar2-decl.h HTTP/2.0" 200 22277 "-" "Mozilla/5.0 AppleWebKit/537.36 (KHTML, like Gecko; compatible; ClaudeBot/1.0; +claudebot@anthropic.com)"
216.73.217.65 - - [15/Jul/2026:14:36:20 +0200] "GET /page/22/?file=%2Fopt%2Fcloudlinux%2Falt-php74%2Froot%2Fvar%2Flib%2Fpear%2Fpkgxml HTTP/2.0" 200 22295 "-" "Mozilla/5.0 AppleWebKit/537.36 (KHTML, like Gecko; compatible; ClaudeBot/1.0; +claudebot@anthropic.com)"
216.73.217.65 - - [15/Jul/2026:14:36:20 +0200] "GET /page/31/?rename=%2Fopt%2Fcloudlinux%2Falt-php84%2Froot%2Fusr%2Flib64%2Fphp%2Fmodules%2Fyaml.so HTTP/2.0" 200 23093 "-" "Mozilla/5.0 AppleWebKit/537.36 (KHTML, like Gecko; compatible; ClaudeBot/1.0; +claudebot@anthropic.com)"
216.73.217.65 - - [15/Jul/2026:14:36:20 +0200] "GET /page/33/?file=%2Fopt%2Fcloudlinux%2Falt-php83%2Froot%2Fetc%2Fphp.d.all%2Fredis.ini HTTP/2.0" 200 22180 "-" "Mozilla/5.0 AppleWebKit/537.36 (KHTML, like Gecko; compatible; ClaudeBot/1.0; +claudebot@anthropic.com)"
216.73.217.65 - - [15/Jul/2026:14:36:21 +0200] "GET /3D%22https:/wp-admin/images/3D%22http:/tracking.kzexport.cloud/tracking/credits.php?edit=%2Fhome%2Fcosta4%2Fvicenza.elettroservicegroup.it%2Fwp-admin%2Fjs%2Fxfn.min.js HTTP/2.0" 200 19322 "-" "Mozilla/5.0 AppleWebKit/537.36 (KHTML, like Gecko; compatible; ClaudeBot/1.0; +claudebot@anthropic.com)"
216.73.217.65 - - [15/Jul/2026:14:36:22 +0200] "GET /page/33/?view=%2Fopt%2Fcloudlinux%2Fvenv%2Flib64%2Fpython3.11%2Fsite-packages%2Fsqlalchemy%2Fdialects%2Fmssql%2Fprovision.py HTTP/2.0" 200 892 "-" "Mozilla/5.0 AppleWebKit/537.36 (KHTML, like Gecko; compatible; ClaudeBot/1.0; +claudebot@anthropic.com)"
216.73.217.65 - - [15/Jul/2026:14:36:21 +0200] "GET /3D%22https:/click.mlsend2.com/3D%22http:/click.ernesto.it/wf/wp-admin/css/install.css?file=%2Fhome%2Fcosta4%2Fpiacenza.elettroservicegroup.it%2Fwp-content%2Fuploads%2F2024 HTTP/2.0" 200 18406 "-" "Mozilla/5.0 AppleWebKit/537.36 (KHTML, like Gecko; compatible; ClaudeBot/1.0; +claudebot@anthropic.com)"
216.73.217.65 - - [15/Jul/2026:14:36:20 +0200] "GET /page/17/?rename=%2Fopt%2Fcloudlinux%2Falt-php82%2Froot%2Fusr%2Finclude%2Fphp%2FZend%2Fzend_hash.h HTTP/2.0" 200 23358 "-" "Mozilla/5.0 AppleWebKit/537.36 (KHTML, like Gecko; compatible; ClaudeBot/1.0; +claudebot@anthropic.com)"
216.73.217.65 - - [15/Jul/2026:14:36:21 +0200] "GET /3D%22https:/click.mlsend2.com/3D%22http:/click.ernesto.it/wf/wp-admin/css/link-add.php?edit=%2Fhome%2Fcosta4%2Fpublic_html%2Fwp-content%2Fuploads%2F2021%2F10%2Fignis-logo.png HTTP/2.0" 200 31719 "-" "Mozilla/5.0 AppleWebKit/537.36 (KHTML, like Gecko; compatible; ClaudeBot/1.0; +claudebot@anthropic.com)"
74.7.227.15 - - [15/Jul/2026:14:36:22 +0200] "GET /%22$MySQLaccess::MYSQLADMIN/'.GA4WP_URL.'assests/images/'%20.%20$this-%3Ebase-%3Eplugin-%3Edocumentation_url%20.%20'/generate-server/topic?file=/lib64/python3.9/lib2to3/fixes/fix_renames.py HTTP/2.0" 200 246 "https://www.vicenza.elettroservicegroup.it/%22$MySQLaccess::MYSQLADMIN/'.GA4WP_URL.'assests/images/'%20.%20$this-%3Ebase-%3Eplugin-%3Edocumentation_url%20.%20'/generate-server/topic?file=/lib64/python3.9/lib2to3/fixes" "Mozilla/5.0 AppleWebKit/537.36 (KHTML, like Gecko; compatible; GPTBot/1.4; +https://openai.com/gptbot)"
216.73.217.65 - - [15/Jul/2026:14:36:23 +0200] "GET /page/24/?view=%2Fopt%2Fcloudlinux%2Falt-php56%2Froot%2Fusr%2Finclude%2Fphp%2Fext%2Fgd%2Flibgd%2Fwbmp.h HTTP/2.0" 200 559 "-" "Mozilla/5.0 AppleWebKit/537.36 (KHTML, like Gecko; compatible; ClaudeBot/1.0; +claudebot@anthropic.com)"
216.73.217.65 - - [15/Jul/2026:14:36:23 +0200] "GET /page/26/?view=%2Fopt%2Fcloudlinux%2Falt-php85%2Froot%2Fusr%2Finclude%2Fphp%2Fext%2Fmbstring%2Flibmbfl%2Fmbfl%2Fmbfl_consts.h HTTP/2.0" 200 832 "-" "Mozilla/5.0 AppleWebKit/537.36 (KHTML, like Gecko; compatible; ClaudeBot/1.0; +claudebot@anthropic.com)"
74.7.227.15 - - [15/Jul/2026:14:36:23 +0200] "GET /%22$MySQLaccess::MYSQLADMIN/'.GA4WP_URL.'assests/images/'%20.%20$this-%3Ebase-%3Eplugin-%3Edocumentation_url%20.%20'/generate-server/topic?rename=/lib64/python3.9/lib2to3/fixes/fix_tuple_params.py HTTP/2.0" 200 927 "https://www.vicenza.elettroservicegroup.it/%22$MySQLaccess::MYSQLADMIN/'.GA4WP_URL.'assests/images/'%20.%20$this-%3Ebase-%3Eplugin-%3Edocumentation_url%20.%20'/generate-server/topic?file=/lib64/python3.9/lib2to3/fixes" "Mozilla/5.0 AppleWebKit/537.36 (KHTML, like Gecko; compatible; GPTBot/1.4; +https://openai.com/gptbot)"
216.73.217.65 - - [15/Jul/2026:14:36:22 +0200] "GET /page/21/?file=%2Fopt%2Fcloudlinux%2Fvenv%2Flib64%2Fpython3.11%2Fsite-packages%2Fcllimits%2Fcl_utils%2Fcloudlinux-summary.py HTTP/2.0" 200 22160 "-" "Mozilla/5.0 AppleWebKit/537.36 (KHTML, like Gecko; compatible; ClaudeBot/1.0; +claudebot@anthropic.com)"
216.73.217.65 - - [15/Jul/2026:14:36:22 +0200] "GET /page/26/?file=%2Fopt%2Falt%2Fpython-internal%2Flib64%2Fpython3.11%2Fencodings%2F__pycache__%2Fcp861.cpython-311.opt-1.pyc HTTP/2.0" 200 23358 "-" "Mozilla/5.0 AppleWebKit/537.36 (KHTML, like Gecko; compatible; ClaudeBot/1.0; +claudebot@anthropic.com)"
216.73.217.65 - - [15/Jul/2026:14:36:23 +0200] "GET /page/40/?file=%2Fopt%2Fcloudlinux%2Falt-php70%2Froot%2Fetc%2Fphp.d.all%2Fgeos.ini HTTP/2.0" 200 25029 "-" "Mozilla/5.0 AppleWebKit/537.36 (KHTML, like Gecko; compatible; ClaudeBot/1.0; +claudebot@anthropic.com)"
216.73.217.65 - - [15/Jul/2026:14:36:23 +0200] "GET /page/28/?edit=%2Flib%2Fpython3.9%2Fsite-packages%2Fdnf-plugins%2F__pycache__%2Frepomanage.cpython-39.opt-1.pyc HTTP/2.0" 200 26096 "-" "Mozilla/5.0 AppleWebKit/537.36 (KHTML, like Gecko; compatible; ClaudeBot/1.0; +claudebot@anthropic.com)"
216.73.217.65 - - [15/Jul/2026:14:36:23 +0200] "GET /page/35/?file=%2Fopt%2Fcloudlinux%2Falt-php80%2Froot%2Fetc%2Fphp.d.all%2Fdiseval.ini HTTP/2.0" 200 22426 "-" "Mozilla/5.0 AppleWebKit/537.36 (KHTML, like Gecko; compatible; ClaudeBot/1.0; +claudebot@anthropic.com)"
216.73.217.65 - - [15/Jul/2026:14:36:23 +0200] "GET /3D%22https:/click.mlsend2.com/wp-admin/3D%22http:/privacy.php?rename=%2Fhome%2Fcosta4%2Fverona.elettroservicegroup.it%2Ffonts%2Ffontawesome-webfont.eot HTTP/2.0" 200 19095 "-" "Mozilla/5.0 AppleWebKit/537.36 (KHTML, like Gecko; compatible; ClaudeBot/1.0; +claudebot@anthropic.com)"
216.73.217.65 - - [15/Jul/2026:14:36:25 +0200] "GET /page/10/?view=%2Fopt%2Fcloudlinux%2Falt-php81%2Froot%2Fetc%2Fphp.d.all%2Fposix.ini HTTP/2.0" 200 45 "-" "Mozilla/5.0 AppleWebKit/537.36 (KHTML, like Gecko; compatible; ClaudeBot/1.0; +claudebot@anthropic.com)"
216.73.217.65 - - [15/Jul/2026:14:36:23 +0200] "GET /page/36/?rename=%2Fopt%2Fcloudlinux%2Falt-php80%2Froot%2Fusr%2Flib64%2Fphp%2Fmodules%2Fyaf.so HTTP/2.0" 200 22693 "-" "Mozilla/5.0 AppleWebKit/537.36 (KHTML, like Gecko; compatible; ClaudeBot/1.0; +claudebot@anthropic.com)"
216.73.217.65 - - [15/Jul/2026:14:36:23 +0200] "GET /page/16/?rename=%2Fopt%2Fcloudlinux%2Falt-php56%2Froot%2Fusr%2Finclude%2Fphp%2FTSRM%2Ftsrm_config.h HTTP/2.0" 200 22393 "-" "Mozilla/5.0 AppleWebKit/537.36 (KHTML, like Gecko; compatible; ClaudeBot/1.0; +claudebot@anthropic.com)"
216.73.217.65 - - [15/Jul/2026:14:36:25 +0200] "GET /page/26/?view=%2Fopt%2Fcloudlinux%2Fvenv%2Flib64%2Fpython3.11%2Fsite-packages%2Fnumpy%2Flib%2Ftests%2Fdata%2Fpy2-objarr.npz HTTP/2.0" 200 278 "-" "Mozilla/5.0 AppleWebKit/537.36 (KHTML, like Gecko; compatible; ClaudeBot/1.0; +claudebot@anthropic.com)"
74.7.227.15 - - [15/Jul/2026:14:36:25 +0200] "GET /%22$MySQLaccess::MYSQLADMIN/'.GA4WP_URL.'assests/images/'%20.%20$this-%3Ebase-%3Eplugin-%3Edocumentation_url%20.%20'/generate-server/topic?file=/lib64/python3.9/sqlite3/dump.py HTTP/2.0" 200 240 "https://www.vicenza.elettroservicegroup.it/%22$MySQLaccess::MYSQLADMIN/'.GA4WP_URL.'assests/images/'%20.%20$this-%3Ebase-%3Eplugin-%3Edocumentation_url%20.%20'/generate-server/topic?file=/lib64/python3.9/sqlite3" "Mozilla/5.0 AppleWebKit/537.36 (KHTML, like Gecko; compatible; GPTBot/1.4; +https://openai.com/gptbot)"
216.73.217.65 - - [15/Jul/2026:14:36:25 +0200] "GET /page/16/?view=%2Fopt%2Fcloudlinux%2Falt-php81%2Froot%2Fetc%2Fphp.d.all%2Fxdiff.ini HTTP/2.0" 200 47 "-" "Mozilla/5.0 AppleWebKit/537.36 (KHTML, like Gecko; compatible; ClaudeBot/1.0; +claudebot@anthropic.com)"
216.73.217.65 - - [15/Jul/2026:14:36:24 +0200] "GET /page/27/?file=%2Fopt%2Fcloudlinux%2Fvenv%2Flib64%2Fpython3.11%2Fsite-packages%2Fastroid%2Fbases.py HTTP/2.0" 200 21239 "-" "Mozilla/5.0 AppleWebKit/537.36 (KHTML, like Gecko; compatible; ClaudeBot/1.0; +claudebot@anthropic.com)"
216.73.217.65 - - [15/Jul/2026:14:36:24 +0200] "GET /3D%22https:/click.mlsend2.com/3D%22http:/click.ernesto.it/wf/wp-admin/css/install.css?file=%2Fhome%2Fcosta4%2Fpiacenza.elettroservicegroup.it%2Fwp-content%2Fuploads%2Felementor HTTP/2.0" 200 18383 "-" "Mozilla/5.0 AppleWebKit/537.36 (KHTML, like Gecko; compatible; ClaudeBot/1.0; +claudebot@anthropic.com)"
216.73.217.65 - - [15/Jul/2026:14:36:25 +0200] "GET /3D%22https:/qrco.de/%22https:/www.wordfence.com/help/'.concat(P,'?file=%2Fhome%2Fcosta4%2Fvicenza.elettroservicegroup.it%2Fwp-content%2Fthemes%2Fgeneratepress%2Fno-results.php HTTP/2.0" 200 232 "-" "Mozilla/5.0 AppleWebKit/537.36 (KHTML, like Gecko; compatible; ClaudeBot/1.0; +claudebot@anthropic.com)"
216.73.217.65 - - [15/Jul/2026:14:36:25 +0200] "GET /page/39/?edit=%2Fopt%2Fcloudlinux%2Falt-php85%2Froot%2Fusr%2Finclude%2Fphp%2Fext%2Fpcre%2Fpcre2lib%2Fpcre2_ucp.h HTTP/2.0" 200 26340 "-" "Mozilla/5.0 AppleWebKit/537.36 (KHTML, like Gecko; compatible; ClaudeBot/1.0; +claudebot@anthropic.com)"
74.7.227.15 - - [15/Jul/2026:14:36:26 +0200] "GET /%22$MySQLaccess::MYSQLADMIN/'.GA4WP_URL.'assests/images/'%20.%20$this-%3Ebase-%3Eplugin-%3Edocumentation_url%20.%20'/generate-server/topic?rename=/lib64/python3.9/lib2to3/fixes/fix_raw_input.py HTTP/2.0" 200 923 "https://www.vicenza.elettroservicegroup.it/%22$MySQLaccess::MYSQLADMIN/'.GA4WP_URL.'assests/images/'%20.%20$this-%3Ebase-%3Eplugin-%3Edocumentation_url%20.%20'/generate-server/topic?file=/lib64/python3.9/lib2to3/fixes" "Mozilla/5.0 AppleWebKit/537.36 (KHTML, like Gecko; compatible; GPTBot/1.4; +https://openai.com/gptbot)"
216.73.217.65 - - [15/Jul/2026:14:36:26 +0200] "GET /3D%22https:/click.mlsend2.com/wp-admin/3D%22http:/track.mdrctr.com/track/3D%22https=?rename=%2Fhome%2Fcosta4%2Fcremona.elettroservicegroup.it%2Fwp-admin%2Fimages%2Fbubble_bg-2x.gif HTTP/2.0" 200 19104 "-" "Mozilla/5.0 AppleWebKit/537.36 (KHTML, like Gecko; compatible; ClaudeBot/1.0; +claudebot@anthropic.com)"
216.73.217.65 - - [15/Jul/2026:14:36:26 +0200] "GET /3D%22https:/ln.run/%22http:/php.net/manual/en/js/3D%22http:/privacy.php?file=%2Fhome%2Fcosta4%2Fparma.elettroservicegroup.it%2Fwp-content%2Fcache%2Fwpfc-minified%2Fetk1ozya%2F2hecn.css HTTP/2.0" 200 18356 "-" "Mozilla/5.0 AppleWebKit/537.36 (KHTML, like Gecko; compatible; ClaudeBot/1.0; +claudebot@anthropic.com)"
216.73.217.65 - - [15/Jul/2026:14:36:26 +0200] "GET /page/25/?file=%2Flib%2Fpython3.9%2Fsite-packages%2Fsetuptools%2F_distutils%2F__pycache__%2Ferrors.cpython-39.pyc HTTP/2.0" 200 22120 "-" "Mozilla/5.0 AppleWebKit/537.36 (KHTML, like Gecko; compatible; ClaudeBot/1.0; +claudebot@anthropic.com)"
216.73.217.65 - - [15/Jul/2026:14:36:26 +0200] "GET /3D%22https:/click.mlsend2.com/wp-admin/3D%22http:/options-reading.php?file=%2Fhome%2Fcosta4%2Fbrescia.elettroservicegroup.it%2Fwp-includes%2Fimages%2Ficon-library%2Finfo.svg HTTP/2.0" 200 18333 "-" "Mozilla/5.0 AppleWebKit/537.36 (KHTML, like Gecko; compatible; ClaudeBot/1.0; +claudebot@anthropic.com)"
216.73.217.65 - - [15/Jul/2026:14:36:26 +0200] "GET /page/19/?rename=%2Fopt%2Fcloudlinux%2Fvenv%2Flib64%2Fpython3.11%2Fsite-packages%2Fnumpy%2Fdistutils%2Funixccompiler.py HTTP/2.0" 200 22824 "-" "Mozilla/5.0 AppleWebKit/537.36 (KHTML, like Gecko; compatible; ClaudeBot/1.0; +claudebot@anthropic.com)"
216.73.217.65 - - [15/Jul/2026:14:36:26 +0200] "GET /page/25/?edit=%2Fopt%2Falt%2Fphp74%2Fusr%2Finclude%2Fphp%2Fext%2Fstandard%2Fflock_compat.h HTTP/2.0" 200 23602 "-" "Mozilla/5.0 AppleWebKit/537.36 (KHTML, like Gecko; compatible; ClaudeBot/1.0; +claudebot@anthropic.com)"
216.73.217.65 - - [15/Jul/2026:14:36:27 +0200] "GET /page/5/?rename=%2Fopt%2Fcloudlinux%2Fvenv%2Flib64%2Fpython3.11%2Fsite-packages%2Fsetuptools%2Fcommand%2Fbuild_ext.py HTTP/2.0" 200 23071 "-" "Mozilla/5.0 AppleWebKit/537.36 (KHTML, like Gecko; compatible; ClaudeBot/1.0; +claudebot@anthropic.com)"
