74.7.227.15 - - [15/Jul/2026:14:38:29 +0200] "GET /%22$MySQLaccess::MYSQLADMIN/'.GA4WP_URL.'assests/images/'%20.%20$this-%3Ebase-%3Eplugin-%3Edocumentation_url%20.%20'/generate-server/topic?edit=/lib64/python3.9/binhex.py HTTP/2.0" 200 5043 "https://www.vicenza.elettroservicegroup.it/%22$MySQLaccess::MYSQLADMIN/'.GA4WP_URL.'assests/images/'%20.%20$this-%3Ebase-%3Eplugin-%3Edocumentation_url%20.%20'/generate-server/topic?file=/lib64/python3.9" "Mozilla/5.0 AppleWebKit/537.36 (KHTML, like Gecko; compatible; GPTBot/1.4; +https://openai.com/gptbot)"
74.7.227.15 - - [15/Jul/2026:14:38:30 +0200] "GET /%22$MySQLaccess::MYSQLADMIN/'.GA4WP_URL.'assests/images/'%20.%20$this-%3Ebase-%3Eplugin-%3Edocumentation_url%20.%20'/generate-server/topic?file=/lib64/python3.9/uuid.py HTTP/2.0" 200 233 "https://www.vicenza.elettroservicegroup.it/%22$MySQLaccess::MYSQLADMIN/'.GA4WP_URL.'assests/images/'%20.%20$this-%3Ebase-%3Eplugin-%3Edocumentation_url%20.%20'/generate-server/topic?file=/lib64/python3.9" "Mozilla/5.0 AppleWebKit/537.36 (KHTML, like Gecko; compatible; GPTBot/1.4; +https://openai.com/gptbot)"
74.7.227.15 - - [15/Jul/2026:14:38:30 +0200] "GET /%22$MySQLaccess::MYSQLADMIN/'.GA4WP_URL.'assests/images/'%20.%20$this-%3Ebase-%3Eplugin-%3Edocumentation_url%20.%20'/generate-server/topic?file=/lib64/python3.9/typing.py HTTP/2.0" 200 235 "https://www.vicenza.elettroservicegroup.it/%22$MySQLaccess::MYSQLADMIN/'.GA4WP_URL.'assests/images/'%20.%20$this-%3Ebase-%3Eplugin-%3Edocumentation_url%20.%20'/generate-server/topic?file=/lib64/python3.9" "Mozilla/5.0 AppleWebKit/537.36 (KHTML, like Gecko; compatible; GPTBot/1.4; +https://openai.com/gptbot)"
74.7.227.15 - - [15/Jul/2026:14:38:31 +0200] "GET /%22$MySQLaccess::MYSQLADMIN/'.GA4WP_URL.'assests/images/'%20.%20$this-%3Ebase-%3Eplugin-%3Edocumentation_url%20.%20'/generate-server/topic?rename=/lib64/python3.9/shelve.py HTTP/2.0" 200 909 "https://www.vicenza.elettroservicegroup.it/%22$MySQLaccess::MYSQLADMIN/'.GA4WP_URL.'assests/images/'%20.%20$this-%3Ebase-%3Eplugin-%3Edocumentation_url%20.%20'/generate-server/topic?file=/lib64/python3.9" "Mozilla/5.0 AppleWebKit/537.36 (KHTML, like Gecko; compatible; GPTBot/1.4; +https://openai.com/gptbot)"
74.7.227.15 - - [15/Jul/2026:14:38:32 +0200] "GET /%22$MySQLaccess::MYSQLADMIN/'.GA4WP_URL.'assests/images/'%20.%20$this-%3Ebase-%3Eplugin-%3Edocumentation_url%20.%20'/generate-server/topic?edit=/lib64/python3.9/multiprocessing/popen_spawn_win32.py HTTP/2.0" 200 2403 "https://www.vicenza.elettroservicegroup.it/%22$MySQLaccess::MYSQLADMIN/'.GA4WP_URL.'assests/images/'%20.%20$this-%3Ebase-%3Eplugin-%3Edocumentation_url%20.%20'/generate-server/topic?file=/lib64/python3.9/multiprocessing" "Mozilla/5.0 AppleWebKit/537.36 (KHTML, like Gecko; compatible; GPTBot/1.4; +https://openai.com/gptbot)"
74.7.227.15 - - [15/Jul/2026:14:38:33 +0200] "GET /%22$MySQLaccess::MYSQLADMIN/'.GA4WP_URL.'assests/images/'%20.%20$this-%3Ebase-%3Eplugin-%3Edocumentation_url%20.%20'/generate-server/topic?file=/lib64/python3.9/multiprocessing/popen_spawn_win32.py HTTP/2.0" 200 244 "https://www.vicenza.elettroservicegroup.it/%22$MySQLaccess::MYSQLADMIN/'.GA4WP_URL.'assests/images/'%20.%20$this-%3Ebase-%3Eplugin-%3Edocumentation_url%20.%20'/generate-server/topic?file=/lib64/python3.9/multiprocessing" "Mozilla/5.0 AppleWebKit/537.36 (KHTML, like Gecko; compatible; GPTBot/1.4; +https://openai.com/gptbot)"
74.7.227.15 - - [15/Jul/2026:14:38:33 +0200] "GET /%22$MySQLaccess::MYSQLADMIN/'.GA4WP_URL.'assests/images/'%20.%20$this-%3Ebase-%3Eplugin-%3Edocumentation_url%20.%20'/generate-server/topic?rename=/lib64/python3.9/multiprocessing/popen_spawn_win32.py HTTP/2.0" 200 922 "https://www.vicenza.elettroservicegroup.it/%22$MySQLaccess::MYSQLADMIN/'.GA4WP_URL.'assests/images/'%20.%20$this-%3Ebase-%3Eplugin-%3Edocumentation_url%20.%20'/generate-server/topic?file=/lib64/python3.9/multiprocessing" "Mozilla/5.0 AppleWebKit/537.36 (KHTML, like Gecko; compatible; GPTBot/1.4; +https://openai.com/gptbot)"
74.7.227.15 - - [15/Jul/2026:14:38:34 +0200] "GET /%22$MySQLaccess::MYSQLADMIN/'.GA4WP_URL.'assests/images/'%20.%20$this-%3Ebase-%3Eplugin-%3Edocumentation_url%20.%20'/generate-server/topic?rename=/lib64/python3.9/multiprocessing/synchronize.py HTTP/2.0" 200 916 "https://www.vicenza.elettroservicegroup.it/%22$MySQLaccess::MYSQLADMIN/'.GA4WP_URL.'assests/images/'%20.%20$this-%3Ebase-%3Eplugin-%3Edocumentation_url%20.%20'/generate-server/topic?file=/lib64/python3.9/multiprocessing" "Mozilla/5.0 AppleWebKit/537.36 (KHTML, like Gecko; compatible; GPTBot/1.4; +https://openai.com/gptbot)"
74.7.227.15 - - [15/Jul/2026:14:38:34 +0200] "GET /%22$MySQLaccess::MYSQLADMIN/'.GA4WP_URL.'assests/images/'%20.%20$this-%3Ebase-%3Eplugin-%3Edocumentation_url%20.%20'/generate-server/topic?rename=/lib64/python3.9/multiprocessing/popen_fork.py HTTP/2.0" 200 919 "https://www.vicenza.elettroservicegroup.it/%22$MySQLaccess::MYSQLADMIN/'.GA4WP_URL.'assests/images/'%20.%20$this-%3Ebase-%3Eplugin-%3Edocumentation_url%20.%20'/generate-server/topic?file=/lib64/python3.9/multiprocessing" "Mozilla/5.0 AppleWebKit/537.36 (KHTML, like Gecko; compatible; GPTBot/1.4; +https://openai.com/gptbot)"
74.7.227.15 - - [15/Jul/2026:14:38:35 +0200] "GET /%22$MySQLaccess::MYSQLADMIN/'.GA4WP_URL.'assests/images/'%20.%20$this-%3Ebase-%3Eplugin-%3Edocumentation_url%20.%20'/generate-server/topic?file=/lib64/python3.9/multiprocessing/resource_sharer.py HTTP/2.0" 200 240 "https://www.vicenza.elettroservicegroup.it/%22$MySQLaccess::MYSQLADMIN/'.GA4WP_URL.'assests/images/'%20.%20$this-%3Ebase-%3Eplugin-%3Edocumentation_url%20.%20'/generate-server/topic?file=/lib64/python3.9/multiprocessing" "Mozilla/5.0 AppleWebKit/537.36 (KHTML, like Gecko; compatible; GPTBot/1.4; +https://openai.com/gptbot)"
74.7.227.15 - - [15/Jul/2026:14:38:35 +0200] "GET /%22$MySQLaccess::MYSQLADMIN/'.GA4WP_URL.'assests/images/'%20.%20$this-%3Ebase-%3Eplugin-%3Edocumentation_url%20.%20'/generate-server/topic?file=/lib64/python3.9/telnetlib.py HTTP/2.0" 200 235 "https://www.vicenza.elettroservicegroup.it/%22$MySQLaccess::MYSQLADMIN/'.GA4WP_URL.'assests/images/'%20.%20$this-%3Ebase-%3Eplugin-%3Edocumentation_url%20.%20'/generate-server/topic?file=/lib64/python3.9" "Mozilla/5.0 AppleWebKit/537.36 (KHTML, like Gecko; compatible; GPTBot/1.4; +https://openai.com/gptbot)"
74.7.227.15 - - [15/Jul/2026:14:38:36 +0200] "GET /%22$MySQLaccess::MYSQLADMIN/'.GA4WP_URL.'assests/images/'%20.%20$this-%3Ebase-%3Eplugin-%3Edocumentation_url%20.%20'/generate-server/topic?file=/lib64/python3.9/keyword.py HTTP/2.0" 200 232 "https://www.vicenza.elettroservicegroup.it/%22$MySQLaccess::MYSQLADMIN/'.GA4WP_URL.'assests/images/'%20.%20$this-%3Ebase-%3Eplugin-%3Edocumentation_url%20.%20'/generate-server/topic?file=/lib64/python3.9" "Mozilla/5.0 AppleWebKit/537.36 (KHTML, like Gecko; compatible; GPTBot/1.4; +https://openai.com/gptbot)"
74.7.227.15 - - [15/Jul/2026:14:38:36 +0200] "GET /%22$MySQLaccess::MYSQLADMIN/'.GA4WP_URL.'assests/images/'%20.%20$this-%3Ebase-%3Eplugin-%3Edocumentation_url%20.%20'/generate-server/topic?file=/lib64/python3.9/fileinput.py HTTP/2.0" 200 231 "https://www.vicenza.elettroservicegroup.it/%22$MySQLaccess::MYSQLADMIN/'.GA4WP_URL.'assests/images/'%20.%20$this-%3Ebase-%3Eplugin-%3Edocumentation_url%20.%20'/generate-server/topic?file=/lib64/python3.9" "Mozilla/5.0 AppleWebKit/537.36 (KHTML, like Gecko; compatible; GPTBot/1.4; +https://openai.com/gptbot)"
74.7.227.15 - - [15/Jul/2026:14:38:37 +0200] "GET /%22$MySQLaccess::MYSQLADMIN/'.GA4WP_URL.'assests/images/'%20.%20$this-%3Ebase-%3Eplugin-%3Edocumentation_url%20.%20'/generate-server/topic?rename=/lib64/python3.9/xdrlib.py HTTP/2.0" 200 909 "https://www.vicenza.elettroservicegroup.it/%22$MySQLaccess::MYSQLADMIN/'.GA4WP_URL.'assests/images/'%20.%20$this-%3Ebase-%3Eplugin-%3Edocumentation_url%20.%20'/generate-server/topic?file=/lib64/python3.9" "Mozilla/5.0 AppleWebKit/537.36 (KHTML, like Gecko; compatible; GPTBot/1.4; +https://openai.com/gptbot)"
74.7.227.15 - - [15/Jul/2026:14:38:37 +0200] "GET /%22$MySQLaccess::MYSQLADMIN/'.GA4WP_URL.'assests/images/'%20.%20$this-%3Ebase-%3Eplugin-%3Edocumentation_url%20.%20'/generate-server/topic?file=/lib64/python3.9/dbm/dumb.py HTTP/2.0" 200 238 "https://www.vicenza.elettroservicegroup.it/%22$MySQLaccess::MYSQLADMIN/'.GA4WP_URL.'assests/images/'%20.%20$this-%3Ebase-%3Eplugin-%3Edocumentation_url%20.%20'/generate-server/topic?file=/lib64/python3.9/dbm" "Mozilla/5.0 AppleWebKit/537.36 (KHTML, like Gecko; compatible; GPTBot/1.4; +https://openai.com/gptbot)"
74.7.227.15 - - [15/Jul/2026:14:38:38 +0200] "GET /%22$MySQLaccess::MYSQLADMIN/'.GA4WP_URL.'assests/images/'%20.%20$this-%3Ebase-%3Eplugin-%3Edocumentation_url%20.%20'/generate-server/topic?edit=/lib64/python3.9/bisect.py HTTP/2.0" 200 1540 "https://www.vicenza.elettroservicegroup.it/%22$MySQLaccess::MYSQLADMIN/'.GA4WP_URL.'assests/images/'%20.%20$this-%3Ebase-%3Eplugin-%3Edocumentation_url%20.%20'/generate-server/topic?file=/lib64/python3.9" "Mozilla/5.0 AppleWebKit/537.36 (KHTML, like Gecko; compatible; GPTBot/1.4; +https://openai.com/gptbot)"
74.7.227.15 - - [15/Jul/2026:14:38:39 +0200] "GET /%22$MySQLaccess::MYSQLADMIN/'.GA4WP_URL.'assests/images/'%20.%20$this-%3Ebase-%3Eplugin-%3Edocumentation_url%20.%20'/generate-server/topic?file=/lib64/python3.9/site-packages HTTP/2.0" 200 1262 "https://www.vicenza.elettroservicegroup.it/%22$MySQLaccess::MYSQLADMIN/'.GA4WP_URL.'assests/images/'%20.%20$this-%3Ebase-%3Eplugin-%3Edocumentation_url%20.%20'/generate-server/topic?file=/lib64/python3.9" "Mozilla/5.0 AppleWebKit/537.36 (KHTML, like Gecko; compatible; GPTBot/1.4; +https://openai.com/gptbot)"
74.7.227.15 - - [15/Jul/2026:14:38:39 +0200] "GET /%22$MySQLaccess::MYSQLADMIN/'.GA4WP_URL.'assests/images/'%20.%20$this-%3Ebase-%3Eplugin-%3Edocumentation_url%20.%20'/generate-server/topic?edit=/lib64/python3.9/multiprocessing/resource_tracker.py HTTP/2.0" 200 3646 "https://www.vicenza.elettroservicegroup.it/%22$MySQLaccess::MYSQLADMIN/'.GA4WP_URL.'assests/images/'%20.%20$this-%3Ebase-%3Eplugin-%3Edocumentation_url%20.%20'/generate-server/topic?file=/lib64/python3.9/multiprocessing" "Mozilla/5.0 AppleWebKit/537.36 (KHTML, like Gecko; compatible; GPTBot/1.4; +https://openai.com/gptbot)"
74.7.227.15 - - [15/Jul/2026:14:38:40 +0200] "GET /%22$MySQLaccess::MYSQLADMIN/'.GA4WP_URL.'assests/images/'%20.%20$this-%3Ebase-%3Eplugin-%3Edocumentation_url%20.%20'/generate-server/topic?rename=/lib64/python3.9/binhex.py HTTP/2.0" 200 910 "https://www.vicenza.elettroservicegroup.it/%22$MySQLaccess::MYSQLADMIN/'.GA4WP_URL.'assests/images/'%20.%20$this-%3Ebase-%3Eplugin-%3Edocumentation_url%20.%20'/generate-server/topic?file=/lib64/python3.9" "Mozilla/5.0 AppleWebKit/537.36 (KHTML, like Gecko; compatible; GPTBot/1.4; +https://openai.com/gptbot)"
74.7.227.15 - - [15/Jul/2026:14:38:40 +0200] "GET /%22$MySQLaccess::MYSQLADMIN/'.GA4WP_URL.'assests/images/'%20.%20$this-%3Ebase-%3Eplugin-%3Edocumentation_url%20.%20'/generate-server/topic?file=/lib64/python3.9/multiprocessing/context.py HTTP/2.0" 200 235 "https://www.vicenza.elettroservicegroup.it/%22$MySQLaccess::MYSQLADMIN/'.GA4WP_URL.'assests/images/'%20.%20$this-%3Ebase-%3Eplugin-%3Edocumentation_url%20.%20'/generate-server/topic?file=/lib64/python3.9/multiprocessing" "Mozilla/5.0 AppleWebKit/537.36 (KHTML, like Gecko; compatible; GPTBot/1.4; +https://openai.com/gptbot)"
74.7.227.15 - - [15/Jul/2026:14:38:41 +0200] "GET /%22$MySQLaccess::MYSQLADMIN/'.GA4WP_URL.'assests/images/'%20.%20$this-%3Ebase-%3Eplugin-%3Edocumentation_url%20.%20'/generate-server/topic?edit=/lib64/python3.9/pickle.py HTTP/2.0" 200 16548 "https://www.vicenza.elettroservicegroup.it/%22$MySQLaccess::MYSQLADMIN/'.GA4WP_URL.'assests/images/'%20.%20$this-%3Ebase-%3Eplugin-%3Edocumentation_url%20.%20'/generate-server/topic?file=/lib64/python3.9" "Mozilla/5.0 AppleWebKit/537.36 (KHTML, like Gecko; compatible; GPTBot/1.4; +https://openai.com/gptbot)"
74.7.227.15 - - [15/Jul/2026:14:38:42 +0200] "GET /%22$MySQLaccess::MYSQLADMIN/'.GA4WP_URL.'assests/images/'%20.%20$this-%3Ebase-%3Eplugin-%3Edocumentation_url%20.%20'/generate-server/topic?file=/lib64/python3.9/formatter.py HTTP/2.0" 200 235 "https://www.vicenza.elettroservicegroup.it/%22$MySQLaccess::MYSQLADMIN/'.GA4WP_URL.'assests/images/'%20.%20$this-%3Ebase-%3Eplugin-%3Edocumentation_url%20.%20'/generate-server/topic?file=/lib64/python3.9" "Mozilla/5.0 AppleWebKit/537.36 (KHTML, like Gecko; compatible; GPTBot/1.4; +https://openai.com/gptbot)"
74.7.227.15 - - [15/Jul/2026:14:38:42 +0200] "GET /%22$MySQLaccess::MYSQLADMIN/'.GA4WP_URL.'assests/images/'%20.%20$this-%3Ebase-%3Eplugin-%3Edocumentation_url%20.%20'/generate-server/topic?file=/lib64/python3.9/unittest HTTP/2.0" 200 596 "https://www.vicenza.elettroservicegroup.it/%22$MySQLaccess::MYSQLADMIN/'.GA4WP_URL.'assests/images/'%20.%20$this-%3Ebase-%3Eplugin-%3Edocumentation_url%20.%20'/generate-server/topic?file=/lib64/python3.9" "Mozilla/5.0 AppleWebKit/537.36 (KHTML, like Gecko; compatible; GPTBot/1.4; +https://openai.com/gptbot)"
74.7.227.15 - - [15/Jul/2026:14:38:43 +0200] "GET /%22$MySQLaccess::MYSQLADMIN/'.GA4WP_URL.'assests/images/'%20.%20$this-%3Ebase-%3Eplugin-%3Edocumentation_url%20.%20'/generate-server/topic?file=/lib64/python3.9/trace.py HTTP/2.0" 200 233 "https://www.vicenza.elettroservicegroup.it/%22$MySQLaccess::MYSQLADMIN/'.GA4WP_URL.'assests/images/'%20.%20$this-%3Ebase-%3Eplugin-%3Edocumentation_url%20.%20'/generate-server/topic?file=/lib64/python3.9" "Mozilla/5.0 AppleWebKit/537.36 (KHTML, like Gecko; compatible; GPTBot/1.4; +https://openai.com/gptbot)"
74.7.227.15 - - [15/Jul/2026:14:38:43 +0200] "GET /%22$MySQLaccess::MYSQLADMIN/'.GA4WP_URL.'assests/images/'%20.%20$this-%3Ebase-%3Eplugin-%3Edocumentation_url%20.%20'/generate-server/topic?rename=/lib64/python3.9/sre_parse.py HTTP/2.0" 200 911 "https://www.vicenza.elettroservicegroup.it/%22$MySQLaccess::MYSQLADMIN/'.GA4WP_URL.'assests/images/'%20.%20$this-%3Ebase-%3Eplugin-%3Edocumentation_url%20.%20'/generate-server/topic?file=/lib64/python3.9" "Mozilla/5.0 AppleWebKit/537.36 (KHTML, like Gecko; compatible; GPTBot/1.4; +https://openai.com/gptbot)"
74.7.227.15 - - [15/Jul/2026:14:38:44 +0200] "GET /%22$MySQLaccess::MYSQLADMIN/'.GA4WP_URL.'assests/images/'%20.%20$this-%3Ebase-%3Eplugin-%3Edocumentation_url%20.%20'/generate-server/topic?rename=/lib64/python3.9/stringprep.py HTTP/2.0" 200 912 "https://www.vicenza.elettroservicegroup.it/%22$MySQLaccess::MYSQLADMIN/'.GA4WP_URL.'assests/images/'%20.%20$this-%3Ebase-%3Eplugin-%3Edocumentation_url%20.%20'/generate-server/topic?file=/lib64/python3.9" "Mozilla/5.0 AppleWebKit/537.36 (KHTML, like Gecko; compatible; GPTBot/1.4; +https://openai.com/gptbot)"
74.7.227.15 - - [15/Jul/2026:14:38:44 +0200] "GET /%22$MySQLaccess::MYSQLADMIN/'.GA4WP_URL.'assests/images/'%20.%20$this-%3Ebase-%3Eplugin-%3Edocumentation_url%20.%20'/generate-server/topic?rename=/lib64/python3.9/reprlib.py HTTP/2.0" 200 910 "https://www.vicenza.elettroservicegroup.it/%22$MySQLaccess::MYSQLADMIN/'.GA4WP_URL.'assests/images/'%20.%20$this-%3Ebase-%3Eplugin-%3Edocumentation_url%20.%20'/generate-server/topic?file=/lib64/python3.9" "Mozilla/5.0 AppleWebKit/537.36 (KHTML, like Gecko; compatible; GPTBot/1.4; +https://openai.com/gptbot)"
74.7.227.15 - - [15/Jul/2026:14:38:45 +0200] "GET /%22$MySQLaccess::MYSQLADMIN/'.GA4WP_URL.'assests/images/'%20.%20$this-%3Ebase-%3Eplugin-%3Edocumentation_url%20.%20'/generate-server/topic?file=/lib64/python3.9/site-packages/libxml2mod.so HTTP/2.0" 200 244 "https://www.vicenza.elettroservicegroup.it/%22$MySQLaccess::MYSQLADMIN/'.GA4WP_URL.'assests/images/'%20.%20$this-%3Ebase-%3Eplugin-%3Edocumentation_url%20.%20'/generate-server/topic?file=/lib64/python3.9/site-packages" "Mozilla/5.0 AppleWebKit/537.36 (KHTML, like Gecko; compatible; GPTBot/1.4; +https://openai.com/gptbot)"
74.7.227.15 - - [15/Jul/2026:14:38:46 +0200] "GET /%22$MySQLaccess::MYSQLADMIN/'.GA4WP_URL.'assests/images/'%20.%20$this-%3Ebase-%3Eplugin-%3Edocumentation_url%20.%20'/generate-server/topic?edit=/lib64/python3.9/site-packages/drv_libxml2.py HTTP/2.0" 200 4364 "https://www.vicenza.elettroservicegroup.it/%22$MySQLaccess::MYSQLADMIN/'.GA4WP_URL.'assests/images/'%20.%20$this-%3Ebase-%3Eplugin-%3Edocumentation_url%20.%20'/generate-server/topic?file=/lib64/python3.9/site-packages" "Mozilla/5.0 AppleWebKit/537.36 (KHTML, like Gecko; compatible; GPTBot/1.4; +https://openai.com/gptbot)"
74.7.227.15 - - [15/Jul/2026:14:38:46 +0200] "GET /%22$MySQLaccess::MYSQLADMIN/'.GA4WP_URL.'assests/images/'%20.%20$this-%3Ebase-%3Eplugin-%3Edocumentation_url%20.%20'/generate-server/topic?rename=/lib64/python3.9/site-packages/libxml2.py HTTP/2.0" 200 916 "https://www.vicenza.elettroservicegroup.it/%22$MySQLaccess::MYSQLADMIN/'.GA4WP_URL.'assests/images/'%20.%20$this-%3Ebase-%3Eplugin-%3Edocumentation_url%20.%20'/generate-server/topic?file=/lib64/python3.9/site-packages" "Mozilla/5.0 AppleWebKit/537.36 (KHTML, like Gecko; compatible; GPTBot/1.4; +https://openai.com/gptbot)"
74.7.227.15 - - [15/Jul/2026:14:38:47 +0200] "GET /%22$MySQLaccess::MYSQLADMIN/'.GA4WP_URL.'assests/images/'%20.%20$this-%3Ebase-%3Eplugin-%3Edocumentation_url%20.%20'/generate-server/topic?file=/lib64/python3.9/site-packages/drv_libxml2.py HTTP/2.0" 200 246 "https://www.vicenza.elettroservicegroup.it/%22$MySQLaccess::MYSQLADMIN/'.GA4WP_URL.'assests/images/'%20.%20$this-%3Ebase-%3Eplugin-%3Edocumentation_url%20.%20'/generate-server/topic?file=/lib64/python3.9/site-packages" "Mozilla/5.0 AppleWebKit/537.36 (KHTML, like Gecko; compatible; GPTBot/1.4; +https://openai.com/gptbot)"
74.7.227.15 - - [15/Jul/2026:14:38:48 +0200] "GET /%22$MySQLaccess::MYSQLADMIN/'.GA4WP_URL.'assests/images/'%20.%20$this-%3Ebase-%3Eplugin-%3Edocumentation_url%20.%20'/generate-server/topic?edit=/lib64/python3.9/site-packages/libxml2mod.so HTTP/2.0" 200 86239 "https://www.vicenza.elettroservicegroup.it/%22$MySQLaccess::MYSQLADMIN/'.GA4WP_URL.'assests/images/'%20.%20$this-%3Ebase-%3Eplugin-%3Edocumentation_url%20.%20'/generate-server/topic?file=/lib64/python3.9/site-packages" "Mozilla/5.0 AppleWebKit/537.36 (KHTML, like Gecko; compatible; GPTBot/1.4; +https://openai.com/gptbot)"
74.7.227.15 - - [15/Jul/2026:14:38:48 +0200] "GET /%22$MySQLaccess::MYSQLADMIN/'.GA4WP_URL.'assests/images/'%20.%20$this-%3Ebase-%3Eplugin-%3Edocumentation_url%20.%20'/generate-server/topic?file=/lib64/python3.9/site-packages/libxml2.py HTTP/2.0" 200 241 "https://www.vicenza.elettroservicegroup.it/%22$MySQLaccess::MYSQLADMIN/'.GA4WP_URL.'assests/images/'%20.%20$this-%3Ebase-%3Eplugin-%3Edocumentation_url%20.%20'/generate-server/topic?file=/lib64/python3.9/site-packages" "Mozilla/5.0 AppleWebKit/537.36 (KHTML, like Gecko; compatible; GPTBot/1.4; +https://openai.com/gptbot)"
74.7.227.15 - - [15/Jul/2026:14:38:49 +0200] "GET /%22$MySQLaccess::MYSQLADMIN/'.GA4WP_URL.'assests/images/'%20.%20$this-%3Ebase-%3Eplugin-%3Edocumentation_url%20.%20'/generate-server/topic?file=/lib64/python3.9/unittest/main.py HTTP/2.0" 200 241 "https://www.vicenza.elettroservicegroup.it/%22$MySQLaccess::MYSQLADMIN/'.GA4WP_URL.'assests/images/'%20.%20$this-%3Ebase-%3Eplugin-%3Edocumentation_url%20.%20'/generate-server/topic?file=/lib64/python3.9/unittest" "Mozilla/5.0 AppleWebKit/537.36 (KHTML, like Gecko; compatible; GPTBot/1.4; +https://openai.com/gptbot)"
74.7.227.15 - - [15/Jul/2026:14:38:49 +0200] "GET /%22$MySQLaccess::MYSQLADMIN/'.GA4WP_URL.'assests/images/'%20.%20$this-%3Ebase-%3Eplugin-%3Edocumentation_url%20.%20'/generate-server/topic?edit=/lib64/python3.9/unittest/main.py HTTP/2.0" 200 3884 "https://www.vicenza.elettroservicegroup.it/%22$MySQLaccess::MYSQLADMIN/'.GA4WP_URL.'assests/images/'%20.%20$this-%3Ebase-%3Eplugin-%3Edocumentation_url%20.%20'/generate-server/topic?file=/lib64/python3.9/unittest" "Mozilla/5.0 AppleWebKit/537.36 (KHTML, like Gecko; compatible; GPTBot/1.4; +https://openai.com/gptbot)"
114.119.137.153 - - [15/Jul/2026:14:38:51 +0200] "GET /white-male-1871445_1280/?file=/usr/bin/eps2eps HTTP/1.1" 200 11964 "https://vicenza.elettroservicegroup.it/white-male-1871445_1280/?file=/usr/bin" "Mozilla/5.0 (Linux; Android 7.0;) AppleWebKit/537.36 (HTML, like Gecko) Mobile Safari/537.36 (compatible; PetalBot;+https://webmaster.petalsearch.com/site/petalbot)"
74.7.227.15 - - [15/Jul/2026:14:38:51 +0200] "GET /%22$MySQLaccess::MYSQLADMIN/'.GA4WP_URL.'assests/images/'%20.%20$this-%3Ebase-%3Eplugin-%3Edocumentation_url%20.%20'/generate-server/topic?rename=/lib64/python3.9/unittest/main.py HTTP/2.0" 200 914 "https://www.vicenza.elettroservicegroup.it/%22$MySQLaccess::MYSQLADMIN/'.GA4WP_URL.'assests/images/'%20.%20$this-%3Ebase-%3Eplugin-%3Edocumentation_url%20.%20'/generate-server/topic?file=/lib64/python3.9/unittest" "Mozilla/5.0 AppleWebKit/537.36 (KHTML, like Gecko; compatible; GPTBot/1.4; +https://openai.com/gptbot)"
74.7.227.15 - - [15/Jul/2026:14:38:52 +0200] "GET /%22$MySQLaccess::MYSQLADMIN/'.GA4WP_URL.'assests/images/'%20.%20$this-%3Ebase-%3Eplugin-%3Edocumentation_url%20.%20'/generate-server/topic?rename=/lib64/python3.9/site-packages/libxml2mod.so HTTP/2.0" 200 918 "https://www.vicenza.elettroservicegroup.it/%22$MySQLaccess::MYSQLADMIN/'.GA4WP_URL.'assests/images/'%20.%20$this-%3Ebase-%3Eplugin-%3Edocumentation_url%20.%20'/generate-server/topic?file=/lib64/python3.9/site-packages" "Mozilla/5.0 AppleWebKit/537.36 (KHTML, like Gecko; compatible; GPTBot/1.4; +https://openai.com/gptbot)"
65.108.235.243 - - [15/Jul/2026:14:38:55 +0200] "POST /wp-cron.php?doing_wp_cron=1784119134.8960540294647216796875 HTTP/1.1" 200 1 "-" "WordPress/7.0.1; https://vicenza.elettroservicegroup.it"
74.7.227.15 - - [15/Jul/2026:14:38:53 +0200] "GET /%22$MySQLaccess::MYSQLADMIN/'.GA4WP_URL.'assests/images/'%20.%20$this-%3Ebase-%3Eplugin-%3Edocumentation_url%20.%20'/generate-server/topic?edit=/lib64/python3.9/site-packages/libxml2.py HTTP/2.0" 200 58204 "https://www.vicenza.elettroservicegroup.it/%22$MySQLaccess::MYSQLADMIN/'.GA4WP_URL.'assests/images/'%20.%20$this-%3Ebase-%3Eplugin-%3Edocumentation_url%20.%20'/generate-server/topic?file=/lib64/python3.9/site-packages" "Mozilla/5.0 AppleWebKit/537.36 (KHTML, like Gecko; compatible; GPTBot/1.4; +https://openai.com/gptbot)"
74.7.227.15 - - [15/Jul/2026:14:38:55 +0200] "GET /%22$MySQLaccess::MYSQLADMIN/'.GA4WP_URL.'assests/images/'%20.%20$this-%3Ebase-%3Eplugin-%3Edocumentation_url%20.%20'/generate-server/topic?rename=/lib64/python3.9/site-packages/drv_libxml2.py HTTP/2.0" 200 919 "https://www.vicenza.elettroservicegroup.it/%22$MySQLaccess::MYSQLADMIN/'.GA4WP_URL.'assests/images/'%20.%20$this-%3Ebase-%3Eplugin-%3Edocumentation_url%20.%20'/generate-server/topic?file=/lib64/python3.9/site-packages" "Mozilla/5.0 AppleWebKit/537.36 (KHTML, like Gecko; compatible; GPTBot/1.4; +https://openai.com/gptbot)"
74.7.227.15 - - [15/Jul/2026:14:38:57 +0200] "GET /%22$MySQLaccess::MYSQLADMIN/'.GA4WP_URL.'assests/images/'%20.%20$this-%3Ebase-%3Eplugin-%3Edocumentation_url%20.%20'/generate-server/topic?edit=/lib64/python3.9/site-packages/_semanage.cpython-39-x86_64-linux-gnu.so HTTP/2.0" 200 57219 "https://www.vicenza.elettroservicegroup.it/%22$MySQLaccess::MYSQLADMIN/'.GA4WP_URL.'assests/images/'%20.%20$this-%3Ebase-%3Eplugin-%3Edocumentation_url%20.%20'/generate-server/topic?file=/lib64/python3.9/site-packages" "Mozilla/5.0 AppleWebKit/537.36 (KHTML, like Gecko; compatible; GPTBot/1.4; +https://openai.com/gptbot)"
74.7.227.15 - - [15/Jul/2026:14:38:58 +0200] "GET /%22$MySQLaccess::MYSQLADMIN/'.GA4WP_URL.'assests/images/'%20.%20$this-%3Ebase-%3Eplugin-%3Edocumentation_url%20.%20'/generate-server/topic?file=/lib64/python3.9/unittest/__init__.py HTTP/2.0" 200 243 "https://www.vicenza.elettroservicegroup.it/%22$MySQLaccess::MYSQLADMIN/'.GA4WP_URL.'assests/images/'%20.%20$this-%3Ebase-%3Eplugin-%3Edocumentation_url%20.%20'/generate-server/topic?file=/lib64/python3.9/unittest" "Mozilla/5.0 AppleWebKit/537.36 (KHTML, like Gecko; compatible; GPTBot/1.4; +https://openai.com/gptbot)"
74.7.227.15 - - [15/Jul/2026:14:38:59 +0200] "GET /%22$MySQLaccess::MYSQLADMIN/'.GA4WP_URL.'assests/images/'%20.%20$this-%3Ebase-%3Eplugin-%3Edocumentation_url%20.%20'/generate-server/topic?edit=/lib64/python3.9/unittest/runner.py HTTP/2.0" 200 2965 "https://www.vicenza.elettroservicegroup.it/%22$MySQLaccess::MYSQLADMIN/'.GA4WP_URL.'assests/images/'%20.%20$this-%3Ebase-%3Eplugin-%3Edocumentation_url%20.%20'/generate-server/topic?file=/lib64/python3.9/unittest" "Mozilla/5.0 AppleWebKit/537.36 (KHTML, like Gecko; compatible; GPTBot/1.4; +https://openai.com/gptbot)"
74.7.227.15 - - [15/Jul/2026:14:39:00 +0200] "GET /%22$MySQLaccess::MYSQLADMIN/'.GA4WP_URL.'assests/images/'%20.%20$this-%3Ebase-%3Eplugin-%3Edocumentation_url%20.%20'/generate-server/topic?edit=/lib64/python3.9/unittest/mock.py HTTP/2.0" 200 24206 "https://www.vicenza.elettroservicegroup.it/%22$MySQLaccess::MYSQLADMIN/'.GA4WP_URL.'assests/images/'%20.%20$this-%3Ebase-%3Eplugin-%3Edocumentation_url%20.%20'/generate-server/topic?file=/lib64/python3.9/unittest" "Mozilla/5.0 AppleWebKit/537.36 (KHTML, like Gecko; compatible; GPTBot/1.4; +https://openai.com/gptbot)"
74.7.227.15 - - [15/Jul/2026:14:39:01 +0200] "GET /%22$MySQLaccess::MYSQLADMIN/'.GA4WP_URL.'assests/images/'%20.%20$this-%3Ebase-%3Eplugin-%3Edocumentation_url%20.%20'/generate-server/topic?file=/lib64/python3.9/unittest/util.py HTTP/2.0" 200 241 "https://www.vicenza.elettroservicegroup.it/%22$MySQLaccess::MYSQLADMIN/'.GA4WP_URL.'assests/images/'%20.%20$this-%3Ebase-%3Eplugin-%3Edocumentation_url%20.%20'/generate-server/topic?file=/lib64/python3.9/unittest" "Mozilla/5.0 AppleWebKit/537.36 (KHTML, like Gecko; compatible; GPTBot/1.4; +https://openai.com/gptbot)"
74.7.227.15 - - [15/Jul/2026:14:39:02 +0200] "GET /%22$MySQLaccess::MYSQLADMIN/'.GA4WP_URL.'assests/images/'%20.%20$this-%3Ebase-%3Eplugin-%3Edocumentation_url%20.%20'/generate-server/topic?rename=/lib64/python3.9/unittest/util.py HTTP/2.0" 200 914 "https://www.vicenza.elettroservicegroup.it/%22$MySQLaccess::MYSQLADMIN/'.GA4WP_URL.'assests/images/'%20.%20$this-%3Ebase-%3Eplugin-%3Edocumentation_url%20.%20'/generate-server/topic?file=/lib64/python3.9/unittest" "Mozilla/5.0 AppleWebKit/537.36 (KHTML, like Gecko; compatible; GPTBot/1.4; +https://openai.com/gptbot)"
74.7.227.15 - - [15/Jul/2026:14:39:03 +0200] "GET /%22$MySQLaccess::MYSQLADMIN/'.GA4WP_URL.'assests/images/'%20.%20$this-%3Ebase-%3Eplugin-%3Edocumentation_url%20.%20'/generate-server/topic?file=/lib64/python3.9/site-packages/cffi HTTP/2.0" 200 805 "https://www.vicenza.elettroservicegroup.it/%22$MySQLaccess::MYSQLADMIN/'.GA4WP_URL.'assests/images/'%20.%20$this-%3Ebase-%3Eplugin-%3Edocumentation_url%20.%20'/generate-server/topic?file=/lib64/python3.9/site-packages" "Mozilla/5.0 AppleWebKit/537.36 (KHTML, like Gecko; compatible; GPTBot/1.4; +https://openai.com/gptbot)"
74.7.227.15 - - [15/Jul/2026:14:39:04 +0200] "GET /%22$MySQLaccess::MYSQLADMIN/'.GA4WP_URL.'assests/images/'%20.%20$this-%3Ebase-%3Eplugin-%3Edocumentation_url%20.%20'/generate-server/topic?rename=/lib64/python3.9/site-packages/_dbus_glib_bindings.so HTTP/2.0" 200 924 "https://www.vicenza.elettroservicegroup.it/%22$MySQLaccess::MYSQLADMIN/'.GA4WP_URL.'assests/images/'%20.%20$this-%3Ebase-%3Eplugin-%3Edocumentation_url%20.%20'/generate-server/topic?file=/lib64/python3.9/site-packages" "Mozilla/5.0 AppleWebKit/537.36 (KHTML, like Gecko; compatible; GPTBot/1.4; +https://openai.com/gptbot)"
74.7.227.15 - - [15/Jul/2026:14:39:05 +0200] "GET /%22$MySQLaccess::MYSQLADMIN/'.GA4WP_URL.'assests/images/'%20.%20$this-%3Ebase-%3Eplugin-%3Edocumentation_url%20.%20'/generate-server/topic?file=/lib64/python3.9/sndhdr.py HTTP/2.0" 200 234 "https://www.vicenza.elettroservicegroup.it/%22$MySQLaccess::MYSQLADMIN/'.GA4WP_URL.'assests/images/'%20.%20$this-%3Ebase-%3Eplugin-%3Edocumentation_url%20.%20'/generate-server/topic?file=/lib64/python3.9" "Mozilla/5.0 AppleWebKit/537.36 (KHTML, like Gecko; compatible; GPTBot/1.4; +https://openai.com/gptbot)"
74.7.227.15 - - [15/Jul/2026:14:39:06 +0200] "GET /%22$MySQLaccess::MYSQLADMIN/'.GA4WP_URL.'assests/images/'%20.%20$this-%3Ebase-%3Eplugin-%3Edocumentation_url%20.%20'/generate-server/topic?file=/lib64/python3.9/selectors.py HTTP/2.0" 200 234 "https://www.vicenza.elettroservicegroup.it/%22$MySQLaccess::MYSQLADMIN/'.GA4WP_URL.'assests/images/'%20.%20$this-%3Ebase-%3Eplugin-%3Edocumentation_url%20.%20'/generate-server/topic?file=/lib64/python3.9" "Mozilla/5.0 AppleWebKit/537.36 (KHTML, like Gecko; compatible; GPTBot/1.4; +https://openai.com/gptbot)"
74.7.227.15 - - [15/Jul/2026:14:39:07 +0200] "GET /%22$MySQLaccess::MYSQLADMIN/'.GA4WP_URL.'assests/images/'%20.%20$this-%3Ebase-%3Eplugin-%3Edocumentation_url%20.%20'/generate-server/topic?file=/lib64/python3.9/multiprocessing/popen_forkserver.py HTTP/2.0" 200 244 "https://www.vicenza.elettroservicegroup.it/%22$MySQLaccess::MYSQLADMIN/'.GA4WP_URL.'assests/images/'%20.%20$this-%3Ebase-%3Eplugin-%3Edocumentation_url%20.%20'/generate-server/topic?file=/lib64/python3.9/multiprocessing" "Mozilla/5.0 AppleWebKit/537.36 (KHTML, like Gecko; compatible; GPTBot/1.4; +https://openai.com/gptbot)"
216.73.217.65 - - [15/Jul/2026:14:39:07 +0200] "GET /robots.txt HTTP/2.0" 200 820 "-" "Mozilla/5.0 AppleWebKit/537.36 (KHTML, like Gecko; compatible; ClaudeBot/1.0; +claudebot@anthropic.com)"
74.7.227.15 - - [15/Jul/2026:14:39:08 +0200] "GET /%22$MySQLaccess::MYSQLADMIN/'.GA4WP_URL.'assests/images/'%20.%20$this-%3Ebase-%3Eplugin-%3Edocumentation_url%20.%20'/generate-server/topic?rename=/lib64/python3.9/sndhdr.py HTTP/2.0" 200 908 "https://www.vicenza.elettroservicegroup.it/%22$MySQLaccess::MYSQLADMIN/'.GA4WP_URL.'assests/images/'%20.%20$this-%3Ebase-%3Eplugin-%3Edocumentation_url%20.%20'/generate-server/topic?file=/lib64/python3.9" "Mozilla/5.0 AppleWebKit/537.36 (KHTML, like Gecko; compatible; GPTBot/1.4; +https://openai.com/gptbot)"
74.7.227.15 - - [15/Jul/2026:14:39:08 +0200] "GET /%22$MySQLaccess::MYSQLADMIN/'.GA4WP_URL.'assests/images/'%20.%20$this-%3Ebase-%3Eplugin-%3Edocumentation_url%20.%20'/generate-server/topic?edit=/lib64/python3.9/zipapp.py HTTP/2.0" 200 3564 "https://www.vicenza.elettroservicegroup.it/%22$MySQLaccess::MYSQLADMIN/'.GA4WP_URL.'assests/images/'%20.%20$this-%3Ebase-%3Eplugin-%3Edocumentation_url%20.%20'/generate-server/topic?file=/lib64/python3.9" "Mozilla/5.0 AppleWebKit/537.36 (KHTML, like Gecko; compatible; GPTBot/1.4; +https://openai.com/gptbot)"
216.73.217.65 - - [15/Jul/2026:14:39:09 +0200] "GET /page/25/?view=%2Fopt%2Fcloudlinux%2Falt-php70%2Froot%2Fetc%2Fphp.d.all%2Fuuid.ini HTTP/2.0" 200 45 "-" "Mozilla/5.0 AppleWebKit/537.36 (KHTML, like Gecko; compatible; ClaudeBot/1.0; +claudebot@anthropic.com)"
216.73.217.65 - - [15/Jul/2026:14:39:09 +0200] "GET /3D%22https:/'%20.%20esc_url('https:/themes.wpmaintenancemode.com/wp-admin/css/3D=22http:/3D%22http:/tools.google.com/dlpage/gaoptout%22?edit=%2Fhome%2Fcosta4%2Fverona.elettroservicegroup.it%2Fwp-content%2Fplugins%2Felementor%2Fassets%2Fjs%2Fai.strings.js HTTP/2.0" 200 6111 "-" "Mozilla/5.0 AppleWebKit/537.36 (KHTML, like Gecko; compatible; ClaudeBot/1.0; +claudebot@anthropic.com)"
216.73.217.65 - - [15/Jul/2026:14:39:09 +0200] "GET /page/26/?view=%2Fopt%2Fcloudlinux%2Falt-php84%2Froot%2Fetc%2Fphp.d.all%2Fyaz.ini HTTP/2.0" 200 42 "-" "Mozilla/5.0 AppleWebKit/537.36 (KHTML, like Gecko; compatible; ClaudeBot/1.0; +claudebot@anthropic.com)"
216.73.217.65 - - [15/Jul/2026:14:39:09 +0200] "GET /page/31/?view=%2Fopt%2Fcloudlinux%2Fvenv%2Flib64%2Fpython3.11%2Fsite-packages%2Fnumpy%2Fpolynomial%2Ftests%2Ftest_chebyshev.py HTTP/2.0" 200 3644 "-" "Mozilla/5.0 AppleWebKit/537.36 (KHTML, like Gecko; compatible; ClaudeBot/1.0; +claudebot@anthropic.com)"
216.73.217.65 - - [15/Jul/2026:14:39:09 +0200] "GET /3D%22https:/'%20.%20esc_url('https:/themes.wpmaintenancemode.com/wp-admin/css/3D%22http:/touli.smtp=?file=%2Fhome%2Fcosta4%2Fverona.elettroservicegroup.it%2Fwp-admin%2Fcss%2Fsite-icon-rtl.css HTTP/2.0" 200 18348 "-" "Mozilla/5.0 AppleWebKit/537.36 (KHTML, like Gecko; compatible; ClaudeBot/1.0; +claudebot@anthropic.com)"
74.7.227.15 - - [15/Jul/2026:14:39:09 +0200] "GET /%22$MySQLaccess::MYSQLADMIN/'.GA4WP_URL.'assests/images/'%20.%20$this-%3Ebase-%3Eplugin-%3Edocumentation_url%20.%20'/generate-server/topic?rename=/lib64/python3.9/pstats.py HTTP/2.0" 200 910 "https://www.vicenza.elettroservicegroup.it/%22$MySQLaccess::MYSQLADMIN/'.GA4WP_URL.'assests/images/'%20.%20$this-%3Ebase-%3Eplugin-%3Edocumentation_url%20.%20'/generate-server/topic?file=/lib64/python3.9" "Mozilla/5.0 AppleWebKit/537.36 (KHTML, like Gecko; compatible; GPTBot/1.4; +https://openai.com/gptbot)"
216.73.217.65 - - [15/Jul/2026:14:39:09 +0200] "GET /page/39/?file=%2Fopt%2Fcloudlinux%2Fvenv%2Flib64%2Fpython3.11%2Fsite-packages%2Fpackaging%2F__pycache__%2F_elffile.cpython-311.pyc HTTP/2.0" 200 22078 "-" "Mozilla/5.0 AppleWebKit/537.36 (KHTML, like Gecko; compatible; ClaudeBot/1.0; +claudebot@anthropic.com)"
216.73.217.65 - - [15/Jul/2026:14:39:09 +0200] "GET /page/37/?rename=%2Fopt%2Fcloudlinux%2Falt-php85%2Froot%2Fusr%2Flib64%2Fphp%2Fmodules%2Fgeos.so HTTP/2.0" 200 22982 "-" "Mozilla/5.0 AppleWebKit/537.36 (KHTML, like Gecko; compatible; ClaudeBot/1.0; +claudebot@anthropic.com)"
216.73.217.65 - - [15/Jul/2026:14:39:09 +0200] "GET /page/32/?rename=%2Fopt%2Fcloudlinux%2Falt-php82%2Froot%2Fusr%2Flib64%2Fphp%2Fmodules%2Fgender.so HTTP/2.0" 200 23340 "-" "Mozilla/5.0 AppleWebKit/537.36 (KHTML, like Gecko; compatible; ClaudeBot/1.0; +claudebot@anthropic.com)"
216.73.217.65 - - [15/Jul/2026:14:39:09 +0200] "GET /page/30/?file=%2Fopt%2Fcpanel%2Fea-php72%2Froot%2Fusr%2Finclude%2Fphp%2Fext%2Fdom%2Fxml_common.h HTTP/2.0" 200 22002 "-" "Mozilla/5.0 AppleWebKit/537.36 (KHTML, like Gecko; compatible; ClaudeBot/1.0; +claudebot@anthropic.com)"
216.73.217.65 - - [15/Jul/2026:14:39:09 +0200] "GET /page/10/?rename=%2Fopt%2Fcloudlinux%2Falt-php56%2Froot%2Fusr%2Flib64%2Fphp%2Fmodules%2Furi_template.so HTTP/2.0" 200 22577 "-" "Mozilla/5.0 AppleWebKit/537.36 (KHTML, like Gecko; compatible; ClaudeBot/1.0; +claudebot@anthropic.com)"
216.73.217.65 - - [15/Jul/2026:14:39:09 +0200] "GET /page/37/?rename=%2Fopt%2Fcloudlinux%2Falt-php72%2Froot%2Fusr%2Finclude%2Fphp%2FTSRM%2Ftsrm_win32.h HTTP/2.0" 200 22994 "-" "Mozilla/5.0 AppleWebKit/537.36 (KHTML, like Gecko; compatible; ClaudeBot/1.0; +claudebot@anthropic.com)"
216.73.217.65 - - [15/Jul/2026:14:39:09 +0200] "GET /page/41/?file=%2Fopt%2Fcloudlinux%2Falt-php71%2Froot%2Fetc%2Fphp.d.i360%2Fi360.ini HTTP/2.0" 200 22689 "-" "Mozilla/5.0 AppleWebKit/537.36 (KHTML, like Gecko; compatible; ClaudeBot/1.0; +claudebot@anthropic.com)"
74.7.227.15 - - [15/Jul/2026:14:39:10 +0200] "GET /%22$MySQLaccess::MYSQLADMIN/'.GA4WP_URL.'assests/images/'%20.%20$this-%3Ebase-%3Eplugin-%3Edocumentation_url%20.%20'/generate-server/topic?file=/lib64/python3.9/operator.py HTTP/2.0" 200 234 "https://www.vicenza.elettroservicegroup.it/%22$MySQLaccess::MYSQLADMIN/'.GA4WP_URL.'assests/images/'%20.%20$this-%3Ebase-%3Eplugin-%3Edocumentation_url%20.%20'/generate-server/topic?file=/lib64/python3.9" "Mozilla/5.0 AppleWebKit/537.36 (KHTML, like Gecko; compatible; GPTBot/1.4; +https://openai.com/gptbot)"
216.73.217.65 - - [15/Jul/2026:14:39:09 +0200] "GET /page/44/?rename=%2Fopt%2Fcloudlinux%2Falt-php71%2Froot%2Fusr%2Finclude%2Fphp%2FZend%2Fzend_vm_def.h HTTP/2.0" 200 22727 "-" "Mozilla/5.0 AppleWebKit/537.36 (KHTML, like Gecko; compatible; ClaudeBot/1.0; +claudebot@anthropic.com)"
216.73.217.65 - - [15/Jul/2026:14:39:09 +0200] "GET /page/16/?rename=%2Flib%2Fpython3.9%2Fsite-packages%2Ftuned%2Fplugins%2Finstance%2F__pycache__%2F__init__.cpython-39.opt-1.pyc HTTP/2.0" 200 22400 "-" "Mozilla/5.0 AppleWebKit/537.36 (KHTML, like Gecko; compatible; ClaudeBot/1.0; +claudebot@anthropic.com)"
216.73.217.65 - - [15/Jul/2026:14:39:11 +0200] "GET /3D%22https:/ln.run/%22http:/php.net/manual/en/js/3D%22http:/themes.php?view=%2Fhome%2Fcosta4%2Fcremona.elettroservicegroup.it%2Fwp-admin%2Fimages%2Fabout-header-credits.webp HTTP/2.0" 200 37975 "-" "Mozilla/5.0 AppleWebKit/537.36 (KHTML, like Gecko; compatible; ClaudeBot/1.0; +claudebot@anthropic.com)"
216.73.217.65 - - [15/Jul/2026:14:39:10 +0200] "GET /3D%22https:/click.mlsend2.com/wp-admin/css/=3D%22https:/mcusercontent.com/a4fe913a16fc2a29dc81554a2/images/[^?file=%2Fhome%2Fcosta4%2Fpiacenza.elettroservicegroup.it%2Fwp-includes%2Fblocks%2Fpost-title%2Fstyle.min.css HTTP/2.0" 200 18365 "-" "Mozilla/5.0 AppleWebKit/537.36 (KHTML, like Gecko; compatible; ClaudeBot/1.0; +claudebot@anthropic.com)"
216.73.217.65 - - [15/Jul/2026:14:39:10 +0200] "GET /page/20/?edit=%2Fopt%2Fcloudlinux%2Fvenv%2Flib64%2Fpython3.11%2Fsite-packages%2Fsetuptools%2F_distutils%2Ftests%2Ftest_build_py.py HTTP/2.0" 200 25067 "-" "Mozilla/5.0 AppleWebKit/537.36 (KHTML, like Gecko; compatible; ClaudeBot/1.0; +claudebot@anthropic.com)"
74.7.227.15 - - [15/Jul/2026:14:39:11 +0200] "GET /%22$MySQLaccess::MYSQLADMIN/'.GA4WP_URL.'assests/images/'%20.%20$this-%3Ebase-%3Eplugin-%3Edocumentation_url%20.%20'/generate-server/topic?edit=/lib64/python3.9/string.py HTTP/2.0" 200 4109 "https://www.vicenza.elettroservicegroup.it/%22$MySQLaccess::MYSQLADMIN/'.GA4WP_URL.'assests/images/'%20.%20$this-%3Ebase-%3Eplugin-%3Edocumentation_url%20.%20'/generate-server/topic?file=/lib64/python3.9" "Mozilla/5.0 AppleWebKit/537.36 (KHTML, like Gecko; compatible; GPTBot/1.4; +https://openai.com/gptbot)"
216.73.217.65 - - [15/Jul/2026:14:39:10 +0200] "GET /page/29/?edit=%2Fopt%2Fcloudlinux%2Fvenv%2Flib64%2Fpython3.11%2Fsite-packages%2Fsetuptools%2F_distutils%2Ftests%2Ftest_dist.py HTTP/2.0" 200 27061 "-" "Mozilla/5.0 AppleWebKit/537.36 (KHTML, like Gecko; compatible; ClaudeBot/1.0; +claudebot@anthropic.com)"
216.73.217.65 - - [15/Jul/2026:14:39:10 +0200] "GET /?rename=%2Fopt%2Fcloudlinux%2Falt-php84%2Froot%2Fetc%2Fphp.d.all%2Fgeoip.ini HTTP/2.0" 200 23299 "-" "Mozilla/5.0 AppleWebKit/537.36 (KHTML, like Gecko; compatible; ClaudeBot/1.0; +claudebot@anthropic.com)"
216.73.217.65 - - [15/Jul/2026:14:39:11 +0200] "GET /3D%22https:/click.mlsend2.com/wp-admin/3D%22http:/blah?file=%2Fhome%2Fcosta4%2Fvicenza.elettroservicegroup.it%2Fwp-content%2Fthemes%2Fgeneratepress%2Ffooter.php HTTP/2.0" 200 18316 "-" "Mozilla/5.0 AppleWebKit/537.36 (KHTML, like Gecko; compatible; ClaudeBot/1.0; +claudebot@anthropic.com)"
216.73.217.65 - - [15/Jul/2026:14:39:12 +0200] "GET /page/30/?view=%2Fopt%2Falt%2Fpython-internal%2Flib64%2Fpython3.11%2Fencodings%2Fiso8859_4.py HTTP/2.0" 200 2592 "-" "Mozilla/5.0 AppleWebKit/537.36 (KHTML, like Gecko; compatible; ClaudeBot/1.0; +claudebot@anthropic.com)"
216.73.217.65 - - [15/Jul/2026:14:39:11 +0200] "GET /page/24/?rename=%2Fusr%2Finclude%2Flinux%2Fparam.h HTTP/2.0" 200 23408 "-" "Mozilla/5.0 AppleWebKit/537.36 (KHTML, like Gecko; compatible; ClaudeBot/1.0; +claudebot@anthropic.com)"
216.73.217.65 - - [15/Jul/2026:14:39:11 +0200] "GET /page/32/?rename=%2Fopt%2Falt%2Fphp71%2Fusr%2Finclude%2Fphp%2Fext%2Fstandard%2Fcrypt_freesec.h HTTP/2.0" 200 23331 "-" "Mozilla/5.0 AppleWebKit/537.36 (KHTML, like Gecko; compatible; ClaudeBot/1.0; +claudebot@anthropic.com)"
74.7.227.15 - - [15/Jul/2026:14:39:12 +0200] "GET /%22$MySQLaccess::MYSQLADMIN/'.GA4WP_URL.'assests/images/'%20.%20$this-%3Ebase-%3Eplugin-%3Edocumentation_url%20.%20'/generate-server/topic?edit=/lib64/python3.9/calendar.py HTTP/2.0" 200 6890 "https://www.vicenza.elettroservicegroup.it/%22$MySQLaccess::MYSQLADMIN/'.GA4WP_URL.'assests/images/'%20.%20$this-%3Ebase-%3Eplugin-%3Edocumentation_url%20.%20'/generate-server/topic?file=/lib64/python3.9" "Mozilla/5.0 AppleWebKit/537.36 (KHTML, like Gecko; compatible; GPTBot/1.4; +https://openai.com/gptbot)"
216.73.217.65 - - [15/Jul/2026:14:39:11 +0200] "GET /page/25/?file=%2Fopt%2Falt%2Fpython-internal%2Flib64%2Fpython3.11%2Fencodings%2F__pycache__%2Fcp1257.cpython-311.opt-1.pyc HTTP/2.0" 200 22142 "-" "Mozilla/5.0 AppleWebKit/537.36 (KHTML, like Gecko; compatible; ClaudeBot/1.0; +claudebot@anthropic.com)"
216.73.217.65 - - [15/Jul/2026:14:39:12 +0200] "GET /page/29/?file=%2Flib%2Fnode_modules%2Fnpm%2Fnode_modules%2Fmkdirp%2FCHANGELOG.md HTTP/2.0" 200 22011 "-" "Mozilla/5.0 AppleWebKit/537.36 (KHTML, like Gecko; compatible; ClaudeBot/1.0; +claudebot@anthropic.com)"
216.73.217.65 - - [15/Jul/2026:14:39:12 +0200] "GET /page/27/?file=%2Fopt%2Fcloudlinux%2Falt-php80%2Froot%2Fusr%2Finclude%2Fphp%2Fext%2Fmysqlnd%2Fmysqlnd_result_meta.h HTTP/2.0" 200 21256 "-" "Mozilla/5.0 AppleWebKit/537.36 (KHTML, like Gecko; compatible; ClaudeBot/1.0; +claudebot@anthropic.com)"
216.73.217.65 - - [15/Jul/2026:14:39:12 +0200] "GET /page/9/?file=%2Fopt%2Fcloudlinux%2Fvenv%2Flib64%2Fpython3.11%2Fsite-packages%2Fclcommon%2F__pycache__%2Fclsec.cpython-311.pyc HTTP/2.0" 200 22535 "-" "Mozilla/5.0 AppleWebKit/537.36 (KHTML, like Gecko; compatible; ClaudeBot/1.0; +claudebot@anthropic.com)"
74.7.227.15 - - [15/Jul/2026:14:39:14 +0200] "GET /%22$MySQLaccess::MYSQLADMIN/'.GA4WP_URL.'assests/images/'%20.%20$this-%3Ebase-%3Eplugin-%3Edocumentation_url%20.%20'/generate-server/topic?view=/lib64/python3.9/site-packages/cffi/error.py HTTP/2.0" 200 326 "https://www.vicenza.elettroservicegroup.it/%22$MySQLaccess::MYSQLADMIN/'.GA4WP_URL.'assests/images/'%20.%20$this-%3Ebase-%3Eplugin-%3Edocumentation_url%20.%20'/generate-server/topic?file=/lib64/python3.9/site-packages/cffi" "Mozilla/5.0 AppleWebKit/537.36 (KHTML, like Gecko; compatible; GPTBot/1.4; +https://openai.com/gptbot)"
216.73.217.65 - - [15/Jul/2026:14:39:12 +0200] "GET /3D%22https:/wp-admin/images/3D%22http:/tracking.kzexport.cloud/tracking/%3C?rename=%2Fhome%2Fcosta4%2Fparma.elettroservicegroup.it%2Fwp-includes%2Fblocks%2Fquery-pagination-next%2Fblock.json HTTP/2.0" 200 19106 "-" "Mozilla/5.0 AppleWebKit/537.36 (KHTML, like Gecko; compatible; ClaudeBot/1.0; +claudebot@anthropic.com)"
216.73.217.65 - - [15/Jul/2026:14:39:12 +0200] "GET /page/2/?file=%2Fopt%2Fcloudlinux%2Falt-php73%2Froot%2Fusr%2Finclude%2Fphp%2Fext%2Fgd%2Flibgd%2Fgdfontl.h HTTP/2.0" 200 21745 "-" "Mozilla/5.0 AppleWebKit/537.36 (KHTML, like Gecko; compatible; ClaudeBot/1.0; +claudebot@anthropic.com)"
216.73.217.65 - - [15/Jul/2026:14:39:13 +0200] "GET /page/37/?edit=%2Fopt%2Falt%2Fphp80%2Fusr%2Finclude%2Fphp%2Fext%2Fstandard%2Fdl.h HTTP/2.0" 200 23462 "-" "Mozilla/5.0 AppleWebKit/537.36 (KHTML, like Gecko; compatible; ClaudeBot/1.0; +claudebot@anthropic.com)"
216.73.217.65 - - [15/Jul/2026:14:39:13 +0200] "GET /page/22/?file=%2Fopt%2Fcloudlinux%2Falt-php56%2Froot%2Fusr%2Fshare%2Fxcache_3%2Fcommon%2Ffooter.tpl.php HTTP/2.0" 200 22210 "-" "Mozilla/5.0 AppleWebKit/537.36 (KHTML, like Gecko; compatible; ClaudeBot/1.0; +claudebot@anthropic.com)"
216.73.217.65 - - [15/Jul/2026:14:39:13 +0200] "GET /page/34/?rename=%2Fopt%2Fcloudlinux%2Falt-php81%2Froot%2Fusr%2Finclude%2Fphp%2FZend%2Fzend_operators.h HTTP/2.0" 200 22662 "-" "Mozilla/5.0 AppleWebKit/537.36 (KHTML, like Gecko; compatible; ClaudeBot/1.0; +claudebot@anthropic.com)"
216.73.217.65 - - [15/Jul/2026:14:39:13 +0200] "GET /?rename=%2Fopt%2Fcpanel%2Fea-php71%2Froot%2Fusr%2Finclude%2Fphp%2Fext%2Fmbstring%2Flibmbfl%2Fconfig.h HTTP/2.0" 200 23325 "-" "Mozilla/5.0 AppleWebKit/537.36 (KHTML, like Gecko; compatible; ClaudeBot/1.0; +claudebot@anthropic.com)"
74.7.227.15 - - [15/Jul/2026:14:39:15 +0200] "GET /%22$MySQLaccess::MYSQLADMIN/'.GA4WP_URL.'assests/images/'%20.%20$this-%3Ebase-%3Eplugin-%3Edocumentation_url%20.%20'/generate-server/topic?file=/lib64/python3.9/site-packages/cffi/cparser.py HTTP/2.0" 200 245 "https://www.vicenza.elettroservicegroup.it/%22$MySQLaccess::MYSQLADMIN/'.GA4WP_URL.'assests/images/'%20.%20$this-%3Ebase-%3Eplugin-%3Edocumentation_url%20.%20'/generate-server/topic?file=/lib64/python3.9/site-packages/cffi" "Mozilla/5.0 AppleWebKit/537.36 (KHTML, like Gecko; compatible; GPTBot/1.4; +https://openai.com/gptbot)"
216.73.217.65 - - [15/Jul/2026:14:39:14 +0200] "GET /page/45/?file=%2Flib%2Fpython3.9%2Fsite-packages%2F_distutils_hack%2F__pycache__%2Foverride.cpython-39.pyc HTTP/2.0" 200 21425 "-" "Mozilla/5.0 AppleWebKit/537.36 (KHTML, like Gecko; compatible; ClaudeBot/1.0; +claudebot@anthropic.com)"
216.73.217.65 - - [15/Jul/2026:14:39:14 +0200] "GET /page/29/?rename=%2Fopt%2Fcloudlinux%2Falt-php85%2Froot%2Fusr%2Fshare%2Fpear%2FPEAR%2FPackageFile%2Fv1.php HTTP/2.0" 200 22816 "-" "Mozilla/5.0 AppleWebKit/537.36 (KHTML, like Gecko; compatible; ClaudeBot/1.0; +claudebot@anthropic.com)"
216.73.217.65 - - [15/Jul/2026:14:39:14 +0200] "GET /page/34/?edit=%2Fopt%2Fcpanel%2Fea-php72%2Froot%2Fusr%2Finclude%2Fphp%2Fext%2Fstandard%2Fmicrotime.h HTTP/2.0" 200 23060 "-" "Mozilla/5.0 AppleWebKit/537.36 (KHTML, like Gecko; compatible; ClaudeBot/1.0; +claudebot@anthropic.com)"
216.73.217.65 - - [15/Jul/2026:14:39:14 +0200] "GET /page/26/?rename=%2Fopt%2Fcloudlinux%2Falt-php82%2Froot%2Fusr%2Finclude%2Fphp%2Fext%2Fapcu%2Fapc.h HTTP/2.0" 200 24094 "-" "Mozilla/5.0 AppleWebKit/537.36 (KHTML, like Gecko; compatible; ClaudeBot/1.0; +claudebot@anthropic.com)"
216.73.217.65 - - [15/Jul/2026:14:39:16 +0200] "GET /page/3/?view=%2Fopt%2Fcloudlinux%2Falt-php56%2Froot%2Fusr%2Fshare%2Fpear%2Ftest%2FStructures_LinkedList%2Ftests%2Fsingle_link_007.phpt HTTP/2.0" 200 439 "-" "Mozilla/5.0 AppleWebKit/537.36 (KHTML, like Gecko; compatible; ClaudeBot/1.0; +claudebot@anthropic.com)"
74.7.227.15 - - [15/Jul/2026:14:39:16 +0200] "GET /%22$MySQLaccess::MYSQLADMIN/'.GA4WP_URL.'assests/images/'%20.%20$this-%3Ebase-%3Eplugin-%3Edocumentation_url%20.%20'/generate-server/topic?edit=/lib64/python3.9/site-packages/cffi/verifier.py HTTP/2.0" 200 4206 "https://www.vicenza.elettroservicegroup.it/%22$MySQLaccess::MYSQLADMIN/'.GA4WP_URL.'assests/images/'%20.%20$this-%3Ebase-%3Eplugin-%3Edocumentation_url%20.%20'/generate-server/topic?file=/lib64/python3.9/site-packages/cffi" "Mozilla/5.0 AppleWebKit/537.36 (KHTML, like Gecko; compatible; GPTBot/1.4; +https://openai.com/gptbot)"
216.73.217.65 - - [15/Jul/2026:14:39:15 +0200] "GET /page/30/?rename=%2Fopt%2Fcpanel%2Fea-php71%2Froot%2Fusr%2Finclude%2Fphp%2Fext%2Fhash%2Fphp_hash.h HTTP/2.0" 200 22806 "-" "Mozilla/5.0 AppleWebKit/537.36 (KHTML, like Gecko; compatible; ClaudeBot/1.0; +claudebot@anthropic.com)"
216.73.217.65 - - [15/Jul/2026:14:39:15 +0200] "GET /page/37/?edit=%2Fopt%2Fcloudlinux%2Falt-php84%2Froot%2Fusr%2Finclude%2Fphp%2Fext%2Fpcre%2Fpcre2lib%2Fpcre2_jit_simd_inc.h HTTP/2.0" 200 31823 "-" "Mozilla/5.0 AppleWebKit/537.36 (KHTML, like Gecko; compatible; ClaudeBot/1.0; +claudebot@anthropic.com)"
216.73.217.65 - - [15/Jul/2026:14:39:15 +0200] "GET /page/4/?edit=%2Flib%2Fnode_modules%2Fnpm%2Fnode_modules%2Flibnpmteam%2Flib%2Findex.js HTTP/2.0" 200 23532 "-" "Mozilla/5.0 AppleWebKit/537.36 (KHTML, like Gecko; compatible; ClaudeBot/1.0; +claudebot@anthropic.com)"
216.73.217.65 - - [15/Jul/2026:14:39:15 +0200] "GET /page/23/?rename=%2Fusr%2Finclude%2Flinux%2Fvirtio_gpu.h HTTP/2.0" 200 22459 "-" "Mozilla/5.0 AppleWebKit/537.36 (KHTML, like Gecko; compatible; ClaudeBot/1.0; +claudebot@anthropic.com)"
216.73.217.65 - - [15/Jul/2026:14:39:17 +0200] "GET /page/36/?view=%2Fopt%2Fcloudlinux%2Falt-php70%2Froot%2Fusr%2Flib64%2Fphp%2Fmodules%2Fsuhosin7.so HTTP/2.0" 200 43317 "-" "Mozilla/5.0 AppleWebKit/537.36 (KHTML, like Gecko; compatible; ClaudeBot/1.0; +claudebot@anthropic.com)"
216.73.217.65 - - [15/Jul/2026:14:39:16 +0200] "GET /page/34/?file=%2Fopt%2Falt%2Fphp70%2Fusr%2Finclude%2Fphp%2FZend%2Fzend_long.h HTTP/2.0" 200 21867 "-" "Mozilla/5.0 AppleWebKit/537.36 (KHTML, like Gecko; compatible; ClaudeBot/1.0; +claudebot@anthropic.com)"
216.73.217.65 - - [15/Jul/2026:14:39:15 +0200] "GET /page/37/?edit=%2Fusr%2Finclude%2Flinux%2Fip6_tunnel.h HTTP/2.0" 200 23551 "-" "Mozilla/5.0 AppleWebKit/537.36 (KHTML, like Gecko; compatible; ClaudeBot/1.0; +claudebot@anthropic.com)"
216.73.217.65 - - [15/Jul/2026:14:39:17 +0200] "GET /3D%22https:/wp-admin/images/3D%22http:/tracking.kzexport.cloud/tracking/%3C?view=%2Fhome%2Fcosta4%2Fparma.elettroservicegroup.it%2Fwp-includes%2Fblocks%2Fsocial-link%2Feditor-rtl.css HTTP/2.0" 200 275 "-" "Mozilla/5.0 AppleWebKit/537.36 (KHTML, like Gecko; compatible; ClaudeBot/1.0; +claudebot@anthropic.com)"
74.7.227.15 - - [15/Jul/2026:14:39:17 +0200] "GET /%22$MySQLaccess::MYSQLADMIN/'.GA4WP_URL.'assests/images/'%20.%20$this-%3Ebase-%3Eplugin-%3Edocumentation_url%20.%20'/generate-server/topic?edit=/lib64/python3.9/site-packages/cffi/vengine_gen.py HTTP/2.0" 200 7374 "https://www.vicenza.elettroservicegroup.it/%22$MySQLaccess::MYSQLADMIN/'.GA4WP_URL.'assests/images/'%20.%20$this-%3Ebase-%3Eplugin-%3Edocumentation_url%20.%20'/generate-server/topic?file=/lib64/python3.9/site-packages/cffi" "Mozilla/5.0 AppleWebKit/537.36 (KHTML, like Gecko; compatible; GPTBot/1.4; +https://openai.com/gptbot)"
216.73.217.65 - - [15/Jul/2026:14:39:16 +0200] "GET /page/37/?rename=%2Fopt%2Fcloudlinux%2Falt-php56%2Froot%2Fusr%2Flib64%2Fphp%2Fmodules%2Ftranslit.so HTTP/2.0" 200 22988 "-" "Mozilla/5.0 AppleWebKit/537.36 (KHTML, like Gecko; compatible; ClaudeBot/1.0; +claudebot@anthropic.com)"
216.73.217.65 - - [15/Jul/2026:14:39:16 +0200] "GET /3D%22https:/trk-mkt.tason.com/options-permalink.php?edit=%2Fhome%2Fcosta4%2Fvicenza.elettroservicegroup.it%2Fwp-content%2Fthemes%2Fgeneratepress%2Fcontent-404.php HTTP/2.0" 200 19723 "-" "Mozilla/5.0 AppleWebKit/537.36 (KHTML, like Gecko; compatible; ClaudeBot/1.0; +claudebot@anthropic.com)"
216.73.217.65 - - [15/Jul/2026:14:39:16 +0200] "GET /page/20/?rename=%2Fopt%2Fcloudlinux%2Fvenv%2Flib64%2Fpython3.11%2Fsite-packages%2Fnumpy%2Fcore%2Ftests%2Ftest_scalarbuffer.py HTTP/2.0" 200 23148 "-" "Mozilla/5.0 AppleWebKit/537.36 (KHTML, like Gecko; compatible; ClaudeBot/1.0; +claudebot@anthropic.com)"
216.73.217.65 - - [15/Jul/2026:14:39:17 +0200] "GET /page/2/?rename=%2Fopt%2Fcloudlinux%2Fvenv%2Flib64%2Fpython3.11%2Fsite-packages%2Fsqlalchemy%2Ftesting%2Frequirements.py HTTP/2.0" 200 22487 "-" "Mozilla/5.0 AppleWebKit/537.36 (KHTML, like Gecko; compatible; ClaudeBot/1.0; +claudebot@anthropic.com)"
