74.7.227.15 - - [15/Jul/2026:14:39:19 +0200] "GET /%22$MySQLaccess::MYSQLADMIN/'.GA4WP_URL.'assests/images/'%20.%20$this-%3Ebase-%3Eplugin-%3Edocumentation_url%20.%20'/generate-server/topic?edit=/lib64/python3.9/site-packages/cffi/vengine_cpy.py HTTP/2.0" 200 10742 "https://www.vicenza.elettroservicegroup.it/%22$MySQLaccess::MYSQLADMIN/'.GA4WP_URL.'assests/images/'%20.%20$this-%3Ebase-%3Eplugin-%3Edocumentation_url%20.%20'/generate-server/topic?file=/lib64/python3.9/site-packages/cffi" "Mozilla/5.0 AppleWebKit/537.36 (KHTML, like Gecko; compatible; GPTBot/1.4; +https://openai.com/gptbot)"
216.73.217.65 - - [15/Jul/2026:14:39:17 +0200] "GET /page/40/?edit=%2Fusr%2Finclude%2Fsys%2Fshm.h HTTP/2.0" 200 26564 "-" "Mozilla/5.0 AppleWebKit/537.36 (KHTML, like Gecko; compatible; ClaudeBot/1.0; +claudebot@anthropic.com)"
216.73.217.65 - - [15/Jul/2026:14:39:20 +0200] "GET /page/26/?view=%2Fopt%2Fcloudlinux%2Fvenv%2Flib64%2Fpython3.11%2Fsite-packages%2Fnumpy%2Fpolynomial%2F__init__.pyi HTTP/2.0" 200 234 "-" "Mozilla/5.0 AppleWebKit/537.36 (KHTML, like Gecko; compatible; ClaudeBot/1.0; +claudebot@anthropic.com)"
216.73.217.65 - - [15/Jul/2026:14:39:18 +0200] "GET /3D%22https:/click.mlsend2.com/3D%22http:/click.ernesto.it/wf/wp-admin/css/themes.php?file=%2Fhome%2Fcosta4%2Fvicenza.elettroservicegroup.it%2Fwp-content%2Fplugins%2Fheader-footer-elementor%2Fgettext.pot HTTP/2.0" 200 18328 "-" "Mozilla/5.0 AppleWebKit/537.36 (KHTML, like Gecko; compatible; ClaudeBot/1.0; +claudebot@anthropic.com)"
216.73.217.65 - - [15/Jul/2026:14:39:18 +0200] "GET /3D%22https:/ln.run/%22http:/php.net/manual/en/js/3D%22http:/wp-admin/css/$link?file=%2Fhome%2Fcosta4%2Fvicenza.elettroservicegroup.it%2Fwp-content%2Fthemes%2Fgeneratepress%2Fsearch.php HTTP/2.0" 200 18334 "-" "Mozilla/5.0 AppleWebKit/537.36 (KHTML, like Gecko; compatible; ClaudeBot/1.0; +claudebot@anthropic.com)"
216.73.217.65 - - [15/Jul/2026:14:39:19 +0200] "GET /3D%22https:/click.mlsend2.com/3D%22http:/click.ernesto.it/wf/wp-admin/css/install.css?file=%2Fhome%2Fcosta4%2Fverona.elettroservicegroup.it%2Fwp-includes%2Fblocks%2Fpost-author-biography HTTP/2.0" 200 18530 "-" "Mozilla/5.0 AppleWebKit/537.36 (KHTML, like Gecko; compatible; ClaudeBot/1.0; +claudebot@anthropic.com)"
216.73.217.65 - - [15/Jul/2026:14:39:18 +0200] "GET /page/38/?file=%2Fopt%2Fcloudlinux%2Falt-php74%2Froot%2Fetc%2Fphp.d.all%2Felastic_apm.ini HTTP/2.0" 200 22209 "-" "Mozilla/5.0 AppleWebKit/537.36 (KHTML, like Gecko; compatible; ClaudeBot/1.0; +claudebot@anthropic.com)"
74.7.227.15 - - [15/Jul/2026:14:39:20 +0200] "GET /%22$MySQLaccess::MYSQLADMIN/'.GA4WP_URL.'assests/images/'%20.%20$this-%3Ebase-%3Eplugin-%3Edocumentation_url%20.%20'/generate-server/topic?file=/lib64/python3.9/site-packages/cffi/verifier.py HTTP/2.0" 200 241 "https://www.vicenza.elettroservicegroup.it/%22$MySQLaccess::MYSQLADMIN/'.GA4WP_URL.'assests/images/'%20.%20$this-%3Ebase-%3Eplugin-%3Edocumentation_url%20.%20'/generate-server/topic?file=/lib64/python3.9/site-packages/cffi" "Mozilla/5.0 AppleWebKit/537.36 (KHTML, like Gecko; compatible; GPTBot/1.4; +https://openai.com/gptbot)"
216.73.217.65 - - [15/Jul/2026:14:39:19 +0200] "GET /page/30/?rename=%2Fopt%2Fcloudlinux%2Falt-php73%2Froot%2Fusr%2Fshare%2Fpear%2FPEAR%2FPackageFile%2Fv1.php HTTP/2.0" 200 22814 "-" "Mozilla/5.0 AppleWebKit/537.36 (KHTML, like Gecko; compatible; ClaudeBot/1.0; +claudebot@anthropic.com)"
216.73.217.65 - - [15/Jul/2026:14:39:19 +0200] "GET /page/37/?rename=%2Fopt%2Fcloudlinux%2Fvenv%2Flib64%2Fpython3.11%2Fsite-packages%2Fgitdb%2Ftest%2F__init__.py HTTP/2.0" 200 22997 "-" "Mozilla/5.0 AppleWebKit/537.36 (KHTML, like Gecko; compatible; ClaudeBot/1.0; +claudebot@anthropic.com)"
216.73.217.65 - - [15/Jul/2026:14:39:19 +0200] "GET /page/8/?rename=%2Fopt%2Fcloudlinux%2Fvenv%2Flib64%2Fpython3.11%2Fsite-packages%2Fclselect%2Fbaseclselect%2Fpkgmanager.py HTTP/2.0" 200 22662 "-" "Mozilla/5.0 AppleWebKit/537.36 (KHTML, like Gecko; compatible; ClaudeBot/1.0; +claudebot@anthropic.com)"
216.73.217.65 - - [15/Jul/2026:14:39:21 +0200] "GET /page/18/?view=%2Fopt%2Falt%2Fphp70%2Fusr%2Finclude%2Fphp%2Fext%2Fmysqlnd%2Fmysqlnd_ext_plugin.h HTTP/2.0" 200 921 "-" "Mozilla/5.0 AppleWebKit/537.36 (KHTML, like Gecko; compatible; ClaudeBot/1.0; +claudebot@anthropic.com)"
216.73.217.65 - - [15/Jul/2026:14:39:19 +0200] "GET /3D%22https:/click.mlsend2.com/wp-admin/css/=3D%22https:/mcusercontent.com/a4fe913a16fc2a29dc81554a2/images/[^?rename=%2Fhome%2Fcosta4%2Fbrescia.elettroservicegroup.it%2Fllms.txt HTTP/2.0" 200 19123 "-" "Mozilla/5.0 AppleWebKit/537.36 (KHTML, like Gecko; compatible; ClaudeBot/1.0; +claudebot@anthropic.com)"
216.73.217.65 - - [15/Jul/2026:14:39:21 +0200] "GET /3D%22https:/ln.run/%22http:/php.net/manual/en/js/3D%22http:/themes.php?view=%2Fhome%2Fcosta4%2Fvicenza.elettroservicegroup.it%2Fwp-content%2Flanguages%2Fplugins%2Felementor-it_IT.po HTTP/2.0" 200 85582 "-" "Mozilla/5.0 AppleWebKit/537.36 (KHTML, like Gecko; compatible; ClaudeBot/1.0; +claudebot@anthropic.com)"
74.7.227.15 - - [15/Jul/2026:14:39:21 +0200] "GET /%22$MySQLaccess::MYSQLADMIN/'.GA4WP_URL.'assests/images/'%20.%20$this-%3Ebase-%3Eplugin-%3Edocumentation_url%20.%20'/generate-server/topic?edit=/lib64/python3.9/enum.py HTTP/2.0" 200 10788 "https://www.vicenza.elettroservicegroup.it/%22$MySQLaccess::MYSQLADMIN/'.GA4WP_URL.'assests/images/'%20.%20$this-%3Ebase-%3Eplugin-%3Edocumentation_url%20.%20'/generate-server/topic?file=/lib64/python3.9" "Mozilla/5.0 AppleWebKit/537.36 (KHTML, like Gecko; compatible; GPTBot/1.4; +https://openai.com/gptbot)"
216.73.217.65 - - [15/Jul/2026:14:39:20 +0200] "GET /page/35/?file=%2Fopt%2Fcloudlinux%2Falt-php72%2Froot%2Fetc%2Fphp.d.all.def%2Feio.ini HTTP/2.0" 200 22427 "-" "Mozilla/5.0 AppleWebKit/537.36 (KHTML, like Gecko; compatible; ClaudeBot/1.0; +claudebot@anthropic.com)"
216.73.217.65 - - [15/Jul/2026:14:39:20 +0200] "GET /page/40/?rename=%2Fopt%2Fcloudlinux%2Falt-php71%2Froot%2Fusr%2Finclude%2Fphp%2FZend%2Fzend_list.h HTTP/2.0" 200 25906 "-" "Mozilla/5.0 AppleWebKit/537.36 (KHTML, like Gecko; compatible; ClaudeBot/1.0; +claudebot@anthropic.com)"
216.73.217.65 - - [15/Jul/2026:14:39:21 +0200] "GET /page/42/?rename=%2Fopt%2Fcloudlinux%2Falt-php74%2Froot%2Fusr%2Finclude%2Fphp%2FZend%2Fzend_extensions.h HTTP/2.0" 200 22664 "-" "Mozilla/5.0 AppleWebKit/537.36 (KHTML, like Gecko; compatible; ClaudeBot/1.0; +claudebot@anthropic.com)"
216.73.217.65 - - [15/Jul/2026:14:39:21 +0200] "GET /page/37/?file=%2Fusr%2Finclude%2Flinux%2Fkexec.h HTTP/2.0" 200 22163 "-" "Mozilla/5.0 AppleWebKit/537.36 (KHTML, like Gecko; compatible; ClaudeBot/1.0; +claudebot@anthropic.com)"
216.73.217.65 - - [15/Jul/2026:14:39:21 +0200] "GET /page/26/?file=%2Flib%2Fpython3.9%2Fsite-packages%2Fpip%2F_internal%2F__pycache__%2Fself_outdated_check.cpython-39.pyc HTTP/2.0" 200 23356 "-" "Mozilla/5.0 AppleWebKit/537.36 (KHTML, like Gecko; compatible; ClaudeBot/1.0; +claudebot@anthropic.com)"
74.7.227.15 - - [15/Jul/2026:14:39:23 +0200] "GET /%22$MySQLaccess::MYSQLADMIN/'.GA4WP_URL.'assests/images/'%20.%20$this-%3Ebase-%3Eplugin-%3Edocumentation_url%20.%20'/generate-server/topic?file=/lib64/python3.9/weakref.py HTTP/2.0" 200 235 "https://www.vicenza.elettroservicegroup.it/%22$MySQLaccess::MYSQLADMIN/'.GA4WP_URL.'assests/images/'%20.%20$this-%3Ebase-%3Eplugin-%3Edocumentation_url%20.%20'/generate-server/topic?file=/lib64/python3.9" "Mozilla/5.0 AppleWebKit/537.36 (KHTML, like Gecko; compatible; GPTBot/1.4; +https://openai.com/gptbot)"
216.73.217.65 - - [15/Jul/2026:14:39:21 +0200] "GET /page/40/?file=%2Fopt%2Fcloudlinux%2Falt-php70%2Froot%2Fetc%2Fphp.d.all%2Fxdiff.ini HTTP/2.0" 200 25033 "-" "Mozilla/5.0 AppleWebKit/537.36 (KHTML, like Gecko; compatible; ClaudeBot/1.0; +claudebot@anthropic.com)"
216.73.217.65 - - [15/Jul/2026:14:39:22 +0200] "GET /page/6/?rename=%2Fopt%2Falt%2Fphp71%2Fusr%2Finclude%2Fphp%2Fext%2Fstandard%2Fphp_fopen_wrappers.h HTTP/2.0" 200 23299 "-" "Mozilla/5.0 AppleWebKit/537.36 (KHTML, like Gecko; compatible; ClaudeBot/1.0; +claudebot@anthropic.com)"
216.73.217.65 - - [15/Jul/2026:14:39:22 +0200] "GET /page/26/?file=%2Fopt%2Fcloudlinux%2Fvenv%2Flib64%2Fpython3.11%2Fsite-packages%2Fpkg_resources%2Fapi_tests.txt HTTP/2.0" 200 23354 "-" "Mozilla/5.0 AppleWebKit/537.36 (KHTML, like Gecko; compatible; ClaudeBot/1.0; +claudebot@anthropic.com)"
216.73.217.65 - - [15/Jul/2026:14:39:22 +0200] "GET /page/6/?rename=%2Fopt%2Fcloudlinux%2Falt-php81%2Froot%2Fusr%2Finclude%2Fphp%2Fext%2Fmbstring%2Flibmbfl%2Fmbfl%2Fmbfilter_pass.h HTTP/2.0" 200 23347 "-" "Mozilla/5.0 AppleWebKit/537.36 (KHTML, like Gecko; compatible; ClaudeBot/1.0; +claudebot@anthropic.com)"
216.73.217.65 - - [15/Jul/2026:14:39:24 +0200] "GET /page/11/?view=%2Flib%2Fpython3.9%2Fsite-packages%2Fdateutil%2Ftz%2F__pycache__%2F__init__.cpython-39.pyc HTTP/2.0" 200 445 "-" "Mozilla/5.0 AppleWebKit/537.36 (KHTML, like Gecko; compatible; ClaudeBot/1.0; +claudebot@anthropic.com)"
216.73.217.65 - - [15/Jul/2026:14:39:23 +0200] "GET /page/38/?edit=%2Fopt%2Fcloudlinux%2Falt-php81%2Froot%2Fetc%2Fphp.d.all%2Fmysqli.ini HTTP/2.0" 200 23033 "-" "Mozilla/5.0 AppleWebKit/537.36 (KHTML, like Gecko; compatible; ClaudeBot/1.0; +claudebot@anthropic.com)"
216.73.217.65 - - [15/Jul/2026:14:39:25 +0200] "GET /page/25/?view=%2Fopt%2Falt%2Fpython-internal%2Flib64%2Fpython3.11%2Fencodings%2F__pycache__%2Feuc_jisx0213.cpython-311.pyc HTTP/2.0" 200 865 "-" "Mozilla/5.0 AppleWebKit/537.36 (KHTML, like Gecko; compatible; ClaudeBot/1.0; +claudebot@anthropic.com)"
74.7.227.15 - - [15/Jul/2026:14:39:25 +0200] "GET /%22$MySQLaccess::MYSQLADMIN/'.GA4WP_URL.'assests/images/'%20.%20$this-%3Ebase-%3Eplugin-%3Edocumentation_url%20.%20'/generate-server/topic?edit=/lib64/python3.9/site-packages/cffi/_cffi_include.h HTTP/2.0" 200 4407 "https://www.vicenza.elettroservicegroup.it/%22$MySQLaccess::MYSQLADMIN/'.GA4WP_URL.'assests/images/'%20.%20$this-%3Ebase-%3Eplugin-%3Edocumentation_url%20.%20'/generate-server/topic?file=/lib64/python3.9/site-packages/cffi" "Mozilla/5.0 AppleWebKit/537.36 (KHTML, like Gecko; compatible; GPTBot/1.4; +https://openai.com/gptbot)"
216.73.217.65 - - [15/Jul/2026:14:39:23 +0200] "GET /page/34/?rename=%2Fopt%2Fcloudlinux%2Falt-php71%2Froot%2Fusr%2Flib64%2Fphp%2Fmodules%2Fyaz.so HTTP/2.0" 200 22653 "-" "Mozilla/5.0 AppleWebKit/537.36 (KHTML, like Gecko; compatible; ClaudeBot/1.0; +claudebot@anthropic.com)"
216.73.217.65 - - [15/Jul/2026:14:39:23 +0200] "GET /page/40/?file=%2Fopt%2Falt%2Fpython-internal%2Flib64%2Fpython3.11%2Flib2to3%2FPatternGrammar.txt HTTP/2.0" 200 25037 "-" "Mozilla/5.0 AppleWebKit/537.36 (KHTML, like Gecko; compatible; ClaudeBot/1.0; +claudebot@anthropic.com)"
216.73.217.65 - - [15/Jul/2026:14:39:24 +0200] "GET /page/33/?edit=%2Fopt%2Falt%2Fpython-internal%2Flib64%2Fpython3.11%2Fencodings%2F__pycache__%2Fiso2022_kr.cpython-311.opt-2.pyc HTTP/2.0" 200 23820 "-" "Mozilla/5.0 AppleWebKit/537.36 (KHTML, like Gecko; compatible; ClaudeBot/1.0; +claudebot@anthropic.com)"
216.73.217.65 - - [15/Jul/2026:14:39:26 +0200] "GET /3D%22https:/click.mlsend2.com/3D%22http:/click.ernesto.it/wf/wp-admin/css/cid:0?view=%2Fhome%2Fcosta4%2Fvicenza.elettroservicegroup.it%2Fwp-content%2Fthemes%2Fgeneratepress%2Fsingle.php HTTP/2.0" 200 382 "-" "Mozilla/5.0 AppleWebKit/537.36 (KHTML, like Gecko; compatible; ClaudeBot/1.0; +claudebot@anthropic.com)"
216.73.217.65 - - [15/Jul/2026:14:39:24 +0200] "GET /page/40/?file=%2Flib%2Fpython3.9%2Fsite-packages%2Fsetuptools%2F_distutils%2Fversion.py HTTP/2.0" 200 25027 "-" "Mozilla/5.0 AppleWebKit/537.36 (KHTML, like Gecko; compatible; ClaudeBot/1.0; +claudebot@anthropic.com)"
216.73.217.65 - - [15/Jul/2026:14:39:25 +0200] "GET /page/32/?edit=%2Fusr%2Finclude%2Fasm-generic%2Ftermios.h HTTP/2.0" 200 23878 "-" "Mozilla/5.0 AppleWebKit/537.36 (KHTML, like Gecko; compatible; ClaudeBot/1.0; +claudebot@anthropic.com)"
216.73.217.65 - - [15/Jul/2026:14:39:25 +0200] "GET /page/41/?rename=%2Fopt%2Fcloudlinux%2Fvenv%2Flib64%2Fpython3.11%2Fsite-packages%2Fsqlalchemy%2Ftesting%2Ffixtures.py HTTP/2.0" 200 23485 "-" "Mozilla/5.0 AppleWebKit/537.36 (KHTML, like Gecko; compatible; ClaudeBot/1.0; +claudebot@anthropic.com)"
216.73.217.65 - - [15/Jul/2026:14:39:25 +0200] "GET /page/34/?rename=%2Flib%2Fpython3.9%2Fsite-packages%2Fsetuptools%2F_distutils%2Fcommand%2F__pycache__%2Fbuild.cpython-39.pyc HTTP/2.0" 200 22665 "-" "Mozilla/5.0 AppleWebKit/537.36 (KHTML, like Gecko; compatible; ClaudeBot/1.0; +claudebot@anthropic.com)"
74.7.227.15 - - [15/Jul/2026:14:39:26 +0200] "GET /%22$MySQLaccess::MYSQLADMIN/'.GA4WP_URL.'assests/images/'%20.%20$this-%3Ebase-%3Eplugin-%3Edocumentation_url%20.%20'/generate-server/topic?edit=/lib64/python3.9/netrc.py HTTP/2.0" 200 2580 "https://www.vicenza.elettroservicegroup.it/%22$MySQLaccess::MYSQLADMIN/'.GA4WP_URL.'assests/images/'%20.%20$this-%3Ebase-%3Eplugin-%3Edocumentation_url%20.%20'/generate-server/topic?file=/lib64/python3.9" "Mozilla/5.0 AppleWebKit/537.36 (KHTML, like Gecko; compatible; GPTBot/1.4; +https://openai.com/gptbot)"
216.73.217.65 - - [15/Jul/2026:14:39:25 +0200] "GET /page/36/?file=%2Flib%2Fpython3.9%2Fsite-packages%2Ftuned%2Fplugins%2F__pycache__%2Fplugin_service.cpython-39.opt-1.pyc HTTP/2.0" 200 21934 "-" "Mozilla/5.0 AppleWebKit/537.36 (KHTML, like Gecko; compatible; ClaudeBot/1.0; +claudebot@anthropic.com)"
216.73.217.65 - - [15/Jul/2026:14:39:25 +0200] "GET /page/35/?rename=%2Fopt%2Falt%2Fpython-internal%2Flib64%2Fpython3.11%2Flib2to3%2Fpgen2%2F__pycache__%2Fconv.cpython-311.opt-1.pyc HTTP/2.0" 200 23235 "-" "Mozilla/5.0 AppleWebKit/537.36 (KHTML, like Gecko; compatible; ClaudeBot/1.0; +claudebot@anthropic.com)"
216.73.217.65 - - [15/Jul/2026:14:39:27 +0200] "GET /page/34/?view=%2Fopt%2Fcloudlinux%2Falt-php84%2Froot%2Fusr%2Finclude%2Fphp%2Fext%2Fhash%2Fxxhash%2Fxxhash.h HTTP/2.0" 200 47681 "-" "Mozilla/5.0 AppleWebKit/537.36 (KHTML, like Gecko; compatible; ClaudeBot/1.0; +claudebot@anthropic.com)"
216.73.217.65 - - [15/Jul/2026:14:39:26 +0200] "GET /page/24/?rename=%2Fopt%2Fcloudlinux%2Fvenv%2Flib64%2Fpython3.11%2Fsite-packages%2Fsentry_sdk%2Fintegrations%2Fserverless.py HTTP/2.0" 200 23501 "-" "Mozilla/5.0 AppleWebKit/537.36 (KHTML, like Gecko; compatible; ClaudeBot/1.0; +claudebot@anthropic.com)"
74.7.227.15 - - [15/Jul/2026:14:39:27 +0200] "GET /%22$MySQLaccess::MYSQLADMIN/'.GA4WP_URL.'assests/images/'%20.%20$this-%3Ebase-%3Eplugin-%3Edocumentation_url%20.%20'/generate-server/topic?edit=/lib64/python3.9/formatter.py HTTP/2.0" 200 4573 "https://www.vicenza.elettroservicegroup.it/%22$MySQLaccess::MYSQLADMIN/'.GA4WP_URL.'assests/images/'%20.%20$this-%3Ebase-%3Eplugin-%3Edocumentation_url%20.%20'/generate-server/topic?file=/lib64/python3.9" "Mozilla/5.0 AppleWebKit/537.36 (KHTML, like Gecko; compatible; GPTBot/1.4; +https://openai.com/gptbot)"
216.73.217.65 - - [15/Jul/2026:14:39:26 +0200] "GET /page/26/?rename=%2Fopt%2Fcloudlinux%2Fvenv%2Flib64%2Fpython3.11%2Fsite-packages%2Fgitdb%2Ftest%2Ftest_pack.py HTTP/2.0" 200 24102 "-" "Mozilla/5.0 AppleWebKit/537.36 (KHTML, like Gecko; compatible; ClaudeBot/1.0; +claudebot@anthropic.com)"
216.73.217.65 - - [15/Jul/2026:14:39:26 +0200] "GET /page/42/?rename=%2Fopt%2Falt%2Fpython-internal%2Flib64%2Fpython3.11%2Flib2to3%2Ffixes%2F__pycache__%2Ffix_idioms.cpython-311.pyc HTTP/2.0" 200 22671 "-" "Mozilla/5.0 AppleWebKit/537.36 (KHTML, like Gecko; compatible; ClaudeBot/1.0; +claudebot@anthropic.com)"
216.73.217.65 - - [15/Jul/2026:14:39:26 +0200] "GET /page/18/?file=%2Fopt%2Fcloudlinux%2Falt-php83%2Froot%2Fetc%2Fphp.d.all%2Fsodium.ini HTTP/2.0" 200 22240 "-" "Mozilla/5.0 AppleWebKit/537.36 (KHTML, like Gecko; compatible; ClaudeBot/1.0; +claudebot@anthropic.com)"
216.73.217.65 - - [15/Jul/2026:14:39:27 +0200] "GET /page/42/?rename=%2Fopt%2Falt%2Fpython-internal%2Flib64%2Fpython3.11%2Fencodings%2Futf_32.py HTTP/2.0" 200 22636 "-" "Mozilla/5.0 AppleWebKit/537.36 (KHTML, like Gecko; compatible; ClaudeBot/1.0; +claudebot@anthropic.com)"
216.73.217.65 - - [15/Jul/2026:14:39:29 +0200] "GET /page/32/?view=%2Flib%2Fnode_modules%2Fnpm%2Fnode_modules%2Ficonv-lite%2Flib%2Findex.js HTTP/2.0" 200 2016 "-" "Mozilla/5.0 AppleWebKit/537.36 (KHTML, like Gecko; compatible; ClaudeBot/1.0; +claudebot@anthropic.com)"
216.73.217.65 - - [15/Jul/2026:14:39:27 +0200] "GET /3D%22https:/'%20.%20esc_url('https:/themes.wpmaintenancemode.com/wp-admin/css/3D=22http:/3D%22http:/tools.google.com/dlpage/admin.php?rename=%2Fhome%2Fcosta4%2Fvicenza.elettroservicegroup.it%2Fwp-content%2Fthemes%2Fgeneratepress%2Fscreenshot.png HTTP/2.0" 200 19125 "-" "Mozilla/5.0 AppleWebKit/537.36 (KHTML, like Gecko; compatible; ClaudeBot/1.0; +claudebot@anthropic.com)"
216.73.217.65 - - [15/Jul/2026:14:39:29 +0200] "GET /page/40/?view=%2Fusr%2Finclude%2Flinux%2Fnfs2.h HTTP/2.0" 200 619 "-" "Mozilla/5.0 AppleWebKit/537.36 (KHTML, like Gecko; compatible; ClaudeBot/1.0; +claudebot@anthropic.com)"
216.73.217.65 - - [15/Jul/2026:14:39:27 +0200] "GET /page/33/?file=%2Flib%2Fpython3.9%2Fsite-packages%2Fdateutil%2F__pycache__%2Feaster.cpython-39.opt-1.pyc HTTP/2.0" 200 22178 "-" "Mozilla/5.0 AppleWebKit/537.36 (KHTML, like Gecko; compatible; ClaudeBot/1.0; +claudebot@anthropic.com)"
74.7.227.15 - - [15/Jul/2026:14:39:29 +0200] "GET /%22$MySQLaccess::MYSQLADMIN/'.GA4WP_URL.'assests/images/'%20.%20$this-%3Ebase-%3Eplugin-%3Edocumentation_url%20.%20'/generate-server/topic?edit=/lib64/python3.9/reprlib.py HTTP/2.0" 200 2437 "https://www.vicenza.elettroservicegroup.it/%22$MySQLaccess::MYSQLADMIN/'.GA4WP_URL.'assests/images/'%20.%20$this-%3Ebase-%3Eplugin-%3Edocumentation_url%20.%20'/generate-server/topic?file=/lib64/python3.9" "Mozilla/5.0 AppleWebKit/537.36 (KHTML, like Gecko; compatible; GPTBot/1.4; +https://openai.com/gptbot)"
216.73.217.65 - - [15/Jul/2026:14:39:28 +0200] "GET /page/42/?file=%2Fopt%2Fcloudlinux%2Falt-php73%2Froot%2Fetc%2Fphp.d.all%2Fsodium.ini HTTP/2.0" 200 21864 "-" "Mozilla/5.0 AppleWebKit/537.36 (KHTML, like Gecko; compatible; ClaudeBot/1.0; +claudebot@anthropic.com)"
216.73.217.65 - - [15/Jul/2026:14:39:28 +0200] "GET /page/10/?rename=%2Fopt%2Fcloudlinux%2Falt-php70%2Froot%2Fusr%2Flib64%2Fphp%2Fmodules%2Fphpiredis.so HTTP/2.0" 200 22578 "-" "Mozilla/5.0 AppleWebKit/537.36 (KHTML, like Gecko; compatible; ClaudeBot/1.0; +claudebot@anthropic.com)"
216.73.217.65 - - [15/Jul/2026:14:39:30 +0200] "GET /page/40/?view=%2Fusr%2Finclude%2Flinux%2Fnetfilter_ipv6.h HTTP/2.0" 200 656 "-" "Mozilla/5.0 AppleWebKit/537.36 (KHTML, like Gecko; compatible; ClaudeBot/1.0; +claudebot@anthropic.com)"
216.73.217.65 - - [15/Jul/2026:14:39:29 +0200] "GET /page/31/?file=%2Fopt%2Fcloudlinux%2Falt-php74%2Froot%2Fusr%2Fshare%2Fpear%2Fdata%2FPEAR HTTP/2.0" 200 22440 "-" "Mozilla/5.0 AppleWebKit/537.36 (KHTML, like Gecko; compatible; ClaudeBot/1.0; +claudebot@anthropic.com)"
74.7.227.15 - - [15/Jul/2026:14:39:30 +0200] "GET /%22$MySQLaccess::MYSQLADMIN/'.GA4WP_URL.'assests/images/'%20.%20$this-%3Ebase-%3Eplugin-%3Edocumentation_url%20.%20'/generate-server/topic?file=/lib64/python3.9/logging HTTP/2.0" 200 407 "https://www.vicenza.elettroservicegroup.it/%22$MySQLaccess::MYSQLADMIN/'.GA4WP_URL.'assests/images/'%20.%20$this-%3Ebase-%3Eplugin-%3Edocumentation_url%20.%20'/generate-server/topic?file=/lib64/python3.9" "Mozilla/5.0 AppleWebKit/537.36 (KHTML, like Gecko; compatible; GPTBot/1.4; +https://openai.com/gptbot)"
216.73.217.65 - - [15/Jul/2026:14:39:29 +0200] "GET /page/39/?rename=%2Flib%2Fnode_modules%2Fnpm%2Fnode_modules%2Fsemver%2Ffunctions%2Fcompare-build.js HTTP/2.0" 200 22801 "-" "Mozilla/5.0 AppleWebKit/537.36 (KHTML, like Gecko; compatible; ClaudeBot/1.0; +claudebot@anthropic.com)"
216.73.217.65 - - [15/Jul/2026:14:39:29 +0200] "GET /3D%22https:/click.mlsend2.com/wp-admin/3D%22http:/tracking.kzexport.cloud/tracking/open?file=%2Fhome%2Fcosta4%2Fvicenza.elettroservicegroup.it%2Fwp-content%2Fai1wm-backups HTTP/2.0" 200 18523 "-" "Mozilla/5.0 AppleWebKit/537.36 (KHTML, like Gecko; compatible; ClaudeBot/1.0; +claudebot@anthropic.com)"
216.73.217.65 - - [15/Jul/2026:14:39:29 +0200] "GET /page/23/?edit=%2Fopt%2Fcloudlinux%2Falt-php56%2Froot%2Fetc%2Fphp.d.all%2Fgeoip.ini HTTP/2.0" 200 22518 "-" "Mozilla/5.0 AppleWebKit/537.36 (KHTML, like Gecko; compatible; ClaudeBot/1.0; +claudebot@anthropic.com)"
216.73.217.65 - - [15/Jul/2026:14:39:29 +0200] "GET /page/31/?file=%2Fopt%2Fcloudlinux%2Falt-php73%2Froot%2Fetc%2Fphp.d.all%2Fpdo_snowflake.ini HTTP/2.0" 200 22316 "-" "Mozilla/5.0 AppleWebKit/537.36 (KHTML, like Gecko; compatible; ClaudeBot/1.0; +claudebot@anthropic.com)"
216.73.217.65 - - [15/Jul/2026:14:39:30 +0200] "GET /page/30/?file=%2Fopt%2Fcloudlinux%2Falt-php81%2Froot%2Fusr%2Fshare%2Fpear%2Ftest%2FStructures_Graph%2Ftests%2Fhelper.inc HTTP/2.0" 200 22029 "-" "Mozilla/5.0 AppleWebKit/537.36 (KHTML, like Gecko; compatible; ClaudeBot/1.0; +claudebot@anthropic.com)"
216.73.217.65 - - [15/Jul/2026:14:39:30 +0200] "GET /3D%22https:/click.mlsend2.com/3D%22http:/click.ernesto.it/wf/wp-admin/css/[^?rename=%2Fhome%2Fcosta4%2Fvicenza.elettroservicegroup.it%2Fwp-content%2Fthemes%2Fgeneratepress%2Ffunctions.php HTTP/2.0" 200 19089 "-" "Mozilla/5.0 AppleWebKit/537.36 (KHTML, like Gecko; compatible; ClaudeBot/1.0; +claudebot@anthropic.com)"
216.73.217.65 - - [15/Jul/2026:14:39:30 +0200] "GET /page/34/?edit=%2Fopt%2Falt%2Fphp71%2Fusr%2Finclude%2Fphp%2Fext%2Fgd%2Fgd_compat.h HTTP/2.0" 200 22784 "-" "Mozilla/5.0 AppleWebKit/537.36 (KHTML, like Gecko; compatible; ClaudeBot/1.0; +claudebot@anthropic.com)"
74.7.227.15 - - [15/Jul/2026:14:39:31 +0200] "GET /%22$MySQLaccess::MYSQLADMIN/'.GA4WP_URL.'assests/images/'%20.%20$this-%3Ebase-%3Eplugin-%3Edocumentation_url%20.%20'/generate-server/topic?edit=/lib64/python3.9/csv.py HTTP/2.0" 200 5665 "https://www.vicenza.elettroservicegroup.it/%22$MySQLaccess::MYSQLADMIN/'.GA4WP_URL.'assests/images/'%20.%20$this-%3Ebase-%3Eplugin-%3Edocumentation_url%20.%20'/generate-server/topic?file=/lib64/python3.9" "Mozilla/5.0 AppleWebKit/537.36 (KHTML, like Gecko; compatible; GPTBot/1.4; +https://openai.com/gptbot)"
216.73.217.65 - - [15/Jul/2026:14:39:30 +0200] "GET /page/40/?edit=%2Fopt%2Fcloudlinux%2Falt-php56%2Froot%2Fusr%2Fshare%2Fpear%2Ftest%2FStructures_LinkedList%2Ftests%2Fsingle_link_004.phpt HTTP/2.0" 200 26094 "-" "Mozilla/5.0 AppleWebKit/537.36 (KHTML, like Gecko; compatible; ClaudeBot/1.0; +claudebot@anthropic.com)"
216.73.217.65 - - [15/Jul/2026:14:39:31 +0200] "GET /page/10/?file=%2Fopt%2Fcloudlinux%2Falt-php74%2Froot%2Fetc%2Fphp.d.all%2Fpsr.ini HTTP/2.0" 200 21778 "-" "Mozilla/5.0 AppleWebKit/537.36 (KHTML, like Gecko; compatible; ClaudeBot/1.0; +claudebot@anthropic.com)"
216.73.217.65 - - [15/Jul/2026:14:39:32 +0200] "GET /3D%22https:/trk-mkt.tason.com/%7Bsitemap:loc%7D?rename=%2Fhome%2Fcosta4%2Fwww%2Fwp-content%2Fplugins%2Fwordfence%2Flib%2FwfJavascriptBridge.php HTTP/2.0" 200 924 "-" "Mozilla/5.0 AppleWebKit/537.36 (KHTML, like Gecko; compatible; ClaudeBot/1.0; +claudebot@anthropic.com)"
216.73.217.65 - - [15/Jul/2026:14:39:33 +0200] "GET /3D%22https:/ln.run/%22http:/php.net/manual/en/js/3D%22http:/wp-admin/css/install.css?view=%2Fhome%2Fcosta4%2Fverona.elettroservicegroup.it%2Fwp-includes%2Fimages%2Fxit.gif HTTP/2.0" 200 185 "-" "Mozilla/5.0 AppleWebKit/537.36 (KHTML, like Gecko; compatible; ClaudeBot/1.0; +claudebot@anthropic.com)"
216.73.217.65 - - [15/Jul/2026:14:39:31 +0200] "GET /page/44/?rename=%2Fopt%2Fcloudlinux%2Falt-php72%2Froot%2Fusr%2Finclude%2Fphp%2Fext%2Fapcu%2Fphp_apc_legacy_arginfo.h HTTP/2.0" 200 22731 "-" "Mozilla/5.0 AppleWebKit/537.36 (KHTML, like Gecko; compatible; ClaudeBot/1.0; +claudebot@anthropic.com)"
216.73.217.65 - - [15/Jul/2026:14:39:32 +0200] "GET /3D%22https:/hosting.aruba.it/en/%22https:/www.wordfence.com/help/theme-install.php?file=%2Fhome%2Fcosta4%2Fvicenza.elettroservicegroup.it%2Fwp-content%2Fuploads%2F2021%2F10%2Ffrigorifero.webp HTTP/2.0" 200 18339 "-" "Mozilla/5.0 AppleWebKit/537.36 (KHTML, like Gecko; compatible; ClaudeBot/1.0; +claudebot@anthropic.com)"
74.7.227.15 - - [15/Jul/2026:14:39:33 +0200] "GET /%22$MySQLaccess::MYSQLADMIN/'.GA4WP_URL.'assests/images/'%20.%20$this-%3Ebase-%3Eplugin-%3Edocumentation_url%20.%20'/generate-server/topic?file=/lib64/python3.9/http HTTP/2.0" 200 440 "https://www.vicenza.elettroservicegroup.it/%22$MySQLaccess::MYSQLADMIN/'.GA4WP_URL.'assests/images/'%20.%20$this-%3Ebase-%3Eplugin-%3Edocumentation_url%20.%20'/generate-server/topic?file=/lib64/python3.9" "Mozilla/5.0 AppleWebKit/537.36 (KHTML, like Gecko; compatible; GPTBot/1.4; +https://openai.com/gptbot)"
216.73.217.65 - - [15/Jul/2026:14:39:32 +0200] "GET /page/25/?file=%2Fopt%2Fcloudlinux%2Falt-php56%2Froot%2Fetc%2Fphp.d.all%2Fsybase_ct.ini HTTP/2.0" 200 22111 "-" "Mozilla/5.0 AppleWebKit/537.36 (KHTML, like Gecko; compatible; ClaudeBot/1.0; +claudebot@anthropic.com)"
216.73.217.65 - - [15/Jul/2026:14:39:32 +0200] "GET /page/26/?edit=%2Fopt%2Fcloudlinux%2Fvenv%2Flib64%2Fpython3.11%2Fsite-packages%2Fnumpy%2Fdistutils%2Fchecks%2Fcpu_asimd.c HTTP/2.0" 200 24438 "-" "Mozilla/5.0 AppleWebKit/537.36 (KHTML, like Gecko; compatible; ClaudeBot/1.0; +claudebot@anthropic.com)"
216.73.217.65 - - [15/Jul/2026:14:39:32 +0200] "GET /page/31/?rename=%2Fopt%2Fcloudlinux%2Falt-php74%2Froot%2Fusr%2Finclude%2Fphp%2FZend%2Fzend_inheritance.h HTTP/2.0" 200 23101 "-" "Mozilla/5.0 AppleWebKit/537.36 (KHTML, like Gecko; compatible; ClaudeBot/1.0; +claudebot@anthropic.com)"
216.73.217.65 - - [15/Jul/2026:14:39:33 +0200] "GET /page/9/?rename=%2Fopt%2Falt%2Fphp80%2Fusr%2Finclude%2Fphp%2Fext%2Fhash%2Fphp_hash_sha3.h HTTP/2.0" 200 23286 "-" "Mozilla/5.0 AppleWebKit/537.36 (KHTML, like Gecko; compatible; ClaudeBot/1.0; +claudebot@anthropic.com)"
216.73.217.65 - - [15/Jul/2026:14:39:33 +0200] "GET /page/10/?rename=%2Fopt%2Fcloudlinux%2Fvenv%2Flib64%2Fpython3.11%2Fsite-packages%2Fsqlalchemy%2Ftesting%2Fconfig.py HTTP/2.0" 200 22583 "-" "Mozilla/5.0 AppleWebKit/537.36 (KHTML, like Gecko; compatible; ClaudeBot/1.0; +claudebot@anthropic.com)"
216.73.217.65 - - [15/Jul/2026:14:39:35 +0200] "GET /3D%22https:/click.mlsend2.com/3D%22http:/click.ernesto.it/wf/admin.php?view=%2Fhome%2Fcosta4%2Fvicenza.elettroservicegroup.it%2Fwp-includes%2Fjs%2Fdist%2Fi18n.min.js HTTP/2.0" 200 2357 "-" "Mozilla/5.0 AppleWebKit/537.36 (KHTML, like Gecko; compatible; ClaudeBot/1.0; +claudebot@anthropic.com)"
74.7.227.15 - - [15/Jul/2026:14:39:34 +0200] "GET /%22$MySQLaccess::MYSQLADMIN/'.GA4WP_URL.'assests/images/'%20.%20$this-%3Ebase-%3Eplugin-%3Edocumentation_url%20.%20'/generate-server/topic?rename=/lib64/python3.9/pipes.py HTTP/2.0" 200 909 "https://www.vicenza.elettroservicegroup.it/%22$MySQLaccess::MYSQLADMIN/'.GA4WP_URL.'assests/images/'%20.%20$this-%3Ebase-%3Eplugin-%3Edocumentation_url%20.%20'/generate-server/topic?file=/lib64/python3.9" "Mozilla/5.0 AppleWebKit/537.36 (KHTML, like Gecko; compatible; GPTBot/1.4; +https://openai.com/gptbot)"
216.73.217.65 - - [15/Jul/2026:14:39:33 +0200] "GET /3D%22https:/hosting.aruba.it/en/%22https:/www.wordfence.com/help/widgets.php?file=%2Fhome%2Fcosta4%2Fvicenza.elettroservicegroup.it%2Fwp-includes%2Fimages%2Ficon-library%2Fsides-all.svg HTTP/2.0" 200 18340 "-" "Mozilla/5.0 AppleWebKit/537.36 (KHTML, like Gecko; compatible; ClaudeBot/1.0; +claudebot@anthropic.com)"
216.73.217.65 - - [15/Jul/2026:14:39:34 +0200] "GET /page/40/?edit=%2Fusr%2Finclude%2Flinux%2Fcciss_defs.h HTTP/2.0" 200 26828 "-" "Mozilla/5.0 AppleWebKit/537.36 (KHTML, like Gecko; compatible; ClaudeBot/1.0; +claudebot@anthropic.com)"
216.73.217.65 - - [15/Jul/2026:14:39:34 +0200] "GET /page/27/?file=%2Fopt%2Fcloudlinux%2Fvenv%2Flib64%2Fpython3.11%2Fsite-packages%2Fsetuptools%2Ftests%2F__init__.py HTTP/2.0" 200 21256 "-" "Mozilla/5.0 AppleWebKit/537.36 (KHTML, like Gecko; compatible; ClaudeBot/1.0; +claudebot@anthropic.com)"
216.73.217.65 - - [15/Jul/2026:14:39:34 +0200] "GET /page/23/?file=%2Fopt%2Fcloudlinux%2Falt-php74%2Froot%2Fusr%2Fshare%2Fpear%2FOS HTTP/2.0" 200 21831 "-" "Mozilla/5.0 AppleWebKit/537.36 (KHTML, like Gecko; compatible; ClaudeBot/1.0; +claudebot@anthropic.com)"
216.73.217.65 - - [15/Jul/2026:14:39:34 +0200] "GET /page/29/?rename=%2Fopt%2Fcloudlinux%2Fvenv%2Flib64%2Fpython3.11%2Fsite-packages%2Fclwizard%2F__pycache__%2Fexceptions.cpython-311.pyc HTTP/2.0" 200 22828 "-" "Mozilla/5.0 AppleWebKit/537.36 (KHTML, like Gecko; compatible; ClaudeBot/1.0; +claudebot@anthropic.com)"
216.73.217.65 - - [15/Jul/2026:14:39:34 +0200] "GET /page/29/?file=%2Fopt%2Fcloudlinux%2Falt-php73%2Froot%2Fetc%2Fphp.d.all%2Fuuid.ini HTTP/2.0" 200 22028 "-" "Mozilla/5.0 AppleWebKit/537.36 (KHTML, like Gecko; compatible; ClaudeBot/1.0; +claudebot@anthropic.com)"
74.7.227.15 - - [15/Jul/2026:14:39:36 +0200] "GET /%22$MySQLaccess::MYSQLADMIN/'.GA4WP_URL.'assests/images/'%20.%20$this-%3Ebase-%3Eplugin-%3Edocumentation_url%20.%20'/generate-server/topic?rename=/lib64/python3.9/site-packages/snack.py HTTP/2.0" 200 917 "https://www.vicenza.elettroservicegroup.it/%22$MySQLaccess::MYSQLADMIN/'.GA4WP_URL.'assests/images/'%20.%20$this-%3Ebase-%3Eplugin-%3Edocumentation_url%20.%20'/generate-server/topic?file=/lib64/python3.9/site-packages" "Mozilla/5.0 AppleWebKit/537.36 (KHTML, like Gecko; compatible; GPTBot/1.4; +https://openai.com/gptbot)"
216.73.217.65 - - [15/Jul/2026:14:39:35 +0200] "GET /3D%22https:/wp-admin/images/3D%22http:/tracking.kzexport.cloud/tracking/$link?edit=%2Fhome%2Fcosta4%2Fvicenza.elettroservicegroup.it%2Fwp-content%2Fthemes%2Fgeneratepress%2Fcontent-single.php HTTP/2.0" 200 19771 "-" "Mozilla/5.0 AppleWebKit/537.36 (KHTML, like Gecko; compatible; ClaudeBot/1.0; +claudebot@anthropic.com)"
216.73.217.65 - - [15/Jul/2026:14:39:35 +0200] "GET /page/36/?file=%2Fopt%2Fcloudlinux%2Falt-php81%2Froot%2Fetc%2Fphp.d.all%2Fphpiredis.ini HTTP/2.0" 200 21911 "-" "Mozilla/5.0 AppleWebKit/537.36 (KHTML, like Gecko; compatible; ClaudeBot/1.0; +claudebot@anthropic.com)"
216.73.217.65 - - [15/Jul/2026:14:39:35 +0200] "GET /page/14/?file=%2Fopt%2Fcloudlinux%2Fvenv%2Flib64%2Fpython3.11%2Fsite-packages%2Fnumpy%2Fcore%2Ftests%2Ftest_extint128.py HTTP/2.0" 200 21948 "-" "Mozilla/5.0 AppleWebKit/537.36 (KHTML, like Gecko; compatible; ClaudeBot/1.0; +claudebot@anthropic.com)"
216.73.217.65 - - [15/Jul/2026:14:39:36 +0200] "GET /page/26/?file=%2Fopt%2Falt%2Fpython-internal%2Flib64%2Fpython3.11%2Fencodings%2F__pycache__%2Frot_13.cpython-311.opt-1.pyc HTTP/2.0" 200 23359 "-" "Mozilla/5.0 AppleWebKit/537.36 (KHTML, like Gecko; compatible; ClaudeBot/1.0; +claudebot@anthropic.com)"
216.73.217.65 - - [15/Jul/2026:14:39:37 +0200] "GET /page/31/?view=%2Fopt%2Fcloudlinux%2Falt-php83%2Froot%2Fetc%2Fphp.d.all%2Fpdo_dblib.ini HTTP/2.0" 200 56 "-" "Mozilla/5.0 AppleWebKit/537.36 (KHTML, like Gecko; compatible; ClaudeBot/1.0; +claudebot@anthropic.com)"
74.7.227.15 - - [15/Jul/2026:14:39:37 +0200] "GET /%22$MySQLaccess::MYSQLADMIN/'.GA4WP_URL.'assests/images/'%20.%20$this-%3Ebase-%3Eplugin-%3Edocumentation_url%20.%20'/generate-server/topic?edit=/lib64/python3.9/cgitb.py HTTP/2.0" 200 4460 "https://www.vicenza.elettroservicegroup.it/%22$MySQLaccess::MYSQLADMIN/'.GA4WP_URL.'assests/images/'%20.%20$this-%3Ebase-%3Eplugin-%3Edocumentation_url%20.%20'/generate-server/topic?file=/lib64/python3.9" "Mozilla/5.0 AppleWebKit/537.36 (KHTML, like Gecko; compatible; GPTBot/1.4; +https://openai.com/gptbot)"
216.73.217.65 - - [15/Jul/2026:14:39:36 +0200] "GET /page/30/?file=%2Fopt%2Falt%2Fphp82%2Fusr%2Finclude%2Fphp%2Fext%2Fstandard%2Fphp_browscap.h HTTP/2.0" 200 21977 "-" "Mozilla/5.0 AppleWebKit/537.36 (KHTML, like Gecko; compatible; ClaudeBot/1.0; +claudebot@anthropic.com)"
216.73.217.65 - - [15/Jul/2026:14:39:36 +0200] "GET /page/25/?rename=%2Fopt%2Fcloudlinux%2Falt-php81%2Froot%2Fusr%2Fshare%2Fpear%2FPEAR%2FPackageFile%2FGenerator%2Fv1.php HTTP/2.0" 200 22908 "-" "Mozilla/5.0 AppleWebKit/537.36 (KHTML, like Gecko; compatible; ClaudeBot/1.0; +claudebot@anthropic.com)"
216.73.217.65 - - [15/Jul/2026:14:39:36 +0200] "GET /page/29/?rename=%2Fopt%2Fcloudlinux%2Falt-php85%2Froot%2Fusr%2Finclude%2Fphp%2FZend%2Fzend_hash.h HTTP/2.0" 200 22811 "-" "Mozilla/5.0 AppleWebKit/537.36 (KHTML, like Gecko; compatible; ClaudeBot/1.0; +claudebot@anthropic.com)"
216.73.217.65 - - [15/Jul/2026:14:39:36 +0200] "GET /page/27/?edit=%2Fopt%2Fcloudlinux%2Fvenv%2Flib64%2Fpython3.11%2Fsite-packages%2Ftestfixtures%2Ftests%2Ftest_tempdirectory.py HTTP/2.0" 200 24152 "-" "Mozilla/5.0 AppleWebKit/537.36 (KHTML, like Gecko; compatible; ClaudeBot/1.0; +claudebot@anthropic.com)"
216.73.217.65 - - [15/Jul/2026:14:39:37 +0200] "GET /page/33/?rename=%2Fopt%2Falt%2Fpython-internal%2Flib64%2Fpython3.11%2Flib2to3%2Ffixes%2Ffix_ws_comma.py HTTP/2.0" 200 22952 "-" "Mozilla/5.0 AppleWebKit/537.36 (KHTML, like Gecko; compatible; ClaudeBot/1.0; +claudebot@anthropic.com)"
216.73.217.65 - - [15/Jul/2026:14:39:37 +0200] "GET /page/30/?file=%2Fopt%2Fcloudlinux%2Fvenv%2Flib64%2Fpython3.11%2Fsite-packages%2Fwmt%2Fcommon%2Furl_parser.py HTTP/2.0" 200 22023 "-" "Mozilla/5.0 AppleWebKit/537.36 (KHTML, like Gecko; compatible; ClaudeBot/1.0; +claudebot@anthropic.com)"
74.7.227.15 - - [15/Jul/2026:14:39:38 +0200] "GET /%22$MySQLaccess::MYSQLADMIN/'.GA4WP_URL.'assests/images/'%20.%20$this-%3Ebase-%3Eplugin-%3Edocumentation_url%20.%20'/generate-server/topic?file=/lib64/python3.9/multiprocessing/dummy HTTP/2.0" 200 385 "https://www.vicenza.elettroservicegroup.it/%22$MySQLaccess::MYSQLADMIN/'.GA4WP_URL.'assests/images/'%20.%20$this-%3Ebase-%3Eplugin-%3Edocumentation_url%20.%20'/generate-server/topic?file=/lib64/python3.9/multiprocessing" "Mozilla/5.0 AppleWebKit/537.36 (KHTML, like Gecko; compatible; GPTBot/1.4; +https://openai.com/gptbot)"
216.73.217.65 - - [15/Jul/2026:14:39:37 +0200] "GET /page/32/?rename=%2Fopt%2Fcloudlinux%2Falt-php81%2Froot%2Fusr%2Finclude%2Fphp%2Fext%2Fstandard%2Furl_scanner_ex.h HTTP/2.0" 200 23351 "-" "Mozilla/5.0 AppleWebKit/537.36 (KHTML, like Gecko; compatible; ClaudeBot/1.0; +claudebot@anthropic.com)"
216.73.217.65 - - [15/Jul/2026:14:39:37 +0200] "GET /page/32/?file=%2Fopt%2Falt%2Fphp70%2Fusr%2Finclude%2Fphp%2Fext%2Fapcu%2Fapc_api.h HTTP/2.0" 200 22553 "-" "Mozilla/5.0 AppleWebKit/537.36 (KHTML, like Gecko; compatible; ClaudeBot/1.0; +claudebot@anthropic.com)"
216.73.217.65 - - [15/Jul/2026:14:39:38 +0200] "GET /page/7/?rename=%2Fopt%2Fcloudlinux%2Falt-php82%2Froot%2Fusr%2Flib64%2Fphp%2Fmodules%2Fprotobuf.so HTTP/2.0" 200 23048 "-" "Mozilla/5.0 AppleWebKit/537.36 (KHTML, like Gecko; compatible; ClaudeBot/1.0; +claudebot@anthropic.com)"
216.73.217.65 - - [15/Jul/2026:14:39:38 +0200] "GET /page/30/?file=%2Fopt%2Fcloudlinux%2Falt-php83%2Froot%2Fusr%2Flib64%2Fphp%2Fmodules%2Ftideways_xhprof.so HTTP/2.0" 200 22013 "-" "Mozilla/5.0 AppleWebKit/537.36 (KHTML, like Gecko; compatible; ClaudeBot/1.0; +claudebot@anthropic.com)"
216.73.217.65 - - [15/Jul/2026:14:39:38 +0200] "GET /page/45/?file=%2Fusr%2Finclude%2Flinux%2Fvirtio_gpio.h HTTP/2.0" 200 21374 "-" "Mozilla/5.0 AppleWebKit/537.36 (KHTML, like Gecko; compatible; ClaudeBot/1.0; +claudebot@anthropic.com)"
216.73.217.65 - - [15/Jul/2026:14:39:39 +0200] "GET /page/30/?rename=%2Fopt%2Fcloudlinux%2Falt-php73%2Froot%2Fusr%2Flib64%2Fphp%2Fmodules%2Fyaz.so HTTP/2.0" 200 22803 "-" "Mozilla/5.0 AppleWebKit/537.36 (KHTML, like Gecko; compatible; ClaudeBot/1.0; +claudebot@anthropic.com)"
74.7.227.15 - - [15/Jul/2026:14:39:40 +0200] "GET /%22$MySQLaccess::MYSQLADMIN/'.GA4WP_URL.'assests/images/'%20.%20$this-%3Ebase-%3Eplugin-%3Edocumentation_url%20.%20'/generate-server/topic?edit=/lib64/python3.9/_collections_abc.py HTTP/2.0" 200 7499 "https://www.vicenza.elettroservicegroup.it/%22$MySQLaccess::MYSQLADMIN/'.GA4WP_URL.'assests/images/'%20.%20$this-%3Ebase-%3Eplugin-%3Edocumentation_url%20.%20'/generate-server/topic?file=/lib64/python3.9" "Mozilla/5.0 AppleWebKit/537.36 (KHTML, like Gecko; compatible; GPTBot/1.4; +https://openai.com/gptbot)"
216.73.217.65 - - [15/Jul/2026:14:39:39 +0200] "GET /page/43/?rename=%2Fopt%2Fcloudlinux%2Falt-php81%2Froot%2Fusr%2Finclude%2Fphp%2FZend%2Fzend_operators.h HTTP/2.0" 200 22482 "-" "Mozilla/5.0 AppleWebKit/537.36 (KHTML, like Gecko; compatible; ClaudeBot/1.0; +claudebot@anthropic.com)"
216.73.217.65 - - [15/Jul/2026:14:39:39 +0200] "GET /page/35/?file=%2Fopt%2Fcloudlinux%2Falt-php72%2Froot%2Fetc%2Fphp.d.all.def%2Fapc.ini HTTP/2.0" 200 22427 "-" "Mozilla/5.0 AppleWebKit/537.36 (KHTML, like Gecko; compatible; ClaudeBot/1.0; +claudebot@anthropic.com)"
216.73.217.65 - - [15/Jul/2026:14:39:39 +0200] "GET /page/23/?edit=%2Fopt%2Fcloudlinux%2Falt-php73%2Froot%2Fusr%2Finclude%2Fphp%2Fext%2Fpcre%2Fpcre2lib%2Fpcre2_intmodedep.h HTTP/2.0" 200 32145 "-" "Mozilla/5.0 AppleWebKit/537.36 (KHTML, like Gecko; compatible; ClaudeBot/1.0; +claudebot@anthropic.com)"
216.73.217.65 - - [15/Jul/2026:14:39:40 +0200] "GET /3D%22https:/click.mlsend2.com/wp-admin/3D%22http:/track.mdrctr.com/track/3D%22https=?rename=%2Fhome%2Fcosta4%2Fverona.elettroservicegroup.it%2Fwp-includes%2Fimages%2Ficon-library%2Flist.svg HTTP/2.0" 200 19101 "-" "Mozilla/5.0 AppleWebKit/537.36 (KHTML, like Gecko; compatible; ClaudeBot/1.0; +claudebot@anthropic.com)"
74.7.227.15 - - [15/Jul/2026:14:39:41 +0200] "GET /%22$MySQLaccess::MYSQLADMIN/'.GA4WP_URL.'assests/images/'%20.%20$this-%3Ebase-%3Eplugin-%3Edocumentation_url%20.%20'/generate-server/topic?edit=/lib64/python3.9/unittest/loader.py HTTP/2.0" 200 6749 "https://www.vicenza.elettroservicegroup.it/%22$MySQLaccess::MYSQLADMIN/'.GA4WP_URL.'assests/images/'%20.%20$this-%3Ebase-%3Eplugin-%3Edocumentation_url%20.%20'/generate-server/topic?file=/lib64/python3.9/unittest" "Mozilla/5.0 AppleWebKit/537.36 (KHTML, like Gecko; compatible; GPTBot/1.4; +https://openai.com/gptbot)"
216.73.217.65 - - [15/Jul/2026:14:39:40 +0200] "GET /page/27/?rename=%2Fopt%2Fcloudlinux%2Falt-php83%2Froot%2Fusr%2Finclude%2Fphp%2Fext%2Fmysqlnd%2Fmysqlnd_enum_n_def.h HTTP/2.0" 200 22051 "-" "Mozilla/5.0 AppleWebKit/537.36 (KHTML, like Gecko; compatible; ClaudeBot/1.0; +claudebot@anthropic.com)"
216.73.217.65 - - [15/Jul/2026:14:39:42 +0200] "GET /page/27/?view=%2Fopt%2Falt%2Fphp82%2Fusr%2Finclude%2Fphp%2FZend%2Fzend_exceptions.h HTTP/2.0" 200 1194 "-" "Mozilla/5.0 AppleWebKit/537.36 (KHTML, like Gecko; compatible; ClaudeBot/1.0; +claudebot@anthropic.com)"
216.73.217.65 - - [15/Jul/2026:14:39:40 +0200] "GET /page/33/?rename=%2Fopt%2Falt%2Fphp71%2Fusr%2Finclude%2Fphp%2Fext%2Fstandard%2Fphp_mail.h HTTP/2.0" 200 22934 "-" "Mozilla/5.0 AppleWebKit/537.36 (KHTML, like Gecko; compatible; ClaudeBot/1.0; +claudebot@anthropic.com)"
216.73.217.65 - - [15/Jul/2026:14:39:41 +0200] "GET /page/32/?rename=%2Fopt%2Fcloudlinux%2Fvenv%2Flib64%2Fpython3.11%2Fsite-packages%2Fnumpy%2Fcore%2Ftests%2Ftest_multiarray.py HTTP/2.0" 200 23365 "-" "Mozilla/5.0 AppleWebKit/537.36 (KHTML, like Gecko; compatible; ClaudeBot/1.0; +claudebot@anthropic.com)"
216.73.217.65 - - [15/Jul/2026:14:39:41 +0200] "GET /page/34/?file=%2Fopt%2Falt%2Fpython-internal%2Flib64%2Fpython3.11%2Fencodings%2Fiso8859_7.py HTTP/2.0" 200 21882 "-" "Mozilla/5.0 AppleWebKit/537.36 (KHTML, like Gecko; compatible; ClaudeBot/1.0; +claudebot@anthropic.com)"
216.73.217.65 - - [15/Jul/2026:14:39:41 +0200] "GET /page/26/?rename=%2Fopt%2Fcloudlinux%2Falt-php84%2Froot%2Fusr%2Finclude%2Fphp%2FZend%2Fzend_operators.h HTTP/2.0" 200 24100 "-" "Mozilla/5.0 AppleWebKit/537.36 (KHTML, like Gecko; compatible; ClaudeBot/1.0; +claudebot@anthropic.com)"
216.73.217.65 - - [15/Jul/2026:14:39:43 +0200] "GET /page/3/?view=%2Fopt%2Fcloudlinux%2Fvenv%2Flib64%2Fpython3.11%2Fsite-packages%2Fnumpy%2Fcore%2Frecords.pyi HTTP/2.0" 200 713 "-" "Mozilla/5.0 AppleWebKit/537.36 (KHTML, like Gecko; compatible; ClaudeBot/1.0; +claudebot@anthropic.com)"
216.73.217.65 - - [15/Jul/2026:14:39:41 +0200] "GET /page/36/?file=%2Fopt%2Fcloudlinux%2Falt-php82%2Froot%2Fetc%2Fphp.d.all%2Fgmp.ini HTTP/2.0" 200 21912 "-" "Mozilla/5.0 AppleWebKit/537.36 (KHTML, like Gecko; compatible; ClaudeBot/1.0; +claudebot@anthropic.com)"
216.73.217.65 - - [15/Jul/2026:14:39:43 +0200] "GET /page/20/?view=%2Fopt%2Fcloudlinux%2Falt-php80%2Froot%2Fetc%2Fphp.d.all%2Fpdo_dblib.ini HTTP/2.0" 200 56 "-" "Mozilla/5.0 AppleWebKit/537.36 (KHTML, like Gecko; compatible; ClaudeBot/1.0; +claudebot@anthropic.com)"
74.7.227.15 - - [15/Jul/2026:14:39:43 +0200] "GET /%22$MySQLaccess::MYSQLADMIN/'.GA4WP_URL.'assests/images/'%20.%20$this-%3Ebase-%3Eplugin-%3Edocumentation_url%20.%20'/generate-server/topic?edit=/lib64/python3.9/crypt.py HTTP/2.0" 200 2531 "https://www.vicenza.elettroservicegroup.it/%22$MySQLaccess::MYSQLADMIN/'.GA4WP_URL.'assests/images/'%20.%20$this-%3Ebase-%3Eplugin-%3Edocumentation_url%20.%20'/generate-server/topic?file=/lib64/python3.9" "Mozilla/5.0 AppleWebKit/537.36 (KHTML, like Gecko; compatible; GPTBot/1.4; +https://openai.com/gptbot)"
216.73.217.65 - - [15/Jul/2026:14:39:42 +0200] "GET /page/10/?rename=%2Fopt%2Fcloudlinux%2Fvenv%2Flib64%2Fpython3.11%2Fsite-packages%2Fnumpy%2Fdistutils%2Ftests%2Ftest_fcompiler_intel.py HTTP/2.0" 200 22608 "-" "Mozilla/5.0 AppleWebKit/537.36 (KHTML, like Gecko; compatible; ClaudeBot/1.0; +claudebot@anthropic.com)"
216.73.217.65 - - [15/Jul/2026:14:39:42 +0200] "GET /page/37/?rename=%2Fopt%2Fcloudlinux%2Falt-php84%2Froot%2Fusr%2Finclude%2Fphp%2Fext%2Fstandard%2Furl_scanner_ex.h HTTP/2.0" 200 22993 "-" "Mozilla/5.0 AppleWebKit/537.36 (KHTML, like Gecko; compatible; ClaudeBot/1.0; +claudebot@anthropic.com)"
216.73.217.65 - - [15/Jul/2026:14:39:42 +0200] "GET /page/29/?file=%2Fopt%2Fcloudlinux%2Falt-php85%2Froot%2Fusr%2Fshare%2Fpear%2FPEAR%2FPackageFile%2Fv2 HTTP/2.0" 200 22204 "-" "Mozilla/5.0 AppleWebKit/537.36 (KHTML, like Gecko; compatible; ClaudeBot/1.0; +claudebot@anthropic.com)"
74.7.227.15 - - [15/Jul/2026:14:39:44 +0200] "GET /%22$MySQLaccess::MYSQLADMIN/'.GA4WP_URL.'assests/images/'%20.%20$this-%3Ebase-%3Eplugin-%3Edocumentation_url%20.%20'/generate-server/topic?rename=/lib64/python3.9/unittest/async_case.py HTTP/2.0" 200 919 "https://www.vicenza.elettroservicegroup.it/%22$MySQLaccess::MYSQLADMIN/'.GA4WP_URL.'assests/images/'%20.%20$this-%3Ebase-%3Eplugin-%3Edocumentation_url%20.%20'/generate-server/topic?file=/lib64/python3.9/unittest" "Mozilla/5.0 AppleWebKit/537.36 (KHTML, like Gecko; compatible; GPTBot/1.4; +https://openai.com/gptbot)"
216.73.217.65 - - [15/Jul/2026:14:39:43 +0200] "GET /page/15/?rename=%2Fopt%2Fcloudlinux%2Falt-php84%2Froot%2Fusr%2Finclude%2Fphp%2FZend%2Fzend_stream.h HTTP/2.0" 200 22611 "-" "Mozilla/5.0 AppleWebKit/537.36 (KHTML, like Gecko; compatible; ClaudeBot/1.0; +claudebot@anthropic.com)"
216.73.217.65 - - [15/Jul/2026:14:39:43 +0200] "GET /page/37/?file=%2Fopt%2Fcpanel%2Fea-php71%2Froot%2Fusr%2Finclude%2Fphp%2Fext%2Fhash%2Fphp_hash_adler32.h HTTP/2.0" 200 22219 "-" "Mozilla/5.0 AppleWebKit/537.36 (KHTML, like Gecko; compatible; ClaudeBot/1.0; +claudebot@anthropic.com)"
216.73.217.65 - - [15/Jul/2026:14:39:43 +0200] "GET /page/9/?rename=%2Fopt%2Fcpanel%2Fea-php71%2Froot%2Fusr%2Finclude%2Fphp%2Fmain%2Fphp_globals.h HTTP/2.0" 200 23302 "-" "Mozilla/5.0 AppleWebKit/537.36 (KHTML, like Gecko; compatible; ClaudeBot/1.0; +claudebot@anthropic.com)"
216.73.217.65 - - [15/Jul/2026:14:39:43 +0200] "GET /page/6/?file=%2Fopt%2Fcloudlinux%2Falt-php85%2Froot%2Fusr%2Fshare%2Fpear%2Ftest%2FXML_Util%2Ftests%2FCreateTagTests.php HTTP/2.0" 200 22555 "-" "Mozilla/5.0 AppleWebKit/537.36 (KHTML, like Gecko; compatible; ClaudeBot/1.0; +claudebot@anthropic.com)"
216.73.217.65 - - [15/Jul/2026:14:39:44 +0200] "GET /page/35/?rename=%2Fopt%2Fcloudlinux%2Falt-php74%2Froot%2Fusr%2Flib64%2Fphp%2Fmodules%2Fxdiff.so HTTP/2.0" 200 23219 "-" "Mozilla/5.0 AppleWebKit/537.36 (KHTML, like Gecko; compatible; ClaudeBot/1.0; +claudebot@anthropic.com)"
216.73.217.65 - - [15/Jul/2026:14:39:44 +0200] "GET /page/37/?rename=%2Fopt%2Fcloudlinux%2Falt-php72%2Froot%2Fusr%2Finclude%2Fphp%2FZend%2Fzend_multibyte.h HTTP/2.0" 200 22993 "-" "Mozilla/5.0 AppleWebKit/537.36 (KHTML, like Gecko; compatible; ClaudeBot/1.0; +claudebot@anthropic.com)"
216.73.217.65 - - [15/Jul/2026:14:39:44 +0200] "GET /page/33/?rename=%2Fopt%2Fcloudlinux%2Falt-php83%2Froot%2Fusr%2Finclude%2Fphp%2FZend%2Fzend_attributes.h HTTP/2.0" 200 22955 "-" "Mozilla/5.0 AppleWebKit/537.36 (KHTML, like Gecko; compatible; ClaudeBot/1.0; +claudebot@anthropic.com)"
216.73.217.65 - - [15/Jul/2026:14:39:46 +0200] "GET /3D%22https:/'%20.%20esc_url('https:/themes.wpmaintenancemode.com/wp-admin/css/3D%22http:/touli.smtp=?view=%2Fhome%2Fcosta4%2Fverona.elettroservicegroup.it%2Fwp-admin%2Fjs%2Firis.min.js HTTP/2.0" 200 7734 "-" "Mozilla/5.0 AppleWebKit/537.36 (KHTML, like Gecko; compatible; ClaudeBot/1.0; +claudebot@anthropic.com)"
74.7.227.15 - - [15/Jul/2026:14:39:45 +0200] "GET /%22$MySQLaccess::MYSQLADMIN/'.GA4WP_URL.'assests/images/'%20.%20$this-%3Ebase-%3Eplugin-%3Edocumentation_url%20.%20'/generate-server/topic?edit=/lib64/python3.9/logging/handlers.py HTTP/2.0" 200 17291 "https://www.vicenza.elettroservicegroup.it/%22$MySQLaccess::MYSQLADMIN/'.GA4WP_URL.'assests/images/'%20.%20$this-%3Ebase-%3Eplugin-%3Edocumentation_url%20.%20'/generate-server/topic?file=/lib64/python3.9/logging" "Mozilla/5.0 AppleWebKit/537.36 (KHTML, like Gecko; compatible; GPTBot/1.4; +https://openai.com/gptbot)"
216.73.217.65 - - [15/Jul/2026:14:39:46 +0200] "GET /page/29/?view=%2Flib%2Fnode_modules%2Fnpm%2Fnode_modules%2Fwcwidth%2FLICENSE HTTP/2.0" 200 843 "-" "Mozilla/5.0 AppleWebKit/537.36 (KHTML, like Gecko; compatible; ClaudeBot/1.0; +claudebot@anthropic.com)"
216.73.217.65 - - [15/Jul/2026:14:39:44 +0200] "GET /page/32/?rename=%2Fopt%2Fcloudlinux%2Fvenv%2Flib64%2Fpython3.11%2Fsite-packages%2Fnumpy%2Fcore%2Fnumerictypes.py HTTP/2.0" 200 23356 "-" "Mozilla/5.0 AppleWebKit/537.36 (KHTML, like Gecko; compatible; ClaudeBot/1.0; +claudebot@anthropic.com)"
216.73.217.65 - - [15/Jul/2026:14:39:46 +0200] "GET /page/36/?view=%2Fusr%2Finclude%2Flinux%2Ffiemap.h HTTP/2.0" 200 1058 "-" "Mozilla/5.0 AppleWebKit/537.36 (KHTML, like Gecko; compatible; ClaudeBot/1.0; +claudebot@anthropic.com)"
216.73.217.65 - - [15/Jul/2026:14:39:45 +0200] "GET /page/24/?edit=%2Flib%2Fpython3.9%2Fsite-packages%2Fdateutil%2Ftz%2F__pycache__%2Fwin.cpython-39.pyc HTTP/2.0" 200 28725 "-" "Mozilla/5.0 AppleWebKit/537.36 (KHTML, like Gecko; compatible; ClaudeBot/1.0; +claudebot@anthropic.com)"
216.73.217.65 - - [15/Jul/2026:14:39:45 +0200] "GET /page/28/?file=%2Fopt%2Falt%2Fphp74%2Fusr%2Finclude%2Fphp%2Fext%2Fmbstring%2Flibmbfl%2Fmbfl%2Fmbfl_memory_device.h HTTP/2.0" 200 21887 "-" "Mozilla/5.0 AppleWebKit/537.36 (KHTML, like Gecko; compatible; ClaudeBot/1.0; +claudebot@anthropic.com)"
74.7.227.15 - - [15/Jul/2026:14:39:47 +0200] "GET /%22$MySQLaccess::MYSQLADMIN/'.GA4WP_URL.'assests/images/'%20.%20$this-%3Ebase-%3Eplugin-%3Edocumentation_url%20.%20'/generate-server/topic?edit=/lib64/python3.9/logging/config.py HTTP/2.0" 200 9810 "https://www.vicenza.elettroservicegroup.it/%22$MySQLaccess::MYSQLADMIN/'.GA4WP_URL.'assests/images/'%20.%20$this-%3Ebase-%3Eplugin-%3Edocumentation_url%20.%20'/generate-server/topic?file=/lib64/python3.9/logging" "Mozilla/5.0 AppleWebKit/537.36 (KHTML, like Gecko; compatible; GPTBot/1.4; +https://openai.com/gptbot)"
216.73.217.65 - - [15/Jul/2026:14:39:46 +0200] "GET /3D%22https:/ln.run/%22http:/php.net/manual/en/js/3D%22http:/privacy.php?edit=%2Fhome%2Fcosta4%2Fparma.elettroservicegroup.it%2Fwp-content%2Fcache%2Fall%2Fassistenza-bosch-parma%2Findex.html HTTP/2.0" 200 35054 "-" "Mozilla/5.0 AppleWebKit/537.36 (KHTML, like Gecko; compatible; ClaudeBot/1.0; +claudebot@anthropic.com)"
216.73.217.65 - - [15/Jul/2026:14:39:46 +0200] "GET /page/37/?rename=%2Fusr%2Finclude%2Fbits%2Ftypes%2Fstruct_tm.h HTTP/2.0" 200 22937 "-" "Mozilla/5.0 AppleWebKit/537.36 (KHTML, like Gecko; compatible; ClaudeBot/1.0; +claudebot@anthropic.com)"
216.73.217.65 - - [15/Jul/2026:14:39:46 +0200] "GET /page/37/?file=%2Fopt%2Fcloudlinux%2Falt-php73%2Froot%2Fetc%2Fphp.d.all%2Fdiseval.ini HTTP/2.0" 200 22198 "-" "Mozilla/5.0 AppleWebKit/537.36 (KHTML, like Gecko; compatible; ClaudeBot/1.0; +claudebot@anthropic.com)"
216.73.217.65 - - [15/Jul/2026:14:39:46 +0200] "GET /page/6/?file=%2Fopt%2Fcloudlinux%2Fvenv%2Flib64%2Fpython3.11%2Fsite-packages%2F_pytest%2Fmark HTTP/2.0" 200 22710 "-" "Mozilla/5.0 AppleWebKit/537.36 (KHTML, like Gecko; compatible; ClaudeBot/1.0; +claudebot@anthropic.com)"
216.73.217.65 - - [15/Jul/2026:14:39:48 +0200] "GET /page/7/?view=%2Fopt%2Fcloudlinux%2Falt-php74%2Froot%2Fusr%2Finclude%2Fphp%2FZend%2Fzend_signal.h HTTP/2.0" 200 1141 "-" "Mozilla/5.0 AppleWebKit/537.36 (KHTML, like Gecko; compatible; ClaudeBot/1.0; +claudebot@anthropic.com)"
216.73.217.65 - - [15/Jul/2026:14:39:47 +0200] "GET /page/14/?rename=%2Fopt%2Fcloudlinux%2Fvenv%2Flib64%2Fpython3.11%2Fsite-packages%2F_pytest%2F__pycache__%2Fjunitxml.cpython-311.pyc HTTP/2.0" 200 22719 "-" "Mozilla/5.0 AppleWebKit/537.36 (KHTML, like Gecko; compatible; ClaudeBot/1.0; +claudebot@anthropic.com)"
216.73.217.65 - - [15/Jul/2026:14:39:47 +0200] "GET /page/43/?rename=%2Fopt%2Fcloudlinux%2Falt-php74%2Froot%2Fusr%2Flib64%2Fphp%2Fmodules%2Flzf.so HTTP/2.0" 200 22470 "-" "Mozilla/5.0 AppleWebKit/537.36 (KHTML, like Gecko; compatible; ClaudeBot/1.0; +claudebot@anthropic.com)"
216.73.217.65 - - [15/Jul/2026:14:39:47 +0200] "GET /3D%22https:/click.mlsend2.com/wp-admin/css/=3D%22https:/mcusercontent.com/a4fe913a16fc2a29dc81554a2/images/[^?rename=%2Fhome%2Fcosta4%2Fpiacenza.elettroservicegroup.it%2Fwp-includes%2Fblocks%2Fpost-title%2Fblock.json HTTP/2.0" 200 19139 "-" "Mozilla/5.0 AppleWebKit/537.36 (KHTML, like Gecko; compatible; ClaudeBot/1.0; +claudebot@anthropic.com)"
74.7.227.15 - - [15/Jul/2026:14:39:48 +0200] "GET /%22$MySQLaccess::MYSQLADMIN/'.GA4WP_URL.'assests/images/'%20.%20$this-%3Ebase-%3Eplugin-%3Edocumentation_url%20.%20'/generate-server/topic?edit=/lib64/python3.9/http/client.py HTTP/2.0" 200 16574 "https://www.vicenza.elettroservicegroup.it/%22$MySQLaccess::MYSQLADMIN/'.GA4WP_URL.'assests/images/'%20.%20$this-%3Ebase-%3Eplugin-%3Edocumentation_url%20.%20'/generate-server/topic?file=/lib64/python3.9/http" "Mozilla/5.0 AppleWebKit/537.36 (KHTML, like Gecko; compatible; GPTBot/1.4; +https://openai.com/gptbot)"
