111.225.148.222 - - [14/Jul/2026:23:09:41 +0200] "GET /wp-content/uploads/2021/10/cropped-cropped-cropped-logo_white_background.png HTTP/2.0" 404 85420 "https://piacenza.elettroservicegroup.it/wp-content/uploads/2022/10/COPERTINA-6-300x150.png" "Mozilla/5.0 (Linux; Android 5.0) AppleWebKit/537.36 (KHTML, like Gecko) Mobile Safari/537.36 (compatible; Bytespider; https://zhanzhang.toutiao.com/)"
111.225.148.222 - - [14/Jul/2026:23:09:41 +0200] "GET /wp-content/plugins/elementor/assets/js/webpack.runtime.min.js?ver=4.1.4 HTTP/2.0" 404 17583 "https://piacenza.elettroservicegroup.it/wp-content/uploads/2022/10/COPERTINA-6-300x150.png" "Mozilla/5.0 (Linux; Android 5.0) AppleWebKit/537.36 (KHTML, like Gecko) Mobile Safari/537.36 (compatible; Bytespider; https://zhanzhang.toutiao.com/)"
111.225.148.222 - - [14/Jul/2026:23:09:41 +0200] "GET /wp-content/themes/generatepress/assets/js/back-to-top.min.js?ver=3.6.1 HTTP/2.0" 404 17592 "https://piacenza.elettroservicegroup.it/wp-content/uploads/2022/10/COPERTINA-6-300x150.png" "Mozilla/5.0 (Linux; Android 5.0) AppleWebKit/537.36 (KHTML, like Gecko) Mobile Safari/537.36 (compatible; Bytespider; https://zhanzhang.toutiao.com/)"
111.225.148.222 - - [14/Jul/2026:23:09:46 +0200] "GET /wp-includes/js/jquery/ui/core.min.js?ver=1.13.3 HTTP/2.0" 404 17582 "https://piacenza.elettroservicegroup.it/wp-content/uploads/2022/10/COPERTINA-6-300x150.png" "Mozilla/5.0 (Linux; Android 5.0) AppleWebKit/537.36 (KHTML, like Gecko) Mobile Safari/537.36 (compatible; Bytespider; https://zhanzhang.toutiao.com/)"
111.225.148.222 - - [14/Jul/2026:23:09:50 +0200] "GET /wp-content/plugins/elementor/assets/js/frontend.min.js?ver=4.1.4 HTTP/2.0" 404 17584 "https://piacenza.elettroservicegroup.it/wp-content/uploads/2022/10/COPERTINA-6-300x150.png" "Mozilla/5.0 (Linux; Android 5.0) AppleWebKit/537.36 (KHTML, like Gecko) Mobile Safari/537.36 (compatible; Bytespider; https://zhanzhang.toutiao.com/)"
111.225.148.222 - - [14/Jul/2026:23:09:56 +0200] "GET /wp-content/plugins/complianz-gdpr-premium/cookiebanner/js/complianz.min.js?ver=1783097777 HTTP/2.0" 404 17585 "https://piacenza.elettroservicegroup.it/wp-content/uploads/2022/10/COPERTINA-6-300x150.png" "Mozilla/5.0 (Linux; Android 5.0) AppleWebKit/537.36 (KHTML, like Gecko) Mobile Safari/537.36 (compatible; Bytespider; https://zhanzhang.toutiao.com/)"
136.144.43.118 - - [15/Jul/2026:01:03:13 +0200] "GET /wp-login.php HTTP/1.1" 200 11822 "-" "Mozilla/5.0 (Windows NT 10.0; Win64; x64) Gecko/20100101 Firefox/120.0.1"
136.144.43.92 - - [15/Jul/2026:01:03:14 +0200] "GET /wp-login.php HTTP/1.1" 200 11939 "-" "Mozilla/5.0 (X11; Linux x86_64) Gecko/20100101 Firefox/122.0"
136.144.43.116 - - [15/Jul/2026:01:03:15 +0200] "POST /wp-login.php HTTP/1.1" 200 11912 "https://www.piacenza.elettroservicegroup.it/wp-login.php" "Mozilla/5.0 (Windows NT 10.0; Win64; x64) Gecko/20100101 Firefox/119.0.1"
136.144.43.111 - - [15/Jul/2026:01:03:16 +0200] "POST /wp-login.php HTTP/1.1" 200 11924 "https://www.piacenza.elettroservicegroup.it/wp-login.php" "Mozilla/5.0 (Windows NT 11.0; Win64; x64) AppleWebKit/537.36 (KHTML, like Gecko) Chrome/120.0.6099.130 Safari/537.36"
136.144.43.107 - - [15/Jul/2026:01:03:17 +0200] "POST /wp-login.php HTTP/1.1" 200 11949 "https://www.piacenza.elettroservicegroup.it/wp-login.php" "Mozilla/5.0 (Macintosh; Intel Mac OS X 13_6_2) AppleWebKit/537.36 (KHTML, like Gecko) Chrome/118.0.5993.88 Safari/537.36"
136.144.43.117 - - [15/Jul/2026:01:03:18 +0200] "POST /wp-login.php HTTP/1.1" 200 11978 "https://www.piacenza.elettroservicegroup.it/wp-login.php" "Mozilla/5.0 (Macintosh; Intel Mac OS X 10_15_7) AppleWebKit/537.36 (KHTML, like Gecko) Chrome/118.0.5993.88 Safari/537.36"
136.144.43.112 - - [15/Jul/2026:01:03:19 +0200] "POST /wp-login.php HTTP/1.1" 200 11917 "https://www.piacenza.elettroservicegroup.it/wp-login.php" "Mozilla/5.0 (Macintosh; Intel Mac OS X 10_15_7) AppleWebKit/537.36 (KHTML, like Gecko) Chrome/119.0.6045.159 Safari/537.36"
136.144.43.100 - - [15/Jul/2026:01:03:20 +0200] "POST /wp-login.php HTTP/1.1" 200 11906 "https://www.piacenza.elettroservicegroup.it/wp-login.php" "Mozilla/5.0 (Windows NT 10.0; Win64; x64) Gecko/20100101 Firefox/118.0.2"
136.144.43.106 - - [15/Jul/2026:01:03:22 +0200] "POST /wp-login.php HTTP/1.1" 200 11922 "https://www.piacenza.elettroservicegroup.it/wp-login.php" "Mozilla/5.0 (Macintosh; Intel Mac OS X 10_15_7) AppleWebKit/537.36 (KHTML, like Gecko) Chrome/118.0.5993.88 Safari/537.36"
136.144.43.108 - - [15/Jul/2026:01:03:23 +0200] "POST /wp-login.php HTTP/1.1" 200 12008 "https://www.piacenza.elettroservicegroup.it/wp-login.php" "Mozilla/5.0 (Windows NT 10.0; Win64; x64) AppleWebKit/537.36 (KHTML, like Gecko) Chrome/121.0.6167.85 Safari/537.36"
136.144.43.111 - - [15/Jul/2026:01:03:24 +0200] "POST /wp-login.php HTTP/1.1" 200 11928 "https://www.piacenza.elettroservicegroup.it/wp-login.php" "Mozilla/5.0 (Macintosh; Intel Mac OS X 10_15_7) AppleWebKit/537.36 (KHTML, like Gecko) Chrome/122.0.6261.57 Safari/537.36"
136.144.43.95 - - [15/Jul/2026:01:03:25 +0200] "POST /wp-login.php HTTP/1.1" 200 11917 "https://www.piacenza.elettroservicegroup.it/wp-login.php" "Mozilla/5.0 (Macintosh; Intel Mac OS X 10.15) Gecko/20100101 Firefox/121.0"
136.144.43.104 - - [15/Jul/2026:01:03:26 +0200] "POST /wp-login.php HTTP/1.1" 200 11937 "https://www.piacenza.elettroservicegroup.it/wp-login.php" "Mozilla/5.0 (Windows NT 10.0; Win64; x64) AppleWebKit/537.36 (KHTML, like Gecko) Chrome/118.0.5993.88 Safari/537.36"
136.144.43.98 - - [15/Jul/2026:01:03:28 +0200] "POST /wp-login.php HTTP/1.1" 200 11984 "https://www.piacenza.elettroservicegroup.it/wp-login.php" "Mozilla/5.0 (Windows NT 10.0; Win64; x64) AppleWebKit/537.36 (KHTML, like Gecko) Chrome/121.0.6167.85 Safari/537.36"
136.144.43.97 - - [15/Jul/2026:01:03:29 +0200] "POST /wp-login.php HTTP/1.1" 200 11874 "https://www.piacenza.elettroservicegroup.it/wp-login.php" "Mozilla/5.0 (Windows NT 10.0; Win64; x64) Gecko/20100101 Firefox/119.0.1"
136.144.43.108 - - [15/Jul/2026:01:03:30 +0200] "POST /wp-login.php HTTP/1.1" 200 11898 "https://www.piacenza.elettroservicegroup.it/wp-login.php" "Mozilla/5.0 (X11; Linux x86_64) AppleWebKit/537.36 (KHTML, like Gecko) Chrome/122.0.6261.57 Safari/537.36"
136.144.43.94 - - [15/Jul/2026:01:03:31 +0200] "POST /wp-login.php HTTP/1.1" 200 11896 "https://www.piacenza.elettroservicegroup.it/wp-login.php" "Mozilla/5.0 (Windows NT 10.0; Win64; x64) AppleWebKit/537.36 (KHTML, like Gecko) Chrome/122.0.6261.57 Safari/537.36"
136.144.43.106 - - [15/Jul/2026:01:03:32 +0200] "POST /wp-login.php HTTP/1.1" 200 11940 "https://www.piacenza.elettroservicegroup.it/wp-login.php" "Mozilla/5.0 (X11; Linux x86_64) Gecko/20100101 Firefox/121.0"
136.144.43.100 - - [15/Jul/2026:01:03:33 +0200] "POST /wp-login.php HTTP/1.1" 200 11941 "https://www.piacenza.elettroservicegroup.it/wp-login.php" "Mozilla/5.0 (Windows NT 10.0; Win64; x64) Gecko/20100101 Firefox/122.0"
136.144.43.97 - - [15/Jul/2026:01:03:34 +0200] "POST /wp-login.php HTTP/1.1" 200 11902 "https://www.piacenza.elettroservicegroup.it/wp-login.php" "Mozilla/5.0 (Macintosh; Intel Mac OS X 10.15) Gecko/20100101 Firefox/119.0.1"
136.144.43.101 - - [15/Jul/2026:01:03:35 +0200] "POST /wp-login.php HTTP/1.1" 200 11904 "https://www.piacenza.elettroservicegroup.it/wp-login.php" "Mozilla/5.0 (X11; Linux x86_64) AppleWebKit/537.36 (KHTML, like Gecko) Chrome/120.0.6099.130 Safari/537.36"
136.144.43.108 - - [15/Jul/2026:01:03:36 +0200] "POST /wp-login.php HTTP/1.1" 200 11948 "https://www.piacenza.elettroservicegroup.it/wp-login.php" "Mozilla/5.0 (X11; Linux x86_64) Gecko/20100101 Firefox/122.0"
136.144.43.92 - - [15/Jul/2026:01:03:38 +0200] "POST /wp-login.php HTTP/1.1" 200 11899 "https://www.piacenza.elettroservicegroup.it/wp-login.php" "Mozilla/5.0 (Windows NT 10.0; Win64; x64) Gecko/20100101 Firefox/120.0.1"
136.144.43.107 - - [15/Jul/2026:01:03:39 +0200] "POST /wp-login.php HTTP/1.1" 200 11872 "https://www.piacenza.elettroservicegroup.it/wp-login.php" "Mozilla/5.0 (Windows NT 11.0; Win64; x64) AppleWebKit/537.36 (KHTML, like Gecko) Chrome/122.0.6261.57 Safari/537.36"
136.144.43.98 - - [15/Jul/2026:01:03:39 +0200] "POST /wp-login.php HTTP/1.1" 200 11911 "https://www.piacenza.elettroservicegroup.it/wp-login.php" "Mozilla/5.0 (X11; Ubuntu; Linux x86_64) AppleWebKit/537.36 (KHTML, like Gecko) Chrome/122.0.6261.57 Safari/537.36"
136.144.43.98 - - [15/Jul/2026:01:03:40 +0200] "POST /wp-login.php HTTP/1.1" 200 11807 "https://www.piacenza.elettroservicegroup.it/wp-login.php" "Mozilla/5.0 (Windows NT 10.0; Win64; x64) AppleWebKit/537.36 (KHTML, like Gecko) Chrome/118.0.5993.88 Safari/537.36"
136.144.43.97 - - [15/Jul/2026:01:03:42 +0200] "POST /wp-login.php HTTP/1.1" 200 11953 "https://www.piacenza.elettroservicegroup.it/wp-login.php" "Mozilla/5.0 (Macintosh; Intel Mac OS X 13_6_2) AppleWebKit/537.36 (KHTML, like Gecko) Chrome/118.0.5993.88 Safari/537.36"
136.144.43.97 - - [15/Jul/2026:01:03:43 +0200] "POST /wp-login.php HTTP/1.1" 200 11958 "https://www.piacenza.elettroservicegroup.it/wp-login.php" "Mozilla/5.0 (X11; Linux x86_64) Gecko/20100101 Firefox/119.0.1"
136.144.43.92 - - [15/Jul/2026:01:03:44 +0200] "POST /wp-login.php HTTP/1.1" 200 11918 "https://www.piacenza.elettroservicegroup.it/wp-login.php" "Mozilla/5.0 (Macintosh; Intel Mac OS X 10.15) Gecko/20100101 Firefox/122.0"
136.144.43.105 - - [15/Jul/2026:01:03:45 +0200] "POST /wp-login.php HTTP/1.1" 200 11958 "https://www.piacenza.elettroservicegroup.it/wp-login.php" "Mozilla/5.0 (Windows NT 10.0; Win64; x64) Gecko/20100101 Firefox/118.0.2"
136.144.43.116 - - [15/Jul/2026:01:03:46 +0200] "POST /wp-login.php HTTP/1.1" 200 11906 "https://www.piacenza.elettroservicegroup.it/wp-login.php" "Mozilla/5.0 (Macintosh; Intel Mac OS X 10_15_7) AppleWebKit/537.36 (KHTML, like Gecko) Chrome/122.0.6261.57 Safari/537.36"
136.144.43.115 - - [15/Jul/2026:01:03:47 +0200] "POST /wp-login.php HTTP/1.1" 200 12008 "https://www.piacenza.elettroservicegroup.it/wp-login.php" "Mozilla/5.0 (Windows NT 11.0; Win64; x64) AppleWebKit/537.36 (KHTML, like Gecko) Chrome/118.0.5993.88 Safari/537.36"
136.144.43.105 - - [15/Jul/2026:01:03:48 +0200] "POST /wp-login.php HTTP/1.1" 200 11874 "https://www.piacenza.elettroservicegroup.it/wp-login.php" "Mozilla/5.0 (Macintosh; Intel Mac OS X 10.15) Gecko/20100101 Firefox/121.0"
136.144.43.98 - - [15/Jul/2026:01:03:49 +0200] "POST /wp-login.php HTTP/1.1" 200 11903 "https://www.piacenza.elettroservicegroup.it/wp-login.php" "Mozilla/5.0 (X11; Linux x86_64) Gecko/20100101 Firefox/120.0.1"
136.144.43.102 - - [15/Jul/2026:01:03:50 +0200] "POST /wp-login.php HTTP/1.1" 200 11937 "https://www.piacenza.elettroservicegroup.it/wp-login.php" "Mozilla/5.0 (Macintosh; Intel Mac OS X 10_15_7) AppleWebKit/537.36 (KHTML, like Gecko) Chrome/122.0.6261.57 Safari/537.36"
136.144.43.114 - - [15/Jul/2026:01:03:51 +0200] "POST /wp-login.php HTTP/1.1" 200 11955 "https://www.piacenza.elettroservicegroup.it/wp-login.php" "Mozilla/5.0 (X11; Linux x86_64) AppleWebKit/537.36 (KHTML, like Gecko) Chrome/119.0.6045.159 Safari/537.36"
136.144.43.99 - - [15/Jul/2026:01:03:53 +0200] "POST /wp-login.php HTTP/1.1" 200 11780 "https://www.piacenza.elettroservicegroup.it/wp-login.php" "Mozilla/5.0 (Windows NT 10.0; Win64; x64) Gecko/20100101 Firefox/122.0"
136.144.43.97 - - [15/Jul/2026:01:03:54 +0200] "POST /wp-login.php HTTP/1.1" 200 11982 "https://www.piacenza.elettroservicegroup.it/wp-login.php" "Mozilla/5.0 (Macintosh; Intel Mac OS X 10_15_7) AppleWebKit/537.36 (KHTML, like Gecko) Chrome/118.0.5993.88 Safari/537.36"
136.144.43.108 - - [15/Jul/2026:01:03:55 +0200] "POST /wp-login.php HTTP/1.1" 200 11958 "https://www.piacenza.elettroservicegroup.it/wp-login.php" "Mozilla/5.0 (Windows NT 10.0; Win64; x64) AppleWebKit/537.36 (KHTML, like Gecko) Chrome/120.0.6099.130 Safari/537.36"
136.144.43.107 - - [15/Jul/2026:01:03:56 +0200] "POST /wp-login.php HTTP/1.1" 200 11871 "https://www.piacenza.elettroservicegroup.it/wp-login.php" "Mozilla/5.0 (X11; Linux x86_64) Gecko/20100101 Firefox/122.0"
136.144.43.111 - - [15/Jul/2026:01:03:57 +0200] "POST /wp-login.php HTTP/1.1" 200 11923 "https://www.piacenza.elettroservicegroup.it/wp-login.php" "Mozilla/5.0 (Macintosh; Intel Mac OS X 10.15) Gecko/20100101 Firefox/122.0"
136.144.43.99 - - [15/Jul/2026:01:03:58 +0200] "POST /wp-login.php HTTP/1.1" 200 11896 "https://www.piacenza.elettroservicegroup.it/wp-login.php" "Mozilla/5.0 (Windows NT 10.0; Win64; x64) Gecko/20100101 Firefox/122.0"
136.144.43.99 - - [15/Jul/2026:01:03:59 +0200] "POST /wp-login.php HTTP/1.1" 200 11886 "https://www.piacenza.elettroservicegroup.it/wp-login.php" "Mozilla/5.0 (X11; Linux x86_64) AppleWebKit/537.36 (KHTML, like Gecko) Chrome/118.0.5993.88 Safari/537.36"
136.144.43.115 - - [15/Jul/2026:01:04:00 +0200] "POST /wp-login.php HTTP/1.1" 200 11958 "https://www.piacenza.elettroservicegroup.it/wp-login.php" "Mozilla/5.0 (X11; Linux x86_64) AppleWebKit/537.36 (KHTML, like Gecko) Chrome/118.0.5993.88 Safari/537.36"
136.144.43.101 - - [15/Jul/2026:01:04:01 +0200] "POST /wp-login.php HTTP/1.1" 200 11948 "https://www.piacenza.elettroservicegroup.it/wp-login.php" "Mozilla/5.0 (X11; Linux x86_64) Gecko/20100101 Firefox/121.0"
136.144.43.109 - - [15/Jul/2026:01:04:03 +0200] "POST /wp-login.php HTTP/1.1" 200 11940 "https://www.piacenza.elettroservicegroup.it/wp-login.php" "Mozilla/5.0 (X11; Linux x86_64) Gecko/20100101 Firefox/121.0"
136.144.43.108 - - [15/Jul/2026:01:04:04 +0200] "POST /wp-login.php HTTP/1.1" 200 11943 "https://www.piacenza.elettroservicegroup.it/wp-login.php" "Mozilla/5.0 (X11; Linux x86_64) Gecko/20100101 Firefox/121.0"
136.144.43.112 - - [15/Jul/2026:01:04:05 +0200] "POST /wp-login.php HTTP/1.1" 200 11872 "https://www.piacenza.elettroservicegroup.it/wp-login.php" "Mozilla/5.0 (X11; Linux x86_64) Gecko/20100101 Firefox/118.0.2"
136.144.43.112 - - [15/Jul/2026:01:04:06 +0200] "POST /wp-login.php HTTP/1.1" 200 11943 "https://www.piacenza.elettroservicegroup.it/wp-login.php" "Mozilla/5.0 (Windows NT 11.0; Win64; x64) AppleWebKit/537.36 (KHTML, like Gecko) Chrome/122.0.6261.57 Safari/537.36"
136.144.43.117 - - [15/Jul/2026:01:04:07 +0200] "POST /wp-login.php HTTP/1.1" 200 11909 "https://www.piacenza.elettroservicegroup.it/wp-login.php" "Mozilla/5.0 (X11; Linux x86_64) Gecko/20100101 Firefox/119.0.1"
136.144.43.93 - - [15/Jul/2026:01:04:08 +0200] "POST /wp-login.php HTTP/1.1" 200 11916 "https://www.piacenza.elettroservicegroup.it/wp-login.php" "Mozilla/5.0 (Windows NT 10.0; Win64; x64) Gecko/20100101 Firefox/121.0"
136.144.43.102 - - [15/Jul/2026:01:04:09 +0200] "POST /wp-login.php HTTP/1.1" 200 11810 "https://www.piacenza.elettroservicegroup.it/wp-login.php" "Mozilla/5.0 (Windows NT 10.0; Win64; x64) Gecko/20100101 Firefox/121.0"
136.144.43.101 - - [15/Jul/2026:01:04:10 +0200] "POST /wp-login.php HTTP/1.1" 200 11964 "https://www.piacenza.elettroservicegroup.it/wp-login.php" "Mozilla/5.0 (Macintosh; Intel Mac OS X 13_6_2) AppleWebKit/537.36 (KHTML, like Gecko) Chrome/120.0.6099.130 Safari/537.36"
136.144.43.116 - - [15/Jul/2026:01:04:11 +0200] "POST /wp-login.php HTTP/1.1" 200 11894 "https://www.piacenza.elettroservicegroup.it/wp-login.php" "Mozilla/5.0 (Windows NT 10.0; Win64; x64) Gecko/20100101 Firefox/119.0.1"
136.144.43.110 - - [15/Jul/2026:01:04:12 +0200] "POST /wp-login.php HTTP/1.1" 200 11962 "https://www.piacenza.elettroservicegroup.it/wp-login.php" "Mozilla/5.0 (Macintosh; Intel Mac OS X 10.15) Gecko/20100101 Firefox/121.0"
136.144.43.117 - - [15/Jul/2026:01:04:13 +0200] "POST /wp-login.php HTTP/1.1" 200 11934 "https://www.piacenza.elettroservicegroup.it/wp-login.php" "Mozilla/5.0 (X11; Ubuntu; Linux x86_64) AppleWebKit/537.36 (KHTML, like Gecko) Chrome/118.0.5993.88 Safari/537.36"
136.144.43.105 - - [15/Jul/2026:01:04:14 +0200] "POST /wp-login.php HTTP/1.1" 200 11849 "https://www.piacenza.elettroservicegroup.it/wp-login.php" "Mozilla/5.0 (X11; Linux x86_64) AppleWebKit/537.36 (KHTML, like Gecko) Chrome/122.0.6261.57 Safari/537.36"
136.144.43.107 - - [15/Jul/2026:01:04:15 +0200] "POST /wp-login.php HTTP/1.1" 200 11912 "https://www.piacenza.elettroservicegroup.it/wp-login.php" "Mozilla/5.0 (Macintosh; Intel Mac OS X 10.15) Gecko/20100101 Firefox/118.0.2"
136.144.43.103 - - [15/Jul/2026:01:04:16 +0200] "POST /wp-login.php HTTP/1.1" 200 11879 "https://www.piacenza.elettroservicegroup.it/wp-login.php" "Mozilla/5.0 (Windows NT 10.0; Win64; x64) Gecko/20100101 Firefox/118.0.2"
136.144.43.114 - - [15/Jul/2026:01:04:17 +0200] "POST /wp-login.php HTTP/1.1" 200 11918 "https://www.piacenza.elettroservicegroup.it/wp-login.php" "Mozilla/5.0 (Windows NT 10.0; Win64; x64) AppleWebKit/537.36 (KHTML, like Gecko) Chrome/121.0.6167.85 Safari/537.36"
136.144.43.113 - - [15/Jul/2026:01:04:19 +0200] "POST /wp-login.php HTTP/1.1" 200 11929 "https://www.piacenza.elettroservicegroup.it/wp-login.php" "Mozilla/5.0 (Windows NT 10.0; Win64; x64) AppleWebKit/537.36 (KHTML, like Gecko) Chrome/120.0.6099.130 Safari/537.36"
136.144.43.114 - - [15/Jul/2026:01:04:20 +0200] "POST /wp-login.php HTTP/1.1" 200 11871 "https://www.piacenza.elettroservicegroup.it/wp-login.php" "Mozilla/5.0 (X11; Ubuntu; Linux x86_64) AppleWebKit/537.36 (KHTML, like Gecko) Chrome/120.0.6099.130 Safari/537.36"
136.144.43.112 - - [15/Jul/2026:01:04:21 +0200] "POST /wp-login.php HTTP/1.1" 200 11948 "https://www.piacenza.elettroservicegroup.it/wp-login.php" "Mozilla/5.0 (Macintosh; Intel Mac OS X 10.15) Gecko/20100101 Firefox/119.0.1"
136.144.43.108 - - [15/Jul/2026:01:04:22 +0200] "POST /wp-login.php HTTP/1.1" 200 11821 "https://www.piacenza.elettroservicegroup.it/wp-login.php" "Mozilla/5.0 (Macintosh; Intel Mac OS X 10.15) Gecko/20100101 Firefox/120.0.1"
136.144.43.109 - - [15/Jul/2026:01:04:23 +0200] "POST /wp-login.php HTTP/1.1" 200 11843 "https://www.piacenza.elettroservicegroup.it/wp-login.php" "Mozilla/5.0 (Macintosh; Intel Mac OS X 10.15) Gecko/20100101 Firefox/121.0"
136.144.43.97 - - [15/Jul/2026:01:04:24 +0200] "POST /wp-login.php HTTP/1.1" 200 11987 "https://www.piacenza.elettroservicegroup.it/wp-login.php" "Mozilla/5.0 (X11; Linux x86_64) Gecko/20100101 Firefox/119.0.1"
136.144.43.92 - - [15/Jul/2026:01:04:25 +0200] "POST /wp-login.php HTTP/1.1" 200 11978 "https://www.piacenza.elettroservicegroup.it/wp-login.php" "Mozilla/5.0 (Windows NT 10.0; Win64; x64) AppleWebKit/537.36 (KHTML, like Gecko) Chrome/122.0.6261.57 Safari/537.36"
136.144.43.100 - - [15/Jul/2026:01:04:26 +0200] "POST /wp-login.php HTTP/1.1" 200 11990 "https://www.piacenza.elettroservicegroup.it/wp-login.php" "Mozilla/5.0 (Macintosh; Intel Mac OS X 10.15) Gecko/20100101 Firefox/119.0.1"
136.144.43.116 - - [15/Jul/2026:01:04:27 +0200] "POST /wp-login.php HTTP/1.1" 200 11886 "https://www.piacenza.elettroservicegroup.it/wp-login.php" "Mozilla/5.0 (Windows NT 11.0; Win64; x64) AppleWebKit/537.36 (KHTML, like Gecko) Chrome/121.0.6167.85 Safari/537.36"
136.144.43.95 - - [15/Jul/2026:01:04:28 +0200] "POST /wp-login.php HTTP/1.1" 200 11938 "https://www.piacenza.elettroservicegroup.it/wp-login.php" "Mozilla/5.0 (Macintosh; Intel Mac OS X 10_15_7) AppleWebKit/537.36 (KHTML, like Gecko) Chrome/119.0.6045.159 Safari/537.36"
136.144.43.114 - - [15/Jul/2026:01:04:29 +0200] "POST /wp-login.php HTTP/1.1" 200 11969 "https://www.piacenza.elettroservicegroup.it/wp-login.php" "Mozilla/5.0 (Windows NT 10.0; Win64; x64) Gecko/20100101 Firefox/121.0"
136.144.43.105 - - [15/Jul/2026:01:04:30 +0200] "POST /wp-login.php HTTP/1.1" 200 11963 "https://www.piacenza.elettroservicegroup.it/wp-login.php" "Mozilla/5.0 (Macintosh; Intel Mac OS X 13_6_2) AppleWebKit/537.36 (KHTML, like Gecko) Chrome/120.0.6099.130 Safari/537.36"
136.144.43.99 - - [15/Jul/2026:01:04:31 +0200] "POST /wp-login.php HTTP/1.1" 200 11973 "https://www.piacenza.elettroservicegroup.it/wp-login.php" "Mozilla/5.0 (Macintosh; Intel Mac OS X 13_6_2) AppleWebKit/537.36 (KHTML, like Gecko) Chrome/121.0.6167.85 Safari/537.36"
136.144.43.117 - - [15/Jul/2026:01:04:32 +0200] "POST /wp-login.php HTTP/1.1" 200 11907 "https://www.piacenza.elettroservicegroup.it/wp-login.php" "Mozilla/5.0 (Macintosh; Intel Mac OS X 10_15_7) AppleWebKit/537.36 (KHTML, like Gecko) Chrome/121.0.6167.85 Safari/537.36"
136.144.43.97 - - [15/Jul/2026:01:04:33 +0200] "POST /wp-login.php HTTP/1.1" 200 11998 "https://www.piacenza.elettroservicegroup.it/wp-login.php" "Mozilla/5.0 (X11; Linux x86_64) Gecko/20100101 Firefox/118.0.2"
51.195.39.148 - - [15/Jul/2026:01:04:24 +0200] "GET /ss.php?c_c HTTP/2.0" 301 - "-" "Mozilla/5.0 (Windows NT 10.0; Win64; x64) AppleWebKit/537.36 (KHTML, like Gecko) Chrome/147.0.0.0 Safari/537.36"
65.108.235.243 - - [15/Jul/2026:01:04:34 +0200] "POST /wp-cron.php?doing_wp_cron=1784070274.1801059246063232421875 HTTP/1.1" 200 1 "-" "WordPress/7.0.1; https://piacenza.elettroservicegroup.it"
65.108.235.243 - - [15/Jul/2026:01:04:34 +0200] "POST /wp-cron.php?doing_wp_cron=1784070274.1802349090576171875000 HTTP/1.1" 200 1 "-" "WordPress/7.0.1; https://piacenza.elettroservicegroup.it"
51.195.39.148 - - [15/Jul/2026:01:04:24 +0200] "GET /images/images/cache.php HTTP/2.0" 301 - "-" "Mozilla/5.0 (Macintosh; Intel Mac OS X 10_15_7) AppleWebKit/537.36 (KHTML, like Gecko) Chrome/146.0.0.0 Safari/537.36"
51.195.39.148 - - [15/Jul/2026:01:04:24 +0200] "GET /assets/images/accesson.php HTTP/2.0" 301 - "-" "Mozilla/5.0 (Macintosh; Intel Mac OS X 10_15_7; rv:149.0) Gecko/20100101 Firefox/149.0"
136.144.43.116 - - [15/Jul/2026:01:04:34 +0200] "POST /wp-login.php HTTP/1.1" 200 11935 "https://www.piacenza.elettroservicegroup.it/wp-login.php" "Mozilla/5.0 (Macintosh; Intel Mac OS X 10.15) Gecko/20100101 Firefox/119.0.1"
136.144.43.100 - - [15/Jul/2026:01:04:36 +0200] "POST /wp-login.php HTTP/1.1" 200 11813 "https://www.piacenza.elettroservicegroup.it/wp-login.php" "Mozilla/5.0 (Windows NT 10.0; Win64; x64) Gecko/20100101 Firefox/120.0.1"
136.144.43.93 - - [15/Jul/2026:01:04:36 +0200] "POST /wp-login.php HTTP/1.1" 200 11916 "https://www.piacenza.elettroservicegroup.it/wp-login.php" "Mozilla/5.0 (Macintosh; Intel Mac OS X 13_6_2) AppleWebKit/537.36 (KHTML, like Gecko) Chrome/119.0.6045.159 Safari/537.36"
136.144.43.108 - - [15/Jul/2026:01:04:38 +0200] "POST /wp-login.php HTTP/1.1" 200 11928 "https://www.piacenza.elettroservicegroup.it/wp-login.php" "Mozilla/5.0 (Windows NT 11.0; Win64; x64) AppleWebKit/537.36 (KHTML, like Gecko) Chrome/122.0.6261.57 Safari/537.36"
136.144.43.107 - - [15/Jul/2026:01:04:38 +0200] "POST /wp-login.php HTTP/1.1" 200 11918 "https://www.piacenza.elettroservicegroup.it/wp-login.php" "Mozilla/5.0 (Windows NT 11.0; Win64; x64) AppleWebKit/537.36 (KHTML, like Gecko) Chrome/121.0.6167.85 Safari/537.36"
51.195.39.148 - - [15/Jul/2026:01:04:34 +0200] "GET /images/images/cache.php HTTP/2.0" 404 85114 "-" "Mozilla/5.0 (Macintosh; Intel Mac OS X 10_15_7) AppleWebKit/537.36 (KHTML, like Gecko) Chrome/146.0.0.0 Safari/537.36"
51.195.39.148 - - [15/Jul/2026:01:04:34 +0200] "GET /ss.php?c_c HTTP/2.0" 404 84835 "-" "Mozilla/5.0 (Windows NT 10.0; Win64; x64) AppleWebKit/537.36 (KHTML, like Gecko) Chrome/147.0.0.0 Safari/537.36"
51.195.39.148 - - [15/Jul/2026:01:04:34 +0200] "GET /assets/images/accesson.php HTTP/2.0" 404 85132 "-" "Mozilla/5.0 (Macintosh; Intel Mac OS X 10_15_7; rv:149.0) Gecko/20100101 Firefox/149.0"
136.144.43.115 - - [15/Jul/2026:01:04:40 +0200] "POST /wp-login.php HTTP/1.1" 200 11922 "https://www.piacenza.elettroservicegroup.it/wp-login.php" "Mozilla/5.0 (Windows NT 10.0; Win64; x64) Gecko/20100101 Firefox/119.0.1"
136.144.43.92 - - [15/Jul/2026:01:04:41 +0200] "POST /wp-login.php HTTP/1.1" 200 11888 "https://www.piacenza.elettroservicegroup.it/wp-login.php" "Mozilla/5.0 (Windows NT 11.0; Win64; x64) AppleWebKit/537.36 (KHTML, like Gecko) Chrome/121.0.6167.85 Safari/537.36"
136.144.43.112 - - [15/Jul/2026:01:04:42 +0200] "POST /wp-login.php HTTP/1.1" 200 11897 "https://www.piacenza.elettroservicegroup.it/wp-login.php" "Mozilla/5.0 (X11; Linux x86_64) AppleWebKit/537.36 (KHTML, like Gecko) Chrome/122.0.6261.57 Safari/537.36"
136.144.43.106 - - [15/Jul/2026:01:04:43 +0200] "POST /wp-login.php HTTP/1.1" 200 11958 "https://www.piacenza.elettroservicegroup.it/wp-login.php" "Mozilla/5.0 (X11; Linux x86_64) AppleWebKit/537.36 (KHTML, like Gecko) Chrome/119.0.6045.159 Safari/537.36"
65.108.235.243 - - [15/Jul/2026:01:04:42 +0200] "POST /wp-json/complianz/v1/wsc-scan HTTP/1.1" 400 88 "-" "WordPress/7.0.1; https://piacenza.elettroservicegroup.it"
136.144.43.115 - - [15/Jul/2026:01:04:44 +0200] "POST /wp-login.php HTTP/1.1" 200 11816 "https://www.piacenza.elettroservicegroup.it/wp-login.php" "Mozilla/5.0 (Macintosh; Intel Mac OS X 10.15) Gecko/20100101 Firefox/121.0"
136.144.43.97 - - [15/Jul/2026:01:04:45 +0200] "POST /wp-login.php HTTP/1.1" 200 11876 "https://www.piacenza.elettroservicegroup.it/wp-login.php" "Mozilla/5.0 (Windows NT 11.0; Win64; x64) AppleWebKit/537.36 (KHTML, like Gecko) Chrome/122.0.6261.57 Safari/537.36"
136.144.43.103 - - [15/Jul/2026:01:04:46 +0200] "POST /wp-login.php HTTP/1.1" 200 12040 "https://www.piacenza.elettroservicegroup.it/wp-login.php" "Mozilla/5.0 (X11; Linux x86_64) Gecko/20100101 Firefox/120.0.1"
65.108.235.243 - - [15/Jul/2026:01:04:43 +0200] "GET /imprint/ HTTP/1.1" 200 17188 "-" "WP Fastest Cache Preload Bot"
136.144.43.93 - - [15/Jul/2026:01:04:47 +0200] "POST /wp-login.php HTTP/1.1" 200 11831 "https://www.piacenza.elettroservicegroup.it/wp-login.php" "Mozilla/5.0 (Windows NT 10.0; Win64; x64) Gecko/20100101 Firefox/121.0"
136.144.43.108 - - [15/Jul/2026:01:04:48 +0200] "POST /wp-login.php HTTP/1.1" 200 11978 "https://www.piacenza.elettroservicegroup.it/wp-login.php" "Mozilla/5.0 (X11; Ubuntu; Linux x86_64) AppleWebKit/537.36 (KHTML, like Gecko) Chrome/118.0.5993.88 Safari/537.36"
136.144.43.116 - - [15/Jul/2026:01:04:49 +0200] "POST /wp-login.php HTTP/1.1" 200 11950 "https://www.piacenza.elettroservicegroup.it/wp-login.php" "Mozilla/5.0 (X11; Linux x86_64) Gecko/20100101 Firefox/122.0"
65.108.235.243 - - [15/Jul/2026:01:04:46 +0200] "GET /dichiarazione-sulla-privacy-ue/ HTTP/1.1" 200 19686 "-" "WP Fastest Cache Preload Bot"
136.144.43.101 - - [15/Jul/2026:01:04:50 +0200] "POST /wp-login.php HTTP/1.1" 200 11842 "https://www.piacenza.elettroservicegroup.it/wp-login.php" "Mozilla/5.0 (Macintosh; Intel Mac OS X 10_15_7) AppleWebKit/537.36 (KHTML, like Gecko) Chrome/121.0.6167.85 Safari/537.36"
136.144.43.116 - - [15/Jul/2026:01:04:51 +0200] "POST /wp-login.php HTTP/1.1" 200 11982 "https://www.piacenza.elettroservicegroup.it/wp-login.php" "Mozilla/5.0 (Windows NT 10.0; Win64; x64) Gecko/20100101 Firefox/121.0"
65.108.235.243 - - [15/Jul/2026:01:04:49 +0200] "GET /assistenza-whirlpool-piacenza/ HTTP/1.1" 200 21857 "-" "WP Fastest Cache Preload Bot"
136.144.43.103 - - [15/Jul/2026:01:04:52 +0200] "POST /wp-login.php HTTP/1.1" 200 11890 "https://www.piacenza.elettroservicegroup.it/wp-login.php" "Mozilla/5.0 (Windows NT 11.0; Win64; x64) AppleWebKit/537.36 (KHTML, like Gecko) Chrome/122.0.6261.57 Safari/537.36"
136.144.43.103 - - [15/Jul/2026:01:04:53 +0200] "POST /wp-login.php HTTP/1.1" 200 11895 "https://www.piacenza.elettroservicegroup.it/wp-login.php" "Mozilla/5.0 (X11; Linux x86_64) AppleWebKit/537.36 (KHTML, like Gecko) Chrome/118.0.5993.88 Safari/537.36"
136.144.43.101 - - [15/Jul/2026:01:04:54 +0200] "POST /wp-login.php HTTP/1.1" 200 11938 "https://www.piacenza.elettroservicegroup.it/wp-login.php" "Mozilla/5.0 (Macintosh; Intel Mac OS X 10.15) Gecko/20100101 Firefox/118.0.2"
136.144.43.113 - - [15/Jul/2026:01:04:55 +0200] "POST /wp-login.php HTTP/1.1" 200 11972 "https://www.piacenza.elettroservicegroup.it/wp-login.php" "Mozilla/5.0 (X11; Linux x86_64) Gecko/20100101 Firefox/120.0.1"
65.108.235.243 - - [15/Jul/2026:01:04:52 +0200] "GET /assistenza-smeg-piacenza/ HTTP/1.1" 200 21805 "-" "WP Fastest Cache Preload Bot"
136.144.43.95 - - [15/Jul/2026:01:04:56 +0200] "POST /wp-login.php HTTP/1.1" 200 11853 "https://www.piacenza.elettroservicegroup.it/wp-login.php" "Mozilla/5.0 (Macintosh; Intel Mac OS X 10.15) Gecko/20100101 Firefox/120.0.1"
136.144.43.105 - - [15/Jul/2026:01:04:57 +0200] "POST /wp-login.php HTTP/1.1" 200 11842 "https://www.piacenza.elettroservicegroup.it/wp-login.php" "Mozilla/5.0 (X11; Linux x86_64) AppleWebKit/537.36 (KHTML, like Gecko) Chrome/121.0.6167.85 Safari/537.36"
136.144.43.94 - - [15/Jul/2026:01:04:59 +0200] "POST /wp-login.php HTTP/1.1" 200 11962 "https://www.piacenza.elettroservicegroup.it/wp-login.php" "Mozilla/5.0 (Macintosh; Intel Mac OS X 10.15) Gecko/20100101 Firefox/121.0"
65.108.235.243 - - [15/Jul/2026:01:04:56 +0200] "GET / HTTP/1.1" 200 21819 "-" "WP Fastest Cache Preload Bot"
136.144.43.103 - - [15/Jul/2026:01:05:00 +0200] "POST /wp-login.php HTTP/1.1" 200 11822 "https://www.piacenza.elettroservicegroup.it/wp-login.php" "Mozilla/5.0 (X11; Linux x86_64) AppleWebKit/537.36 (KHTML, like Gecko) Chrome/120.0.6099.130 Safari/537.36"
136.144.43.96 - - [15/Jul/2026:01:05:01 +0200] "POST /wp-login.php HTTP/1.1" 200 11878 "https://www.piacenza.elettroservicegroup.it/wp-login.php" "Mozilla/5.0 (Windows NT 10.0; Win64; x64) AppleWebKit/537.36 (KHTML, like Gecko) Chrome/118.0.5993.88 Safari/537.36"
136.144.43.107 - - [15/Jul/2026:01:05:02 +0200] "POST /wp-login.php HTTP/1.1" 200 11887 "https://www.piacenza.elettroservicegroup.it/wp-login.php" "Mozilla/5.0 (Macintosh; Intel Mac OS X 10.15) Gecko/20100101 Firefox/119.0.1"
136.144.43.92 - - [15/Jul/2026:01:05:03 +0200] "POST /wp-login.php HTTP/1.1" 200 11938 "https://www.piacenza.elettroservicegroup.it/wp-login.php" "Mozilla/5.0 (X11; Linux x86_64) AppleWebKit/537.36 (KHTML, like Gecko) Chrome/121.0.6167.85 Safari/537.36"
136.144.43.104 - - [15/Jul/2026:01:05:04 +0200] "POST /wp-login.php HTTP/1.1" 200 11908 "https://www.piacenza.elettroservicegroup.it/wp-login.php" "Mozilla/5.0 (Windows NT 10.0; Win64; x64) AppleWebKit/537.36 (KHTML, like Gecko) Chrome/119.0.6045.159 Safari/537.36"
136.144.43.97 - - [15/Jul/2026:01:05:05 +0200] "POST /wp-login.php HTTP/1.1" 200 11960 "https://www.piacenza.elettroservicegroup.it/wp-login.php" "Mozilla/5.0 (Macintosh; Intel Mac OS X 13_6_2) AppleWebKit/537.36 (KHTML, like Gecko) Chrome/118.0.5993.88 Safari/537.36"
136.144.43.103 - - [15/Jul/2026:01:05:07 +0200] "POST /wp-login.php HTTP/1.1" 200 11917 "https://www.piacenza.elettroservicegroup.it/wp-login.php" "Mozilla/5.0 (Macintosh; Intel Mac OS X 10.15) Gecko/20100101 Firefox/121.0"
136.144.43.115 - - [15/Jul/2026:01:05:08 +0200] "POST /wp-login.php HTTP/1.1" 200 11912 "https://www.piacenza.elettroservicegroup.it/wp-login.php" "Mozilla/5.0 (Macintosh; Intel Mac OS X 10.15) Gecko/20100101 Firefox/121.0"
136.144.43.95 - - [15/Jul/2026:01:05:09 +0200] "POST /wp-login.php HTTP/1.1" 200 11938 "https://www.piacenza.elettroservicegroup.it/wp-login.php" "Mozilla/5.0 (Macintosh; Intel Mac OS X 10.15) Gecko/20100101 Firefox/119.0.1"
136.144.43.116 - - [15/Jul/2026:01:05:10 +0200] "POST /wp-login.php HTTP/1.1" 200 11992 "https://www.piacenza.elettroservicegroup.it/wp-login.php" "Mozilla/5.0 (Macintosh; Intel Mac OS X 10.15) Gecko/20100101 Firefox/121.0"
136.144.43.95 - - [15/Jul/2026:01:05:11 +0200] "POST /wp-login.php HTTP/1.1" 200 11884 "https://www.piacenza.elettroservicegroup.it/wp-login.php" "Mozilla/5.0 (X11; Linux x86_64) Gecko/20100101 Firefox/119.0.1"
136.144.43.113 - - [15/Jul/2026:01:05:12 +0200] "POST /wp-login.php HTTP/1.1" 200 11943 "https://www.piacenza.elettroservicegroup.it/wp-login.php" "Mozilla/5.0 (X11; Ubuntu; Linux x86_64) AppleWebKit/537.36 (KHTML, like Gecko) Chrome/121.0.6167.85 Safari/537.36"
136.144.43.102 - - [15/Jul/2026:01:05:13 +0200] "POST /wp-login.php HTTP/1.1" 200 11924 "https://www.piacenza.elettroservicegroup.it/wp-login.php" "Mozilla/5.0 (Macintosh; Intel Mac OS X 10_15_7) AppleWebKit/537.36 (KHTML, like Gecko) Chrome/119.0.6045.159 Safari/537.36"
136.144.43.99 - - [15/Jul/2026:01:05:14 +0200] "POST /wp-login.php HTTP/1.1" 200 11903 "https://www.piacenza.elettroservicegroup.it/wp-login.php" "Mozilla/5.0 (Windows NT 10.0; Win64; x64) Gecko/20100101 Firefox/119.0.1"
136.144.43.94 - - [15/Jul/2026:01:05:15 +0200] "POST /wp-login.php HTTP/1.1" 200 11835 "https://www.piacenza.elettroservicegroup.it/wp-login.php" "Mozilla/5.0 (Macintosh; Intel Mac OS X 10.15) Gecko/20100101 Firefox/119.0.1"
136.144.43.110 - - [15/Jul/2026:01:05:16 +0200] "POST /wp-login.php HTTP/1.1" 200 11883 "https://www.piacenza.elettroservicegroup.it/wp-login.php" "Mozilla/5.0 (Macintosh; Intel Mac OS X 10.15) Gecko/20100101 Firefox/118.0.2"
136.144.43.98 - - [15/Jul/2026:01:05:18 +0200] "POST /wp-login.php HTTP/1.1" 200 11953 "https://www.piacenza.elettroservicegroup.it/wp-login.php" "Mozilla/5.0 (Windows NT 10.0; Win64; x64) AppleWebKit/537.36 (KHTML, like Gecko) Chrome/118.0.5993.88 Safari/537.36"
136.144.43.93 - - [15/Jul/2026:01:05:19 +0200] "POST /wp-login.php HTTP/1.1" 200 11898 "https://www.piacenza.elettroservicegroup.it/wp-login.php" "Mozilla/5.0 (Windows NT 10.0; Win64; x64) AppleWebKit/537.36 (KHTML, like Gecko) Chrome/120.0.6099.130 Safari/537.36"
136.144.43.91 - - [15/Jul/2026:01:05:20 +0200] "POST /wp-login.php HTTP/1.1" 200 11857 "https://www.piacenza.elettroservicegroup.it/wp-login.php" "Mozilla/5.0 (Macintosh; Intel Mac OS X 10.15) Gecko/20100101 Firefox/119.0.1"
136.144.43.99 - - [15/Jul/2026:01:05:21 +0200] "POST /wp-login.php HTTP/1.1" 200 11963 "https://www.piacenza.elettroservicegroup.it/wp-login.php" "Mozilla/5.0 (Macintosh; Intel Mac OS X 10.15) Gecko/20100101 Firefox/120.0.1"
136.144.43.115 - - [15/Jul/2026:01:05:22 +0200] "POST /wp-login.php HTTP/1.1" 200 11946 "https://www.piacenza.elettroservicegroup.it/wp-login.php" "Mozilla/5.0 (Macintosh; Intel Mac OS X 10.15) Gecko/20100101 Firefox/118.0.2"
136.144.43.99 - - [15/Jul/2026:01:05:23 +0200] "POST /wp-login.php HTTP/1.1" 200 11953 "https://www.piacenza.elettroservicegroup.it/wp-login.php" "Mozilla/5.0 (X11; Ubuntu; Linux x86_64) AppleWebKit/537.36 (KHTML, like Gecko) Chrome/120.0.6099.130 Safari/537.36"
136.144.43.108 - - [15/Jul/2026:01:05:24 +0200] "POST /wp-login.php HTTP/1.1" 200 11987 "https://www.piacenza.elettroservicegroup.it/wp-login.php" "Mozilla/5.0 (Macintosh; Intel Mac OS X 10.15) Gecko/20100101 Firefox/120.0.1"
136.144.43.110 - - [15/Jul/2026:01:05:25 +0200] "POST /wp-login.php HTTP/1.1" 200 11972 "https://www.piacenza.elettroservicegroup.it/wp-login.php" "Mozilla/5.0 (Windows NT 11.0; Win64; x64) AppleWebKit/537.36 (KHTML, like Gecko) Chrome/118.0.5993.88 Safari/537.36"
136.144.43.114 - - [15/Jul/2026:01:05:26 +0200] "POST /wp-login.php HTTP/1.1" 200 11975 "https://www.piacenza.elettroservicegroup.it/wp-login.php" "Mozilla/5.0 (Macintosh; Intel Mac OS X 10.15) Gecko/20100101 Firefox/119.0.1"
136.144.43.105 - - [15/Jul/2026:01:05:27 +0200] "POST /wp-login.php HTTP/1.1" 200 11859 "https://www.piacenza.elettroservicegroup.it/wp-login.php" "Mozilla/5.0 (X11; Ubuntu; Linux x86_64) AppleWebKit/537.36 (KHTML, like Gecko) Chrome/119.0.6045.159 Safari/537.36"
136.144.43.117 - - [15/Jul/2026:01:05:28 +0200] "POST /wp-login.php HTTP/1.1" 200 11938 "https://www.piacenza.elettroservicegroup.it/wp-login.php" "Mozilla/5.0 (Windows NT 10.0; Win64; x64) Gecko/20100101 Firefox/118.0.2"
136.144.43.118 - - [15/Jul/2026:01:05:30 +0200] "POST /wp-login.php HTTP/1.1" 200 11890 "https://www.piacenza.elettroservicegroup.it/wp-login.php" "Mozilla/5.0 (Windows NT 10.0; Win64; x64) Gecko/20100101 Firefox/122.0"
136.144.43.95 - - [15/Jul/2026:01:05:30 +0200] "POST /wp-login.php HTTP/1.1" 200 11961 "https://www.piacenza.elettroservicegroup.it/wp-login.php" "Mozilla/5.0 (Windows NT 10.0; Win64; x64) Gecko/20100101 Firefox/122.0"
136.144.43.116 - - [15/Jul/2026:01:05:32 +0200] "POST /wp-login.php HTTP/1.1" 200 11893 "https://www.piacenza.elettroservicegroup.it/wp-login.php" "Mozilla/5.0 (Macintosh; Intel Mac OS X 13_6_2) AppleWebKit/537.36 (KHTML, like Gecko) Chrome/122.0.6261.57 Safari/537.36"
136.144.43.107 - - [15/Jul/2026:01:05:33 +0200] "POST /wp-login.php HTTP/1.1" 200 11915 "https://www.piacenza.elettroservicegroup.it/wp-login.php" "Mozilla/5.0 (X11; Linux x86_64) Gecko/20100101 Firefox/122.0"
136.144.43.103 - - [15/Jul/2026:01:05:34 +0200] "POST /wp-login.php HTTP/1.1" 200 11928 "https://www.piacenza.elettroservicegroup.it/wp-login.php" "Mozilla/5.0 (Macintosh; Intel Mac OS X 10.15) Gecko/20100101 Firefox/119.0.1"
136.144.43.113 - - [15/Jul/2026:01:05:35 +0200] "POST /wp-login.php HTTP/1.1" 200 11969 "https://www.piacenza.elettroservicegroup.it/wp-login.php" "Mozilla/5.0 (Windows NT 11.0; Win64; x64) AppleWebKit/537.36 (KHTML, like Gecko) Chrome/119.0.6045.159 Safari/537.36"
136.144.43.105 - - [15/Jul/2026:01:05:36 +0200] "POST /wp-login.php HTTP/1.1" 200 11844 "https://www.piacenza.elettroservicegroup.it/wp-login.php" "Mozilla/5.0 (Macintosh; Intel Mac OS X 13_6_2) AppleWebKit/537.36 (KHTML, like Gecko) Chrome/118.0.5993.88 Safari/537.36"
136.144.43.104 - - [15/Jul/2026:01:05:37 +0200] "POST /wp-login.php HTTP/1.1" 200 11951 "https://www.piacenza.elettroservicegroup.it/wp-login.php" "Mozilla/5.0 (X11; Linux x86_64) Gecko/20100101 Firefox/118.0.2"
136.144.43.115 - - [15/Jul/2026:01:05:38 +0200] "POST /wp-login.php HTTP/1.1" 200 11932 "https://www.piacenza.elettroservicegroup.it/wp-login.php" "Mozilla/5.0 (X11; Ubuntu; Linux x86_64) AppleWebKit/537.36 (KHTML, like Gecko) Chrome/119.0.6045.159 Safari/537.36"
136.144.43.96 - - [15/Jul/2026:01:05:39 +0200] "POST /wp-login.php HTTP/1.1" 200 11923 "https://www.piacenza.elettroservicegroup.it/wp-login.php" "Mozilla/5.0 (X11; Linux x86_64) Gecko/20100101 Firefox/121.0"
136.144.43.100 - - [15/Jul/2026:01:05:40 +0200] "POST /wp-login.php HTTP/1.1" 200 11909 "https://www.piacenza.elettroservicegroup.it/wp-login.php" "Mozilla/5.0 (Macintosh; Intel Mac OS X 13_6_2) AppleWebKit/537.36 (KHTML, like Gecko) Chrome/122.0.6261.57 Safari/537.36"
136.144.43.107 - - [15/Jul/2026:01:05:41 +0200] "POST /wp-login.php HTTP/1.1" 200 11880 "https://www.piacenza.elettroservicegroup.it/wp-login.php" "Mozilla/5.0 (Macintosh; Intel Mac OS X 10_15_7) AppleWebKit/537.36 (KHTML, like Gecko) Chrome/122.0.6261.57 Safari/537.36"
136.144.43.91 - - [15/Jul/2026:01:05:42 +0200] "POST /wp-login.php HTTP/1.1" 200 11842 "https://www.piacenza.elettroservicegroup.it/wp-login.php" "Mozilla/5.0 (Macintosh; Intel Mac OS X 10.15) Gecko/20100101 Firefox/118.0.2"
136.144.43.109 - - [15/Jul/2026:01:05:43 +0200] "POST /wp-login.php HTTP/1.1" 200 11847 "https://www.piacenza.elettroservicegroup.it/wp-login.php" "Mozilla/5.0 (Macintosh; Intel Mac OS X 10.15) Gecko/20100101 Firefox/122.0"
136.144.43.96 - - [15/Jul/2026:01:05:44 +0200] "POST /wp-login.php HTTP/1.1" 200 11924 "https://www.piacenza.elettroservicegroup.it/wp-login.php" "Mozilla/5.0 (X11; Linux x86_64) AppleWebKit/537.36 (KHTML, like Gecko) Chrome/121.0.6167.85 Safari/537.36"
136.144.43.100 - - [15/Jul/2026:01:05:45 +0200] "POST /wp-login.php HTTP/1.1" 200 11925 "https://www.piacenza.elettroservicegroup.it/wp-login.php" "Mozilla/5.0 (Windows NT 10.0; Win64; x64) Gecko/20100101 Firefox/122.0"
136.144.43.111 - - [15/Jul/2026:01:05:46 +0200] "POST /wp-login.php HTTP/1.1" 200 11857 "https://www.piacenza.elettroservicegroup.it/wp-login.php" "Mozilla/5.0 (X11; Ubuntu; Linux x86_64) AppleWebKit/537.36 (KHTML, like Gecko) Chrome/118.0.5993.88 Safari/537.36"
136.144.43.118 - - [15/Jul/2026:01:05:48 +0200] "POST /wp-login.php HTTP/1.1" 200 11883 "https://www.piacenza.elettroservicegroup.it/wp-login.php" "Mozilla/5.0 (Windows NT 10.0; Win64; x64) AppleWebKit/537.36 (KHTML, like Gecko) Chrome/118.0.5993.88 Safari/537.36"
136.144.43.105 - - [15/Jul/2026:01:05:49 +0200] "POST /wp-login.php HTTP/1.1" 200 12014 "https://www.piacenza.elettroservicegroup.it/wp-login.php" "Mozilla/5.0 (Macintosh; Intel Mac OS X 10.15) Gecko/20100101 Firefox/121.0"
136.144.43.118 - - [15/Jul/2026:01:05:50 +0200] "POST /wp-login.php HTTP/1.1" 200 11943 "https://www.piacenza.elettroservicegroup.it/wp-login.php" "Mozilla/5.0 (Macintosh; Intel Mac OS X 10_15_7) AppleWebKit/537.36 (KHTML, like Gecko) Chrome/122.0.6261.57 Safari/537.36"
136.144.43.108 - - [15/Jul/2026:01:05:51 +0200] "POST /wp-login.php HTTP/1.1" 200 11967 "https://www.piacenza.elettroservicegroup.it/wp-login.php" "Mozilla/5.0 (Windows NT 10.0; Win64; x64) Gecko/20100101 Firefox/122.0"
136.144.43.111 - - [15/Jul/2026:01:05:52 +0200] "POST /wp-login.php HTTP/1.1" 200 11975 "https://www.piacenza.elettroservicegroup.it/wp-login.php" "Mozilla/5.0 (Windows NT 11.0; Win64; x64) AppleWebKit/537.36 (KHTML, like Gecko) Chrome/121.0.6167.85 Safari/537.36"
136.144.43.95 - - [15/Jul/2026:01:05:53 +0200] "POST /wp-login.php HTTP/1.1" 200 11884 "https://www.piacenza.elettroservicegroup.it/wp-login.php" "Mozilla/5.0 (Macintosh; Intel Mac OS X 10.15) Gecko/20100101 Firefox/119.0.1"
136.144.43.106 - - [15/Jul/2026:01:05:54 +0200] "POST /wp-login.php HTTP/1.1" 200 11943 "https://www.piacenza.elettroservicegroup.it/wp-login.php" "Mozilla/5.0 (Macintosh; Intel Mac OS X 10.15) Gecko/20100101 Firefox/118.0.2"
136.144.43.94 - - [15/Jul/2026:01:05:55 +0200] "POST /wp-login.php HTTP/1.1" 200 11963 "https://www.piacenza.elettroservicegroup.it/wp-login.php" "Mozilla/5.0 (Macintosh; Intel Mac OS X 10_15_7) AppleWebKit/537.36 (KHTML, like Gecko) Chrome/119.0.6045.159 Safari/537.36"
136.144.43.98 - - [15/Jul/2026:01:05:56 +0200] "POST /wp-login.php HTTP/1.1" 200 11912 "https://www.piacenza.elettroservicegroup.it/wp-login.php" "Mozilla/5.0 (Windows NT 10.0; Win64; x64) Gecko/20100101 Firefox/121.0"
136.144.43.94 - - [15/Jul/2026:01:05:57 +0200] "POST /wp-login.php HTTP/1.1" 200 11836 "https://www.piacenza.elettroservicegroup.it/wp-login.php" "Mozilla/5.0 (Macintosh; Intel Mac OS X 10_15_7) AppleWebKit/537.36 (KHTML, like Gecko) Chrome/121.0.6167.85 Safari/537.36"
136.144.43.96 - - [15/Jul/2026:01:05:58 +0200] "POST /wp-login.php HTTP/1.1" 200 11948 "https://www.piacenza.elettroservicegroup.it/wp-login.php" "Mozilla/5.0 (Windows NT 10.0; Win64; x64) Gecko/20100101 Firefox/119.0.1"
136.144.43.99 - - [15/Jul/2026:01:05:59 +0200] "POST /wp-login.php HTTP/1.1" 200 11953 "https://www.piacenza.elettroservicegroup.it/wp-login.php" "Mozilla/5.0 (Windows NT 10.0; Win64; x64) Gecko/20100101 Firefox/120.0.1"
43.157.172.39 - - [15/Jul/2026:01:05:59 +0200] "GET / HTTP/1.1" 200 23718 "http://piacenza.elettroservicegroup.it" "Mozilla/5.0 (iPhone; CPU iPhone OS 13_2_3 like Mac OS X) AppleWebKit/605.1.15 (KHTML, like Gecko) Version/13.0.3 Mobile/15E148 Safari/604.1"
136.144.43.96 - - [15/Jul/2026:01:06:00 +0200] "POST /wp-login.php HTTP/1.1" 200 11923 "https://www.piacenza.elettroservicegroup.it/wp-login.php" "Mozilla/5.0 (Macintosh; Intel Mac OS X 10.15) Gecko/20100101 Firefox/119.0.1"
136.144.43.113 - - [15/Jul/2026:01:06:01 +0200] "POST /wp-login.php HTTP/1.1" 200 11974 "https://www.piacenza.elettroservicegroup.it/wp-login.php" "Mozilla/5.0 (Macintosh; Intel Mac OS X 10.15) Gecko/20100101 Firefox/121.0"
136.144.43.117 - - [15/Jul/2026:01:06:02 +0200] "POST /wp-login.php HTTP/1.1" 200 11886 "https://www.piacenza.elettroservicegroup.it/wp-login.php" "Mozilla/5.0 (Macintosh; Intel Mac OS X 10.15) Gecko/20100101 Firefox/120.0.1"
136.144.43.115 - - [15/Jul/2026:01:06:03 +0200] "POST /wp-login.php HTTP/1.1" 200 12019 "https://www.piacenza.elettroservicegroup.it/wp-login.php" "Mozilla/5.0 (X11; Linux x86_64) Gecko/20100101 Firefox/118.0.2"
136.144.43.94 - - [15/Jul/2026:01:06:04 +0200] "POST /wp-login.php HTTP/1.1" 200 11953 "https://www.piacenza.elettroservicegroup.it/wp-login.php" "Mozilla/5.0 (X11; Linux x86_64) Gecko/20100101 Firefox/118.0.2"
136.144.43.107 - - [15/Jul/2026:01:06:05 +0200] "POST /wp-login.php HTTP/1.1" 200 11924 "https://www.piacenza.elettroservicegroup.it/wp-login.php" "Mozilla/5.0 (Macintosh; Intel Mac OS X 10_15_7) AppleWebKit/537.36 (KHTML, like Gecko) Chrome/119.0.6045.159 Safari/537.36"
136.144.43.111 - - [15/Jul/2026:01:06:06 +0200] "POST /wp-login.php HTTP/1.1" 200 12003 "https://www.piacenza.elettroservicegroup.it/wp-login.php" "Mozilla/5.0 (Macintosh; Intel Mac OS X 10.15) Gecko/20100101 Firefox/119.0.1"
136.144.43.98 - - [15/Jul/2026:01:06:07 +0200] "POST /wp-login.php HTTP/1.1" 200 11907 "https://www.piacenza.elettroservicegroup.it/wp-login.php" "Mozilla/5.0 (Macintosh; Intel Mac OS X 10.15) Gecko/20100101 Firefox/120.0.1"
136.144.43.118 - - [15/Jul/2026:01:06:08 +0200] "POST /wp-login.php HTTP/1.1" 200 11820 "https://www.piacenza.elettroservicegroup.it/wp-login.php" "Mozilla/5.0 (Windows NT 10.0; Win64; x64) Gecko/20100101 Firefox/121.0"
193.24.211.4 - - [15/Jul/2026:01:10:56 +0200] "GET /wp-login.php HTTP/2.0" 200 11943 "-" "Mozilla/5.0 (Windows NT 10.0; Win64; x64; rv:133.0) Gecko/20100101 Firefox/133.0"
193.24.211.4 - - [15/Jul/2026:01:10:57 +0200] "POST /xmlrpc.php HTTP/2.0" 200 11850 "-" "Mozilla/5.0 (Windows NT 10.0; Win64; x64) AppleWebKit/537.36 (KHTML, like Gecko) Chrome/124.0.0.0 Safari/537.36"
193.24.211.4 - - [15/Jul/2026:01:10:57 +0200] "POST /xmlrpc.php HTTP/2.0" 200 11841 "-" "Mozilla/5.0 (Windows NT 10.0; Win64; x64; rv:133.0) Gecko/20100101 Firefox/133.0"
193.24.211.4 - - [15/Jul/2026:01:10:58 +0200] "POST /xmlrpc.php HTTP/2.0" 200 11895 "-" "Mozilla/5.0 (Windows NT 10.0; Win64; x64) AppleWebKit/537.36 (KHTML, like Gecko) Chrome/124.0.0.0 Safari/537.36"
193.24.211.4 - - [15/Jul/2026:01:10:58 +0200] "POST /xmlrpc.php HTTP/2.0" 200 11901 "-" "Mozilla/5.0 (Windows NT 10.0; Win64; x64; rv:133.0) Gecko/20100101 Firefox/133.0"
193.24.211.4 - - [15/Jul/2026:01:10:59 +0200] "POST /xmlrpc.php HTTP/2.0" 200 11877 "-" "Mozilla/5.0 (Windows NT 10.0; Win64; x64; rv:133.0) Gecko/20100101 Firefox/133.0"
62.106.67.150 - - [15/Jul/2026:01:11:00 +0200] "POST /xmlrpc.php HTTP/2.0" 200 12007 "-" "Mozilla/5.0 (Macintosh; Intel Mac OS X 10_15_7) AppleWebKit/605.1.15 (KHTML, like Gecko) Version/18.0 Safari/605.1.15"
88.148.126.234 - - [15/Jul/2026:01:11:00 +0200] "POST /xmlrpc.php HTTP/2.0" 200 11836 "-" "Mozilla/5.0 (Windows NT 10.0; Win64; x64) AppleWebKit/537.36 (KHTML, like Gecko) Chrome/124.0.0.0 Safari/537.36"
45.159.23.11 - - [15/Jul/2026:01:11:01 +0200] "POST /xmlrpc.php HTTP/2.0" 200 11921 "-" "Mozilla/5.0 (Windows NT 10.0; Win64; x64) AppleWebKit/537.36 (KHTML, like Gecko) Chrome/124.0.0.0 Safari/537.36"
159.253.248.194 - - [15/Jul/2026:01:11:02 +0200] "POST /xmlrpc.php HTTP/2.0" 200 11926 "-" "Mozilla/5.0 (Macintosh; Intel Mac OS X 10_15_7) AppleWebKit/605.1.15 (KHTML, like Gecko) Version/18.0 Safari/605.1.15"
88.148.85.223 - - [15/Jul/2026:01:11:03 +0200] "POST /xmlrpc.php HTTP/2.0" 200 11902 "-" "Mozilla/5.0 (Macintosh; Intel Mac OS X 10_15_7) AppleWebKit/605.1.15 (KHTML, like Gecko) Version/18.0 Safari/605.1.15"
62.106.67.222 - - [15/Jul/2026:01:11:04 +0200] "POST /xmlrpc.php HTTP/2.0" 200 11860 "-" "Mozilla/5.0 (Windows NT 10.0; Win64; x64; rv:133.0) Gecko/20100101 Firefox/133.0"
45.159.23.87 - - [15/Jul/2026:01:11:05 +0200] "POST /xmlrpc.php HTTP/2.0" 200 11881 "-" "Mozilla/5.0 (Macintosh; Intel Mac OS X 10_15_7) AppleWebKit/605.1.15 (KHTML, like Gecko) Version/18.0 Safari/605.1.15"
94.76.142.69 - - [15/Jul/2026:01:11:06 +0200] "POST /xmlrpc.php HTTP/2.0" 200 11867 "-" "Mozilla/5.0 (Macintosh; Intel Mac OS X 10_15_7) AppleWebKit/605.1.15 (KHTML, like Gecko) Version/18.0 Safari/605.1.15"
45.147.8.235 - - [15/Jul/2026:01:11:07 +0200] "POST /xmlrpc.php HTTP/2.0" 200 11810 "-" "Mozilla/5.0 (Macintosh; Intel Mac OS X 10_15_7) AppleWebKit/605.1.15 (KHTML, like Gecko) Version/18.0 Safari/605.1.15"
45.133.114.246 - - [15/Jul/2026:01:11:07 +0200] "POST /xmlrpc.php HTTP/2.0" 200 11886 "-" "Mozilla/5.0 (Macintosh; Intel Mac OS X 10_15_7) AppleWebKit/605.1.15 (KHTML, like Gecko) Version/18.0 Safari/605.1.15"
193.24.211.4 - - [15/Jul/2026:01:11:08 +0200] "GET /wp-login.php HTTP/2.0" 200 11913 "-" "Mozilla/5.0 (Windows NT 10.0; Win64; x64; rv:133.0) Gecko/20100101 Firefox/133.0"
193.24.211.4 - - [15/Jul/2026:01:11:08 +0200] "GET /wp-login.php HTTP/2.0" 200 11913 "-" "Mozilla/5.0 (Windows NT 10.0; Win64; x64; rv:133.0) Gecko/20100101 Firefox/133.0"
193.24.211.4 - - [15/Jul/2026:01:11:09 +0200] "GET /wp-login.php HTTP/2.0" 200 11937 "-" "Mozilla/5.0 (Windows NT 10.0; Win64; x64) AppleWebKit/537.36 (KHTML, like Gecko) Chrome/124.0.0.0 Safari/537.36"
193.24.211.4 - - [15/Jul/2026:01:11:09 +0200] "GET /wp-login.php HTTP/2.0" 200 11937 "-" "Mozilla/5.0 (Windows NT 10.0; Win64; x64) AppleWebKit/537.36 (KHTML, like Gecko) Chrome/124.0.0.0 Safari/537.36"
193.24.211.4 - - [15/Jul/2026:01:11:10 +0200] "GET /wp-login.php HTTP/2.0" 200 11918 "-" "Mozilla/5.0 (Macintosh; Intel Mac OS X 10_15_7) AppleWebKit/605.1.15 (KHTML, like Gecko) Version/18.0 Safari/605.1.15"
104.245.243.129 - - [15/Jul/2026:01:11:10 +0200] "GET /wp-login.php HTTP/2.0" 200 11842 "-" "Mozilla/5.0 (Macintosh; Intel Mac OS X 10_15_7) AppleWebKit/605.1.15 (KHTML, like Gecko) Version/18.0 Safari/605.1.15"
88.148.85.21 - - [15/Jul/2026:01:11:11 +0200] "GET /wp-login.php HTTP/2.0" 200 11899 "-" "Mozilla/5.0 (Windows NT 10.0; Win64; x64; rv:133.0) Gecko/20100101 Firefox/133.0"
88.148.85.165 - - [15/Jul/2026:01:11:12 +0200] "GET /wp-login.php HTTP/2.0" 200 11903 "-" "Mozilla/5.0 (Windows NT 10.0; Win64; x64; rv:133.0) Gecko/20100101 Firefox/133.0"
104.245.243.94 - - [15/Jul/2026:01:11:13 +0200] "GET /wp-login.php HTTP/2.0" 200 11974 "-" "Mozilla/5.0 (Windows NT 10.0; Win64; x64; rv:133.0) Gecko/20100101 Firefox/133.0"
45.147.8.37 - - [15/Jul/2026:01:11:14 +0200] "GET /wp-login.php HTTP/2.0" 200 11898 "-" "Mozilla/5.0 (Windows NT 10.0; Win64; x64; rv:133.0) Gecko/20100101 Firefox/133.0"
45.147.9.66 - - [15/Jul/2026:01:11:15 +0200] "GET /wp-login.php HTTP/2.0" 200 11899 "-" "Mozilla/5.0 (Windows NT 10.0; Win64; x64; rv:133.0) Gecko/20100101 Firefox/133.0"
172.83.255.123 - - [15/Jul/2026:01:11:16 +0200] "GET /wp-login.php HTTP/2.0" 200 11899 "-" "Mozilla/5.0 (Windows NT 10.0; Win64; x64) AppleWebKit/537.36 (KHTML, like Gecko) Chrome/124.0.0.0 Safari/537.36"
104.245.241.82 - - [15/Jul/2026:01:11:17 +0200] "GET /wp-login.php HTTP/2.0" 200 11889 "-" "Mozilla/5.0 (Macintosh; Intel Mac OS X 10_15_7) AppleWebKit/605.1.15 (KHTML, like Gecko) Version/18.0 Safari/605.1.15"
