109.54.116.154 - - [14/Jul/2026:19:37:11 +0200] "GET /wp-content/uploads/2021/10/cropped-cropped-cropped-cropped-logo_white_background-192x192.png HTTP/2.0" 200 3844 "https://piacenza.elettroservicegroup.it/assistenza-rex-electrolux-piacenza/" "Mozilla/5.0 (Linux; Android 10; K) AppleWebKit/537.36 (KHTML, like Gecko) Chrome/150.0.0.0 Mobile Safari/537.36"
109.54.116.154 - - [14/Jul/2026:19:37:11 +0200] "GET /wp-content/uploads/2021/10/cropped-cropped-cropped-cropped-logo_white_background-180x180.png HTTP/2.0" 200 3630 "https://piacenza.elettroservicegroup.it/assistenza-rex-electrolux-piacenza/" "Mozilla/5.0 (Linux; Android 10; K) AppleWebKit/537.36 (KHTML, like Gecko) Chrome/150.0.0.0 Mobile Safari/537.36"
65.108.235.243 - - [14/Jul/2026:19:37:11 +0200] "GET /assistenza-rex-electrolux-piacenza/ HTTP/1.1" 200 21851 "-" "WP Fastest Cache Preload Bot"
109.54.116.154 - - [14/Jul/2026:19:37:12 +0200] "POST /wp-json/complianz/v1/track HTTP/2.0" 200 - "https://piacenza.elettroservicegroup.it/assistenza-rex-electrolux-piacenza/" "Mozilla/5.0 (Linux; Android 10; K) AppleWebKit/537.36 (KHTML, like Gecko) Chrome/150.0.0.0 Mobile Safari/537.36"
65.108.235.243 - - [14/Jul/2026:19:37:12 +0200] "GET /assistenza-miele-piacenza/ HTTP/1.1" 200 22103 "-" "WP Fastest Cache Preload Bot"
65.108.235.243 - - [14/Jul/2026:19:37:12 +0200] "GET /assistenza-lavatrici-whirlpool-piacenza/ HTTP/1.1" 200 21969 "-" "WP Fastest Cache Preload Bot"
109.54.116.154 - - [14/Jul/2026:19:47:58 +0200] "GET /assistenza-rex-electrolux-piacenza/ HTTP/2.0" 200 21828 "https://www.google.com/" "Mozilla/5.0 (Linux; Android 10; K) AppleWebKit/537.36 (KHTML, like Gecko) Chrome/150.0.0.0 Mobile Safari/537.36"
109.54.116.154 - - [14/Jul/2026:19:47:58 +0200] "GET /wp-content/uploads/elementor/css/post-14146.css?ver=1784043233 HTTP/2.0" 200 428 "https://piacenza.elettroservicegroup.it/assistenza-rex-electrolux-piacenza/" "Mozilla/5.0 (Linux; Android 10; K) AppleWebKit/537.36 (KHTML, like Gecko) Chrome/150.0.0.0 Mobile Safari/537.36"
109.54.116.154 - - [14/Jul/2026:19:47:58 +0200] "GET /wp-content/uploads/elementor/css/post-14366.css?ver=1784043235 HTTP/2.0" 200 302 "https://piacenza.elettroservicegroup.it/assistenza-rex-electrolux-piacenza/" "Mozilla/5.0 (Linux; Android 10; K) AppleWebKit/537.36 (KHTML, like Gecko) Chrome/150.0.0.0 Mobile Safari/537.36"
109.54.116.154 - - [14/Jul/2026:19:47:58 +0200] "GET /wp-content/uploads/elementor/css/post-16973.css?ver=1784050632 HTTP/2.0" 200 1998 "https://piacenza.elettroservicegroup.it/assistenza-rex-electrolux-piacenza/" "Mozilla/5.0 (Linux; Android 10; K) AppleWebKit/537.36 (KHTML, like Gecko) Chrome/150.0.0.0 Mobile Safari/537.36"
109.54.116.154 - - [14/Jul/2026:19:47:59 +0200] "GET /wp-json/complianz/v1/banner?lang=it&locale=it_IT&token=jxhmc HTTP/2.0" 200 - "https://piacenza.elettroservicegroup.it/assistenza-rex-electrolux-piacenza/" "Mozilla/5.0 (Linux; Android 10; K) AppleWebKit/537.36 (KHTML, like Gecko) Chrome/150.0.0.0 Mobile Safari/537.36"
65.108.235.243 - - [14/Jul/2026:19:48:09 +0200] "POST /wp-cron.php?doing_wp_cron=1784051289.4362120628356933593750 HTTP/1.1" 200 1 "-" "WordPress/7.0.1; https://piacenza.elettroservicegroup.it"
109.54.116.154 - - [14/Jul/2026:19:48:00 +0200] "POST /wp-json/complianz/v1/track HTTP/2.0" 200 - "https://piacenza.elettroservicegroup.it/assistenza-rex-electrolux-piacenza/" "Mozilla/5.0 (Linux; Android 10; K) AppleWebKit/537.36 (KHTML, like Gecko) Chrome/150.0.0.0 Mobile Safari/537.36"
65.108.235.243 - - [14/Jul/2026:19:48:12 +0200] "GET /assistenza-lavatrici-smeg-piacenza/ HTTP/1.1" 200 21710 "-" "WP Fastest Cache Preload Bot"
65.108.235.243 - - [14/Jul/2026:19:48:17 +0200] "GET /assistenza-lavatrici-rex-electrolux-piacenza/ HTTP/1.1" 200 21683 "-" "WP Fastest Cache Preload Bot"
65.108.235.243 - - [14/Jul/2026:19:48:21 +0200] "GET /assistenza-lavatrici-indesit-piacenza/ HTTP/1.1" 200 21709 "-" "WP Fastest Cache Preload Bot"
65.108.235.243 - - [14/Jul/2026:19:48:25 +0200] "GET /assistenza-lavatrici-bosch-piacenza/ HTTP/1.1" 200 21752 "-" "WP Fastest Cache Preload Bot"
65.108.235.243 - - [14/Jul/2026:20:24:46 +0200] "POST /wp-cron.php?doing_wp_cron=1784053486.8347089290618896484375 HTTP/1.1" 200 1 "-" "WordPress/7.0.1; https://piacenza.elettroservicegroup.it"
216.73.217.86 - - [14/Jul/2026:20:24:40 +0200] "GET /robots.txt HTTP/2.0" 200 108 "-" "Mozilla/5.0 AppleWebKit/537.36 (KHTML, like Gecko; compatible; ClaudeBot/1.0; +claudebot@anthropic.com)"
216.73.217.86 - - [14/Jul/2026:20:24:49 +0200] "GET /sitemap.xml HTTP/2.0" 200 334 "-" "Mozilla/5.0 AppleWebKit/537.36 (KHTML, like Gecko; compatible; ClaudeBot/1.0; +claudebot@anthropic.com)"
65.108.235.243 - - [14/Jul/2026:20:24:49 +0200] "POST /wp-json/complianz/v1/wsc-scan HTTP/1.1" 400 88 "-" "WordPress/7.0.1; https://piacenza.elettroservicegroup.it"
65.108.235.243 - - [14/Jul/2026:20:24:49 +0200] "GET /assistenza-lavatrici-ariston-piacenza/ HTTP/1.1" 200 21773 "-" "WP Fastest Cache Preload Bot"
65.108.235.243 - - [14/Jul/2026:20:24:50 +0200] "GET /assistenza-lavatrici-aeg-piacenza/ HTTP/1.1" 200 21778 "-" "WP Fastest Cache Preload Bot"
65.108.235.243 - - [14/Jul/2026:20:24:50 +0200] "GET /assistenza-lavatrici-piacenza/ HTTP/1.1" 200 22022 "-" "WP Fastest Cache Preload Bot"
65.108.235.243 - - [14/Jul/2026:20:24:51 +0200] "GET /assistenza-lavastoviglie-whirlpool-piacenza/ HTTP/1.1" 200 21721 "-" "WP Fastest Cache Preload Bot"
114.119.130.67 - - [14/Jul/2026:20:37:56 +0200] "GET /robots.txt HTTP/1.1" 200 11918 "https://piacenza.elettroservicegroup.it/robots.txt" "Mozilla/5.0 (compatible;PetalBot;+https://webmaster.petalsearch.com/site/petalbot)"
193.24.211.4 - - [14/Jul/2026:20:46:10 +0200] "POST /xmlrpc.php HTTP/2.0" 403 52 "-" "Mozilla/5.0 (Windows NT 10.0; Win64; x64) AppleWebKit/537.36 (KHTML, like Gecko) Chrome/124.0.0.0 Safari/537.36"
104.245.241.224 - - [14/Jul/2026:20:48:28 +0200] "POST /xmlrpc.php HTTP/2.0" 403 52 "-" "Mozilla/5.0 (Windows NT 10.0; Win64; x64; rv:133.0) Gecko/20100101 Firefox/133.0"
159.253.248.183 - - [14/Jul/2026:20:50:51 +0200] "POST /xmlrpc.php HTTP/2.0" 403 52 "-" "Mozilla/5.0 (Macintosh; Intel Mac OS X 10_15_7) AppleWebKit/605.1.15 (KHTML, like Gecko) Version/18.0 Safari/605.1.15"
94.76.142.69 - - [14/Jul/2026:20:52:38 +0200] "POST /xmlrpc.php HTTP/2.0" 403 52 "-" "Mozilla/5.0 (Macintosh; Intel Mac OS X 10_15_7) AppleWebKit/605.1.15 (KHTML, like Gecko) Version/18.0 Safari/605.1.15"
94.76.169.131 - - [14/Jul/2026:20:54:30 +0200] "POST /xmlrpc.php HTTP/2.0" 403 52 "-" "Mozilla/5.0 (Macintosh; Intel Mac OS X 10_15_7) AppleWebKit/605.1.15 (KHTML, like Gecko) Version/18.0 Safari/605.1.15"
65.108.235.243 - - [14/Jul/2026:20:56:22 +0200] "POST /wp-cron.php?doing_wp_cron=1784055382.4406778812408447265625 HTTP/1.1" 200 1 "-" "WordPress/7.0.1; https://piacenza.elettroservicegroup.it"
193.24.211.4 - - [14/Jul/2026:20:56:10 +0200] "GET /wp-login.php HTTP/2.0" 200 2750 "-" "Mozilla/5.0 (Windows NT 10.0; Win64; x64; rv:133.0) Gecko/20100101 Firefox/133.0"
65.108.235.243 - - [14/Jul/2026:20:56:26 +0200] "GET /assistenza-lavastoviglie-smeg-piacenza/ HTTP/1.1" 200 21668 "-" "WP Fastest Cache Preload Bot"
65.108.235.243 - - [14/Jul/2026:20:56:33 +0200] "GET /assistenza-lavastoviglie-rex-electrolux-piacenza/ HTTP/1.1" 200 21630 "-" "WP Fastest Cache Preload Bot"
65.108.235.243 - - [14/Jul/2026:20:56:39 +0200] "GET /assistenza-lavastoviglie-indesit-piacenza/ HTTP/1.1" 200 22131 "-" "WP Fastest Cache Preload Bot"
65.108.235.243 - - [14/Jul/2026:20:56:44 +0200] "GET /assistenza-lavastoviglie-bosch-piacenza/ HTTP/1.1" 200 22161 "-" "WP Fastest Cache Preload Bot"
65.108.235.243 - - [14/Jul/2026:21:18:41 +0200] "POST /wp-cron.php?doing_wp_cron=1784056721.0454020500183105468750 HTTP/1.1" 200 1 "-" "WordPress/7.0.1; https://piacenza.elettroservicegroup.it"
17.22.253.38 - - [14/Jul/2026:21:18:33 +0200] "GET /feed/?attachment_id=16725 HTTP/2.0" 200 470 "-" "Mozilla/5.0 (Macintosh; Intel Mac OS X 10_15_7) AppleWebKit/605.1.15 (KHTML, like Gecko) Version/17.4 Safari/605.1.15 (Applebot/0.1; +http://www.apple.com/go/applebot)"
65.108.235.243 - - [14/Jul/2026:21:18:43 +0200] "GET /assistenza-lavastoviglie-ariston-piacenza/ HTTP/1.1" 200 22096 "-" "WP Fastest Cache Preload Bot"
65.108.235.243 - - [14/Jul/2026:21:18:49 +0200] "GET /assistenza-lavastoviglie-aeg-piacenza/ HTTP/1.1" 200 22147 "-" "WP Fastest Cache Preload Bot"
65.108.235.243 - - [14/Jul/2026:21:18:53 +0200] "GET /assistenza-lavastoviglie-piacenza/ HTTP/1.1" 200 21764 "-" "WP Fastest Cache Preload Bot"
65.108.235.243 - - [14/Jul/2026:21:18:59 +0200] "GET /assistenza-indesit-piacenza/ HTTP/1.1" 200 21801 "-" "WP Fastest Cache Preload Bot"
43.157.170.126 - - [14/Jul/2026:21:49:14 +0200] "GET / HTTP/1.1" 200 23717 "http://piacenza.elettroservicegroup.it" "Mozilla/5.0 (iPhone; CPU iPhone OS 13_2_3 like Mac OS X) AppleWebKit/605.1.15 (KHTML, like Gecko) Version/13.0.3 Mobile/15E148 Safari/604.1"
65.108.235.243 - - [14/Jul/2026:21:49:14 +0200] "GET /assistenza-candy-piacenza/ HTTP/1.1" 200 21893 "-" "WP Fastest Cache Preload Bot"
65.108.235.243 - - [14/Jul/2026:21:49:17 +0200] "GET /assistenza-bosch-piacenza/ HTTP/1.1" 200 21892 "-" "WP Fastest Cache Preload Bot"
65.108.235.243 - - [14/Jul/2026:21:49:20 +0200] "GET /assistenza-ariston-piacenza/ HTTP/1.1" 200 21889 "-" "WP Fastest Cache Preload Bot"
65.108.235.243 - - [14/Jul/2026:21:49:22 +0200] "GET /assistenza-aeg-piacenza/ HTTP/1.1" 200 21891 "-" "WP Fastest Cache Preload Bot"
65.108.235.243 - - [14/Jul/2026:21:49:25 +0200] "POST /wp-json/complianz/v1/wsc-scan HTTP/1.1" 400 88 "-" "WordPress/7.0.1; https://piacenza.elettroservicegroup.it"
66.249.64.165 - - [14/Jul/2026:22:28:45 +0200] "GET /assistenza-whirlpool-piacenza/ HTTP/1.1" 200 21835 "-" "Mozilla/5.0 (compatible; Googlebot/2.1; +http://www.google.com/bot.html)"
65.108.235.243 - - [14/Jul/2026:22:39:21 +0200] "POST /wp-cron.php?doing_wp_cron=1784061561.3424770832061767578125 HTTP/1.1" 200 1 "-" "WordPress/7.0.1; https://piacenza.elettroservicegroup.it"
81.17.24.163 - - [14/Jul/2026:22:39:14 +0200] "GET /wp-login.php HTTP/2.0" 200 2750 "https://www.google.com/" "Mozilla/5.0 (Windows NT 11.0; Win64; x64) AppleWebKit/537.36 (KHTML, like Gecko) Edge/104.0.5132.0 Safari/537.36"
81.17.24.163 - - [14/Jul/2026:22:39:21 +0200] "GET /wp-includes/css/dist/base-styles/admin-schemes.min.css?ver=7.0.1 HTTP/2.0" 200 726 "https://piacenza.elettroservicegroup.it/wp-login.php" "Mozilla/5.0 (Windows NT 11.0; Win64; x64) AppleWebKit/537.36 (KHTML, like Gecko) Edge/104.0.5132.0 Safari/537.36"
81.17.24.163 - - [14/Jul/2026:22:39:21 +0200] "GET /wp-admin/css/l10n.min.css?ver=7.0.1 HTTP/2.0" 200 677 "https://piacenza.elettroservicegroup.it/wp-login.php" "Mozilla/5.0 (Windows NT 11.0; Win64; x64) AppleWebKit/537.36 (KHTML, like Gecko) Edge/104.0.5132.0 Safari/537.36"
81.17.24.163 - - [14/Jul/2026:22:39:21 +0200] "GET /wp-includes/css/buttons.min.css?ver=7.0.1 HTTP/2.0" 200 1462 "https://piacenza.elettroservicegroup.it/wp-login.php" "Mozilla/5.0 (Windows NT 11.0; Win64; x64) AppleWebKit/537.36 (KHTML, like Gecko) Edge/104.0.5132.0 Safari/537.36"
81.17.24.163 - - [14/Jul/2026:22:39:21 +0200] "GET /wp-admin/css/login.min.css?ver=7.0.1 HTTP/2.0" 200 2020 "https://piacenza.elettroservicegroup.it/wp-login.php" "Mozilla/5.0 (Windows NT 11.0; Win64; x64) AppleWebKit/537.36 (KHTML, like Gecko) Edge/104.0.5132.0 Safari/537.36"
81.17.24.163 - - [14/Jul/2026:22:39:21 +0200] "GET /wp-admin/css/forms.min.css?ver=7.0.1 HTTP/2.0" 200 6533 "https://piacenza.elettroservicegroup.it/wp-login.php" "Mozilla/5.0 (Windows NT 11.0; Win64; x64) AppleWebKit/537.36 (KHTML, like Gecko) Edge/104.0.5132.0 Safari/537.36"
81.17.24.163 - - [14/Jul/2026:22:39:21 +0200] "GET /wp-includes/css/dashicons.min.css?ver=7.0.1 HTTP/2.0" 200 35100 "https://piacenza.elettroservicegroup.it/wp-login.php" "Mozilla/5.0 (Windows NT 11.0; Win64; x64) AppleWebKit/537.36 (KHTML, like Gecko) Edge/104.0.5132.0 Safari/537.36"
81.17.24.163 - - [14/Jul/2026:22:39:21 +0200] "GET /wp-includes/js/zxcvbn-async.min.js?ver=1.0 HTTP/2.0" 200 188 "https://piacenza.elettroservicegroup.it/wp-login.php" "Mozilla/5.0 (Windows NT 11.0; Win64; x64) AppleWebKit/537.36 (KHTML, like Gecko) Edge/104.0.5132.0 Safari/537.36"
81.17.24.163 - - [14/Jul/2026:22:39:21 +0200] "GET /wp-includes/js/dist/i18n.min.js?ver=781d11515ad3d91786ec HTTP/2.0" 200 2357 "https://piacenza.elettroservicegroup.it/wp-login.php" "Mozilla/5.0 (Windows NT 11.0; Win64; x64) AppleWebKit/537.36 (KHTML, like Gecko) Edge/104.0.5132.0 Safari/537.36"
81.17.24.163 - - [14/Jul/2026:22:39:21 +0200] "GET /wp-includes/js/dist/hooks.min.js?ver=7496969728ca0f95732d HTTP/2.0" 200 1734 "https://piacenza.elettroservicegroup.it/wp-login.php" "Mozilla/5.0 (Windows NT 11.0; Win64; x64) AppleWebKit/537.36 (KHTML, like Gecko) Edge/104.0.5132.0 Safari/537.36"
81.17.24.163 - - [14/Jul/2026:22:39:21 +0200] "GET /wp-includes/js/underscore.min.js?ver=1.13.8 HTTP/2.0" 200 7243 "https://piacenza.elettroservicegroup.it/wp-login.php" "Mozilla/5.0 (Windows NT 11.0; Win64; x64) AppleWebKit/537.36 (KHTML, like Gecko) Edge/104.0.5132.0 Safari/537.36"
81.17.24.163 - - [14/Jul/2026:22:39:21 +0200] "GET /wp-includes/js/jquery/jquery-migrate.min.js?ver=3.4.1 HTTP/2.0" 200 4685 "https://piacenza.elettroservicegroup.it/wp-login.php" "Mozilla/5.0 (Windows NT 11.0; Win64; x64) AppleWebKit/537.36 (KHTML, like Gecko) Edge/104.0.5132.0 Safari/537.36"
81.17.24.163 - - [14/Jul/2026:22:39:21 +0200] "GET /wp-includes/js/dist/dom-ready.min.js?ver=a06281ae5cf5500e9317 HTTP/2.0" 200 421 "https://piacenza.elettroservicegroup.it/wp-login.php" "Mozilla/5.0 (Windows NT 11.0; Win64; x64) AppleWebKit/537.36 (KHTML, like Gecko) Edge/104.0.5132.0 Safari/537.36"
81.17.24.163 - - [14/Jul/2026:22:39:21 +0200] "GET /wp-includes/js/wp-util.min.js?ver=7.0.1 HTTP/2.0" 200 693 "https://piacenza.elettroservicegroup.it/wp-login.php" "Mozilla/5.0 (Windows NT 11.0; Win64; x64) AppleWebKit/537.36 (KHTML, like Gecko) Edge/104.0.5132.0 Safari/537.36"
81.17.24.163 - - [14/Jul/2026:22:39:21 +0200] "GET /wp-includes/js/clipboard.min.js?ver=2.0.11 HTTP/2.0" 200 2997 "https://piacenza.elettroservicegroup.it/wp-login.php" "Mozilla/5.0 (Windows NT 11.0; Win64; x64) AppleWebKit/537.36 (KHTML, like Gecko) Edge/104.0.5132.0 Safari/537.36"
81.17.24.163 - - [14/Jul/2026:22:39:21 +0200] "GET /wp-includes/js/dist/a11y.min.js?ver=af934e5259bc51b8718e HTTP/2.0" 200 937 "https://piacenza.elettroservicegroup.it/wp-login.php" "Mozilla/5.0 (Windows NT 11.0; Win64; x64) AppleWebKit/537.36 (KHTML, like Gecko) Edge/104.0.5132.0 Safari/537.36"
81.17.24.163 - - [14/Jul/2026:22:39:21 +0200] "GET /wp-admin/js/password-strength-meter.min.js?ver=7.0.1 HTTP/2.0" 200 560 "https://piacenza.elettroservicegroup.it/wp-login.php" "Mozilla/5.0 (Windows NT 11.0; Win64; x64) AppleWebKit/537.36 (KHTML, like Gecko) Edge/104.0.5132.0 Safari/537.36"
81.17.24.163 - - [14/Jul/2026:22:39:21 +0200] "GET /wp-admin/js/user-profile.min.js?ver=7.0.1 HTTP/2.0" 200 2891 "https://piacenza.elettroservicegroup.it/wp-login.php" "Mozilla/5.0 (Windows NT 11.0; Win64; x64) AppleWebKit/537.36 (KHTML, like Gecko) Edge/104.0.5132.0 Safari/537.36"
81.17.24.163 - - [14/Jul/2026:22:39:21 +0200] "GET /wp-includes/js/jquery/jquery.min.js?ver=3.7.1 HTTP/2.0" 200 29769 "https://piacenza.elettroservicegroup.it/wp-login.php" "Mozilla/5.0 (Windows NT 11.0; Win64; x64) AppleWebKit/537.36 (KHTML, like Gecko) Edge/104.0.5132.0 Safari/537.36"
81.17.24.163 - - [14/Jul/2026:22:39:22 +0200] "GET /wp-admin/images/wordpress-logo-gray.svg?ver=20260303 HTTP/2.0" 200 765 "https://piacenza.elettroservicegroup.it/wp-admin/css/login.min.css?ver=7.0.1" "Mozilla/5.0 (Windows NT 11.0; Win64; x64) AppleWebKit/537.36 (KHTML, like Gecko) Edge/104.0.5132.0 Safari/537.36"
81.17.24.163 - - [14/Jul/2026:22:39:22 +0200] "GET /wp-content/uploads/2021/10/cropped-cropped-cropped-cropped-logo_white_background-32x32.png HTTP/2.0" 200 716 "https://piacenza.elettroservicegroup.it/wp-login.php" "Mozilla/5.0 (Windows NT 11.0; Win64; x64) AppleWebKit/537.36 (KHTML, like Gecko) Edge/104.0.5132.0 Safari/537.36"
81.17.24.163 - - [14/Jul/2026:22:39:22 +0200] "GET /wp-includes/js/zxcvbn.min.js HTTP/2.0" 200 387992 "https://piacenza.elettroservicegroup.it/wp-login.php" "Mozilla/5.0 (Windows NT 11.0; Win64; x64) AppleWebKit/537.36 (KHTML, like Gecko) Edge/104.0.5132.0 Safari/537.36"
65.108.235.243 - - [14/Jul/2026:22:39:23 +0200] "GET /cookie-policy/ HTTP/1.1" 200 18023 "-" "WP Fastest Cache Preload Bot"
65.108.235.243 - - [14/Jul/2026:22:39:26 +0200] "GET /termini-e-condizioni/ HTTP/1.1" 200 17586 "-" "WP Fastest Cache Preload Bot"
65.108.235.243 - - [14/Jul/2026:22:39:28 +0200] "GET /cookie-policy-ue/ HTTP/1.1" 200 19436 "-" "WP Fastest Cache Preload Bot"
65.108.235.243 - - [14/Jul/2026:22:39:31 +0200] "GET /informativa-privacy/ HTTP/1.1" 200 19825 "-" "WP Fastest Cache Preload Bot"
65.108.235.243 - - [14/Jul/2026:22:39:35 +0200] "POST /wp-admin/admin-ajax.php?action=wordfence_testAjax HTTP/1.1" 200 16 "-" "WordPress/7.0.1; https://piacenza.elettroservicegroup.it"
65.108.235.243 - - [14/Jul/2026:22:39:37 +0200] "GET /wp-admin/admin-ajax.php?action=wordfence_doScan&isFork=0&scanMode=quick&cronKey=59381b95eb39d70a5d4e0258bec22e10&signature=45e99f5dad56696b9763009a9f3da28b72a4d99a31a820ee946c8edd86b6516e HTTP/1.1" 200 1 "-" "WordPress/7.0.1; https://piacenza.elettroservicegroup.it"
65.108.235.243 - - [14/Jul/2026:22:39:41 +0200] "POST /wp-cron.php?doing_wp_cron=1784061581.0360679626464843750000 HTTP/1.1" 200 1 "-" "WordPress/7.0.1; https://piacenza.elettroservicegroup.it"
81.17.24.163 - - [14/Jul/2026:22:39:39 +0200] "POST /wp-login.php HTTP/2.0" 200 2873 "https://piacenza.elettroservicegroup.it/wp-login.php" "Mozilla/5.0 (Windows NT 11.0; Win64; x64) AppleWebKit/537.36 (KHTML, like Gecko) Edge/104.0.5132.0 Safari/537.36"
65.108.235.243 - - [14/Jul/2026:22:39:42 +0200] "GET /assistenza-frigoriferi/ HTTP/1.1" 200 19893 "-" "WP Fastest Cache Preload Bot"
65.108.235.243 - - [14/Jul/2026:22:39:44 +0200] "GET /assistenza-lavastoviglie/ HTTP/1.1" 200 19950 "-" "WP Fastest Cache Preload Bot"
65.108.235.243 - - [14/Jul/2026:22:39:47 +0200] "GET /assistenza-asciugatrici/ HTTP/1.1" 200 19703 "-" "WP Fastest Cache Preload Bot"
65.108.235.243 - - [14/Jul/2026:22:39:51 +0200] "GET /assistenza-lavatrici/ HTTP/1.1" 200 19451 "-" "WP Fastest Cache Preload Bot"
65.108.235.243 - - [14/Jul/2026:22:40:20 +0200] "POST /wp-cron.php?doing_wp_cron=1784061620.1383399963378906250000 HTTP/1.1" 200 1 "-" "WordPress/7.0.1; https://piacenza.elettroservicegroup.it"
81.17.24.163 - - [14/Jul/2026:22:40:18 +0200] "GET /wp-login.php HTTP/2.0" 200 2750 "https://www.google.com/" "Mozilla/5.0 (Windows NT 11.0; Win64; x64) AppleWebKit/537.36 (KHTML, like Gecko) Edge/104.0.5132.0 Safari/537.36"
65.108.235.243 - - [14/Jul/2026:22:40:38 +0200] "POST /wp-cron.php?doing_wp_cron=1784061638.1356420516967773437500 HTTP/1.1" 200 1 "-" "WordPress/7.0.1; https://piacenza.elettroservicegroup.it"
81.17.24.163 - - [14/Jul/2026:22:40:36 +0200] "POST /wp-login.php HTTP/2.0" 200 2873 "https://piacenza.elettroservicegroup.it/wp-login.php" "Mozilla/5.0 (Windows NT 11.0; Win64; x64) AppleWebKit/537.36 (KHTML, like Gecko) Edge/104.0.5132.0 Safari/537.36"
65.108.235.243 - - [14/Jul/2026:23:07:49 +0200] "POST /wp-cron.php?doing_wp_cron=1784063269.0437150001525878906250 HTTP/1.1" 200 1 "-" "WordPress/7.0.1; https://piacenza.elettroservicegroup.it"
111.225.148.142 - - [14/Jul/2026:23:07:35 +0200] "GET / HTTP/2.0" 403 21905 "-" "Mozilla/5.0 (Linux; Android 5.0) AppleWebKit/537.36 (KHTML, like Gecko) Mobile Safari/537.36 (compatible; Bytespider; https://zhanzhang.toutiao.com/)"
111.225.148.142 - - [14/Jul/2026:23:07:50 +0200] "GET /wp-content/plugins/all-in-one-seo-pack/dist/Lite/assets/css/table-of-contents/global.e90f6d47.css?ver=4.9.10 HTTP/2.0" 404 17597 "https://piacenza.elettroservicegroup.it/" "Mozilla/5.0 (Linux; Android 5.0) AppleWebKit/537.36 (KHTML, like Gecko) Mobile Safari/537.36 (compatible; Bytespider; https://zhanzhang.toutiao.com/)"
111.225.148.142 - - [14/Jul/2026:23:07:50 +0200] "GET /wp-content/plugins/header-footer-elementor/inc/widgets-css/frontend.css?ver=2.9.1 HTTP/2.0" 404 17581 "https://piacenza.elettroservicegroup.it/" "Mozilla/5.0 (Linux; Android 5.0) AppleWebKit/537.36 (KHTML, like Gecko) Mobile Safari/537.36 (compatible; Bytespider; https://zhanzhang.toutiao.com/)"
111.225.148.142 - - [14/Jul/2026:23:07:50 +0200] "GET /wp-content/plugins/complianz-gdpr-premium/assets/css/cookieblocker.min.css?ver=1783097778 HTTP/2.0" 404 17590 "https://piacenza.elettroservicegroup.it/" "Mozilla/5.0 (Linux; Android 5.0) AppleWebKit/537.36 (KHTML, like Gecko) Mobile Safari/537.36 (compatible; Bytespider; https://zhanzhang.toutiao.com/)"
111.225.148.142 - - [14/Jul/2026:23:07:50 +0200] "GET /wp-content/plugins/gp-premium/menu-plus/functions/css/navigation-branding-flex.min.css?ver=2.5.5 HTTP/2.0" 507 - "https://piacenza.elettroservicegroup.it/" "Mozilla/5.0 (Linux; Android 5.0) AppleWebKit/537.36 (KHTML, like Gecko) Mobile Safari/537.36 (compatible; Bytespider; https://zhanzhang.toutiao.com/)"
111.225.148.142 - - [14/Jul/2026:23:07:50 +0200] "GET /wp-content/plugins/elementor/assets/lib/font-awesome/css/fontawesome.css?ver=5.15.3 HTTP/2.0" 507 - "https://piacenza.elettroservicegroup.it/" "Mozilla/5.0 (Linux; Android 5.0) AppleWebKit/537.36 (KHTML, like Gecko) Mobile Safari/537.36 (compatible; Bytespider; https://zhanzhang.toutiao.com/)"
111.225.148.142 - - [14/Jul/2026:23:07:50 +0200] "GET /wp-content/uploads/elementor/css/post-14227.css?ver=1784044394 HTTP/2.0" 507 - "https://piacenza.elettroservicegroup.it/" "Mozilla/5.0 (Linux; Android 5.0) AppleWebKit/537.36 (KHTML, like Gecko) Mobile Safari/537.36 (compatible; Bytespider; https://zhanzhang.toutiao.com/)"
111.225.148.142 - - [14/Jul/2026:23:07:50 +0200] "GET /wp-content/plugins/elementor/assets/css/widget-image.min.css?ver=4.1.4 HTTP/2.0" 507 - "https://piacenza.elettroservicegroup.it/" "Mozilla/5.0 (Linux; Android 5.0) AppleWebKit/537.36 (KHTML, like Gecko) Mobile Safari/537.36 (compatible; Bytespider; https://zhanzhang.toutiao.com/)"
111.225.148.142 - - [14/Jul/2026:23:07:50 +0200] "GET /wp-content/plugins/elementor/assets/lib/eicons/css/elementor-icons.min.css?ver=5.34.0 HTTP/2.0" 507 - "https://piacenza.elettroservicegroup.it/" "Mozilla/5.0 (Linux; Android 5.0) AppleWebKit/537.36 (KHTML, like Gecko) Mobile Safari/537.36 (compatible; Bytespider; https://zhanzhang.toutiao.com/)"
111.225.148.142 - - [14/Jul/2026:23:07:50 +0200] "GET /wp-content/uploads/elementor/google-fonts/css/robotoslab.css?ver=1742277607 HTTP/2.0" 507 - "https://piacenza.elettroservicegroup.it/" "Mozilla/5.0 (Linux; Android 5.0) AppleWebKit/537.36 (KHTML, like Gecko) Mobile Safari/537.36 (compatible; Bytespider; https://zhanzhang.toutiao.com/)"
111.225.148.142 - - [14/Jul/2026:23:07:50 +0200] "GET /wp-content/uploads/elementor/google-fonts/css/roboto.css?ver=1742277605 HTTP/2.0" 507 - "https://piacenza.elettroservicegroup.it/" "Mozilla/5.0 (Linux; Android 5.0) AppleWebKit/537.36 (KHTML, like Gecko) Mobile Safari/537.36 (compatible; Bytespider; https://zhanzhang.toutiao.com/)"
111.225.148.142 - - [14/Jul/2026:23:07:50 +0200] "GET /wp-content/uploads/elementor/css/post-14146.css?ver=1784043233 HTTP/2.0" 404 17575 "https://piacenza.elettroservicegroup.it/" "Mozilla/5.0 (Linux; Android 5.0) AppleWebKit/537.36 (KHTML, like Gecko) Mobile Safari/537.36 (compatible; Bytespider; https://zhanzhang.toutiao.com/)"
111.225.148.142 - - [14/Jul/2026:23:07:50 +0200] "GET /wp-content/plugins/elementor/assets/lib/font-awesome/css/regular.min.css?ver=5.15.3 HTTP/2.0" 507 - "https://piacenza.elettroservicegroup.it/" "Mozilla/5.0 (Linux; Android 5.0) AppleWebKit/537.36 (KHTML, like Gecko) Mobile Safari/537.36 (compatible; Bytespider; https://zhanzhang.toutiao.com/)"
111.225.148.142 - - [14/Jul/2026:23:07:50 +0200] "GET /wp-includes/js/jquery/jquery.min.js?ver=3.7.1 HTTP/2.0" 507 - "https://piacenza.elettroservicegroup.it/" "Mozilla/5.0 (Linux; Android 5.0) AppleWebKit/537.36 (KHTML, like Gecko) Mobile Safari/537.36 (compatible; Bytespider; https://zhanzhang.toutiao.com/)"
111.225.148.142 - - [14/Jul/2026:23:07:50 +0200] "GET /wp-content/plugins/elementor/assets/lib/font-awesome/css/solid.min.css?ver=5.15.3 HTTP/2.0" 507 - "https://piacenza.elettroservicegroup.it/" "Mozilla/5.0 (Linux; Android 5.0) AppleWebKit/537.36 (KHTML, like Gecko) Mobile Safari/537.36 (compatible; Bytespider; https://zhanzhang.toutiao.com/)"
111.225.148.142 - - [14/Jul/2026:23:07:50 +0200] "GET /wp-includes/js/jquery/jquery-migrate.min.js?ver=3.4.1 HTTP/2.0" 507 - "https://piacenza.elettroservicegroup.it/" "Mozilla/5.0 (Linux; Android 5.0) AppleWebKit/537.36 (KHTML, like Gecko) Mobile Safari/537.36 (compatible; Bytespider; https://zhanzhang.toutiao.com/)"
111.225.148.142 - - [14/Jul/2026:23:07:50 +0200] "GET /wp-content/plugins/gp-premium/menu-plus/functions/js/sticky.min.js?ver=2.5.5 HTTP/2.0" 507 - "https://piacenza.elettroservicegroup.it/" "Mozilla/5.0 (Linux; Android 5.0) AppleWebKit/537.36 (KHTML, like Gecko) Mobile Safari/537.36 (compatible; Bytespider; https://zhanzhang.toutiao.com/)"
111.225.148.142 - - [14/Jul/2026:23:07:50 +0200] "GET /wp-content/plugins/elementor/assets/lib/font-awesome/js/v4-shims.min.js?ver=4.1.4 HTTP/2.0" 507 - "https://piacenza.elettroservicegroup.it/" "Mozilla/5.0 (Linux; Android 5.0) AppleWebKit/537.36 (KHTML, like Gecko) Mobile Safari/537.36 (compatible; Bytespider; https://zhanzhang.toutiao.com/)"
111.225.148.142 - - [14/Jul/2026:23:07:50 +0200] "GET /wp-content/plugins/elementor/assets/lib/font-awesome/css/fontawesome.min.css?ver=5.15.3 HTTP/2.0" 507 - "https://piacenza.elettroservicegroup.it/" "Mozilla/5.0 (Linux; Android 5.0) AppleWebKit/537.36 (KHTML, like Gecko) Mobile Safari/537.36 (compatible; Bytespider; https://zhanzhang.toutiao.com/)"
111.225.148.142 - - [14/Jul/2026:23:07:50 +0200] "GET /wp-content/uploads/2021/10/cropped-cropped-cropped-logo_white_background.png HTTP/2.0" 507 - "https://piacenza.elettroservicegroup.it/" "Mozilla/5.0 (Linux; Android 5.0) AppleWebKit/537.36 (KHTML, like Gecko) Mobile Safari/537.36 (compatible; Bytespider; https://zhanzhang.toutiao.com/)"
111.225.148.142 - - [14/Jul/2026:23:07:50 +0200] "GET /wp-content/uploads/2022/01/TECNICO-ELETTRODOMESTICI-2.jpg HTTP/2.0" 507 - "https://piacenza.elettroservicegroup.it/" "Mozilla/5.0 (Linux; Android 5.0) AppleWebKit/537.36 (KHTML, like Gecko) Mobile Safari/537.36 (compatible; Bytespider; https://zhanzhang.toutiao.com/)"
111.225.148.142 - - [14/Jul/2026:23:07:50 +0200] "GET /wp-content/plugins/elementor/assets/lib/font-awesome/css/all.min.css?ver=4.1.4 HTTP/2.0" 404 17594 "https://piacenza.elettroservicegroup.it/" "Mozilla/5.0 (Linux; Android 5.0) AppleWebKit/537.36 (KHTML, like Gecko) Mobile Safari/537.36 (compatible; Bytespider; https://zhanzhang.toutiao.com/)"
111.225.148.142 - - [14/Jul/2026:23:07:50 +0200] "GET /wp-content/plugins/elementor/assets/lib/font-awesome/css/v4-shims.min.css?ver=4.1.4 HTTP/2.0" 404 17595 "https://piacenza.elettroservicegroup.it/" "Mozilla/5.0 (Linux; Android 5.0) AppleWebKit/537.36 (KHTML, like Gecko) Mobile Safari/537.36 (compatible; Bytespider; https://zhanzhang.toutiao.com/)"
111.225.148.142 - - [14/Jul/2026:23:07:50 +0200] "GET /wp-content/plugins/elementor/assets/css/widget-spacer.min.css?ver=4.1.4 HTTP/2.0" 404 17591 "https://piacenza.elettroservicegroup.it/" "Mozilla/5.0 (Linux; Android 5.0) AppleWebKit/537.36 (KHTML, like Gecko) Mobile Safari/537.36 (compatible; Bytespider; https://zhanzhang.toutiao.com/)"
111.225.148.142 - - [14/Jul/2026:23:07:50 +0200] "GET /wp-content/plugins/header-footer-elementor/assets/css/header-footer-elementor.css?ver=2.9.1 HTTP/2.0" 404 17584 "https://piacenza.elettroservicegroup.it/" "Mozilla/5.0 (Linux; Android 5.0) AppleWebKit/537.36 (KHTML, like Gecko) Mobile Safari/537.36 (compatible; Bytespider; https://zhanzhang.toutiao.com/)"
111.225.148.142 - - [14/Jul/2026:23:07:50 +0200] "GET /wp-content/plugins/elementor/assets/lib/eicons/css/elementor-icons.min.css?ver=5.50.0 HTTP/2.0" 404 17591 "https://piacenza.elettroservicegroup.it/" "Mozilla/5.0 (Linux; Android 5.0) AppleWebKit/537.36 (KHTML, like Gecko) Mobile Safari/537.36 (compatible; Bytespider; https://zhanzhang.toutiao.com/)"
111.225.148.142 - - [14/Jul/2026:23:07:50 +0200] "GET /wp-content/plugins/elementor/assets/css/widget-heading.min.css?ver=4.1.4 HTTP/2.0" 404 17589 "https://piacenza.elettroservicegroup.it/" "Mozilla/5.0 (Linux; Android 5.0) AppleWebKit/537.36 (KHTML, like Gecko) Mobile Safari/537.36 (compatible; Bytespider; https://zhanzhang.toutiao.com/)"
111.225.148.142 - - [14/Jul/2026:23:07:50 +0200] "GET /wp-content/plugins/elementor/assets/lib/animations/styles/zoomIn.min.css?ver=4.1.4 HTTP/2.0" 404 17599 "https://piacenza.elettroservicegroup.it/" "Mozilla/5.0 (Linux; Android 5.0) AppleWebKit/537.36 (KHTML, like Gecko) Mobile Safari/537.36 (compatible; Bytespider; https://zhanzhang.toutiao.com/)"
111.225.148.142 - - [14/Jul/2026:23:07:50 +0200] "GET /wp-content/plugins/elementor/assets/css/frontend.min.css?ver=4.1.4 HTTP/2.0" 404 17578 "https://piacenza.elettroservicegroup.it/" "Mozilla/5.0 (Linux; Android 5.0) AppleWebKit/537.36 (KHTML, like Gecko) Mobile Safari/537.36 (compatible; Bytespider; https://zhanzhang.toutiao.com/)"
65.108.235.243 - - [14/Jul/2026:23:07:55 +0200] "POST /wp-json/complianz/v1/wsc-scan HTTP/1.1" 400 88 "-" "WordPress/7.0.1; https://piacenza.elettroservicegroup.it"
111.225.148.142 - - [14/Jul/2026:23:07:50 +0200] "GET /wp-content/plugins/elementor/assets/lib/font-awesome/css/solid.css?ver=5.15.3 HTTP/2.0" 404 17589 "https://piacenza.elettroservicegroup.it/" "Mozilla/5.0 (Linux; Android 5.0) AppleWebKit/537.36 (KHTML, like Gecko) Mobile Safari/537.36 (compatible; Bytespider; https://zhanzhang.toutiao.com/)"
111.225.148.142 - - [14/Jul/2026:23:07:50 +0200] "GET /wp-content/plugins/elementor/assets/css/widget-icon-list.min.css?ver=3.24.3 HTTP/2.0" 404 17586 "https://piacenza.elettroservicegroup.it/" "Mozilla/5.0 (Linux; Android 5.0) AppleWebKit/537.36 (KHTML, like Gecko) Mobile Safari/537.36 (compatible; Bytespider; https://zhanzhang.toutiao.com/)"
111.225.148.142 - - [14/Jul/2026:23:07:50 +0200] "GET /wp-content/uploads/elementor/css/post-14366.css?ver=1784043235 HTTP/2.0" 404 17578 "https://piacenza.elettroservicegroup.it/" "Mozilla/5.0 (Linux; Android 5.0) AppleWebKit/537.36 (KHTML, like Gecko) Mobile Safari/537.36 (compatible; Bytespider; https://zhanzhang.toutiao.com/)"
111.225.148.142 - - [14/Jul/2026:23:07:50 +0200] "GET /wp-content/plugins/elementor/assets/css/widget-social-icons.min.css?ver=3.24.0 HTTP/2.0" 404 17585 "https://piacenza.elettroservicegroup.it/" "Mozilla/5.0 (Linux; Android 5.0) AppleWebKit/537.36 (KHTML, like Gecko) Mobile Safari/537.36 (compatible; Bytespider; https://zhanzhang.toutiao.com/)"
111.225.148.142 - - [14/Jul/2026:23:07:50 +0200] "GET /wp-content/themes/generatepress/assets/css/main.min.css?ver=3.6.1 HTTP/2.0" 404 17583 "https://piacenza.elettroservicegroup.it/" "Mozilla/5.0 (Linux; Android 5.0) AppleWebKit/537.36 (KHTML, like Gecko) Mobile Safari/537.36 (compatible; Bytespider; https://zhanzhang.toutiao.com/)"
111.225.148.142 - - [14/Jul/2026:23:07:50 +0200] "GET /wp-content/plugins/elementor/assets/lib/font-awesome/css/brands.css?ver=5.15.3 HTTP/2.0" 404 17591 "https://piacenza.elettroservicegroup.it/" "Mozilla/5.0 (Linux; Android 5.0) AppleWebKit/537.36 (KHTML, like Gecko) Mobile Safari/537.36 (compatible; Bytespider; https://zhanzhang.toutiao.com/)"
111.225.148.142 - - [14/Jul/2026:23:07:50 +0200] "GET /wp-content/plugins/elementor/assets/css/widget-google_maps.min.css?ver=4.1.4 HTTP/2.0" 404 17592 "https://piacenza.elettroservicegroup.it/" "Mozilla/5.0 (Linux; Android 5.0) AppleWebKit/537.36 (KHTML, like Gecko) Mobile Safari/537.36 (compatible; Bytespider; https://zhanzhang.toutiao.com/)"
111.225.148.142 - - [14/Jul/2026:23:07:57 +0200] "GET /wp-content/plugins/elementor/assets/js/webpack.runtime.min.js?ver=4.1.4 HTTP/2.0" 404 17583 "https://piacenza.elettroservicegroup.it/" "Mozilla/5.0 (Linux; Android 5.0) AppleWebKit/537.36 (KHTML, like Gecko) Mobile Safari/537.36 (compatible; Bytespider; https://zhanzhang.toutiao.com/)"
111.225.148.142 - - [14/Jul/2026:23:07:57 +0200] "GET /wp-content/plugins/elementor/assets/js/frontend-modules.min.js?ver=4.1.4 HTTP/2.0" 404 17583 "https://piacenza.elettroservicegroup.it/" "Mozilla/5.0 (Linux; Android 5.0) AppleWebKit/537.36 (KHTML, like Gecko) Mobile Safari/537.36 (compatible; Bytespider; https://zhanzhang.toutiao.com/)"
111.225.148.142 - - [14/Jul/2026:23:07:50 +0200] "GET /wp-content/plugins/elementor/assets/lib/animations/styles/bounceIn.min.css?ver=4.1.4 HTTP/2.0" 404 17602 "https://piacenza.elettroservicegroup.it/" "Mozilla/5.0 (Linux; Android 5.0) AppleWebKit/537.36 (KHTML, like Gecko) Mobile Safari/537.36 (compatible; Bytespider; https://zhanzhang.toutiao.com/)"
65.108.235.243 - - [14/Jul/2026:23:08:00 +0200] "GET / HTTP/1.1" 200 21819 "-" "WP Fastest Cache Preload Bot"
111.225.148.142 - - [14/Jul/2026:23:08:03 +0200] "GET /wp-content/themes/generatepress/assets/js/back-to-top.min.js?ver=3.6.1 HTTP/2.0" 404 17592 "https://piacenza.elettroservicegroup.it/" "Mozilla/5.0 (Linux; Android 5.0) AppleWebKit/537.36 (KHTML, like Gecko) Mobile Safari/537.36 (compatible; Bytespider; https://zhanzhang.toutiao.com/)"
111.225.148.142 - - [14/Jul/2026:23:08:02 +0200] "GET /wp-includes/js/jquery/ui/core.min.js?ver=1.13.3 HTTP/2.0" 404 17582 "https://piacenza.elettroservicegroup.it/" "Mozilla/5.0 (Linux; Android 5.0) AppleWebKit/537.36 (KHTML, like Gecko) Mobile Safari/537.36 (compatible; Bytespider; https://zhanzhang.toutiao.com/)"
111.225.148.142 - - [14/Jul/2026:23:08:03 +0200] "GET /wp-content/uploads/2021/11/Frigorifero-combinato-768x560.jpg HTTP/2.0" 404 85324 "https://piacenza.elettroservicegroup.it/" "Mozilla/5.0 (Linux; Android 5.0) AppleWebKit/537.36 (KHTML, like Gecko) Mobile Safari/537.36 (compatible; Bytespider; https://zhanzhang.toutiao.com/)"
111.225.148.142 - - [14/Jul/2026:23:08:03 +0200] "GET /wp-content/themes/generatepress/assets/js/menu.min.js?ver=3.6.1 HTTP/2.0" 404 17587 "https://piacenza.elettroservicegroup.it/" "Mozilla/5.0 (Linux; Android 5.0) AppleWebKit/537.36 (KHTML, like Gecko) Mobile Safari/537.36 (compatible; Bytespider; https://zhanzhang.toutiao.com/)"
111.225.148.142 - - [14/Jul/2026:23:08:03 +0200] "GET /wp-content/plugins/elementor/assets/js/frontend.min.js?ver=4.1.4 HTTP/2.0" 404 17584 "https://piacenza.elettroservicegroup.it/" "Mozilla/5.0 (Linux; Android 5.0) AppleWebKit/537.36 (KHTML, like Gecko) Mobile Safari/537.36 (compatible; Bytespider; https://zhanzhang.toutiao.com/)"
111.225.148.142 - - [14/Jul/2026:23:08:03 +0200] "GET /wp-content/uploads/2021/10/cropped-cropped-cropped-logo_white_background.png HTTP/2.0" 404 85420 "https://piacenza.elettroservicegroup.it/" "Mozilla/5.0 (Linux; Android 5.0) AppleWebKit/537.36 (KHTML, like Gecko) Mobile Safari/537.36 (compatible; Bytespider; https://zhanzhang.toutiao.com/)"
111.225.148.142 - - [14/Jul/2026:23:08:03 +0200] "GET /wp-content/plugins/complianz-gdpr-premium/cookiebanner/js/complianz.min.js?ver=1783097777 HTTP/2.0" 404 17585 "https://piacenza.elettroservicegroup.it/" "Mozilla/5.0 (Linux; Android 5.0) AppleWebKit/537.36 (KHTML, like Gecko) Mobile Safari/537.36 (compatible; Bytespider; https://zhanzhang.toutiao.com/)"
111.225.148.142 - - [14/Jul/2026:23:08:03 +0200] "GET /wp-content/uploads/2021/10/copertina-washing-machine-2668472_1920-768x512.jpg HTTP/2.0" 404 85426 "https://piacenza.elettroservicegroup.it/" "Mozilla/5.0 (Linux; Android 5.0) AppleWebKit/537.36 (KHTML, like Gecko) Mobile Safari/537.36 (compatible; Bytespider; https://zhanzhang.toutiao.com/)"
111.225.148.142 - - [14/Jul/2026:23:08:03 +0200] "GET /wp-content/uploads/2021/10/asko-e1634463631713-768x506.jpg HTTP/2.0" 404 85312 "https://piacenza.elettroservicegroup.it/" "Mozilla/5.0 (Linux; Android 5.0) AppleWebKit/537.36 (KHTML, like Gecko) Mobile Safari/537.36 (compatible; Bytespider; https://zhanzhang.toutiao.com/)"
111.225.148.142 - - [14/Jul/2026:23:08:03 +0200] "GET /wp-content/uploads/2022/01/copertina-Riparazione_Lavastoviglie-1-12.jpg HTTP/2.0" 404 85390 "https://piacenza.elettroservicegroup.it/" "Mozilla/5.0 (Linux; Android 5.0) AppleWebKit/537.36 (KHTML, like Gecko) Mobile Safari/537.36 (compatible; Bytespider; https://zhanzhang.toutiao.com/)"
111.225.148.142 - - [14/Jul/2026:23:08:09 +0200] "GET /wp-content/uploads/2022/01/TECNICO-FRIGO-2-1-300x197.jpg HTTP/2.0" 404 - "https://piacenza.elettroservicegroup.it/" "Mozilla/5.0 (Linux; Android 5.0) AppleWebKit/537.36 (KHTML, like Gecko) Mobile Safari/537.36 (compatible; Bytespider; https://zhanzhang.toutiao.com/)"
65.108.235.243 - - [14/Jul/2026:23:08:12 +0200] "POST /wp-cron.php?doing_wp_cron=1784063292.4409151077270507812500 HTTP/1.1" 200 1 "-" "WordPress/7.0.1; https://piacenza.elettroservicegroup.it"
111.225.148.142 - - [14/Jul/2026:23:08:09 +0200] "GET /wp-content/uploads/2022/01/forno-c-768x512.jpg HTTP/2.0" 404 - "https://piacenza.elettroservicegroup.it/" "Mozilla/5.0 (Linux; Android 5.0) AppleWebKit/537.36 (KHTML, like Gecko) Mobile Safari/537.36 (compatible; Bytespider; https://zhanzhang.toutiao.com/)"
65.108.235.243 - - [14/Jul/2026:23:09:25 +0200] "POST /wp-cron.php?doing_wp_cron=1784063365.4290380477905273437500 HTTP/1.1" 200 1 "-" "WordPress/7.0.1; https://piacenza.elettroservicegroup.it"
111.225.148.222 - - [14/Jul/2026:23:09:14 +0200] "GET /wp-content/uploads/2022/10/COPERTINA-6-300x150.png HTTP/2.0" 404 16285 "-" "Mozilla/5.0 (Linux; Android 5.0) AppleWebKit/537.36 (KHTML, like Gecko) Mobile Safari/537.36 (compatible; Bytespider; https://zhanzhang.toutiao.com/)"
111.225.148.222 - - [14/Jul/2026:23:09:26 +0200] "GET /wp-content/plugins/header-footer-elementor/assets/css/header-footer-elementor.css?ver=2.9.1 HTTP/2.0" 404 17584 "https://piacenza.elettroservicegroup.it/wp-content/uploads/2022/10/COPERTINA-6-300x150.png" "Mozilla/5.0 (Linux; Android 5.0) AppleWebKit/537.36 (KHTML, like Gecko) Mobile Safari/537.36 (compatible; Bytespider; https://zhanzhang.toutiao.com/)"
111.225.148.222 - - [14/Jul/2026:23:09:26 +0200] "GET /wp-content/plugins/elementor/assets/css/frontend.min.css?ver=4.1.4 HTTP/2.0" 404 17578 "https://piacenza.elettroservicegroup.it/wp-content/uploads/2022/10/COPERTINA-6-300x150.png" "Mozilla/5.0 (Linux; Android 5.0) AppleWebKit/537.36 (KHTML, like Gecko) Mobile Safari/537.36 (compatible; Bytespider; https://zhanzhang.toutiao.com/)"
111.225.148.222 - - [14/Jul/2026:23:09:26 +0200] "GET /wp-content/plugins/all-in-one-seo-pack/dist/Lite/assets/css/table-of-contents/global.e90f6d47.css?ver=4.9.10 HTTP/2.0" 404 17597 "https://piacenza.elettroservicegroup.it/wp-content/uploads/2022/10/COPERTINA-6-300x150.png" "Mozilla/5.0 (Linux; Android 5.0) AppleWebKit/537.36 (KHTML, like Gecko) Mobile Safari/537.36 (compatible; Bytespider; https://zhanzhang.toutiao.com/)"
111.225.148.222 - - [14/Jul/2026:23:09:26 +0200] "GET /wp-content/plugins/complianz-gdpr-premium/assets/css/cookieblocker.min.css?ver=1783097778 HTTP/2.0" 404 17590 "https://piacenza.elettroservicegroup.it/wp-content/uploads/2022/10/COPERTINA-6-300x150.png" "Mozilla/5.0 (Linux; Android 5.0) AppleWebKit/537.36 (KHTML, like Gecko) Mobile Safari/537.36 (compatible; Bytespider; https://zhanzhang.toutiao.com/)"
111.225.148.222 - - [14/Jul/2026:23:09:26 +0200] "GET /wp-includes/css/dist/block-library/style.min.css?ver=7.0.1 HTTP/2.0" 404 17580 "https://piacenza.elettroservicegroup.it/wp-content/uploads/2022/10/COPERTINA-6-300x150.png" "Mozilla/5.0 (Linux; Android 5.0) AppleWebKit/537.36 (KHTML, like Gecko) Mobile Safari/537.36 (compatible; Bytespider; https://zhanzhang.toutiao.com/)"
111.225.148.222 - - [14/Jul/2026:23:09:26 +0200] "GET /wp-content/plugins/header-footer-elementor/inc/widgets-css/frontend.css?ver=2.9.1 HTTP/2.0" 404 17581 "https://piacenza.elettroservicegroup.it/wp-content/uploads/2022/10/COPERTINA-6-300x150.png" "Mozilla/5.0 (Linux; Android 5.0) AppleWebKit/537.36 (KHTML, like Gecko) Mobile Safari/537.36 (compatible; Bytespider; https://zhanzhang.toutiao.com/)"
111.225.148.222 - - [14/Jul/2026:23:09:26 +0200] "GET /wp-content/plugins/elementor/assets/css/widget-social-icons.min.css?ver=3.24.0 HTTP/2.0" 404 17585 "https://piacenza.elettroservicegroup.it/wp-content/uploads/2022/10/COPERTINA-6-300x150.png" "Mozilla/5.0 (Linux; Android 5.0) AppleWebKit/537.36 (KHTML, like Gecko) Mobile Safari/537.36 (compatible; Bytespider; https://zhanzhang.toutiao.com/)"
111.225.148.222 - - [14/Jul/2026:23:09:26 +0200] "GET /wp-content/uploads/elementor/google-fonts/css/roboto.css?ver=1742277605 HTTP/2.0" 200 11945 "https://piacenza.elettroservicegroup.it/wp-content/uploads/2022/10/COPERTINA-6-300x150.png" "Mozilla/5.0 (Linux; Android 5.0) AppleWebKit/537.36 (KHTML, like Gecko) Mobile Safari/537.36 (compatible; Bytespider; https://zhanzhang.toutiao.com/)"
111.225.148.222 - - [14/Jul/2026:23:09:26 +0200] "GET /wp-content/plugins/gp-premium/menu-plus/functions/css/navigation-branding-flex.min.css?ver=2.5.5 HTTP/2.0" 200 11972 "https://piacenza.elettroservicegroup.it/wp-content/uploads/2022/10/COPERTINA-6-300x150.png" "Mozilla/5.0 (Linux; Android 5.0) AppleWebKit/537.36 (KHTML, like Gecko) Mobile Safari/537.36 (compatible; Bytespider; https://zhanzhang.toutiao.com/)"
111.225.148.222 - - [14/Jul/2026:23:09:26 +0200] "GET /wp-content/plugins/elementor/assets/lib/font-awesome/css/solid.css?ver=5.15.3 HTTP/2.0" 200 11955 "https://piacenza.elettroservicegroup.it/wp-content/uploads/2022/10/COPERTINA-6-300x150.png" "Mozilla/5.0 (Linux; Android 5.0) AppleWebKit/537.36 (KHTML, like Gecko) Mobile Safari/537.36 (compatible; Bytespider; https://zhanzhang.toutiao.com/)"
111.225.148.222 - - [14/Jul/2026:23:09:26 +0200] "GET /wp-content/uploads/elementor/google-fonts/css/robotoslab.css?ver=1742277607 HTTP/2.0" 200 11949 "https://piacenza.elettroservicegroup.it/wp-content/uploads/2022/10/COPERTINA-6-300x150.png" "Mozilla/5.0 (Linux; Android 5.0) AppleWebKit/537.36 (KHTML, like Gecko) Mobile Safari/537.36 (compatible; Bytespider; https://zhanzhang.toutiao.com/)"
111.225.148.222 - - [14/Jul/2026:23:09:26 +0200] "GET /wp-content/uploads/elementor/css/post-14366.css?ver=1784043235 HTTP/2.0" 404 17578 "https://piacenza.elettroservicegroup.it/wp-content/uploads/2022/10/COPERTINA-6-300x150.png" "Mozilla/5.0 (Linux; Android 5.0) AppleWebKit/537.36 (KHTML, like Gecko) Mobile Safari/537.36 (compatible; Bytespider; https://zhanzhang.toutiao.com/)"
111.225.148.222 - - [14/Jul/2026:23:09:26 +0200] "GET /wp-content/plugins/elementor/assets/lib/eicons/css/elementor-icons.min.css?ver=5.50.0 HTTP/2.0" 404 17591 "https://piacenza.elettroservicegroup.it/wp-content/uploads/2022/10/COPERTINA-6-300x150.png" "Mozilla/5.0 (Linux; Android 5.0) AppleWebKit/537.36 (KHTML, like Gecko) Mobile Safari/537.36 (compatible; Bytespider; https://zhanzhang.toutiao.com/)"
111.225.148.222 - - [14/Jul/2026:23:09:26 +0200] "GET /wp-content/uploads/elementor/css/post-14146.css?ver=1784043233 HTTP/2.0" 404 17575 "https://piacenza.elettroservicegroup.it/wp-content/uploads/2022/10/COPERTINA-6-300x150.png" "Mozilla/5.0 (Linux; Android 5.0) AppleWebKit/537.36 (KHTML, like Gecko) Mobile Safari/537.36 (compatible; Bytespider; https://zhanzhang.toutiao.com/)"
111.225.148.222 - - [14/Jul/2026:23:09:26 +0200] "GET /wp-content/plugins/elementor/assets/css/widget-icon-list.min.css?ver=3.24.3 HTTP/2.0" 404 17586 "https://piacenza.elettroservicegroup.it/wp-content/uploads/2022/10/COPERTINA-6-300x150.png" "Mozilla/5.0 (Linux; Android 5.0) AppleWebKit/537.36 (KHTML, like Gecko) Mobile Safari/537.36 (compatible; Bytespider; https://zhanzhang.toutiao.com/)"
111.225.148.222 - - [14/Jul/2026:23:09:26 +0200] "GET /wp-content/plugins/gp-premium/blog/functions/css/featured-images.min.css?ver=2.5.5 HTTP/2.0" 404 17586 "https://piacenza.elettroservicegroup.it/wp-content/uploads/2022/10/COPERTINA-6-300x150.png" "Mozilla/5.0 (Linux; Android 5.0) AppleWebKit/537.36 (KHTML, like Gecko) Mobile Safari/537.36 (compatible; Bytespider; https://zhanzhang.toutiao.com/)"
111.225.148.222 - - [14/Jul/2026:23:09:26 +0200] "GET /wp-content/themes/generatepress/assets/css/main.min.css?ver=3.6.1 HTTP/2.0" 404 17583 "https://piacenza.elettroservicegroup.it/wp-content/uploads/2022/10/COPERTINA-6-300x150.png" "Mozilla/5.0 (Linux; Android 5.0) AppleWebKit/537.36 (KHTML, like Gecko) Mobile Safari/537.36 (compatible; Bytespider; https://zhanzhang.toutiao.com/)"
65.108.235.243 - - [14/Jul/2026:23:09:36 +0200] "POST /wp-cron.php?doing_wp_cron=1784063376.0363280773162841796875 HTTP/1.1" 200 1 "-" "WordPress/7.0.1; https://piacenza.elettroservicegroup.it"
111.225.148.222 - - [14/Jul/2026:23:09:26 +0200] "GET /wp-content/plugins/elementor/assets/lib/font-awesome/css/v4-shims.min.css?ver=4.1.4 HTTP/2.0" 404 17595 "https://piacenza.elettroservicegroup.it/wp-content/uploads/2022/10/COPERTINA-6-300x150.png" "Mozilla/5.0 (Linux; Android 5.0) AppleWebKit/537.36 (KHTML, like Gecko) Mobile Safari/537.36 (compatible; Bytespider; https://zhanzhang.toutiao.com/)"
111.225.148.222 - - [14/Jul/2026:23:09:26 +0200] "GET /wp-content/plugins/elementor/assets/lib/font-awesome/css/brands.css?ver=5.15.3 HTTP/2.0" 404 17591 "https://piacenza.elettroservicegroup.it/wp-content/uploads/2022/10/COPERTINA-6-300x150.png" "Mozilla/5.0 (Linux; Android 5.0) AppleWebKit/537.36 (KHTML, like Gecko) Mobile Safari/537.36 (compatible; Bytespider; https://zhanzhang.toutiao.com/)"
111.225.148.222 - - [14/Jul/2026:23:09:26 +0200] "GET /wp-content/plugins/elementor/assets/lib/font-awesome/css/fontawesome.css?ver=5.15.3 HTTP/2.0" 404 17592 "https://piacenza.elettroservicegroup.it/wp-content/uploads/2022/10/COPERTINA-6-300x150.png" "Mozilla/5.0 (Linux; Android 5.0) AppleWebKit/537.36 (KHTML, like Gecko) Mobile Safari/537.36 (compatible; Bytespider; https://zhanzhang.toutiao.com/)"
111.225.148.222 - - [14/Jul/2026:23:09:26 +0200] "GET /wp-content/plugins/elementor/assets/lib/font-awesome/css/all.min.css?ver=4.1.4 HTTP/2.0" 404 17594 "https://piacenza.elettroservicegroup.it/wp-content/uploads/2022/10/COPERTINA-6-300x150.png" "Mozilla/5.0 (Linux; Android 5.0) AppleWebKit/537.36 (KHTML, like Gecko) Mobile Safari/537.36 (compatible; Bytespider; https://zhanzhang.toutiao.com/)"
111.225.148.222 - - [14/Jul/2026:23:09:26 +0200] "GET /wp-content/plugins/elementor/assets/lib/eicons/css/elementor-icons.min.css?ver=5.34.0 HTTP/2.0" 404 17591 "https://piacenza.elettroservicegroup.it/wp-content/uploads/2022/10/COPERTINA-6-300x150.png" "Mozilla/5.0 (Linux; Android 5.0) AppleWebKit/537.36 (KHTML, like Gecko) Mobile Safari/537.36 (compatible; Bytespider; https://zhanzhang.toutiao.com/)"
111.225.148.222 - - [14/Jul/2026:23:09:26 +0200] "GET /wp-includes/js/jquery/jquery-migrate.min.js?ver=3.4.1 HTTP/2.0" 404 17581 "https://piacenza.elettroservicegroup.it/wp-content/uploads/2022/10/COPERTINA-6-300x150.png" "Mozilla/5.0 (Linux; Android 5.0) AppleWebKit/537.36 (KHTML, like Gecko) Mobile Safari/537.36 (compatible; Bytespider; https://zhanzhang.toutiao.com/)"
111.225.148.222 - - [14/Jul/2026:23:09:26 +0200] "GET /wp-includes/js/jquery/jquery.min.js?ver=3.7.1 HTTP/2.0" 404 17575 "https://piacenza.elettroservicegroup.it/wp-content/uploads/2022/10/COPERTINA-6-300x150.png" "Mozilla/5.0 (Linux; Android 5.0) AppleWebKit/537.36 (KHTML, like Gecko) Mobile Safari/537.36 (compatible; Bytespider; https://zhanzhang.toutiao.com/)"
111.225.148.222 - - [14/Jul/2026:23:09:26 +0200] "GET /wp-content/uploads/2021/10/cropped-cropped-cropped-logo_white_background.png HTTP/2.0" 404 85420 "https://piacenza.elettroservicegroup.it/wp-content/uploads/2022/10/COPERTINA-6-300x150.png" "Mozilla/5.0 (Linux; Android 5.0) AppleWebKit/537.36 (KHTML, like Gecko) Mobile Safari/537.36 (compatible; Bytespider; https://zhanzhang.toutiao.com/)"
111.225.148.222 - - [14/Jul/2026:23:09:26 +0200] "GET /wp-content/plugins/elementor/assets/lib/font-awesome/js/v4-shims.min.js?ver=4.1.4 HTTP/2.0" 404 17594 "https://piacenza.elettroservicegroup.it/wp-content/uploads/2022/10/COPERTINA-6-300x150.png" "Mozilla/5.0 (Linux; Android 5.0) AppleWebKit/537.36 (KHTML, like Gecko) Mobile Safari/537.36 (compatible; Bytespider; https://zhanzhang.toutiao.com/)"
111.225.148.222 - - [14/Jul/2026:23:09:40 +0200] "GET /wp-content/plugins/gp-premium/menu-plus/functions/js/sticky.min.js?ver=2.5.5 HTTP/2.0" 404 17592 "https://piacenza.elettroservicegroup.it/wp-content/uploads/2022/10/COPERTINA-6-300x150.png" "Mozilla/5.0 (Linux; Android 5.0) AppleWebKit/537.36 (KHTML, like Gecko) Mobile Safari/537.36 (compatible; Bytespider; https://zhanzhang.toutiao.com/)"
111.225.148.222 - - [14/Jul/2026:23:09:40 +0200] "GET /wp-content/plugins/complianz-gdpr-premium/DNSMPD/script.min.js?ver=1783097780 HTTP/2.0" 404 17583 "https://piacenza.elettroservicegroup.it/wp-content/uploads/2022/10/COPERTINA-6-300x150.png" "Mozilla/5.0 (Linux; Android 5.0) AppleWebKit/537.36 (KHTML, like Gecko) Mobile Safari/537.36 (compatible; Bytespider; https://zhanzhang.toutiao.com/)"
111.225.148.222 - - [14/Jul/2026:23:09:41 +0200] "GET /wp-content/plugins/elementor/assets/js/frontend-modules.min.js?ver=4.1.4 HTTP/2.0" 404 17583 "https://piacenza.elettroservicegroup.it/wp-content/uploads/2022/10/COPERTINA-6-300x150.png" "Mozilla/5.0 (Linux; Android 5.0) AppleWebKit/537.36 (KHTML, like Gecko) Mobile Safari/537.36 (compatible; Bytespider; https://zhanzhang.toutiao.com/)"
111.225.148.222 - - [14/Jul/2026:23:09:41 +0200] "GET /wp-content/themes/generatepress/assets/js/menu.min.js?ver=3.6.1 HTTP/2.0" 404 17587 "https://piacenza.elettroservicegroup.it/wp-content/uploads/2022/10/COPERTINA-6-300x150.png" "Mozilla/5.0 (Linux; Android 5.0) AppleWebKit/537.36 (KHTML, like Gecko) Mobile Safari/537.36 (compatible; Bytespider; https://zhanzhang.toutiao.com/)"
