65.108.235.243 - - [14/Jul/2026:14:51:37 +0200] "POST /wp-cron.php?doing_wp_cron=1784033497.5358901023864746093750 HTTP/1.1" 200 1 "-" "WordPress/7.0.1; https://piacenza.elettroservicegroup.it"
37.186.32.6 - - [14/Jul/2026:14:51:31 +0200] "GET /wp-login.php HTTP/2.0" 200 2750 "-" "Mozilla/5.0 (Macintosh; Intel Mac OS X 10_15_7) AppleWebKit/605.1.15 (KHTML, like Gecko) Version/18.0 Safari/605.1.15"
37.186.32.6 - - [14/Jul/2026:14:51:39 +0200] "POST /xmlrpc.php HTTP/2.0" 403 52 "-" "Mozilla/5.0 (Macintosh; Intel Mac OS X 10_15_7) AppleWebKit/605.1.15 (KHTML, like Gecko) Version/18.0 Safari/605.1.15"
65.108.235.243 - - [14/Jul/2026:14:51:40 +0200] "POST /wp-json/complianz/v1/wsc-scan HTTP/1.1" 400 88 "-" "WordPress/7.0.1; https://piacenza.elettroservicegroup.it"
65.108.235.243 - - [14/Jul/2026:14:51:41 +0200] "GET /imprint/ HTTP/1.1" 200 17180 "-" "WP Fastest Cache Preload Bot"
65.108.235.243 - - [14/Jul/2026:14:51:46 +0200] "GET /dichiarazione-sulla-privacy-ue/ HTTP/1.1" 200 19679 "-" "WP Fastest Cache Preload Bot"
65.108.235.243 - - [14/Jul/2026:14:51:48 +0200] "GET /assistenza-whirlpool-piacenza/ HTTP/1.1" 200 21856 "-" "WP Fastest Cache Preload Bot"
65.108.235.243 - - [14/Jul/2026:14:51:52 +0200] "GET /assistenza-smeg-piacenza/ HTTP/1.1" 200 21802 "-" "WP Fastest Cache Preload Bot"
65.108.235.243 - - [14/Jul/2026:14:51:55 +0200] "GET / HTTP/1.1" 200 21812 "-" "WP Fastest Cache Preload Bot"
212.105.155.24 - - [14/Jul/2026:14:52:31 +0200] "POST /xmlrpc.php HTTP/2.0" 403 52 "-" "Mozilla/5.0 (Windows NT 10.0; Win64; x64) AppleWebKit/537.36 (KHTML, like Gecko) Chrome/124.0.0.0 Safari/537.36"
65.108.235.243 - - [14/Jul/2026:14:58:15 +0200] "POST /wp-cron.php?doing_wp_cron=1784033895.0285899639129638671875 HTTP/1.1" 200 1 "-" "WordPress/7.0.1; https://piacenza.elettroservicegroup.it"
216.73.216.242 - - [14/Jul/2026:14:58:06 +0200] "GET /robots.txt HTTP/2.0" 301 1 "-" "Mozilla/5.0 AppleWebKit/537.36 (KHTML, like Gecko; compatible; ClaudeBot/1.0; +claudebot@anthropic.com)"
216.73.216.242 - - [14/Jul/2026:14:58:16 +0200] "GET /robots.txt HTTP/2.0" 200 108 "https://www.piacenza.elettroservicegroup.it/robots.txt" "Mozilla/5.0 AppleWebKit/537.36 (KHTML, like Gecko; compatible; ClaudeBot/1.0; +claudebot@anthropic.com)"
65.108.235.243 - - [14/Jul/2026:14:58:18 +0200] "GET /imprint/ HTTP/1.1" 200 17192 "-" "WP Fastest Cache Preload Bot"
65.108.235.243 - - [14/Jul/2026:14:58:22 +0200] "GET /dichiarazione-sulla-privacy-ue/ HTTP/1.1" 200 19690 "-" "WP Fastest Cache Preload Bot"
65.108.235.243 - - [14/Jul/2026:14:58:26 +0200] "GET /assistenza-whirlpool-piacenza/ HTTP/1.1" 200 21856 "-" "WP Fastest Cache Preload Bot"
65.108.235.243 - - [14/Jul/2026:14:58:29 +0200] "GET /assistenza-smeg-piacenza/ HTTP/1.1" 200 21802 "-" "WP Fastest Cache Preload Bot"
65.108.235.243 - - [14/Jul/2026:14:58:47 +0200] "POST /wp-cron.php?doing_wp_cron=1784033926.9505920410156250000000 HTTP/1.1" 200 1 "-" "WordPress/7.0.1; https://piacenza.elettroservicegroup.it"
216.73.216.242 - - [14/Jul/2026:14:58:46 +0200] "GET / HTTP/2.0" 301 1 "-" "Mozilla/5.0 AppleWebKit/537.36 (KHTML, like Gecko; compatible; ClaudeBot/1.0; +claudebot@anthropic.com)"
216.73.216.242 - - [14/Jul/2026:14:58:48 +0200] "GET / HTTP/2.0" 200 21791 "https://www.piacenza.elettroservicegroup.it/" "Mozilla/5.0 AppleWebKit/537.36 (KHTML, like Gecko; compatible; ClaudeBot/1.0; +claudebot@anthropic.com)"
43.135.186.135 - - [14/Jul/2026:15:12:33 +0200] "GET / HTTP/1.1" 200 23703 "http://piacenza.elettroservicegroup.it" "Mozilla/5.0 (iPhone; CPU iPhone OS 13_2_3 like Mac OS X) AppleWebKit/605.1.15 (KHTML, like Gecko) Version/13.0.3 Mobile/15E148 Safari/604.1"
65.108.235.243 - - [14/Jul/2026:15:12:34 +0200] "GET /assistenza-siemens-piacenza/ HTTP/1.1" 200 21992 "-" "WP Fastest Cache Preload Bot"
65.108.235.243 - - [14/Jul/2026:15:12:39 +0200] "GET /assistenza-rex-electrolux-piacenza/ HTTP/1.1" 200 21846 "-" "WP Fastest Cache Preload Bot"
65.108.235.243 - - [14/Jul/2026:15:12:43 +0200] "GET /assistenza-miele-piacenza/ HTTP/1.1" 200 22097 "-" "WP Fastest Cache Preload Bot"
65.108.235.243 - - [14/Jul/2026:15:12:46 +0200] "GET /assistenza-lavatrici-whirlpool-piacenza/ HTTP/1.1" 200 21967 "-" "WP Fastest Cache Preload Bot"
209.50.163.241 - - [14/Jul/2026:15:38:54 +0200] "HEAD / HTTP/1.1" 200 - "-" "curl/7.88.1"
65.108.235.243 - - [14/Jul/2026:16:05:09 +0200] "POST /wp-cron.php?doing_wp_cron=1784037909.7286930084228515625000 HTTP/1.1" 200 1 "-" "WordPress/7.0.1; https://piacenza.elettroservicegroup.it"
66.249.64.167 - - [14/Jul/2026:16:05:00 +0200] "GET /robots.txt HTTP/1.1" 200 108 "-" "Mozilla/5.0 (compatible; Googlebot/2.1; +http://www.google.com/bot.html)"
66.249.64.166 - - [14/Jul/2026:16:05:13 +0200] "GET /wp-content/uploads/2021/10/FORNO.jpg HTTP/1.1" 200 33365 "-" "Googlebot-Image/1.0"
65.108.235.243 - - [14/Jul/2026:16:05:12 +0200] "POST /wp-json/complianz/v1/wsc-scan HTTP/1.1" 400 88 "-" "WordPress/7.0.1; https://piacenza.elettroservicegroup.it"
65.108.235.243 - - [14/Jul/2026:16:05:14 +0200] "GET /assistenza-lavatrici-smeg-piacenza/ HTTP/1.1" 200 21709 "-" "WP Fastest Cache Preload Bot"
65.108.235.243 - - [14/Jul/2026:16:05:18 +0200] "GET /assistenza-lavatrici-rex-electrolux-piacenza/ HTTP/1.1" 200 21677 "-" "WP Fastest Cache Preload Bot"
65.108.235.243 - - [14/Jul/2026:16:05:21 +0200] "GET /assistenza-lavatrici-indesit-piacenza/ HTTP/1.1" 200 21704 "-" "WP Fastest Cache Preload Bot"
65.108.235.243 - - [14/Jul/2026:16:05:24 +0200] "GET /assistenza-lavatrici-bosch-piacenza/ HTTP/1.1" 200 21749 "-" "WP Fastest Cache Preload Bot"
43.165.125.97 - - [14/Jul/2026:16:06:11 +0200] "POST /wp-json/gutenkit/v1/install-active-plugin HTTP/1.1" 403 17008 "-" "Mozilla/5.0 (iPhone; CPU iPhone OS 18_3_2 like Mac OS X) AppleWebKit/605.1.15 (KHTML, like Gecko) Version/18.3.1 Mobile/15E148 Safari/604.1"
43.173.164.15 - - [14/Jul/2026:16:06:28 +0200] "GET /robots.txt HTTP/2.0" 200 108 "https://piacenza.elettroservicegroup.it/robots.txt" "Mozilla/5.0 (Windows NT 10.0; Win64; x64) AppleWebKit/537.36 (KHTML, like Gecko) Chrome/101.0.4951.64 Safari/537.36 Edg/101.0.1210.47"
65.108.235.243 - - [14/Jul/2026:16:06:39 +0200] "POST /wp-cron.php?doing_wp_cron=1784037999.6290650367736816406250 HTTP/1.1" 200 1 "-" "WordPress/7.0.1; https://piacenza.elettroservicegroup.it"
65.108.235.243 - - [14/Jul/2026:16:06:36 +0200] "POST /?wordfence_syncAttackData=1784037995.8353 HTTP/1.1" 200 1 "-" "WordPress/7.0.1; https://piacenza.elettroservicegroup.it"
205.210.31.34 - - [14/Jul/2026:16:20:39 +0200] "GET / HTTP/1.1" 200 159264 "http://piacenza.elettroservicegroup.it/" "Hello from Palo Alto Networks, find out more about our scans in https://docs-cortex.paloaltonetworks.com/r/1/Cortex-Xpanse/Scanning-activity"
65.108.235.243 - - [14/Jul/2026:16:20:40 +0200] "GET /assistenza-lavatrici-ariston-piacenza/ HTTP/1.1" 200 21766 "-" "WP Fastest Cache Preload Bot"
65.108.235.243 - - [14/Jul/2026:16:20:43 +0200] "GET /assistenza-lavatrici-aeg-piacenza/ HTTP/1.1" 200 21775 "-" "WP Fastest Cache Preload Bot"
65.108.235.243 - - [14/Jul/2026:16:20:46 +0200] "GET /assistenza-lavatrici-piacenza/ HTTP/1.1" 200 22019 "-" "WP Fastest Cache Preload Bot"
65.108.235.243 - - [14/Jul/2026:16:20:48 +0200] "GET /assistenza-lavastoviglie-whirlpool-piacenza/ HTTP/1.1" 200 21717 "-" "WP Fastest Cache Preload Bot"
65.108.235.243 - - [14/Jul/2026:16:22:12 +0200] "POST /wp-cron.php?doing_wp_cron=1784038932.3210799694061279296875 HTTP/1.1" 200 1 "-" "WordPress/7.0.1; https://piacenza.elettroservicegroup.it"
216.73.217.79 - - [14/Jul/2026:16:22:10 +0200] "GET /robots.txt HTTP/2.0" 200 108 "-" "Mozilla/5.0 AppleWebKit/537.36 (KHTML, like Gecko; compatible; ClaudeBot/1.0; +claudebot@anthropic.com)"
216.73.217.79 - - [14/Jul/2026:16:22:28 +0200] "GET /sitemap.xml HTTP/2.0" 200 334 "-" "Mozilla/5.0 AppleWebKit/537.36 (KHTML, like Gecko; compatible; ClaudeBot/1.0; +claudebot@anthropic.com)"
65.108.235.243 - - [14/Jul/2026:16:28:40 +0200] "POST /wp-cron.php?doing_wp_cron=1784039320.6436100006103515625000 HTTP/1.1" 200 1 "-" "WordPress/7.0.1; https://piacenza.elettroservicegroup.it"
213.180.203.249 - - [14/Jul/2026:16:28:32 +0200] "GET /robots.txt HTTP/1.1" 200 195 "-" "Mozilla/5.0 (compatible; YandexBot/3.0; +http://yandex.com/bots)"
213.180.203.9 - - [14/Jul/2026:16:28:41 +0200] "GET /assistenza-siemens-piacenza/ HTTP/2.0" 200 23902 "-" "Mozilla/5.0 (compatible; YandexBot/3.0; +http://yandex.com/bots)"
65.108.235.243 - - [14/Jul/2026:16:28:43 +0200] "GET /assistenza-lavastoviglie-smeg-piacenza/ HTTP/1.1" 200 21664 "-" "WP Fastest Cache Preload Bot"
65.108.235.243 - - [14/Jul/2026:16:28:47 +0200] "GET /assistenza-lavastoviglie-rex-electrolux-piacenza/ HTTP/1.1" 200 21627 "-" "WP Fastest Cache Preload Bot"
65.108.235.243 - - [14/Jul/2026:16:28:51 +0200] "GET /assistenza-lavastoviglie-indesit-piacenza/ HTTP/1.1" 200 22127 "-" "WP Fastest Cache Preload Bot"
65.108.235.243 - - [14/Jul/2026:16:28:55 +0200] "GET /assistenza-lavastoviglie-bosch-piacenza/ HTTP/1.1" 200 22154 "-" "WP Fastest Cache Preload Bot"
65.108.235.243 - - [14/Jul/2026:16:29:18 +0200] "POST /wp-cron.php?doing_wp_cron=1784039358.2476708889007568359375 HTTP/1.1" 200 1 "-" "WordPress/7.0.1; https://piacenza.elettroservicegroup.it"
87.250.224.85 - - [14/Jul/2026:16:29:16 +0200] "GET /sitemap.rss HTTP/2.0" 200 1296 "-" "Mozilla/5.0 (compatible; YandexBot/3.0; +http://yandex.com/bots)"
65.108.235.243 - - [14/Jul/2026:17:02:58 +0200] "POST /wp-cron.php?doing_wp_cron=1784041378.4431669712066650390625 HTTP/1.1" 200 1 "-" "WordPress/7.0.1; https://piacenza.elettroservicegroup.it"
74.7.175.168 - - [14/Jul/2026:17:02:47 +0200] "GET /robots.txt HTTP/2.0" 200 - "-" "Mozilla/5.0 (Macintosh; Intel Mac OS X 10_15_7) AppleWebKit/537.36 (KHTML, like Gecko) Chrome/131.0.0.0 Safari/537.36; compatible; OAI-SearchBot/1.4; robots.txt; +https://openai.com/searchbot"
65.108.235.243 - - [14/Jul/2026:17:03:01 +0200] "GET /assistenza-lavastoviglie-ariston-piacenza/ HTTP/1.1" 200 22091 "-" "WP Fastest Cache Preload Bot"
65.108.235.243 - - [14/Jul/2026:17:03:06 +0200] "GET /assistenza-lavastoviglie-aeg-piacenza/ HTTP/1.1" 200 22143 "-" "WP Fastest Cache Preload Bot"
65.108.235.243 - - [14/Jul/2026:17:03:10 +0200] "GET /assistenza-lavastoviglie-piacenza/ HTTP/1.1" 200 21760 "-" "WP Fastest Cache Preload Bot"
65.108.235.243 - - [14/Jul/2026:17:03:13 +0200] "GET /assistenza-indesit-piacenza/ HTTP/1.1" 200 21797 "-" "WP Fastest Cache Preload Bot"
65.108.235.243 - - [14/Jul/2026:17:33:48 +0200] "POST /wp-json/complianz/v1/wsc-scan HTTP/1.1" 400 88 "-" "WordPress/7.0.1; https://piacenza.elettroservicegroup.it"
65.108.235.243 - - [14/Jul/2026:17:33:51 +0200] "GET /assistenza-candy-piacenza/ HTTP/1.1" 200 21892 "-" "WP Fastest Cache Preload Bot"
65.108.235.243 - - [14/Jul/2026:17:33:56 +0200] "GET /assistenza-bosch-piacenza/ HTTP/1.1" 200 21892 "-" "WP Fastest Cache Preload Bot"
65.108.235.243 - - [14/Jul/2026:17:34:00 +0200] "GET /assistenza-ariston-piacenza/ HTTP/1.1" 200 21890 "-" "WP Fastest Cache Preload Bot"
65.108.235.243 - - [14/Jul/2026:17:34:04 +0200] "GET /assistenza-aeg-piacenza/ HTTP/1.1" 200 21890 "-" "WP Fastest Cache Preload Bot"
65.108.235.243 - - [14/Jul/2026:17:40:43 +0200] "GET /cookie-policy/ HTTP/1.1" 200 18023 "-" "WP Fastest Cache Preload Bot"
65.108.235.243 - - [14/Jul/2026:17:40:47 +0200] "GET /termini-e-condizioni/ HTTP/1.1" 200 17586 "-" "WP Fastest Cache Preload Bot"
65.108.235.243 - - [14/Jul/2026:17:40:53 +0200] "GET /cookie-policy-ue/ HTTP/1.1" 200 19439 "-" "WP Fastest Cache Preload Bot"
65.108.235.243 - - [14/Jul/2026:17:40:59 +0200] "GET /informativa-privacy/ HTTP/1.1" 200 19826 "-" "WP Fastest Cache Preload Bot"
74.7.241.26 - - [14/Jul/2026:17:46:37 +0200] "GET /.git/config HTTP/2.0" 301 1 "https://www.cremona.elettroservicegroup.it" "Mozilla/5.0 AppleWebKit/537.36 (KHTML, like Gecko; compatible; GPTBot/1.4; +https://openai.com/gptbot)"
65.108.235.243 - - [14/Jul/2026:17:46:44 +0200] "POST /wp-cron.php?doing_wp_cron=1784044004.6326189041137695312500 HTTP/1.1" 200 1 "-" "WordPress/7.0.1; https://piacenza.elettroservicegroup.it"
74.7.241.139 - - [14/Jul/2026:17:46:37 +0200] "GET /robots.txt HTTP/2.0" 301 1 "-" "Mozilla/5.0 (Macintosh; Intel Mac OS X 10_15_7) AppleWebKit/537.36 (KHTML, like Gecko) Chrome/131.0.0.0 Safari/537.36; compatible; OAI-SearchBot/1.4; robots.txt; +https://openai.com/searchbot"
74.7.241.14 - - [14/Jul/2026:17:46:37 +0200] "GET /wp-content/uploads/elementor/css/post-16968.css HTTP/2.0" 404 17577 "https://www.cremona.elettroservicegroup.it" "Mozilla/5.0 AppleWebKit/537.36 (KHTML, like Gecko; compatible; GPTBot/1.4; +https://openai.com/gptbot)"
74.7.241.139 - - [14/Jul/2026:17:46:45 +0200] "GET /robots.txt HTTP/2.0" 200 - "https://www.piacenza.elettroservicegroup.it/robots.txt" "Mozilla/5.0 (Macintosh; Intel Mac OS X 10_15_7) AppleWebKit/537.36 (KHTML, like Gecko) Chrome/131.0.0.0 Safari/537.36; compatible; OAI-SearchBot/1.4; robots.txt; +https://openai.com/searchbot"
74.7.241.14 - - [14/Jul/2026:17:46:46 +0200] "GET /wp-json/oembed/1.0/embed HTTP/2.0" 400 100 "https://www.cremona.elettroservicegroup.it" "Mozilla/5.0 AppleWebKit/537.36 (KHTML, like Gecko; compatible; GPTBot/1.4; +https://openai.com/gptbot)"
74.7.241.14 - - [14/Jul/2026:17:46:49 +0200] "GET /assistenza-whirlpool-castel-san-giovanni/ HTTP/2.0" 404 16302 "https://www.cremona.elettroservicegroup.it" "Mozilla/5.0 AppleWebKit/537.36 (KHTML, like Gecko; compatible; GPTBot/1.4; +https://openai.com/gptbot)"
65.108.235.243 - - [14/Jul/2026:17:46:47 +0200] "GET /assistenza-frigoriferi/ HTTP/1.1" 200 19893 "-" "WP Fastest Cache Preload Bot"
74.7.241.14 - - [14/Jul/2026:17:46:53 +0200] "GET /wp-content/plugins/gatherpress/public/partials/include.php HTTP/2.0" 404 16327 "https://www.cremona.elettroservicegroup.it" "Mozilla/5.0 AppleWebKit/537.36 (KHTML, like Gecko; compatible; GPTBot/1.4; +https://openai.com/gptbot)"
74.7.241.14 - - [14/Jul/2026:17:46:56 +0200] "GET /wp-content/uploads/elementor/google-fonts/css/robotoslab.css HTTP/2.0" 200 718 "https://www.cremona.elettroservicegroup.it" "Mozilla/5.0 AppleWebKit/537.36 (KHTML, like Gecko; compatible; GPTBot/1.4; +https://openai.com/gptbot)"
65.108.235.243 - - [14/Jul/2026:17:46:54 +0200] "GET /assistenza-lavastoviglie/ HTTP/1.1" 200 19950 "-" "WP Fastest Cache Preload Bot"
74.7.241.14 - - [14/Jul/2026:17:47:00 +0200] "GET /repairman-refrigerator-repairing-examining-installing-2/ HTTP/2.0" 200 17255 "https://www.cremona.elettroservicegroup.it" "Mozilla/5.0 AppleWebKit/537.36 (KHTML, like Gecko; compatible; GPTBot/1.4; +https://openai.com/gptbot)"
65.108.235.243 - - [14/Jul/2026:17:46:59 +0200] "GET /assistenza-asciugatrici/ HTTP/1.1" 200 19703 "-" "WP Fastest Cache Preload Bot"
74.7.241.14 - - [14/Jul/2026:17:47:02 +0200] "GET /wp-content/uploads/elementor/css/post-16973.css HTTP/2.0" 404 17577 "https://www.cremona.elettroservicegroup.it" "Mozilla/5.0 AppleWebKit/537.36 (KHTML, like Gecko; compatible; GPTBot/1.4; +https://openai.com/gptbot)"
74.7.241.14 - - [14/Jul/2026:17:47:05 +0200] "GET /asko-2/ HTTP/2.0" 200 17154 "https://www.cremona.elettroservicegroup.it" "Mozilla/5.0 AppleWebKit/537.36 (KHTML, like Gecko; compatible; GPTBot/1.4; +https://openai.com/gptbot)"
74.7.241.14 - - [14/Jul/2026:17:47:08 +0200] "GET /wp-content/uploads/elementor/css/post-16897.css HTTP/2.0" 200 1996 "https://www.cremona.elettroservicegroup.it" "Mozilla/5.0 AppleWebKit/537.36 (KHTML, like Gecko; compatible; GPTBot/1.4; +https://openai.com/gptbot)"
65.108.235.243 - - [14/Jul/2026:17:47:03 +0200] "GET /assistenza-lavatrici/ HTTP/1.1" 200 19451 "-" "WP Fastest Cache Preload Bot"
65.108.235.243 - - [14/Jul/2026:17:47:11 +0200] "POST /wp-cron.php?doing_wp_cron=1784044031.5308690071105957031250 HTTP/1.1" 200 1 "-" "WordPress/7.0.1; https://piacenza.elettroservicegroup.it"
74.7.241.26 - - [14/Jul/2026:17:47:09 +0200] "GET /.git/HEAD HTTP/2.0" 301 1 "https://www.cremona.elettroservicegroup.it" "Mozilla/5.0 AppleWebKit/537.36 (KHTML, like Gecko; compatible; GPTBot/1.4; +https://openai.com/gptbot)"
74.7.241.14 - - [14/Jul/2026:17:47:10 +0200] "GET /wp-content/uploads/elementor/css/post-16909.css HTTP/2.0" 404 17577 "https://www.cremona.elettroservicegroup.it" "Mozilla/5.0 AppleWebKit/537.36 (KHTML, like Gecko; compatible; GPTBot/1.4; +https://openai.com/gptbot)"
74.7.241.14 - - [14/Jul/2026:17:47:13 +0200] "GET /wp-content/uploads/elementor/css/post-16957.css HTTP/2.0" 404 17577 "https://www.cremona.elettroservicegroup.it" "Mozilla/5.0 AppleWebKit/537.36 (KHTML, like Gecko; compatible; GPTBot/1.4; +https://openai.com/gptbot)"
74.7.241.14 - - [14/Jul/2026:17:47:16 +0200] "GET /wp-content/uploads/elementor/css/post-14227.css HTTP/2.0" 404 17576 "https://www.cremona.elettroservicegroup.it" "Mozilla/5.0 AppleWebKit/537.36 (KHTML, like Gecko; compatible; GPTBot/1.4; +https://openai.com/gptbot)"
74.7.241.14 - - [14/Jul/2026:17:47:18 +0200] "GET /wp-content/uploads/elementor/css/post-16929.css HTTP/2.0" 404 17577 "https://www.cremona.elettroservicegroup.it" "Mozilla/5.0 AppleWebKit/537.36 (KHTML, like Gecko; compatible; GPTBot/1.4; +https://openai.com/gptbot)"
74.7.241.14 - - [14/Jul/2026:17:47:21 +0200] "GET /wp-content/uploads/elementor/css/post-16953.css HTTP/2.0" 404 17577 "https://www.cremona.elettroservicegroup.it" "Mozilla/5.0 AppleWebKit/537.36 (KHTML, like Gecko; compatible; GPTBot/1.4; +https://openai.com/gptbot)"
74.7.241.14 - - [14/Jul/2026:17:47:23 +0200] "GET /wp-content/uploads/elementor/css/post-16945.css HTTP/2.0" 404 17577 "https://www.cremona.elettroservicegroup.it" "Mozilla/5.0 AppleWebKit/537.36 (KHTML, like Gecko; compatible; GPTBot/1.4; +https://openai.com/gptbot)"
74.7.241.14 - - [14/Jul/2026:17:47:25 +0200] "GET /wp-content/uploads/elementor/css/post-16889.css HTTP/2.0" 200 2005 "https://www.cremona.elettroservicegroup.it" "Mozilla/5.0 AppleWebKit/537.36 (KHTML, like Gecko; compatible; GPTBot/1.4; +https://openai.com/gptbot)"
74.7.241.14 - - [14/Jul/2026:17:47:27 +0200] "GET /?p=15843 HTTP/2.0" 301 1 "https://piacenza.elettroservicegroup.it/repairman-refrigerator-repairing-examining-installing-2/" "Mozilla/5.0 AppleWebKit/537.36 (KHTML, like Gecko; compatible; GPTBot/1.4; +https://openai.com/gptbot)"
74.7.241.14 - - [14/Jul/2026:17:47:29 +0200] "GET /assistenza-forni-elettrici/ HTTP/2.0" 404 16291 "https://www.cremona.elettroservicegroup.it" "Mozilla/5.0 AppleWebKit/537.36 (KHTML, like Gecko; compatible; GPTBot/1.4; +https://openai.com/gptbot)"
74.7.241.14 - - [14/Jul/2026:17:47:33 +0200] "GET /?p=15678 HTTP/2.0" 301 1 "https://piacenza.elettroservicegroup.it/asko-2/" "Mozilla/5.0 AppleWebKit/537.36 (KHTML, like Gecko; compatible; GPTBot/1.4; +https://openai.com/gptbot)"
74.7.241.14 - - [14/Jul/2026:17:47:35 +0200] "GET /wp-content/cache/wpfc-minified/eujroqks/2bdzd.css HTTP/2.0" 200 16488 "https://www.cremona.elettroservicegroup.it" "Mozilla/5.0 AppleWebKit/537.36 (KHTML, like Gecko; compatible; GPTBot/1.4; +https://openai.com/gptbot)"
74.7.241.14 - - [14/Jul/2026:17:47:36 +0200] "GET /feed/?attachment_id=15678 HTTP/2.0" 200 392 "https://piacenza.elettroservicegroup.it/asko-2/" "Mozilla/5.0 AppleWebKit/537.36 (KHTML, like Gecko; compatible; GPTBot/1.4; +https://openai.com/gptbot)"
74.7.241.14 - - [14/Jul/2026:17:47:38 +0200] "GET /feed/?attachment_id=15843 HTTP/2.0" 200 444 "https://piacenza.elettroservicegroup.it/repairman-refrigerator-repairing-examining-installing-2/" "Mozilla/5.0 AppleWebKit/537.36 (KHTML, like Gecko; compatible; GPTBot/1.4; +https://openai.com/gptbot)"
74.7.241.14 - - [14/Jul/2026:17:47:40 +0200] "GET /wp-login.php HTTP/2.0" 200 2750 "https://www.cremona.elettroservicegroup.it" "Mozilla/5.0 AppleWebKit/537.36 (KHTML, like Gecko; compatible; GPTBot/1.4; +https://openai.com/gptbot)"
74.7.241.14 - - [14/Jul/2026:17:47:41 +0200] "GET /wp-content/uploads/2022/01/TECNICO-FRIGO-2.jpg HTTP/2.0" 200 45005 "https://piacenza.elettroservicegroup.it/repairman-refrigerator-repairing-examining-installing-2/" "Mozilla/5.0 AppleWebKit/537.36 (KHTML, like Gecko; compatible; GPTBot/1.4; +https://openai.com/gptbot)"
74.7.241.14 - - [14/Jul/2026:17:47:42 +0200] "GET /wp-json/oembed/1.0/embed?format=xml&url=https%3A%2F%2Fpiacenza.elettroservicegroup.it%2Frepairman-refrigerator-repairing-examining-installing-2%2F HTTP/2.0" 200 1080 "https://piacenza.elettroservicegroup.it/repairman-refrigerator-repairing-examining-installing-2/" "Mozilla/5.0 AppleWebKit/537.36 (KHTML, like Gecko; compatible; GPTBot/1.4; +https://openai.com/gptbot)"
74.7.241.14 - - [14/Jul/2026:17:47:43 +0200] "GET /wp-json/oembed/1.0/embed?format=xml&url=https%3A%2F%2Fpiacenza.elettroservicegroup.it%2Fasko-2%2F HTTP/2.0" 200 1019 "https://piacenza.elettroservicegroup.it/asko-2/" "Mozilla/5.0 AppleWebKit/537.36 (KHTML, like Gecko; compatible; GPTBot/1.4; +https://openai.com/gptbot)"
74.7.241.14 - - [14/Jul/2026:17:47:44 +0200] "GET /wp-content/uploads/2022/01/TECNICO-FRIGO-2-300x197.jpg HTTP/2.0" 200 15322 "https://piacenza.elettroservicegroup.it/repairman-refrigerator-repairing-examining-installing-2/" "Mozilla/5.0 AppleWebKit/537.36 (KHTML, like Gecko; compatible; GPTBot/1.4; +https://openai.com/gptbot)"
74.7.241.14 - - [14/Jul/2026:17:47:45 +0200] "GET /.git/config HTTP/2.0" 404 16284 "https://www.piacenza.elettroservicegroup.it" "Mozilla/5.0 AppleWebKit/537.36 (KHTML, like Gecko; compatible; GPTBot/1.4; +https://openai.com/gptbot)"
74.7.241.14 - - [14/Jul/2026:17:47:48 +0200] "GET /white-air-conditioning-and-a-stream-of-fresh-cold-air-on-a-background-of-a-gray-wall-the-concept-of-heat-cool-air-cooling-freshness-2/ HTTP/2.0" 200 17285 "https://www.cremona.elettroservicegroup.it" "Mozilla/5.0 AppleWebKit/537.36 (KHTML, like Gecko; compatible; GPTBot/1.4; +https://openai.com/gptbot)"
74.7.241.14 - - [14/Jul/2026:17:47:49 +0200] "GET /assistenza-lavatrici-aeg-piacenza/ HTTP/2.0" 200 21752 "https://www.cremona.elettroservicegroup.it" "Mozilla/5.0 AppleWebKit/537.36 (KHTML, like Gecko; compatible; GPTBot/1.4; +https://openai.com/gptbot)"
74.7.241.14 - - [14/Jul/2026:17:47:49 +0200] "GET /.git/HEAD HTTP/2.0" 404 16284 "https://www.piacenza.elettroservicegroup.it" "Mozilla/5.0 AppleWebKit/537.36 (KHTML, like Gecko; compatible; GPTBot/1.4; +https://openai.com/gptbot)"
74.7.241.14 - - [14/Jul/2026:17:47:52 +0200] "GET /wp-json/wp/v2/media/15843 HTTP/2.0" 200 2934 "https://piacenza.elettroservicegroup.it/repairman-refrigerator-repairing-examining-installing-2/" "Mozilla/5.0 AppleWebKit/537.36 (KHTML, like Gecko; compatible; GPTBot/1.4; +https://openai.com/gptbot)"
74.7.241.14 - - [14/Jul/2026:17:47:54 +0200] "GET /wp-json/wp/v2/media/15678 HTTP/2.0" 200 2873 "https://piacenza.elettroservicegroup.it/asko-2/" "Mozilla/5.0 AppleWebKit/537.36 (KHTML, like Gecko; compatible; GPTBot/1.4; +https://openai.com/gptbot)"
74.7.241.14 - - [14/Jul/2026:17:47:56 +0200] "GET /wp-includes/js/dist/a11y.min.js?ver=af934e5259bc51b8718e HTTP/2.0" 200 937 "https://piacenza.elettroservicegroup.it/wp-login.php" "Mozilla/5.0 AppleWebKit/537.36 (KHTML, like Gecko; compatible; GPTBot/1.4; +https://openai.com/gptbot)"
74.7.241.14 - - [14/Jul/2026:17:47:57 +0200] "GET /wp-includes/js/dist/i18n.min.js?ver=781d11515ad3d91786ec HTTP/2.0" 200 2357 "https://piacenza.elettroservicegroup.it/wp-login.php" "Mozilla/5.0 AppleWebKit/537.36 (KHTML, like Gecko; compatible; GPTBot/1.4; +https://openai.com/gptbot)"
74.7.241.14 - - [14/Jul/2026:17:47:57 +0200] "GET /wp-includes/css/buttons.min.css?ver=7.0.1 HTTP/2.0" 200 1462 "https://piacenza.elettroservicegroup.it/wp-login.php" "Mozilla/5.0 AppleWebKit/537.36 (KHTML, like Gecko; compatible; GPTBot/1.4; +https://openai.com/gptbot)"
74.7.241.14 - - [14/Jul/2026:17:47:58 +0200] "GET /wp-includes/js/underscore.min.js?ver=1.13.8 HTTP/2.0" 200 7243 "https://piacenza.elettroservicegroup.it/wp-login.php" "Mozilla/5.0 AppleWebKit/537.36 (KHTML, like Gecko; compatible; GPTBot/1.4; +https://openai.com/gptbot)"
74.7.241.14 - - [14/Jul/2026:17:47:58 +0200] "GET /wp-includes/js/zxcvbn-async.min.js?ver=1.0 HTTP/2.0" 200 188 "https://piacenza.elettroservicegroup.it/wp-login.php" "Mozilla/5.0 AppleWebKit/537.36 (KHTML, like Gecko; compatible; GPTBot/1.4; +https://openai.com/gptbot)"
74.7.241.14 - - [14/Jul/2026:17:47:59 +0200] "GET /wp-includes/js/dist/dom-ready.min.js?ver=a06281ae5cf5500e9317 HTTP/2.0" 200 421 "https://piacenza.elettroservicegroup.it/wp-login.php" "Mozilla/5.0 AppleWebKit/537.36 (KHTML, like Gecko; compatible; GPTBot/1.4; +https://openai.com/gptbot)"
74.7.241.14 - - [14/Jul/2026:17:47:59 +0200] "GET /?p=15462 HTTP/2.0" 301 1 "https://piacenza.elettroservicegroup.it/white-air-conditioning-and-a-stream-of-fresh-cold-air-on-a-background-of-a-gray-wall-the-concept-of-heat-cool-air-cooling-freshness-2/" "Mozilla/5.0 AppleWebKit/537.36 (KHTML, like Gecko; compatible; GPTBot/1.4; +https://openai.com/gptbot)"
74.7.241.14 - - [14/Jul/2026:17:48:01 +0200] "GET /wp-content/uploads/2022/01/washing-machine-943363_1920-1024x683-1-300x200.jpg HTTP/2.0" 200 11168 "https://piacenza.elettroservicegroup.it/assistenza-lavatrici-aeg-piacenza/" "Mozilla/5.0 AppleWebKit/537.36 (KHTML, like Gecko; compatible; GPTBot/1.4; +https://openai.com/gptbot)"
65.108.235.243 - - [14/Jul/2026:17:48:04 +0200] "POST /wp-cron.php?doing_wp_cron=1784044084.9314858913421630859375 HTTP/1.1" 200 1 "-" "WordPress/7.0.1; https://piacenza.elettroservicegroup.it"
74.7.241.14 - - [14/Jul/2026:17:48:02 +0200] "GET /wp-json/wp/v2/pages/16941 HTTP/2.0" 200 8578 "https://piacenza.elettroservicegroup.it/assistenza-lavatrici-aeg-piacenza/" "Mozilla/5.0 AppleWebKit/537.36 (KHTML, like Gecko; compatible; GPTBot/1.4; +https://openai.com/gptbot)"
74.7.241.14 - - [14/Jul/2026:17:48:05 +0200] "GET /feed/?attachment_id=15462 HTTP/2.0" 200 472 "https://piacenza.elettroservicegroup.it/white-air-conditioning-and-a-stream-of-fresh-cold-air-on-a-background-of-a-gray-wall-the-concept-of-heat-cool-air-cooling-freshness-2/" "Mozilla/5.0 AppleWebKit/537.36 (KHTML, like Gecko; compatible; GPTBot/1.4; +https://openai.com/gptbot)"
74.7.241.14 - - [14/Jul/2026:17:48:07 +0200] "GET /wp-json/wp/v2/media/15462 HTTP/2.0" 200 3250 "https://piacenza.elettroservicegroup.it/white-air-conditioning-and-a-stream-of-fresh-cold-air-on-a-background-of-a-gray-wall-the-concept-of-heat-cool-air-cooling-freshness-2/" "Mozilla/5.0 AppleWebKit/537.36 (KHTML, like Gecko; compatible; GPTBot/1.4; +https://openai.com/gptbot)"
74.7.241.14 - - [14/Jul/2026:17:48:09 +0200] "GET /wp-content/uploads/2022/01/LAVATRICE-5-300x187.jpg HTTP/2.0" 200 10706 "https://piacenza.elettroservicegroup.it/assistenza-lavatrici-aeg-piacenza/" "Mozilla/5.0 AppleWebKit/537.36 (KHTML, like Gecko; compatible; GPTBot/1.4; +https://openai.com/gptbot)"
74.7.241.14 - - [14/Jul/2026:17:48:09 +0200] "GET /wp-includes/js/clipboard.min.js?ver=2.0.11 HTTP/2.0" 200 2997 "https://piacenza.elettroservicegroup.it/wp-login.php" "Mozilla/5.0 AppleWebKit/537.36 (KHTML, like Gecko; compatible; GPTBot/1.4; +https://openai.com/gptbot)"
74.7.241.14 - - [14/Jul/2026:17:48:10 +0200] "GET /wp-json/oembed/1.0/embed?format=xml&url=https%3A%2F%2Fpiacenza.elettroservicegroup.it%2Fwhite-air-conditioning-and-a-stream-of-fresh-cold-air-on-a-background-of-a-gray-wall-the-concept-of-heat-cool-air-cooling-freshness-2%2F HTTP/2.0" 200 1110 "https://piacenza.elettroservicegroup.it/white-air-conditioning-and-a-stream-of-fresh-cold-air-on-a-background-of-a-gray-wall-the-concept-of-heat-cool-air-cooling-freshness-2/" "Mozilla/5.0 AppleWebKit/537.36 (KHTML, like Gecko; compatible; GPTBot/1.4; +https://openai.com/gptbot)"
74.7.241.14 - - [14/Jul/2026:17:48:11 +0200] "GET /wp-json/oembed/1.0/embed?url=https%3A%2F%2Fpiacenza.elettroservicegroup.it%2Fassistenza-lavatrici-aeg-piacenza%2F HTTP/2.0" 200 979 "https://piacenza.elettroservicegroup.it/assistenza-lavatrici-aeg-piacenza/" "Mozilla/5.0 AppleWebKit/537.36 (KHTML, like Gecko; compatible; GPTBot/1.4; +https://openai.com/gptbot)"
74.7.241.14 - - [14/Jul/2026:17:48:12 +0200] "GET /wp-includes/css/dashicons.min.css?ver=7.0.1 HTTP/2.0" 200 35100 "https://piacenza.elettroservicegroup.it/wp-login.php" "Mozilla/5.0 AppleWebKit/537.36 (KHTML, like Gecko; compatible; GPTBot/1.4; +https://openai.com/gptbot)"
74.7.241.14 - - [14/Jul/2026:17:48:13 +0200] "GET /wp-includes/js/zxcvbn.min.js HTTP/2.0" 200 387992 "https://piacenza.elettroservicegroup.it/wp-login.php" "Mozilla/5.0 AppleWebKit/537.36 (KHTML, like Gecko; compatible; GPTBot/1.4; +https://openai.com/gptbot)"
74.7.241.14 - - [14/Jul/2026:17:48:14 +0200] "GET /wp-content/uploads/elementor/css/post-16941.css?ver=1783704844 HTTP/2.0" 200 1817 "https://piacenza.elettroservicegroup.it/assistenza-lavatrici-aeg-piacenza/" "Mozilla/5.0 AppleWebKit/537.36 (KHTML, like Gecko; compatible; GPTBot/1.4; +https://openai.com/gptbot)"
74.7.241.14 - - [14/Jul/2026:17:48:14 +0200] "GET /wp-content/uploads/2022/01/tecnico-elettro-1-300x200.jpg HTTP/2.0" 200 15134 "https://piacenza.elettroservicegroup.it/assistenza-lavatrici-aeg-piacenza/" "Mozilla/5.0 AppleWebKit/537.36 (KHTML, like Gecko; compatible; GPTBot/1.4; +https://openai.com/gptbot)"
74.7.241.14 - - [14/Jul/2026:17:48:15 +0200] "GET /wp-content/uploads/2022/01/asko-768x419.jpg HTTP/2.0" 200 33312 "https://piacenza.elettroservicegroup.it/wp-json/oembed/1.0/embed?format=xml&url=https%3A%2F%2Fpiacenza.elettroservicegroup.it%2Fasko-2%2F" "Mozilla/5.0 AppleWebKit/537.36 (KHTML, like Gecko; compatible; GPTBot/1.4; +https://openai.com/gptbot)"
74.7.241.14 - - [14/Jul/2026:17:48:15 +0200] "GET /wp-includes/js/jquery/jquery-migrate.min.js?ver=3.4.1 HTTP/2.0" 200 4685 "https://piacenza.elettroservicegroup.it/wp-login.php" "Mozilla/5.0 AppleWebKit/537.36 (KHTML, like Gecko; compatible; GPTBot/1.4; +https://openai.com/gptbot)"
74.7.241.14 - - [14/Jul/2026:17:48:16 +0200] "GET /wp-includes/js/wp-util.min.js?ver=7.0.1 HTTP/2.0" 200 693 "https://piacenza.elettroservicegroup.it/wp-login.php" "Mozilla/5.0 AppleWebKit/537.36 (KHTML, like Gecko; compatible; GPTBot/1.4; +https://openai.com/gptbot)"
74.7.241.14 - - [14/Jul/2026:17:48:16 +0200] "GET /wp-content/cache/wpfc-minified/6ykfum2g/2bdz9.css HTTP/2.0" 200 14492 "https://www.cremona.elettroservicegroup.it" "Mozilla/5.0 AppleWebKit/537.36 (KHTML, like Gecko; compatible; GPTBot/1.4; +https://openai.com/gptbot)"
74.7.241.14 - - [14/Jul/2026:17:48:17 +0200] "GET /wp-json/oembed/1.0/embed?url=https%3A%2F%2Fpiacenza.elettroservicegroup.it%2Fasko-2%2F HTTP/2.0" 200 1009 "https://piacenza.elettroservicegroup.it/asko-2/" "Mozilla/5.0 AppleWebKit/537.36 (KHTML, like Gecko; compatible; GPTBot/1.4; +https://openai.com/gptbot)"
74.7.241.14 - - [14/Jul/2026:17:48:19 +0200] "GET /wp-content/uploads/2021/11/condizionatore-bonus-768x512.jpg HTTP/2.0" 200 30432 "https://piacenza.elettroservicegroup.it/wp-json/oembed/1.0/embed?format=xml&url=https%3A%2F%2Fpiacenza.elettroservicegroup.it%2Fwhite-air-conditioning-and-a-stream-of-fresh-cold-air-on-a-background-of-a-gray-wall-the-concept-of-heat-cool-air-cooling-freshness-2%2F" "Mozilla/5.0 AppleWebKit/537.36 (KHTML, like Gecko; compatible; GPTBot/1.4; +https://openai.com/gptbot)"
74.7.241.14 - - [14/Jul/2026:17:48:20 +0200] "GET /wp-includes/css/dist/base-styles/admin-schemes.min.css?ver=7.0.1 HTTP/2.0" 200 726 "https://piacenza.elettroservicegroup.it/wp-login.php" "Mozilla/5.0 AppleWebKit/537.36 (KHTML, like Gecko; compatible; GPTBot/1.4; +https://openai.com/gptbot)"
74.7.241.14 - - [14/Jul/2026:17:48:20 +0200] "GET /wp-includes/fonts/dashicons.eot?99ac726223c749443b642ce33df8b800 HTTP/2.0" 200 31284 "https://piacenza.elettroservicegroup.it/wp-includes/css/dashicons.min.css?ver=7.0.1" "Mozilla/5.0 AppleWebKit/537.36 (KHTML, like Gecko; compatible; GPTBot/1.4; +https://openai.com/gptbot)"
74.7.241.14 - - [14/Jul/2026:17:48:21 +0200] "GET /wp-includes/fonts/dashicons.ttf?99ac726223c749443b642ce33df8b800 HTTP/2.0" 200 31240 "https://piacenza.elettroservicegroup.it/wp-includes/css/dashicons.min.css?ver=7.0.1" "Mozilla/5.0 AppleWebKit/537.36 (KHTML, like Gecko; compatible; GPTBot/1.4; +https://openai.com/gptbot)"
74.7.241.14 - - [14/Jul/2026:17:48:21 +0200] "GET /wp-content/uploads/2021/11/condizionatore-bonus.jpg HTTP/2.0" 200 79458 "https://piacenza.elettroservicegroup.it/white-air-conditioning-and-a-stream-of-fresh-cold-air-on-a-background-of-a-gray-wall-the-concept-of-heat-cool-air-cooling-freshness-2/" "Mozilla/5.0 AppleWebKit/537.36 (KHTML, like Gecko; compatible; GPTBot/1.4; +https://openai.com/gptbot)"
74.7.241.14 - - [14/Jul/2026:17:48:22 +0200] "GET /wp-content/uploads/2022/01/asko-300x164.jpg HTTP/2.0" 200 8301 "https://piacenza.elettroservicegroup.it/asko-2/" "Mozilla/5.0 AppleWebKit/537.36 (KHTML, like Gecko; compatible; GPTBot/1.4; +https://openai.com/gptbot)"
74.7.241.14 - - [14/Jul/2026:17:48:23 +0200] "GET /wp-content/uploads/2021/11/condizionatore-bonus-300x200.jpg HTTP/2.0" 200 7534 "https://piacenza.elettroservicegroup.it/white-air-conditioning-and-a-stream-of-fresh-cold-air-on-a-background-of-a-gray-wall-the-concept-of-heat-cool-air-cooling-freshness-2/" "Mozilla/5.0 AppleWebKit/537.36 (KHTML, like Gecko; compatible; GPTBot/1.4; +https://openai.com/gptbot)"
65.108.235.243 - - [14/Jul/2026:17:48:25 +0200] "POST /wp-cron.php?doing_wp_cron=1784044105.6300909519195556640625 HTTP/1.1" 200 1 "-" "WordPress/7.0.1; https://piacenza.elettroservicegroup.it"
74.7.241.14 - - [14/Jul/2026:17:48:23 +0200] "GET /wp-login.php?action=lostpassword HTTP/2.0" 200 1303 "https://piacenza.elettroservicegroup.it/wp-login.php" "Mozilla/5.0 AppleWebKit/537.36 (KHTML, like Gecko; compatible; GPTBot/1.4; +https://openai.com/gptbot)"
74.7.241.14 - - [14/Jul/2026:17:48:26 +0200] "GET /wp-json/oembed/1.0/embed?format=xml&url=https%3A%2F%2Fpiacenza.elettroservicegroup.it%2Fassistenza-lavatrici-aeg-piacenza%2F HTTP/2.0" 200 989 "https://piacenza.elettroservicegroup.it/assistenza-lavatrici-aeg-piacenza/" "Mozilla/5.0 AppleWebKit/537.36 (KHTML, like Gecko; compatible; GPTBot/1.4; +https://openai.com/gptbot)"
74.7.241.14 - - [14/Jul/2026:17:48:28 +0200] "GET /wp-json/oembed/1.0/embed?url=https%3A%2F%2Fpiacenza.elettroservicegroup.it%2Fwhite-air-conditioning-and-a-stream-of-fresh-cold-air-on-a-background-of-a-gray-wall-the-concept-of-heat-cool-air-cooling-freshness-2%2F HTTP/2.0" 200 1097 "https://piacenza.elettroservicegroup.it/white-air-conditioning-and-a-stream-of-fresh-cold-air-on-a-background-of-a-gray-wall-the-concept-of-heat-cool-air-cooling-freshness-2/" "Mozilla/5.0 AppleWebKit/537.36 (KHTML, like Gecko; compatible; GPTBot/1.4; +https://openai.com/gptbot)"
74.7.241.14 - - [14/Jul/2026:17:48:30 +0200] "GET /wp-includes/js/dist/hooks.min.js?ver=7496969728ca0f95732d HTTP/2.0" 200 1734 "https://piacenza.elettroservicegroup.it/wp-login.php" "Mozilla/5.0 AppleWebKit/537.36 (KHTML, like Gecko; compatible; GPTBot/1.4; +https://openai.com/gptbot)"
74.7.241.14 - - [14/Jul/2026:17:48:30 +0200] "GET /wp-json/oembed/1.0/embed?url=https%3A%2F%2Fpiacenza.elettroservicegroup.it%2Frepairman-refrigerator-repairing-examining-installing-2%2F HTTP/2.0" 200 1065 "https://piacenza.elettroservicegroup.it/repairman-refrigerator-repairing-examining-installing-2/" "Mozilla/5.0 AppleWebKit/537.36 (KHTML, like Gecko; compatible; GPTBot/1.4; +https://openai.com/gptbot)"
74.7.241.14 - - [14/Jul/2026:17:48:32 +0200] "GET /wp-content/uploads/2022/01/asko.jpg HTTP/2.0" 200 120074 "https://piacenza.elettroservicegroup.it/asko-2/" "Mozilla/5.0 AppleWebKit/537.36 (KHTML, like Gecko; compatible; GPTBot/1.4; +https://openai.com/gptbot)"
74.7.241.14 - - [14/Jul/2026:17:48:33 +0200] "GET /wp-includes/js/jquery/jquery.min.js?ver=3.7.1 HTTP/2.0" 200 29769 "https://piacenza.elettroservicegroup.it/wp-login.php" "Mozilla/5.0 AppleWebKit/537.36 (KHTML, like Gecko; compatible; GPTBot/1.4; +https://openai.com/gptbot)"
74.7.241.14 - - [14/Jul/2026:17:48:33 +0200] "GET /?p=16941 HTTP/2.0" 301 1 "https://piacenza.elettroservicegroup.it/assistenza-lavatrici-aeg-piacenza/" "Mozilla/5.0 AppleWebKit/537.36 (KHTML, like Gecko; compatible; GPTBot/1.4; +https://openai.com/gptbot)"
65.108.235.243 - - [14/Jul/2026:17:53:09 +0200] "POST /wp-cron.php?doing_wp_cron=1784044389.3370459079742431640625 HTTP/1.1" 200 1 "-" "WordPress/7.0.1; https://piacenza.elettroservicegroup.it"
66.249.64.165 - - [14/Jul/2026:17:53:00 +0200] "GET /wp-content/uploads/2022/08/BOSCH.jpg HTTP/1.1" 404 16301 "-" "Googlebot-Image/1.0"
65.108.235.243 - - [14/Jul/2026:17:53:11 +0200] "GET / HTTP/1.1" 200 21819 "-" "WP Fastest Cache Preload Bot"
65.108.235.243 - - [14/Jul/2026:18:07:05 +0200] "POST /wp-cron.php?doing_wp_cron=1784045225.2284450531005859375000 HTTP/1.1" 200 1 "-" "WordPress/7.0.1; https://piacenza.elettroservicegroup.it"
216.73.217.17 - - [14/Jul/2026:18:06:57 +0200] "GET /robots.txt HTTP/2.0" 200 108 "-" "Mozilla/5.0 AppleWebKit/537.36 (KHTML, like Gecko; compatible; ClaudeBot/1.0; +claudebot@anthropic.com)"
65.108.235.243 - - [14/Jul/2026:18:30:32 +0200] "GET /imprint/ HTTP/1.1" 200 17189 "-" "WP Fastest Cache Preload Bot"
65.108.235.243 - - [14/Jul/2026:18:30:32 +0200] "GET /dichiarazione-sulla-privacy-ue/ HTTP/1.1" 200 19700 "-" "WP Fastest Cache Preload Bot"
65.108.235.243 - - [14/Jul/2026:18:30:33 +0200] "GET /assistenza-whirlpool-piacenza/ HTTP/1.1" 200 21857 "-" "WP Fastest Cache Preload Bot"
47.254.92.190 - - [14/Jul/2026:18:30:33 +0200] "GET / HTTP/1.1" 200 23718 "http://piacenza.elettroservicegroup.it" "Mozilla/5.0 (iPhone; CPU iPhone OS 13_2_3 like Mac OS X) AppleWebKit/605.1.15 (KHTML, like Gecko) Version/13.0.3 Mobile/15E148 Safari/604.1"
65.108.235.243 - - [14/Jul/2026:18:30:33 +0200] "GET /assistenza-smeg-piacenza/ HTTP/1.1" 200 21805 "-" "WP Fastest Cache Preload Bot"
65.108.235.243 - - [14/Jul/2026:18:30:34 +0200] "GET / HTTP/1.1" 200 21819 "-" "WP Fastest Cache Preload Bot"
65.108.235.243 - - [14/Jul/2026:19:05:17 +0200] "POST /wp-cron.php?doing_wp_cron=1784048717.5120120048522949218750 HTTP/1.1" 200 1 "-" "WordPress/7.0.1; https://piacenza.elettroservicegroup.it"
216.73.217.123 - - [14/Jul/2026:19:05:16 +0200] "GET /sitemap.rss HTTP/2.0" 200 1299 "-" "Mozilla/5.0 AppleWebKit/537.36 (KHTML, like Gecko; compatible; ClaudeBot/1.0; +claudebot@anthropic.com)"
65.108.235.243 - - [14/Jul/2026:19:05:19 +0200] "POST /wp-json/complianz/v1/wsc-scan HTTP/1.1" 400 88 "-" "WordPress/7.0.1; https://piacenza.elettroservicegroup.it"
65.108.235.243 - - [14/Jul/2026:19:05:21 +0200] "GET /imprint/ HTTP/1.1" 200 17192 "-" "WP Fastest Cache Preload Bot"
65.108.235.243 - - [14/Jul/2026:19:05:25 +0200] "GET /dichiarazione-sulla-privacy-ue/ HTTP/1.1" 200 19679 "-" "WP Fastest Cache Preload Bot"
65.108.235.243 - - [14/Jul/2026:19:05:28 +0200] "GET /assistenza-whirlpool-piacenza/ HTTP/1.1" 200 21857 "-" "WP Fastest Cache Preload Bot"
65.108.235.243 - - [14/Jul/2026:19:05:32 +0200] "GET /assistenza-smeg-piacenza/ HTTP/1.1" 200 21805 "-" "WP Fastest Cache Preload Bot"
109.54.116.154 - - [14/Jul/2026:19:37:08 +0200] "GET /assistenza-rex-electrolux-piacenza/ HTTP/2.0" 200 21821 "https://www.google.com/" "Mozilla/5.0 (Linux; Android 10; K) AppleWebKit/537.36 (KHTML, like Gecko) Chrome/150.0.0.0 Mobile Safari/537.36"
109.54.116.154 - - [14/Jul/2026:19:37:09 +0200] "GET /wp-content/cache/wpfc-minified/98f2uwim/w4sl.css HTTP/2.0" 200 418 "https://piacenza.elettroservicegroup.it/assistenza-rex-electrolux-piacenza/" "Mozilla/5.0 (Linux; Android 10; K) AppleWebKit/537.36 (KHTML, like Gecko) Chrome/150.0.0.0 Mobile Safari/537.36"
109.54.116.154 - - [14/Jul/2026:19:37:09 +0200] "GET /wp-content/uploads/elementor/css/post-14146.css?ver=1783702306 HTTP/2.0" 200 428 "https://piacenza.elettroservicegroup.it/assistenza-rex-electrolux-piacenza/" "Mozilla/5.0 (Linux; Android 10; K) AppleWebKit/537.36 (KHTML, like Gecko) Chrome/150.0.0.0 Mobile Safari/537.36"
109.54.116.154 - - [14/Jul/2026:19:37:09 +0200] "GET /wp-content/cache/wpfc-minified/lkeozi6d/w4sl.css HTTP/2.0" 200 7521 "https://piacenza.elettroservicegroup.it/assistenza-rex-electrolux-piacenza/" "Mozilla/5.0 (Linux; Android 10; K) AppleWebKit/537.36 (KHTML, like Gecko) Chrome/150.0.0.0 Mobile Safari/537.36"
109.54.116.154 - - [14/Jul/2026:19:37:09 +0200] "GET /wp-content/uploads/elementor/css/post-14366.css?ver=1783702306 HTTP/2.0" 200 302 "https://piacenza.elettroservicegroup.it/assistenza-rex-electrolux-piacenza/" "Mozilla/5.0 (Linux; Android 10; K) AppleWebKit/537.36 (KHTML, like Gecko) Chrome/150.0.0.0 Mobile Safari/537.36"
109.54.116.154 - - [14/Jul/2026:19:37:09 +0200] "GET /wp-content/cache/wpfc-minified/qha2vzve/w4sl.css HTTP/2.0" 200 11343 "https://piacenza.elettroservicegroup.it/assistenza-rex-electrolux-piacenza/" "Mozilla/5.0 (Linux; Android 10; K) AppleWebKit/537.36 (KHTML, like Gecko) Chrome/150.0.0.0 Mobile Safari/537.36"
109.54.116.154 - - [14/Jul/2026:19:37:09 +0200] "GET /wp-content/cache/wpfc-minified/5g6kml4/w9h1.css HTTP/2.0" 200 16441 "https://piacenza.elettroservicegroup.it/assistenza-rex-electrolux-piacenza/" "Mozilla/5.0 (Linux; Android 10; K) AppleWebKit/537.36 (KHTML, like Gecko) Chrome/150.0.0.0 Mobile Safari/537.36"
109.54.116.154 - - [14/Jul/2026:19:37:09 +0200] "GET /wp-content/cache/wpfc-minified/9h35mpo4/w4sl.css HTTP/2.0" 200 4410 "https://piacenza.elettroservicegroup.it/assistenza-rex-electrolux-piacenza/" "Mozilla/5.0 (Linux; Android 10; K) AppleWebKit/537.36 (KHTML, like Gecko) Chrome/150.0.0.0 Mobile Safari/537.36"
109.54.116.154 - - [14/Jul/2026:19:37:09 +0200] "GET /wp-content/cache/wpfc-minified/30gnld0u/w4sl.css HTTP/2.0" 200 19038 "https://piacenza.elettroservicegroup.it/assistenza-rex-electrolux-piacenza/" "Mozilla/5.0 (Linux; Android 10; K) AppleWebKit/537.36 (KHTML, like Gecko) Chrome/150.0.0.0 Mobile Safari/537.36"
109.54.116.154 - - [14/Jul/2026:19:37:09 +0200] "GET /wp-content/uploads/2022/01/COPERTINA-5.png HTTP/2.0" 200 238875 "https://piacenza.elettroservicegroup.it/assistenza-rex-electrolux-piacenza/" "Mozilla/5.0 (Linux; Android 10; K) AppleWebKit/537.36 (KHTML, like Gecko) Chrome/150.0.0.0 Mobile Safari/537.36"
109.54.116.154 - - [14/Jul/2026:19:37:09 +0200] "GET /wp-content/cache/wpfc-minified/6ykfum2g/w4sl.css HTTP/2.0" 200 14492 "https://piacenza.elettroservicegroup.it/assistenza-rex-electrolux-piacenza/" "Mozilla/5.0 (Linux; Android 10; K) AppleWebKit/537.36 (KHTML, like Gecko) Chrome/150.0.0.0 Mobile Safari/537.36"
109.54.116.154 - - [14/Jul/2026:19:37:09 +0200] "GET /wp-content/cache/wpfc-minified/kajgjpa1/w4sl.js HTTP/2.0" 200 37594 "https://piacenza.elettroservicegroup.it/assistenza-rex-electrolux-piacenza/" "Mozilla/5.0 (Linux; Android 10; K) AppleWebKit/537.36 (KHTML, like Gecko) Chrome/150.0.0.0 Mobile Safari/537.36"
109.54.116.154 - - [14/Jul/2026:19:37:09 +0200] "GET /wp-content/uploads/2021/10/cropped-cropped-cropped-logo_white_background.png HTTP/2.0" 200 10924 "https://piacenza.elettroservicegroup.it/assistenza-rex-electrolux-piacenza/" "Mozilla/5.0 (Linux; Android 10; K) AppleWebKit/537.36 (KHTML, like Gecko) Chrome/150.0.0.0 Mobile Safari/537.36"
109.54.116.154 - - [14/Jul/2026:19:37:09 +0200] "GET /wp-content/plugins/gp-premium/menu-plus/functions/js/sticky.min.js?ver=2.5.5 HTTP/2.0" 200 2670 "https://piacenza.elettroservicegroup.it/assistenza-rex-electrolux-piacenza/" "Mozilla/5.0 (Linux; Android 10; K) AppleWebKit/537.36 (KHTML, like Gecko) Chrome/150.0.0.0 Mobile Safari/537.36"
109.54.116.154 - - [14/Jul/2026:19:37:09 +0200] "GET /wp-content/plugins/elementor/assets/js/webpack.runtime.min.js?ver=4.1.4 HTTP/2.0" 200 2340 "https://piacenza.elettroservicegroup.it/assistenza-rex-electrolux-piacenza/" "Mozilla/5.0 (Linux; Android 10; K) AppleWebKit/537.36 (KHTML, like Gecko) Chrome/150.0.0.0 Mobile Safari/537.36"
109.54.116.154 - - [14/Jul/2026:19:37:09 +0200] "GET /wp-content/plugins/elementor/assets/js/frontend-modules.min.js?ver=4.1.4 HTTP/2.0" 200 15454 "https://piacenza.elettroservicegroup.it/assistenza-rex-electrolux-piacenza/" "Mozilla/5.0 (Linux; Android 10; K) AppleWebKit/537.36 (KHTML, like Gecko) Chrome/150.0.0.0 Mobile Safari/537.36"
109.54.116.154 - - [14/Jul/2026:19:37:09 +0200] "GET /wp-includes/js/jquery/ui/core.min.js?ver=1.13.3 HTTP/2.0" 200 6820 "https://piacenza.elettroservicegroup.it/assistenza-rex-electrolux-piacenza/" "Mozilla/5.0 (Linux; Android 10; K) AppleWebKit/537.36 (KHTML, like Gecko) Chrome/150.0.0.0 Mobile Safari/537.36"
109.54.116.154 - - [14/Jul/2026:19:37:09 +0200] "GET /wp-content/plugins/elementor/assets/js/frontend.min.js?ver=4.1.4 HTTP/2.0" 200 10140 "https://piacenza.elettroservicegroup.it/assistenza-rex-electrolux-piacenza/" "Mozilla/5.0 (Linux; Android 10; K) AppleWebKit/537.36 (KHTML, like Gecko) Chrome/150.0.0.0 Mobile Safari/537.36"
109.54.116.154 - - [14/Jul/2026:19:37:09 +0200] "GET /wp-content/themes/generatepress/assets/js/menu.min.js?ver=3.6.1 HTTP/2.0" 200 1688 "https://piacenza.elettroservicegroup.it/assistenza-rex-electrolux-piacenza/" "Mozilla/5.0 (Linux; Android 10; K) AppleWebKit/537.36 (KHTML, like Gecko) Chrome/150.0.0.0 Mobile Safari/537.36"
109.54.116.154 - - [14/Jul/2026:19:37:09 +0200] "GET /wp-content/themes/generatepress/assets/js/back-to-top.min.js?ver=3.6.1 HTTP/2.0" 200 336 "https://piacenza.elettroservicegroup.it/assistenza-rex-electrolux-piacenza/" "Mozilla/5.0 (Linux; Android 10; K) AppleWebKit/537.36 (KHTML, like Gecko) Chrome/150.0.0.0 Mobile Safari/537.36"
109.54.116.154 - - [14/Jul/2026:19:37:09 +0200] "GET /wp-content/plugins/complianz-gdpr-premium/cookiebanner/js/complianz.min.js?ver=1783097777 HTTP/2.0" 200 10762 "https://piacenza.elettroservicegroup.it/assistenza-rex-electrolux-piacenza/" "Mozilla/5.0 (Linux; Android 10; K) AppleWebKit/537.36 (KHTML, like Gecko) Chrome/150.0.0.0 Mobile Safari/537.36"
65.108.235.243 - - [14/Jul/2026:19:37:10 +0200] "POST /wp-cron.php?doing_wp_cron=1784050630.6669878959655761718750 HTTP/1.1" 200 1 "-" "WordPress/7.0.1; https://piacenza.elettroservicegroup.it"
109.54.116.154 - - [14/Jul/2026:19:37:09 +0200] "GET /wp-content/uploads/elementor/css/post-16973.css?ver=1783703831 HTTP/2.0" 404 17577 "https://piacenza.elettroservicegroup.it/assistenza-rex-electrolux-piacenza/" "Mozilla/5.0 (Linux; Android 10; K) AppleWebKit/537.36 (KHTML, like Gecko) Chrome/150.0.0.0 Mobile Safari/537.36"
109.54.116.154 - - [14/Jul/2026:19:37:10 +0200] "GET /wp-content/uploads/2022/01/tecnico-elettro-2-300x200.jpg HTTP/2.0" 200 15134 "https://piacenza.elettroservicegroup.it/assistenza-rex-electrolux-piacenza/" "Mozilla/5.0 (Linux; Android 10; K) AppleWebKit/537.36 (KHTML, like Gecko) Chrome/150.0.0.0 Mobile Safari/537.36"
109.54.116.154 - - [14/Jul/2026:19:37:10 +0200] "GET /wp-content/plugins/elementor/assets/lib/font-awesome/webfonts/fa-regular-400.woff2 HTTP/2.0" 200 13277 "https://piacenza.elettroservicegroup.it/wp-content/cache/wpfc-minified/5g6kml4/w9h1.css" "Mozilla/5.0 (Linux; Android 10; K) AppleWebKit/537.36 (KHTML, like Gecko) Chrome/150.0.0.0 Mobile Safari/537.36"
109.54.116.154 - - [14/Jul/2026:19:37:10 +0200] "GET /wp-content/uploads/elementor/google-fonts/fonts/roboto-kfo7cnqeu92fr1me7ksn66agldtyluama3yuba.woff2 HTTP/2.0" 200 40132 "https://piacenza.elettroservicegroup.it/wp-content/cache/wpfc-minified/6ykfum2g/w4sl.css" "Mozilla/5.0 (Linux; Android 10; K) AppleWebKit/537.36 (KHTML, like Gecko) Chrome/150.0.0.0 Mobile Safari/537.36"
109.54.116.154 - - [14/Jul/2026:19:37:10 +0200] "GET /wp-content/plugins/elementor/assets/lib/font-awesome/webfonts/fa-solid-900.woff2 HTTP/2.0" 200 78201 "https://piacenza.elettroservicegroup.it/wp-content/cache/wpfc-minified/5g6kml4/w9h1.css" "Mozilla/5.0 (Linux; Android 10; K) AppleWebKit/537.36 (KHTML, like Gecko) Chrome/150.0.0.0 Mobile Safari/537.36"
109.54.116.154 - - [14/Jul/2026:19:37:10 +0200] "GET /wp-content/uploads/elementor/google-fonts/fonts/robotoslab-bngmuxzytxpivibgjjsb6ufn5qu.woff2 HTTP/2.0" 200 34328 "https://piacenza.elettroservicegroup.it/wp-content/cache/wpfc-minified/6ykfum2g/w4sl.css" "Mozilla/5.0 (Linux; Android 10; K) AppleWebKit/537.36 (KHTML, like Gecko) Chrome/150.0.0.0 Mobile Safari/537.36"
109.54.116.154 - - [14/Jul/2026:19:37:10 +0200] "GET /wp-content/plugins/elementor/assets/js/shared-frontend-handlers.03caa53373b56d3bab67.bundle.min.js HTTP/2.0" 200 2515 "https://piacenza.elettroservicegroup.it/assistenza-rex-electrolux-piacenza/" "Mozilla/5.0 (Linux; Android 10; K) AppleWebKit/537.36 (KHTML, like Gecko) Chrome/150.0.0.0 Mobile Safari/537.36"
109.54.116.154 - - [14/Jul/2026:19:37:10 +0200] "GET /wp-content/plugins/elementor/assets/js/section-frontend-handlers.d85ab872da118940910d.bundle.min.js HTTP/2.0" 200 230 "https://piacenza.elettroservicegroup.it/assistenza-rex-electrolux-piacenza/" "Mozilla/5.0 (Linux; Android 10; K) AppleWebKit/537.36 (KHTML, like Gecko) Chrome/150.0.0.0 Mobile Safari/537.36"
109.54.116.154 - - [14/Jul/2026:19:37:10 +0200] "GET /wp-content/plugins/elementor/assets/js/text-editor.45609661e409413f1cef.bundle.min.js HTTP/2.0" 200 592 "https://piacenza.elettroservicegroup.it/assistenza-rex-electrolux-piacenza/" "Mozilla/5.0 (Linux; Android 10; K) AppleWebKit/537.36 (KHTML, like Gecko) Chrome/150.0.0.0 Mobile Safari/537.36"
109.54.116.154 - - [14/Jul/2026:19:37:10 +0200] "GET /wp-json/complianz/v1/banner?lang=it&locale=it_IT&token=etneb HTTP/2.0" 200 81 "https://piacenza.elettroservicegroup.it/assistenza-rex-electrolux-piacenza/" "Mozilla/5.0 (Linux; Android 10; K) AppleWebKit/537.36 (KHTML, like Gecko) Chrome/150.0.0.0 Mobile Safari/537.36"
109.54.116.154 - - [14/Jul/2026:19:37:11 +0200] "GET /wp-content/uploads/complianz/css/banner-1-optin.css?v=40 HTTP/2.0" 200 2857 "https://piacenza.elettroservicegroup.it/assistenza-rex-electrolux-piacenza/" "Mozilla/5.0 (Linux; Android 10; K) AppleWebKit/537.36 (KHTML, like Gecko) Chrome/150.0.0.0 Mobile Safari/537.36"
109.54.116.154 - - [14/Jul/2026:19:37:11 +0200] "GET /wp-json/complianz/v1/cookie_data HTTP/2.0" 200 69 "https://piacenza.elettroservicegroup.it/assistenza-rex-electrolux-piacenza/" "Mozilla/5.0 (Linux; Android 10; K) AppleWebKit/537.36 (KHTML, like Gecko) Chrome/150.0.0.0 Mobile Safari/537.36"
65.108.235.243 - - [14/Jul/2026:19:37:11 +0200] "GET /assistenza-siemens-piacenza/ HTTP/1.1" 200 21994 "-" "WP Fastest Cache Preload Bot"
