216.73.216.229 - - [12/Jul/2026:14:23:19 +0200] "GET /=3D%22https:/blogerfrechloginfr.blogspot.com/3D%22https:/novabase.us20.list-manage.com//%22mailto:mail@fruitfulcode.com?file=%2Fhome%2Fcosta4%2Fcremona.elettroservicegroup.it%2Fwp-includes%2Fimages%2Ficon-library%2Fcode.svg HTTP/2.0" 200 232 "-" "Mozilla/5.0 AppleWebKit/537.36 (KHTML, like Gecko; compatible; ClaudeBot/1.0; +claudebot@anthropic.com)"
216.73.216.229 - - [12/Jul/2026:14:23:19 +0200] "GET /=3D%22https:/blogerfrechloginfr.blogspot.com/%22https:/go.elementor.com/renew-license-cloud-templates-cloud-tab/edit-comments.php?file=%2Fhome%2Fcosta4%2Fverona.elettroservicegroup.it%2Fwp-includes%2Fcss%2Fdist HTTP/2.0" 200 18161 "-" "Mozilla/5.0 AppleWebKit/537.36 (KHTML, like Gecko; compatible; ClaudeBot/1.0; +claudebot@anthropic.com)"
216.73.216.229 - - [12/Jul/2026:14:23:20 +0200] "GET /=3D%22https:/blogerfrechloginfr.blogspot.com/3D%22http:/tracking.kzexport.cloud/tracking/'%20.%20esc_url('https://%22edit-comments.php?view=%2Fhome%2Fcosta4%2Fcremona.elettroservicegroup.it%2Fwp-content%2Fuploads%2F2021%2F10%2Fsiemens-150x150.png HTTP/2.0" 200 5330 "-" "Mozilla/5.0 AppleWebKit/537.36 (KHTML, like Gecko; compatible; ClaudeBot/1.0; +claudebot@anthropic.com)"
216.73.216.229 - - [12/Jul/2026:14:23:20 +0200] "GET /=3D%22https:/blogerfrechloginfr.blogspot.com/3D%22https:/novabase.us20.list-manage.com//%22mailto:mail@fruitfulcode.com?rename=%2Fhome%2Fcosta4%2Fverona.elettroservicegroup.it%2Fwp-admin%2Fjs%2Fapplication-passwords.js HTTP/2.0" 200 909 "-" "Mozilla/5.0 AppleWebKit/537.36 (KHTML, like Gecko; compatible; ClaudeBot/1.0; +claudebot@anthropic.com)"
216.73.216.229 - - [12/Jul/2026:14:23:19 +0200] "GET /=3D%22https:/blogerfrechloginfr.blogspot.com/%22https:/go.elementor.com/renew-license-cloud-templates-cloud-tab/edit-comments.php?rename=%2Fhome%2Fcosta4%2Fwww%2Fwp-includes%2Fblocks%2Fnavigation-overlay-close%2Fstyle.min.css HTTP/2.0" 200 18631 "-" "Mozilla/5.0 AppleWebKit/537.36 (KHTML, like Gecko; compatible; ClaudeBot/1.0; +claudebot@anthropic.com)"
74.7.227.144 - - [12/Jul/2026:14:23:20 +0200] "GET /?edit=/usr/lib64/libmysqlservices.a HTTP/2.0" 200 2139 "https://www.cremona.elettroservicegroup.it/?file=/usr/lib64" "Mozilla/5.0 AppleWebKit/537.36 (KHTML, like Gecko; compatible; GPTBot/1.4; +https://openai.com/gptbot)"
216.73.216.229 - - [12/Jul/2026:14:23:21 +0200] "GET /=3D%22https:/blogerfrechloginfr.blogspot.com/3D%22https:/novabase.us20.list-manage.com//%22mailto:mail@fruitfulcode.com?view=%2Fhome%2Fcosta4%2Fvicenza.elettroservicegroup.it%2Fwp-includes%2Fjs%2Fdist%2Fescape-html.js HTTP/2.0" 200 777 "-" "Mozilla/5.0 AppleWebKit/537.36 (KHTML, like Gecko; compatible; ClaudeBot/1.0; +claudebot@anthropic.com)"
216.73.216.229 - - [12/Jul/2026:14:23:19 +0200] "GET /=3D%22https:/blogerfrechloginfr.blogspot.com/3D%22http:/tracking.kzexport.cloud/tracking/'%20.%20esc_url('https:/widgets.php?edit=%2Fhome%2Fcosta4%2Fcremona.elettroservicegroup.it%2Fwp-content%2Fthemes%2Fgeneratepress%2Finc%2Fplugin-compat.php HTTP/2.0" 200 24307 "-" "Mozilla/5.0 AppleWebKit/537.36 (KHTML, like Gecko; compatible; ClaudeBot/1.0; +claudebot@anthropic.com)"
216.73.216.229 - - [12/Jul/2026:14:23:20 +0200] "GET /=3D%22https:/blogerfrechloginfr.blogspot.com/%22http:/codecanyon.net/item/maintenance-wordpress-plugin/customize.php?rename=%2Fhome%2Fcosta4%2Fpublic_html%2Fwp-content%2Fplugins%2Felementor%2Fcore%2Fcommon%2Fmodules%2Fconnect%2Fapps%2Flibrary.php HTTP/2.0" 200 18650 "-" "Mozilla/5.0 AppleWebKit/537.36 (KHTML, like Gecko; compatible; ClaudeBot/1.0; +claudebot@anthropic.com)"
216.73.216.229 - - [12/Jul/2026:14:23:20 +0200] "GET /=3D%22https:/blogerfrechloginfr.blogspot.com/3D%22https:/novabase.us20.list-manage.com//%22mailto:mail@fruitfulcode.com?rename=%2Fhome%2Fcosta4%2Fvicenza.elettroservicegroup.it%2Fwp-includes%2Fblocks%2Fcategories%2Fstyle.css HTTP/2.0" 200 906 "-" "Mozilla/5.0 AppleWebKit/537.36 (KHTML, like Gecko; compatible; ClaudeBot/1.0; +claudebot@anthropic.com)"
216.73.216.229 - - [12/Jul/2026:14:23:21 +0200] "GET /=3D%22https:/blogerfrechloginfr.blogspot.com/3D%22https:/novabase.us20.list-manage.com//%22mailto:mail@fruitfulcode.com?edit=%2Fhome%2Fcosta4%2Ftmp%2Fanalog%2Fparma.elettroservicegroup.it%2Freq.png HTTP/2.0" 200 2984 "-" "Mozilla/5.0 AppleWebKit/537.36 (KHTML, like Gecko; compatible; ClaudeBot/1.0; +claudebot@anthropic.com)"
216.73.216.229 - - [12/Jul/2026:14:23:20 +0200] "GET /=3D%22https:/blogerfrechloginfr.blogspot.com/%22https:/go.elementor.com/renew-license-cloud-templates-cloud-tab/edit-comments.php?file=%2Fhome%2Fcosta4%2Fpublic_html%2Fwp-includes%2Fjs%2Fdist%2Fis-shallow-equal.min.js HTTP/2.0" 200 17859 "-" "Mozilla/5.0 AppleWebKit/537.36 (KHTML, like Gecko; compatible; ClaudeBot/1.0; +claudebot@anthropic.com)"
216.73.216.229 - - [12/Jul/2026:14:23:20 +0200] "GET /=3D%22https:/blogerfrechloginfr.blogspot.com/%22http:/codecanyon.net/item/maintenance-wordpress-plugin/repair.php?rename=%2Fhome%2Fcosta4%2Fwww%2Fwp-content%2Fplugins%2Fgoogle-analytics-for-wordpress%2Fincludes%2Fcapabilities.php HTTP/2.0" 200 18631 "-" "Mozilla/5.0 AppleWebKit/537.36 (KHTML, like Gecko; compatible; ClaudeBot/1.0; +claudebot@anthropic.com)"
216.73.216.229 - - [12/Jul/2026:14:23:21 +0200] "GET /=3D%22https:/blogerfrechloginfr.blogspot.com/3D%22https:/novabase.us20.list-manage.com//%22mailto:mail@fruitfulcode.com?file=%2Fhome%2Fcosta4%2Fparma.elettroservicegroup.it%2Fwp-includes%2Fblocks%2Fpost-featured-image%2Fblock.json HTTP/2.0" 200 241 "-" "Mozilla/5.0 AppleWebKit/537.36 (KHTML, like Gecko; compatible; ClaudeBot/1.0; +claudebot@anthropic.com)"
74.7.227.144 - - [12/Jul/2026:14:23:21 +0200] "GET /?rename=/usr/lib64/libfontconfig.so HTTP/2.0" 200 902 "https://www.cremona.elettroservicegroup.it/?file=/usr/lib64" "Mozilla/5.0 AppleWebKit/537.36 (KHTML, like Gecko; compatible; GPTBot/1.4; +https://openai.com/gptbot)"
216.73.216.229 - - [12/Jul/2026:14:23:22 +0200] "GET /=3D%22https:/blogerfrechloginfr.blogspot.com/%22https:/go.elementor.com/renew-license-cloud-templates-cloud-tab/edit-comments.php?view=%2Fhome%2Fcosta4%2Freggio-emilia.elettroservicegroup.it%2Fwp-includes%2FSimplePie%2Fautoloader.php HTTP/2.0" 200 858 "-" "Mozilla/5.0 AppleWebKit/537.36 (KHTML, like Gecko; compatible; ClaudeBot/1.0; +claudebot@anthropic.com)"
216.73.216.229 - - [12/Jul/2026:14:23:22 +0200] "GET /=3D%22https:/blogerfrechloginfr.blogspot.com/3D%22https:/novabase.us20.list-manage.com//%22mailto:mail@fruitfulcode.com?rename=%2Fhome%2Fcosta4%2Fverona.elettroservicegroup.it%2Fwp-includes%2Ffeed-rdf.php HTTP/2.0" 200 904 "-" "Mozilla/5.0 AppleWebKit/537.36 (KHTML, like Gecko; compatible; ClaudeBot/1.0; +claudebot@anthropic.com)"
216.73.216.229 - - [12/Jul/2026:14:23:21 +0200] "GET /=3D%22https:/blogerfrechloginfr.blogspot.com/3D%22https:/novabase.us20.list-manage.com/wp-admin/install.php?edit=%2Fhome%2Fcosta4%2Fvicenza.elettroservicegroup.it%2Fwp-includes%2Ftheme-compat%2Ffooter.php HTTP/2.0" 200 19184 "-" "Mozilla/5.0 AppleWebKit/537.36 (KHTML, like Gecko; compatible; ClaudeBot/1.0; +claudebot@anthropic.com)"
216.73.216.229 - - [12/Jul/2026:14:23:22 +0200] "GET /=3D%22https:/blogerfrechloginfr.blogspot.com/3D%22http:/tracking.kzexport.cloud/tracking/'%20.%20esc_url('https://%22edit-comments.php?view=%2Fhome%2Fcosta4%2Fcremona.elettroservicegroup.it%2Fwp-content%2Fuploads%2F2021%2F10%2Fsiemens-300x71.png HTTP/2.0" 200 5186 "-" "Mozilla/5.0 AppleWebKit/537.36 (KHTML, like Gecko; compatible; ClaudeBot/1.0; +claudebot@anthropic.com)"
216.73.216.229 - - [12/Jul/2026:14:23:21 +0200] "GET /=3D%22https:/blogerfrechloginfr.blogspot.com/3D%22http:/tracking.kzexport.cloud/tracking/credits.php?edit=%2Fhome%2Fcosta4%2Fcremona.elettroservicegroup.it%2Fwp-admin%2Fcss%2Fwp-admin.css HTTP/2.0" 200 18700 "-" "Mozilla/5.0 AppleWebKit/537.36 (KHTML, like Gecko; compatible; ClaudeBot/1.0; +claudebot@anthropic.com)"
216.73.216.229 - - [12/Jul/2026:14:23:22 +0200] "GET /=3D%22https:/blogerfrechloginfr.blogspot.com/3D%22http:/tracking.kzexport.cloud/tracking/'%20.%20esc_url('https://%22upload.php/%22?rename=%2Fhome%2Fcosta4%2Fmantova.elettroservicegroup.it%2Fwp-content%2Fplugins%2Fwordfence%2Fimages%2Flogo.png HTTP/2.0" 200 915 "-" "Mozilla/5.0 AppleWebKit/537.36 (KHTML, like Gecko; compatible; ClaudeBot/1.0; +claudebot@anthropic.com)"
216.73.216.229 - - [12/Jul/2026:14:23:21 +0200] "GET /=3D%22https:/blogerfrechloginfr.blogspot.com/3D%22http:/tracking.kzexport.cloud/tracking/'%20.%20esc_url('https:/%22upload.php/$src?file=%2Fhome%2Fcosta4%2Fcremona.elettroservicegroup.it%2Fwp-content%2Fthemes%2Fgeneratepress%2Fheader.php HTTP/2.0" 200 17866 "-" "Mozilla/5.0 AppleWebKit/537.36 (KHTML, like Gecko; compatible; ClaudeBot/1.0; +claudebot@anthropic.com)"
216.73.216.229 - - [12/Jul/2026:14:23:21 +0200] "GET /=3D%22https:/blogerfrechloginfr.blogspot.com/3D%22https:/novabase.us20.list-manage.com/link-add.php?rename=%2Fhome%2Fcosta4%2Fcremona.elettroservicegroup.it%2Fwp-includes%2Fblocks%2Frss.php HTTP/2.0" 200 18609 "-" "Mozilla/5.0 AppleWebKit/537.36 (KHTML, like Gecko; compatible; ClaudeBot/1.0; +claudebot@anthropic.com)"
216.73.216.229 - - [12/Jul/2026:14:23:22 +0200] "GET /=3D%22https:/blogerfrechloginfr.blogspot.com/3D%22http:/tracking.kzexport.cloud/tracking/'%20.%20esc_url('https:/widgets.php?edit=%2Fhome%2Fcosta4%2Fcremona.elettroservicegroup.it%2Fwp-content%2Fthemes%2Fgeneratepress%2Fcontent-link.php HTTP/2.0" 200 19328 "-" "Mozilla/5.0 AppleWebKit/537.36 (KHTML, like Gecko; compatible; ClaudeBot/1.0; +claudebot@anthropic.com)"
74.7.227.144 - - [12/Jul/2026:14:23:23 +0200] "GET /?file=/usr/lib64/libmariadbclient.a HTTP/2.0" 200 229 "https://www.cremona.elettroservicegroup.it/?file=/usr/lib64" "Mozilla/5.0 AppleWebKit/537.36 (KHTML, like Gecko; compatible; GPTBot/1.4; +https://openai.com/gptbot)"
216.73.216.229 - - [12/Jul/2026:14:23:23 +0200] "GET /=3D%22https:/blogerfrechloginfr.blogspot.com/3D%22https:/novabase.us20.list-manage.com/link-add.php?view=%2Fhome%2Fcosta4%2Fbrescia.elettroservicegroup.it%2Fwp-login.php HTTP/2.0" 200 12129 "-" "Mozilla/5.0 AppleWebKit/537.36 (KHTML, like Gecko; compatible; ClaudeBot/1.0; +claudebot@anthropic.com)"
216.73.216.229 - - [12/Jul/2026:14:23:22 +0200] "GET /=3D%22https:/blogerfrechloginfr.blogspot.com/%22https:/go.elementor.com/renew-license-cloud-templates-cloud-tab/edit-comments.php?rename=%2Fhome%2Fcosta4%2Fpublic_html%2Fwp-includes%2Fjs%2Fdist%2Fpreferences-persistence.min.js HTTP/2.0" 200 18635 "-" "Mozilla/5.0 AppleWebKit/537.36 (KHTML, like Gecko; compatible; ClaudeBot/1.0; +claudebot@anthropic.com)"
216.73.216.229 - - [12/Jul/2026:14:23:23 +0200] "GET /=3D%22https:/blogerfrechloginfr.blogspot.com/3D%22https:/novabase.us20.list-manage.com//%22mailto:mail@fruitfulcode.com?file=%2Fhome%2Fcosta4%2Fvicenza.elettroservicegroup.it%2Fwp-includes%2Fjs%2Fdist%2Fedit-post.min.js HTTP/2.0" 200 239 "-" "Mozilla/5.0 AppleWebKit/537.36 (KHTML, like Gecko; compatible; ClaudeBot/1.0; +claudebot@anthropic.com)"
216.73.216.229 - - [12/Jul/2026:14:23:23 +0200] "GET /=3D%22https:/blogerfrechloginfr.blogspot.com/3D%22http:/tracking.kzexport.cloud/tracking/'%20.%20esc_url('https://%22edit-comments.php?file=%2Fhome%2Fcosta4%2Fcremona.elettroservicegroup.it%2Fwp-content%2Fuploads%2F2021%2F10%2Fbeko-150x131.png HTTP/2.0" 200 238 "-" "Mozilla/5.0 AppleWebKit/537.36 (KHTML, like Gecko; compatible; ClaudeBot/1.0; +claudebot@anthropic.com)"
216.73.216.229 - - [12/Jul/2026:14:23:23 +0200] "GET /=3D%22https:/blogerfrechloginfr.blogspot.com/3D%22https:/novabase.us20.list-manage.com//%22mailto:mail@fruitfulcode.com?view=%2Fhome%2Fcosta4%2Fvicenza.elettroservicegroup.it%2Fwp-includes%2Fblocks%2Ficon%2Feditor-rtl.min.css HTTP/2.0" 200 292 "-" "Mozilla/5.0 AppleWebKit/537.36 (KHTML, like Gecko; compatible; ClaudeBot/1.0; +claudebot@anthropic.com)"
216.73.216.229 - - [12/Jul/2026:14:23:23 +0200] "GET /=3D%22https:/blogerfrechloginfr.blogspot.com/3D%22https:/novabase.us20.list-manage.com//%22mailto:mail@fruitfulcode.com?rename=%2Fhome%2Fcosta4%2Fvicenza.elettroservicegroup.it%2Fwp-includes%2Fjs%2Fcodemirror%2Fespree.min.js HTTP/2.0" 200 917 "-" "Mozilla/5.0 AppleWebKit/537.36 (KHTML, like Gecko; compatible; ClaudeBot/1.0; +claudebot@anthropic.com)"
216.73.216.229 - - [12/Jul/2026:14:23:23 +0200] "GET /=3D%22https:/blogerfrechloginfr.blogspot.com/3D%22http:/tracking.kzexport.cloud/tracking/credits.php?edit=%2Fhome%2Fcosta4%2Fwww%2Fwp-includes%2Fblocks%2Fnavigation%2Fstyle.css HTTP/2.0" 200 21894 "-" "Mozilla/5.0 AppleWebKit/537.36 (KHTML, like Gecko; compatible; ClaudeBot/1.0; +claudebot@anthropic.com)"
216.73.216.229 - - [12/Jul/2026:14:23:24 +0200] "GET /=3D%22https:/blogerfrechloginfr.blogspot.com/3D%22https:/novabase.us20.list-manage.com//%22mailto:mail@fruitfulcode.com?file=%2Fhome%2Fcosta4%2Fparma.elettroservicegroup.it%2Fwp-includes%2Fblocks%2Fsite-logo%2Feditor-rtl.min.css HTTP/2.0" 200 245 "-" "Mozilla/5.0 AppleWebKit/537.36 (KHTML, like Gecko; compatible; ClaudeBot/1.0; +claudebot@anthropic.com)"
74.7.227.144 - - [12/Jul/2026:14:23:24 +0200] "GET /?file=/usr/lib64/libbrotlicommon.so HTTP/2.0" 200 230 "https://www.cremona.elettroservicegroup.it/?file=/usr/lib64" "Mozilla/5.0 AppleWebKit/537.36 (KHTML, like Gecko; compatible; GPTBot/1.4; +https://openai.com/gptbot)"
216.73.216.229 - - [12/Jul/2026:14:23:24 +0200] "GET /=3D%22https:/blogerfrechloginfr.blogspot.com/3D%22https:/novabase.us20.list-manage.com//%22mailto:mail@fruitfulcode.com?file=%2Fhome%2Fcosta4%2Fverona.elettroservicegroup.it%2Fwp-admin%2Fjs%2Fauth-app.min.js HTTP/2.0" 200 238 "-" "Mozilla/5.0 AppleWebKit/537.36 (KHTML, like Gecko; compatible; ClaudeBot/1.0; +claudebot@anthropic.com)"
216.73.216.229 - - [12/Jul/2026:14:23:24 +0200] "GET /=3D%22https:/blogerfrechloginfr.blogspot.com/3D%22https:/novabase.us20.list-manage.com//%22mailto:mail@fruitfulcode.com?edit=%2Fhome%2Fcosta4%2Fvicenza.elettroservicegroup.it%2Fwp-includes%2Fblocks%2Flatest-comments%2Fstyle.min.css HTTP/2.0" 200 1225 "-" "Mozilla/5.0 AppleWebKit/537.36 (KHTML, like Gecko; compatible; ClaudeBot/1.0; +claudebot@anthropic.com)"
216.73.216.229 - - [12/Jul/2026:14:23:24 +0200] "GET /=3D%22https:/blogerfrechloginfr.blogspot.com/3D%22http:/tracking.kzexport.cloud/tracking//%22edit-comments.php?edit=%2Fhome%2Fcosta4%2Fmantova.elettroservicegroup.it%2Fwp-admin%2Fnetwork%2Fuser-edit.php HTTP/2.0" 200 1067 "-" "Mozilla/5.0 AppleWebKit/537.36 (KHTML, like Gecko; compatible; ClaudeBot/1.0; +claudebot@anthropic.com)"
216.73.216.229 - - [12/Jul/2026:14:23:24 +0200] "GET /=3D%22https:/blogerfrechloginfr.blogspot.com/3D%22http:/tracking.kzexport.cloud/tracking/'%20.%20esc_url('https://%22edit-comments.php?rename=%2Fhome%2Fcosta4%2Fcremona.elettroservicegroup.it%2Fwp-content%2Fuploads%2F2021%2F10%2Flavatrice41.jpg HTTP/2.0" 200 907 "-" "Mozilla/5.0 AppleWebKit/537.36 (KHTML, like Gecko; compatible; ClaudeBot/1.0; +claudebot@anthropic.com)"
216.73.216.229 - - [12/Jul/2026:14:23:24 +0200] "GET /=3D%22https:/blogerfrechloginfr.blogspot.com/3D%22https:/novabase.us20.list-manage.com//%22mailto:mail@fruitfulcode.com?file=%2Fhome%2Fcosta4%2Fparma.elettroservicegroup.it%2Fwp-includes%2Fblocks%2Fsite-logo%2Fstyle-rtl.css HTTP/2.0" 200 242 "-" "Mozilla/5.0 AppleWebKit/537.36 (KHTML, like Gecko; compatible; ClaudeBot/1.0; +claudebot@anthropic.com)"
216.73.216.229 - - [12/Jul/2026:14:23:23 +0200] "GET /=3D%22https:/blogerfrechloginfr.blogspot.com/3D%22http:/tracking.kzexport.cloud/tracking/customize.php?rename=%2Fhome%2Fcosta4%2Fvicenza.elettroservicegroup.it%2Fwp-includes%2Fjs%2Ftinymce%2Fplugins%2Fwpdialogs%2Fplugin.js HTTP/2.0" 200 18626 "-" "Mozilla/5.0 AppleWebKit/537.36 (KHTML, like Gecko; compatible; ClaudeBot/1.0; +claudebot@anthropic.com)"
216.73.216.229 - - [12/Jul/2026:14:23:24 +0200] "GET /=3D%22https:/blogerfrechloginfr.blogspot.com/3D%22http:/tracking.kzexport.cloud/tracking//%22edit-comments.php?edit=%2Fhome%2Fcosta4%2Fmantova.elettroservicegroup.it%2Fwp-includes%2FRequests%2Fsrc%2FHooks.php HTTP/2.0" 200 1871 "-" "Mozilla/5.0 AppleWebKit/537.36 (KHTML, like Gecko; compatible; ClaudeBot/1.0; +claudebot@anthropic.com)"
216.73.216.229 - - [12/Jul/2026:14:23:25 +0200] "GET /=3D%22https:/blogerfrechloginfr.blogspot.com/3D%22http:/tracking.kzexport.cloud/tracking//%22edit-comments.php?edit=%2Fhome%2Fcosta4%2Fparma.elettroservicegroup.it%2Fwp-includes%2Fblocks%2Fcategories%2Feditor.css HTTP/2.0" 200 1040 "-" "Mozilla/5.0 AppleWebKit/537.36 (KHTML, like Gecko; compatible; ClaudeBot/1.0; +claudebot@anthropic.com)"
216.73.216.229 - - [12/Jul/2026:14:23:25 +0200] "GET /=3D%22https:/blogerfrechloginfr.blogspot.com/3D%22https:/novabase.us20.list-manage.com//%22mailto:mail@fruitfulcode.com?rename=%2Fhome%2Fcosta4%2Fvicenza.elettroservicegroup.it%2Fwp-includes%2Fblocks%2Ficon%2Fstyle.css HTTP/2.0" 200 904 "-" "Mozilla/5.0 AppleWebKit/537.36 (KHTML, like Gecko; compatible; ClaudeBot/1.0; +claudebot@anthropic.com)"
216.73.216.229 - - [12/Jul/2026:14:23:25 +0200] "GET /=3D%22https:/blogerfrechloginfr.blogspot.com/3D%22http:/tracking.kzexport.cloud/tracking/admin.php?view=%2Fhome%2Fcosta4%2Fvicenza.elettroservicegroup.it%2Fwp-includes%2Fblocks%2Fpullquote%2Ftheme-rtl.css HTTP/2.0" 200 157 "-" "Mozilla/5.0 AppleWebKit/537.36 (KHTML, like Gecko; compatible; ClaudeBot/1.0; +claudebot@anthropic.com)"
74.7.227.144 - - [12/Jul/2026:14:23:25 +0200] "GET /?edit=/usr/lib64/libmariadbclient.a HTTP/2.0" 200 124658 "https://www.cremona.elettroservicegroup.it/?file=/usr/lib64" "Mozilla/5.0 AppleWebKit/537.36 (KHTML, like Gecko; compatible; GPTBot/1.4; +https://openai.com/gptbot)"
216.73.216.229 - - [12/Jul/2026:14:23:25 +0200] "GET /=3D%22https:/blogerfrechloginfr.blogspot.com/3D%22https:/novabase.us20.list-manage.com//%22mailto:mail@fruitfulcode.com?file=%2Fhome%2Fcosta4%2Fparma.elettroservicegroup.it%2Fwp-content%2Fplugins%2Felementor%2Fmodules%2Fpage-templates HTTP/2.0" 200 350 "-" "Mozilla/5.0 AppleWebKit/537.36 (KHTML, like Gecko; compatible; ClaudeBot/1.0; +claudebot@anthropic.com)"
216.73.216.229 - - [12/Jul/2026:14:23:25 +0200] "GET /=3D%22https:/blogerfrechloginfr.blogspot.com/3D%22http:/tracking.kzexport.cloud/tracking//%22edit-comments.php?file=%2Fhome%2Fcosta4%2Fmantova.elettroservicegroup.it%2Fwp-includes%2Fcss%2Fwp-pointer-rtl.min.css HTTP/2.0" 200 244 "-" "Mozilla/5.0 AppleWebKit/537.36 (KHTML, like Gecko; compatible; ClaudeBot/1.0; +claudebot@anthropic.com)"
216.73.216.229 - - [12/Jul/2026:14:23:24 +0200] "GET /=3D%22https:/blogerfrechloginfr.blogspot.com/3D%22https:/novabase.us20.list-manage.com/link-add.php?file=%2Fhome%2Fcosta4%2Fcremona.elettroservicegroup.it%2Fwp-includes%2Fblocks%2Fpullquote HTTP/2.0" 200 18217 "-" "Mozilla/5.0 AppleWebKit/537.36 (KHTML, like Gecko; compatible; ClaudeBot/1.0; +claudebot@anthropic.com)"
216.73.216.229 - - [12/Jul/2026:14:23:25 +0200] "GET /=3D%22https:/blogerfrechloginfr.blogspot.com/3D%22https:/novabase.us20.list-manage.com//%22mailto:mail@fruitfulcode.com?edit=%2Fhome%2Fcosta4%2Fparma.elettroservicegroup.it%2Fwp-includes%2Fblocks%2Fsocial-link%2Feditor-rtl.min.css HTTP/2.0" 200 1165 "-" "Mozilla/5.0 AppleWebKit/537.36 (KHTML, like Gecko; compatible; ClaudeBot/1.0; +claudebot@anthropic.com)"
216.73.216.229 - - [12/Jul/2026:14:23:26 +0200] "GET /=3D%22https:/blogerfrechloginfr.blogspot.com/3D%22https:/novabase.us20.list-manage.com//%22mailto:mail@fruitfulcode.com?rename=%2Fhome%2Fcosta4%2Fverona.elettroservicegroup.it%2Fwp-admin%2Fjs%2Finline-edit-post.js HTTP/2.0" 200 910 "-" "Mozilla/5.0 AppleWebKit/537.36 (KHTML, like Gecko; compatible; ClaudeBot/1.0; +claudebot@anthropic.com)"
216.73.216.229 - - [12/Jul/2026:14:23:25 +0200] "GET /=3D%22https:/blogerfrechloginfr.blogspot.com/3D%22https:/novabase.us20.list-manage.com/link-add.php?file=%2Fhome%2Fcosta4%2Fcremona.elettroservicegroup.it%2Fwp-includes%2Fblocks%2Fgallery.php HTTP/2.0" 200 17833 "-" "Mozilla/5.0 AppleWebKit/537.36 (KHTML, like Gecko; compatible; ClaudeBot/1.0; +claudebot@anthropic.com)"
216.73.216.229 - - [12/Jul/2026:14:23:26 +0200] "GET /=3D%22https:/blogerfrechloginfr.blogspot.com/3D%22http:/tracking.kzexport.cloud/tracking/'%20.%20esc_url('https://%22edit-comments.php?view=%2Fhome%2Fcosta4%2Fcremona.elettroservicegroup.it%2Fwp-content%2Fuploads%2F2021%2F10%2FFORNO-150x150.jpg HTTP/2.0" 200 6369 "-" "Mozilla/5.0 AppleWebKit/537.36 (KHTML, like Gecko; compatible; ClaudeBot/1.0; +claudebot@anthropic.com)"
216.73.216.229 - - [12/Jul/2026:14:23:26 +0200] "GET /=3D%22https:/blogerfrechloginfr.blogspot.com/3D%22https:/novabase.us20.list-manage.com//%22mailto:mail@fruitfulcode.com?file=%2Fhome%2Fcosta4%2Fparma.elettroservicegroup.it%2Fwp-content%2Fuploads%2Fcomplianz HTTP/2.0" 200 321 "-" "Mozilla/5.0 AppleWebKit/537.36 (KHTML, like Gecko; compatible; ClaudeBot/1.0; +claudebot@anthropic.com)"
216.73.216.229 - - [12/Jul/2026:14:23:26 +0200] "GET /=3D%22https:/blogerfrechloginfr.blogspot.com/%22https:/go.elementor.com/renew-license-cloud-templates-cloud-tab/edit-comments.php?view=%2Fhome%2Fcosta4%2Fverona.elettroservicegroup.it%2Fwp-includes%2Fblocks%2Fgroup%2Fstyle.css HTTP/2.0" 200 87 "-" "Mozilla/5.0 AppleWebKit/537.36 (KHTML, like Gecko; compatible; ClaudeBot/1.0; +claudebot@anthropic.com)"
216.73.216.229 - - [12/Jul/2026:14:23:25 +0200] "GET /=3D%22https:/blogerfrechloginfr.blogspot.com/%22https:/go.elementor.com/renew-license-cloud-templates-cloud-tab/edit-comments.php?file=%2Fhome%2Fcosta4%2Freggio-emilia.elettroservicegroup.it%2Fwp-includes%2Fcss%2Feditor.min.css HTTP/2.0" 200 17849 "-" "Mozilla/5.0 AppleWebKit/537.36 (KHTML, like Gecko; compatible; ClaudeBot/1.0; +claudebot@anthropic.com)"
74.7.227.144 - - [12/Jul/2026:14:23:26 +0200] "GET /?edit=/usr/lib64/libbrotlicommon.so HTTP/2.0" 200 57611 "https://www.cremona.elettroservicegroup.it/?file=/usr/lib64" "Mozilla/5.0 AppleWebKit/537.36 (KHTML, like Gecko; compatible; GPTBot/1.4; +https://openai.com/gptbot)"
216.73.216.229 - - [12/Jul/2026:14:23:27 +0200] "GET /=3D%22https:/blogerfrechloginfr.blogspot.com/3D%22http:/tracking.kzexport.cloud/tracking//%22edit-comments.php?rename=%2Fhome%2Fcosta4%2Fparma.elettroservicegroup.it%2Fwp-includes%2FSimplePie%2Flibrary%2FSimplePie.php HTTP/2.0" 200 910 "-" "Mozilla/5.0 AppleWebKit/537.36 (KHTML, like Gecko; compatible; ClaudeBot/1.0; +claudebot@anthropic.com)"
216.73.216.229 - - [12/Jul/2026:14:23:26 +0200] "GET /=3D%22https:/blogerfrechloginfr.blogspot.com/%22https:/go.elementor.com/renew-license-cloud-templates-cloud-tab/edit-comments.php?file=%2Fhome%2Fcosta4%2Fwww%2Fwp-includes%2Fblocks%2Flatest-comments%2Fstyle-rtl.min.css HTTP/2.0" 200 17858 "-" "Mozilla/5.0 AppleWebKit/537.36 (KHTML, like Gecko; compatible; ClaudeBot/1.0; +claudebot@anthropic.com)"
216.73.216.229 - - [12/Jul/2026:14:23:27 +0200] "GET /=3D%22https:/blogerfrechloginfr.blogspot.com/3D%22https:/novabase.us20.list-manage.com//%22mailto:mail@fruitfulcode.com?file=%2Fhome%2Fcosta4%2Fparma.elettroservicegroup.it%2Fwp-includes%2Fjs%2Fclipboard.min.js HTTP/2.0" 200 236 "-" "Mozilla/5.0 AppleWebKit/537.36 (KHTML, like Gecko; compatible; ClaudeBot/1.0; +claudebot@anthropic.com)"
216.73.216.229 - - [12/Jul/2026:14:23:27 +0200] "GET /=3D%22https:/blogerfrechloginfr.blogspot.com/3D%22https:/novabase.us20.list-manage.com//%22mailto:mail@fruitfulcode.com?file=%2Fhome%2Fcosta4%2Fpiacenza.elettroservicegroup.it%2Fwp-includes%2Fcss%2Fdist%2Fblock-editor%2Fcontent.min.css HTTP/2.0" 200 243 "-" "Mozilla/5.0 AppleWebKit/537.36 (KHTML, like Gecko; compatible; ClaudeBot/1.0; +claudebot@anthropic.com)"
216.73.216.229 - - [12/Jul/2026:14:23:26 +0200] "GET /=3D%22https:/blogerfrechloginfr.blogspot.com/%22https:/go.elementor.com/renew-license-cloud-templates-cloud-tab/edit-comments.php?file=%2Fhome%2Fcosta4%2Fverona.elettroservicegroup.it%2Fwp-includes%2Fphp-ai-client%2Fsrc%2FFiles HTTP/2.0" 200 17909 "-" "Mozilla/5.0 AppleWebKit/537.36 (KHTML, like Gecko; compatible; ClaudeBot/1.0; +claudebot@anthropic.com)"
216.73.216.229 - - [12/Jul/2026:14:23:27 +0200] "GET /=3D%22https:/blogerfrechloginfr.blogspot.com/3D%22http:/tracking.kzexport.cloud/tracking/'%20.%20esc_url('https://%22edit-comments.php?rename=%2Fhome%2Fcosta4%2Freggio-emilia.elettroservicegroup.it%2Fwp-includes%2Fimages%2Fmedia%2Farchive.png HTTP/2.0" 200 911 "-" "Mozilla/5.0 AppleWebKit/537.36 (KHTML, like Gecko; compatible; ClaudeBot/1.0; +claudebot@anthropic.com)"
216.73.216.229 - - [12/Jul/2026:14:23:27 +0200] "GET /=3D%22https:/blogerfrechloginfr.blogspot.com/3D%22https:/novabase.us20.list-manage.com//%22mailto:mail@fruitfulcode.com?edit=%2Fhome%2Fcosta4%2Fvicenza.elettroservicegroup.it%2Fwp-includes%2Fjs%2Fdist%2Fedit-site.js HTTP/2.0" 200 329762 "-" "Mozilla/5.0 AppleWebKit/537.36 (KHTML, like Gecko; compatible; ClaudeBot/1.0; +claudebot@anthropic.com)"
216.73.216.229 - - [12/Jul/2026:14:23:26 +0200] "GET /=3D%22https:/blogerfrechloginfr.blogspot.com/3D%22http:/tracking.kzexport.cloud/tracking/'%20.%20esc_url('https:/widgets.php?edit=%2Fhome%2Fcosta4%2Fcremona.elettroservicegroup.it%2Fwp-content%2Fthemes%2Fgeneratepress%2F404.php HTTP/2.0" 200 18928 "-" "Mozilla/5.0 AppleWebKit/537.36 (KHTML, like Gecko; compatible; ClaudeBot/1.0; +claudebot@anthropic.com)"
74.7.227.144 - - [12/Jul/2026:14:23:28 +0200] "GET /?file=/usr/lib64/libmysqlservices.a HTTP/2.0" 200 230 "https://www.cremona.elettroservicegroup.it/?file=/usr/lib64" "Mozilla/5.0 AppleWebKit/537.36 (KHTML, like Gecko; compatible; GPTBot/1.4; +https://openai.com/gptbot)"
216.73.216.229 - - [12/Jul/2026:14:23:27 +0200] "GET /=3D%22https:/blogerfrechloginfr.blogspot.com/%22http:/codecanyon.net/item/maintenance-wordpress-plugin/repair.php?file=%2Fhome%2Fcosta4%2Fwww%2Fwp-content%2Fplugins%2Fgoogle-analytics-for-wordpress%2Fincludes%2Fconnect.php HTTP/2.0" 200 17857 "-" "Mozilla/5.0 AppleWebKit/537.36 (KHTML, like Gecko; compatible; ClaudeBot/1.0; +claudebot@anthropic.com)"
216.73.216.229 - - [12/Jul/2026:14:23:27 +0200] "GET /=3D%22https:/blogerfrechloginfr.blogspot.com/3D%22http:/tracking.kzexport.cloud/tracking/admin.php?edit=%2Fhome%2Fcosta4%2Fpublic_html%2Fwp-content%2Fplugins%2Felementor%2Fassets%2Fjs%2Fpackages%2Futils%2Futils.min.js HTTP/2.0" 200 20413 "-" "Mozilla/5.0 AppleWebKit/537.36 (KHTML, like Gecko; compatible; ClaudeBot/1.0; +claudebot@anthropic.com)"
216.73.216.229 - - [12/Jul/2026:14:23:28 +0200] "GET /=3D%22https:/blogerfrechloginfr.blogspot.com/%22https:/go.elementor.com/renew-license-cloud-templates-cloud-tab/edit-comments.php?rename=%2Fhome%2Fcosta4%2Fwww%2Fwp-includes%2Fblocks%2Fcalendar%2Fstyle-rtl.css HTTP/2.0" 200 18632 "-" "Mozilla/5.0 AppleWebKit/537.36 (KHTML, like Gecko; compatible; ClaudeBot/1.0; +claudebot@anthropic.com)"
216.73.216.229 - - [12/Jul/2026:14:23:29 +0200] "GET /=3D%22https:/blogerfrechloginfr.blogspot.com/3D%22http:/tracking.kzexport.cloud/tracking/'%20.%20esc_url('https://%22edit-comments.php?file=%2Fhome%2Fcosta4%2Fcremona.elettroservicegroup.it%2Fwp-content%2Fuploads%2F2021%2F10%2Fsiemens-768x183.png HTTP/2.0" 200 244 "-" "Mozilla/5.0 AppleWebKit/537.36 (KHTML, like Gecko; compatible; ClaudeBot/1.0; +claudebot@anthropic.com)"
74.7.227.144 - - [12/Jul/2026:14:23:29 +0200] "GET /?view=/opt/alt/php82/etc/pear.conf HTTP/2.0" 200 432 "https://www.cremona.elettroservicegroup.it/?file=/opt/alt/php82/etc" "Mozilla/5.0 AppleWebKit/537.36 (KHTML, like Gecko; compatible; GPTBot/1.4; +https://openai.com/gptbot)"
216.73.216.229 - - [12/Jul/2026:14:23:29 +0200] "GET /=3D%22https:/blogerfrechloginfr.blogspot.com/3D%22http:/tracking.kzexport.cloud/tracking//%22edit-comments.php?file=%2Fhome%2Fcosta4%2Fmantova.elettroservicegroup.it%2Fwp-admin%2Fnetwork%2Fusers.php HTTP/2.0" 200 233 "-" "Mozilla/5.0 AppleWebKit/537.36 (KHTML, like Gecko; compatible; ClaudeBot/1.0; +claudebot@anthropic.com)"
216.73.216.229 - - [12/Jul/2026:14:23:29 +0200] "GET /=3D%22https:/blogerfrechloginfr.blogspot.com/3D%22https:/novabase.us20.list-manage.com//%22mailto:mail@fruitfulcode.com?view=%2Fhome%2Fcosta4%2Fvicenza.elettroservicegroup.it%2Fwp-includes%2Fjs%2Fdist%2Fcomponents.min.js HTTP/2.0" 200 246360 "-" "Mozilla/5.0 AppleWebKit/537.36 (KHTML, like Gecko; compatible; ClaudeBot/1.0; +claudebot@anthropic.com)"
216.73.216.229 - - [12/Jul/2026:14:23:29 +0200] "GET /=3D%22https:/blogerfrechloginfr.blogspot.com/3D%22https:/novabase.us20.list-manage.com//%22mailto:mail@fruitfulcode.com?file=%2Fhome%2Fcosta4%2Fparma.elettroservicegroup.it%2Fwp-content%2Fplugins%2Fwp-optimize%2Fvendor%2Fmrclay HTTP/2.0" 200 302 "-" "Mozilla/5.0 AppleWebKit/537.36 (KHTML, like Gecko; compatible; ClaudeBot/1.0; +claudebot@anthropic.com)"
216.73.216.229 - - [12/Jul/2026:14:23:29 +0200] "GET /=3D%22https:/blogerfrechloginfr.blogspot.com/3D%22http:/tracking.kzexport.cloud/tracking/'%20.%20esc_url('https://%22edit-comments.php?rename=%2Fhome%2Fcosta4%2Fcremona.elettroservicegroup.it%2Fwp-content%2Fuploads%2F2021%2F10%2Ffrigorifero-300x300.webp HTTP/2.0" 200 917 "-" "Mozilla/5.0 AppleWebKit/537.36 (KHTML, like Gecko; compatible; ClaudeBot/1.0; +claudebot@anthropic.com)"
216.73.216.229 - - [12/Jul/2026:14:23:29 +0200] "GET /=3D%22https:/blogerfrechloginfr.blogspot.com/3D%22https:/novabase.us20.list-manage.com//%22mailto:mail@fruitfulcode.com?rename=%2Fhome%2Fcosta4%2Fvicenza.elettroservicegroup.it%2Fwp-includes%2Fjs%2Fdist%2Fplugins.min.js HTTP/2.0" 200 911 "-" "Mozilla/5.0 AppleWebKit/537.36 (KHTML, like Gecko; compatible; ClaudeBot/1.0; +claudebot@anthropic.com)"
74.7.227.144 - - [12/Jul/2026:14:23:29 +0200] "GET /?view=/opt/alt/php71/etc/pear.conf HTTP/2.0" 200 432 "https://www.cremona.elettroservicegroup.it/?file=/opt/alt/php71/etc" "Mozilla/5.0 AppleWebKit/537.36 (KHTML, like Gecko; compatible; GPTBot/1.4; +https://openai.com/gptbot)"
216.73.216.229 - - [12/Jul/2026:14:23:29 +0200] "GET /=3D%22https:/blogerfrechloginfr.blogspot.com/3D%22http:/tracking.kzexport.cloud/tracking/'%20.%20esc_url('https://%22edit-comments.php?file=%2Fhome%2Fcosta4%2Fcremona.elettroservicegroup.it%2Fwp-content%2Fuploads%2F2021%2F10%2Fparma-150x150.jpg HTTP/2.0" 200 239 "-" "Mozilla/5.0 AppleWebKit/537.36 (KHTML, like Gecko; compatible; ClaudeBot/1.0; +claudebot@anthropic.com)"
216.73.216.229 - - [12/Jul/2026:14:23:29 +0200] "GET /=3D%22https:/blogerfrechloginfr.blogspot.com/3D%22https:/novabase.us20.list-manage.com//%22mailto:mail@fruitfulcode.com?file=%2Fhome%2Fcosta4%2Fverona.elettroservicegroup.it%2Fwp-admin%2Fjs%2Fpostbox.min.js HTTP/2.0" 200 232 "-" "Mozilla/5.0 AppleWebKit/537.36 (KHTML, like Gecko; compatible; ClaudeBot/1.0; +claudebot@anthropic.com)"
216.73.216.229 - - [12/Jul/2026:14:23:29 +0200] "GET /=3D%22https:/blogerfrechloginfr.blogspot.com/3D%22https:/novabase.us20.list-manage.com/link-add.php?file=%2Fhome%2Fcosta4%2Fcremona.elettroservicegroup.it%2Fwp-includes%2Fblocks%2Fpost-terms.php HTTP/2.0" 200 17840 "-" "Mozilla/5.0 AppleWebKit/537.36 (KHTML, like Gecko; compatible; ClaudeBot/1.0; +claudebot@anthropic.com)"
216.73.216.229 - - [12/Jul/2026:14:23:29 +0200] "GET /=3D%22https:/blogerfrechloginfr.blogspot.com/3D%22http:/tracking.kzexport.cloud/tracking/'%20.%20esc_url('https://%22edit-comments.php?rename=%2Fhome%2Fcosta4%2Fcremona.elettroservicegroup.it%2Fwp-content%2Fuploads%2F2021%2F10%2FFORNO-TECNIC.png HTTP/2.0" 200 913 "-" "Mozilla/5.0 AppleWebKit/537.36 (KHTML, like Gecko; compatible; ClaudeBot/1.0; +claudebot@anthropic.com)"
216.73.216.229 - - [12/Jul/2026:14:23:30 +0200] "GET /=3D%22https:/blogerfrechloginfr.blogspot.com/3D%22http:/tracking.kzexport.cloud/tracking//%22edit-comments.php?edit=%2Fhome%2Fcosta4%2Ftmp%2Fanalog%2Fssl%2Felettroservicegroup.it%2Fcode.png HTTP/2.0" 200 3712 "-" "Mozilla/5.0 AppleWebKit/537.36 (KHTML, like Gecko; compatible; ClaudeBot/1.0; +claudebot@anthropic.com)"
74.7.227.144 - - [12/Jul/2026:14:23:30 +0200] "GET /?view=/opt/alt/php70/etc/pear.conf HTTP/2.0" 200 432 "https://www.cremona.elettroservicegroup.it/?file=/opt/alt/php70/etc" "Mozilla/5.0 AppleWebKit/537.36 (KHTML, like Gecko; compatible; GPTBot/1.4; +https://openai.com/gptbot)"
216.73.216.229 - - [12/Jul/2026:14:23:30 +0200] "GET /=3D%22https:/blogerfrechloginfr.blogspot.com/3D%22https:/novabase.us20.list-manage.com/link-add.php?view=%2Fhome%2Fcosta4%2Fcremona.elettroservicegroup.it%2Fwp-includes%2Fblocks%2Fpost-navigation-link.php HTTP/2.0" 200 1461 "-" "Mozilla/5.0 AppleWebKit/537.36 (KHTML, like Gecko; compatible; ClaudeBot/1.0; +claudebot@anthropic.com)"
216.73.216.229 - - [12/Jul/2026:14:23:30 +0200] "GET /=3D%22https:/blogerfrechloginfr.blogspot.com/%22https:/go.elementor.com/renew-license-cloud-templates-cloud-tab/edit-comments.php?view=%2Fhome%2Fcosta4%2Fpublic_html%2Fwp-content%2Flanguages%2Fthemes%2Fgeneratepress-it_IT.l10n.php HTTP/2.0" 200 5814 "-" "Mozilla/5.0 AppleWebKit/537.36 (KHTML, like Gecko; compatible; ClaudeBot/1.0; +claudebot@anthropic.com)"
216.73.216.229 - - [12/Jul/2026:14:23:29 +0200] "GET /=3D%22https:/blogerfrechloginfr.blogspot.com/%22https:/go.elementor.com/renew-license-cloud-templates-cloud-tab/admin.php?edit=%2Fhome%2Fcosta4%2Fcremona.elettroservicegroup.it%2Fwp-content%2Fthemes%2Fgeneratepress%2Fsingle.php HTTP/2.0" 200 18958 "-" "Mozilla/5.0 AppleWebKit/537.36 (KHTML, like Gecko; compatible; ClaudeBot/1.0; +claudebot@anthropic.com)"
74.7.227.144 - - [12/Jul/2026:14:23:30 +0200] "GET /?view=/opt/alt/php74/etc/pear.conf HTTP/2.0" 200 432 "https://www.cremona.elettroservicegroup.it/?file=/opt/alt/php74/etc" "Mozilla/5.0 AppleWebKit/537.36 (KHTML, like Gecko; compatible; GPTBot/1.4; +https://openai.com/gptbot)"
216.73.216.229 - - [12/Jul/2026:14:23:30 +0200] "GET /=3D%22https:/blogerfrechloginfr.blogspot.com/%22https:/go.elementor.com/renew-license-cloud-templates-cloud-tab/edit-comments.php?file=%2Fhome%2Fcosta4%2Fwww%2Fwp-includes%2Fblocks%2Fsearch%2Fstyle-rtl.min.css HTTP/2.0" 200 17854 "-" "Mozilla/5.0 AppleWebKit/537.36 (KHTML, like Gecko; compatible; ClaudeBot/1.0; +claudebot@anthropic.com)"
216.73.216.229 - - [12/Jul/2026:14:23:30 +0200] "GET /=3D%22https:/blogerfrechloginfr.blogspot.com/3D%22http:/tracking.kzexport.cloud/tracking//%22edit-comments.php?edit=%2Fhome%2Fcosta4%2Ftmp%2Fanalog%2Fssl%2Felettroservicegroup.it%2F7.html HTTP/2.0" 200 9933 "-" "Mozilla/5.0 AppleWebKit/537.36 (KHTML, like Gecko; compatible; ClaudeBot/1.0; +claudebot@anthropic.com)"
216.73.216.229 - - [12/Jul/2026:14:23:30 +0200] "GET /=3D%22https:/blogerfrechloginfr.blogspot.com/3D%22https:/novabase.us20.list-manage.com//%22mailto:mail@fruitfulcode.com?file=%2Fhome%2Fcosta4%2Fparma.elettroservicegroup.it%2Fwp-includes%2Fblocks%2Fquery-no-results%2Fblock.json HTTP/2.0" 200 245 "-" "Mozilla/5.0 AppleWebKit/537.36 (KHTML, like Gecko; compatible; ClaudeBot/1.0; +claudebot@anthropic.com)"
216.73.216.229 - - [12/Jul/2026:14:23:30 +0200] "GET /=3D%22https:/blogerfrechloginfr.blogspot.com/3D%22http:/tracking.kzexport.cloud/tracking/'%20.%20esc_url('https:/widgets.php?rename=%2Fhome%2Fcosta4%2Fcremona.elettroservicegroup.it%2Fwp-content%2Fthemes%2Fgeneratepress%2Ffunctions.php HTTP/2.0" 200 18626 "-" "Mozilla/5.0 AppleWebKit/537.36 (KHTML, like Gecko; compatible; ClaudeBot/1.0; +claudebot@anthropic.com)"
216.73.216.229 - - [12/Jul/2026:14:23:30 +0200] "GET /=3D%22https:/blogerfrechloginfr.blogspot.com/%22https:/go.elementor.com/renew-license-cloud-templates-cloud-tab/admin.php?file=%2Fhome%2Fcosta4%2Fcremona.elettroservicegroup.it%2Fwp-content%2Fthemes%2Fgeneratepress%2Fheader.php HTTP/2.0" 200 17838 "-" "Mozilla/5.0 AppleWebKit/537.36 (KHTML, like Gecko; compatible; ClaudeBot/1.0; +claudebot@anthropic.com)"
216.73.216.229 - - [12/Jul/2026:14:23:31 +0200] "GET /=3D%22https:/blogerfrechloginfr.blogspot.com/3D%22https:/novabase.us20.list-manage.com//%22mailto:mail@fruitfulcode.com?file=%2Fhome%2Fcosta4%2Fvicenza.elettroservicegroup.it%2Fwp-includes%2Fblocks%2Flatest-posts%2Fstyle.min.css HTTP/2.0" 200 244 "-" "Mozilla/5.0 AppleWebKit/537.36 (KHTML, like Gecko; compatible; ClaudeBot/1.0; +claudebot@anthropic.com)"
216.73.216.229 - - [12/Jul/2026:14:23:30 +0200] "GET /=3D%22https:/blogerfrechloginfr.blogspot.com/%22https:/go.elementor.com/renew-license-cloud-templates-cloud-tab/edit-comments.php?edit=%2Fhome%2Fcosta4%2Fcremona.elettroservicegroup.it%2Fwp-content%2Fplugins%2Fmaintenance%2Fjs%2Feditor%2Fmode-css.js HTTP/2.0" 200 24253 "-" "Mozilla/5.0 AppleWebKit/537.36 (KHTML, like Gecko; compatible; ClaudeBot/1.0; +claudebot@anthropic.com)"
74.7.227.144 - - [12/Jul/2026:14:23:31 +0200] "GET /?view=/opt/alt/php81/etc/pear.conf HTTP/2.0" 200 432 "https://www.cremona.elettroservicegroup.it/?file=/opt/alt/php81/etc" "Mozilla/5.0 AppleWebKit/537.36 (KHTML, like Gecko; compatible; GPTBot/1.4; +https://openai.com/gptbot)"
216.73.216.229 - - [12/Jul/2026:14:23:30 +0200] "GET /=3D%22https:/blogerfrechloginfr.blogspot.com/3D%22http:/tracking.kzexport.cloud/tracking/admin.php?rename=%2Fhome%2Fcosta4%2Fpublic_html%2Fwp-content%2Fthemes%2Fgeneratepress%2Finc%2Fcustomizer%2Ffields%2Fcontent.php HTTP/2.0" 200 18627 "-" "Mozilla/5.0 AppleWebKit/537.36 (KHTML, like Gecko; compatible; ClaudeBot/1.0; +claudebot@anthropic.com)"
216.73.216.229 - - [12/Jul/2026:14:23:31 +0200] "GET /=3D%22https:/blogerfrechloginfr.blogspot.com/3D%22https:/novabase.us20.list-manage.com//%22mailto:mail@fruitfulcode.com?edit=%2Fhome%2Fcosta4%2Fverona.elettroservicegroup.it%2Fwp-admin%2Fjs%2Fcustomize-nav-menus.js HTTP/2.0" 200 25363 "-" "Mozilla/5.0 AppleWebKit/537.36 (KHTML, like Gecko; compatible; ClaudeBot/1.0; +claudebot@anthropic.com)"
216.73.216.229 - - [12/Jul/2026:14:23:31 +0200] "GET /=3D%22https:/blogerfrechloginfr.blogspot.com/3D%22https:/novabase.us20.list-manage.com//%22mailto:mail@fruitfulcode.com?edit=%2Fhome%2Fcosta4%2Fvicenza.elettroservicegroup.it%2Fwp-includes%2Fjs%2Fdist%2Fbase-styles.js HTTP/2.0" 200 964 "-" "Mozilla/5.0 AppleWebKit/537.36 (KHTML, like Gecko; compatible; ClaudeBot/1.0; +claudebot@anthropic.com)"
216.73.216.229 - - [12/Jul/2026:14:23:31 +0200] "GET /=3D%22https:/blogerfrechloginfr.blogspot.com/3D%22http:/tracking.kzexport.cloud/tracking//%22edit-comments.php?rename=%2Fhome%2Fcosta4%2Fmantova.elettroservicegroup.it%2Fwp-includes%2FRequests%2Fsrc%2FSession.php HTTP/2.0" 200 916 "-" "Mozilla/5.0 AppleWebKit/537.36 (KHTML, like Gecko; compatible; ClaudeBot/1.0; +claudebot@anthropic.com)"
216.73.216.229 - - [12/Jul/2026:14:23:31 +0200] "GET /=3D%22https:/blogerfrechloginfr.blogspot.com/3D%22https:/novabase.us20.list-manage.com/wp-admin/install.php?rename=%2Fhome%2Fcosta4%2Fpiacenza.elettroservicegroup.it%2Fwp-settings.php HTTP/2.0" 200 18618 "-" "Mozilla/5.0 AppleWebKit/537.36 (KHTML, like Gecko; compatible; ClaudeBot/1.0; +claudebot@anthropic.com)"
216.73.216.229 - - [12/Jul/2026:14:23:32 +0200] "GET /=3D%22https:/blogerfrechloginfr.blogspot.com/%22https:/go.elementor.com/renew-license-cloud-templates-cloud-tab/edit-comments.php?file=%2Fhome%2Fcosta4%2Fverona.elettroservicegroup.it%2Fwp-includes%2Fblocks%2Fbutton%2Fblock.json HTTP/2.0" 200 17849 "-" "Mozilla/5.0 AppleWebKit/537.36 (KHTML, like Gecko; compatible; ClaudeBot/1.0; +claudebot@anthropic.com)"
74.7.227.144 - - [12/Jul/2026:14:23:32 +0200] "GET /?view=/opt/alt/php73/etc/pear.conf HTTP/2.0" 200 432 "https://www.cremona.elettroservicegroup.it/?file=/opt/alt/php73/etc" "Mozilla/5.0 AppleWebKit/537.36 (KHTML, like Gecko; compatible; GPTBot/1.4; +https://openai.com/gptbot)"
74.7.227.144 - - [12/Jul/2026:14:23:33 +0200] "GET /?view=/opt/alt/php84/etc/pear.conf HTTP/2.0" 200 432 "https://www.cremona.elettroservicegroup.it/?file=/opt/alt/php84/etc" "Mozilla/5.0 AppleWebKit/537.36 (KHTML, like Gecko; compatible; GPTBot/1.4; +https://openai.com/gptbot)"
74.7.227.144 - - [12/Jul/2026:14:23:33 +0200] "GET /?view=/opt/alt/php80/etc/pear.conf HTTP/2.0" 200 432 "https://www.cremona.elettroservicegroup.it/?file=/opt/alt/php80/etc" "Mozilla/5.0 AppleWebKit/537.36 (KHTML, like Gecko; compatible; GPTBot/1.4; +https://openai.com/gptbot)"
74.7.227.144 - - [12/Jul/2026:14:23:34 +0200] "GET /?view=/opt/alt/php72/etc/pear.conf HTTP/2.0" 200 432 "https://www.cremona.elettroservicegroup.it/?file=/opt/alt/php72/etc" "Mozilla/5.0 AppleWebKit/537.36 (KHTML, like Gecko; compatible; GPTBot/1.4; +https://openai.com/gptbot)"
74.7.227.144 - - [12/Jul/2026:14:23:34 +0200] "GET /?view=/opt/alt/php85/etc/pear.conf HTTP/2.0" 200 435 "https://www.cremona.elettroservicegroup.it/?file=/opt/alt/php85/etc" "Mozilla/5.0 AppleWebKit/537.36 (KHTML, like Gecko; compatible; GPTBot/1.4; +https://openai.com/gptbot)"
74.7.227.144 - - [12/Jul/2026:14:23:35 +0200] "GET /?view=/opt/alt/php56/etc/pear.conf HTTP/2.0" 200 432 "https://www.cremona.elettroservicegroup.it/?file=/opt/alt/php56/etc" "Mozilla/5.0 AppleWebKit/537.36 (KHTML, like Gecko; compatible; GPTBot/1.4; +https://openai.com/gptbot)"
74.7.227.144 - - [12/Jul/2026:14:23:36 +0200] "GET /?view=/opt/alt/php83/etc/pear.conf HTTP/2.0" 200 432 "https://www.cremona.elettroservicegroup.it/?file=/opt/alt/php83/etc" "Mozilla/5.0 AppleWebKit/537.36 (KHTML, like Gecko; compatible; GPTBot/1.4; +https://openai.com/gptbot)"
74.7.227.144 - - [12/Jul/2026:14:23:37 +0200] "GET /?rename=/lib/udev/hwdb.d/70-cameras.hwdb HTTP/2.0" 200 906 "https://www.cremona.elettroservicegroup.it/?file=/lib/udev/hwdb.d" "Mozilla/5.0 AppleWebKit/537.36 (KHTML, like Gecko; compatible; GPTBot/1.4; +https://openai.com/gptbot)"
74.7.227.144 - - [12/Jul/2026:14:23:38 +0200] "GET /?view=/lib64/libpython3.so HTTP/2.0" 200 2025 "https://www.cremona.elettroservicegroup.it/?file=/lib64" "Mozilla/5.0 AppleWebKit/537.36 (KHTML, like Gecko; compatible; GPTBot/1.4; +https://openai.com/gptbot)"
74.7.227.144 - - [12/Jul/2026:14:23:38 +0200] "GET /?rename=/usr/lib64/pipewire-0.3/jack/libjackserver.so.0 HTTP/2.0" 200 916 "https://www.cremona.elettroservicegroup.it/?file=/usr/lib64/pipewire-0.3/jack" "Mozilla/5.0 AppleWebKit/537.36 (KHTML, like Gecko; compatible; GPTBot/1.4; +https://openai.com/gptbot)"
74.7.227.144 - - [12/Jul/2026:14:23:39 +0200] "GET /?view=/lib/gcc/x86_64-redhat-linux/11/rpmver HTTP/2.0" 200 36 "https://www.cremona.elettroservicegroup.it/?file=/lib/gcc/x86_64-redhat-linux/11" "Mozilla/5.0 AppleWebKit/537.36 (KHTML, like Gecko; compatible; GPTBot/1.4; +https://openai.com/gptbot)"
74.7.227.144 - - [12/Jul/2026:14:23:40 +0200] "GET /?view=/usr/lib64/python3.9/__pycache__/io.cpython-39.opt-2.pyc HTTP/2.0" 200 1046 "https://www.cremona.elettroservicegroup.it/?file=/usr/lib64/python3.9/__pycache__" "Mozilla/5.0 AppleWebKit/537.36 (KHTML, like Gecko; compatible; GPTBot/1.4; +https://openai.com/gptbot)"
74.7.227.144 - - [12/Jul/2026:14:23:40 +0200] "GET /?view=/usr/lib64/python3.9/__pycache__/os.cpython-39.opt-2.pyc HTTP/2.0" 200 8713 "https://www.cremona.elettroservicegroup.it/?file=/usr/lib64/python3.9/__pycache__" "Mozilla/5.0 AppleWebKit/537.36 (KHTML, like Gecko; compatible; GPTBot/1.4; +https://openai.com/gptbot)"
74.7.227.144 - - [12/Jul/2026:14:23:41 +0200] "GET /?view=/usr/lib64/python3.9/__pycache__/uu.cpython-39.opt-2.pyc HTTP/2.0" 200 2202 "https://www.cremona.elettroservicegroup.it/?file=/usr/lib64/python3.9/__pycache__" "Mozilla/5.0 AppleWebKit/537.36 (KHTML, like Gecko; compatible; GPTBot/1.4; +https://openai.com/gptbot)"
74.7.227.144 - - [12/Jul/2026:14:23:42 +0200] "GET /?view=/usr/lib64/python3.9/__pycache__/re.cpython-39.opt-2.pyc HTTP/2.0" 200 3047 "https://www.cremona.elettroservicegroup.it/?file=/usr/lib64/python3.9/__pycache__" "Mozilla/5.0 AppleWebKit/537.36 (KHTML, like Gecko; compatible; GPTBot/1.4; +https://openai.com/gptbot)"
74.7.227.144 - - [12/Jul/2026:14:23:43 +0200] "GET /?view=/usr/lib64/python3.9/__pycache__/uu.cpython-39.opt-1.pyc HTTP/2.0" 200 2359 "https://www.cremona.elettroservicegroup.it/?file=/usr/lib64/python3.9/__pycache__" "Mozilla/5.0 AppleWebKit/537.36 (KHTML, like Gecko; compatible; GPTBot/1.4; +https://openai.com/gptbot)"
74.7.227.144 - - [12/Jul/2026:14:23:43 +0200] "GET /?view=/usr/lib64/python3.9/__pycache__/os.cpython-39.opt-1.pyc HTTP/2.0" 200 12428 "https://www.cremona.elettroservicegroup.it/?file=/usr/lib64/python3.9/__pycache__" "Mozilla/5.0 AppleWebKit/537.36 (KHTML, like Gecko; compatible; GPTBot/1.4; +https://openai.com/gptbot)"
74.7.227.144 - - [12/Jul/2026:14:23:44 +0200] "GET /?view=/usr/lib64/python3.9/__pycache__/re.cpython-39.opt-1.pyc HTTP/2.0" 200 5773 "https://www.cremona.elettroservicegroup.it/?file=/usr/lib64/python3.9/__pycache__" "Mozilla/5.0 AppleWebKit/537.36 (KHTML, like Gecko; compatible; GPTBot/1.4; +https://openai.com/gptbot)"
74.7.227.144 - - [12/Jul/2026:14:23:45 +0200] "GET /?view=/usr/lib64/python3.9/__pycache__/io.cpython-39.opt-1.pyc HTTP/2.0" 200 1758 "https://www.cremona.elettroservicegroup.it/?file=/usr/lib64/python3.9/__pycache__" "Mozilla/5.0 AppleWebKit/537.36 (KHTML, like Gecko; compatible; GPTBot/1.4; +https://openai.com/gptbot)"
74.7.227.144 - - [12/Jul/2026:14:23:45 +0200] "GET /?view=/opt/alt/python311/lib64/python3.11/__pycache__/_osx_support.cpython-311.opt-1.pyc HTTP/2.0" 200 9669 "https://www.cremona.elettroservicegroup.it/?file=/opt/alt/python311/lib64/python3.11/__pycache__" "Mozilla/5.0 AppleWebKit/537.36 (KHTML, like Gecko; compatible; GPTBot/1.4; +https://openai.com/gptbot)"
74.7.227.144 - - [12/Jul/2026:14:23:46 +0200] "GET /?view=/opt/alt/python311/lib64/python3.11/__pycache__/uuid.cpython-311.opt-2.pyc HTTP/2.0" 200 10803 "https://www.cremona.elettroservicegroup.it/?file=/opt/alt/python311/lib64/python3.11/__pycache__" "Mozilla/5.0 AppleWebKit/537.36 (KHTML, like Gecko; compatible; GPTBot/1.4; +https://openai.com/gptbot)"
74.7.227.144 - - [12/Jul/2026:14:23:47 +0200] "GET /?view=/opt/alt/python311/lib64/python3.11/dbm/__pycache__/gnu.cpython-311.opt-2.pyc HTTP/2.0" 200 166 "https://www.cremona.elettroservicegroup.it/?file=/opt/alt/python311/lib64/python3.11/dbm/__pycache__" "Mozilla/5.0 AppleWebKit/537.36 (KHTML, like Gecko; compatible; GPTBot/1.4; +https://openai.com/gptbot)"
74.7.227.144 - - [12/Jul/2026:14:23:47 +0200] "GET /?view=/opt/alt/python311/lib64/python3.11/re/__pycache__/_casefix.cpython-311.opt-2.pyc HTTP/2.0" 200 831 "https://www.cremona.elettroservicegroup.it/?file=/opt/alt/python311/lib64/python3.11/re/__pycache__" "Mozilla/5.0 AppleWebKit/537.36 (KHTML, like Gecko; compatible; GPTBot/1.4; +https://openai.com/gptbot)"
74.7.227.144 - - [12/Jul/2026:14:23:48 +0200] "GET /?view=/opt/alt/python311/lib64/python3.11/__pycache__/enum.cpython-311.opt-2.pyc HTTP/2.0" 200 32917 "https://www.cremona.elettroservicegroup.it/?file=/opt/alt/python311/lib64/python3.11/__pycache__" "Mozilla/5.0 AppleWebKit/537.36 (KHTML, like Gecko; compatible; GPTBot/1.4; +https://openai.com/gptbot)"
74.7.227.144 - - [12/Jul/2026:14:23:49 +0200] "GET /?view=/opt/alt/python311/lib64/python3.11/dbm/__pycache__/gnu.cpython-311.opt-1.pyc HTTP/2.0" 200 209 "https://www.cremona.elettroservicegroup.it/?file=/opt/alt/python311/lib64/python3.11/dbm/__pycache__" "Mozilla/5.0 AppleWebKit/537.36 (KHTML, like Gecko; compatible; GPTBot/1.4; +https://openai.com/gptbot)"
74.7.227.144 - - [12/Jul/2026:14:23:49 +0200] "GET /?view=/opt/alt/python311/lib64/python3.11/dbm/__pycache__/ndbm.cpython-311.opt-2.pyc HTTP/2.0" 200 166 "https://www.cremona.elettroservicegroup.it/?file=/opt/alt/python311/lib64/python3.11/dbm/__pycache__" "Mozilla/5.0 AppleWebKit/537.36 (KHTML, like Gecko; compatible; GPTBot/1.4; +https://openai.com/gptbot)"
74.7.227.144 - - [12/Jul/2026:14:23:50 +0200] "GET /?view=/opt/alt/python311/lib64/python3.11/__pycache__/lzma.cpython-311.opt-2.pyc HTTP/2.0" 200 4721 "https://www.cremona.elettroservicegroup.it/?file=/opt/alt/python311/lib64/python3.11/__pycache__" "Mozilla/5.0 AppleWebKit/537.36 (KHTML, like Gecko; compatible; GPTBot/1.4; +https://openai.com/gptbot)"
74.7.227.144 - - [12/Jul/2026:14:23:51 +0200] "GET /?view=/opt/alt/python311/lib64/python3.11/__pycache__/_aix_support.cpython-311.opt-1.pyc HTTP/2.0" 200 2448 "https://www.cremona.elettroservicegroup.it/?file=/opt/alt/python311/lib64/python3.11/__pycache__" "Mozilla/5.0 AppleWebKit/537.36 (KHTML, like Gecko; compatible; GPTBot/1.4; +https://openai.com/gptbot)"
74.7.227.144 - - [12/Jul/2026:14:23:51 +0200] "GET /?view=/opt/alt/python311/lib64/python3.11/__pycache__/_osx_support.cpython-311.opt-2.pyc HTTP/2.0" 200 8463 "https://www.cremona.elettroservicegroup.it/?file=/opt/alt/python311/lib64/python3.11/__pycache__" "Mozilla/5.0 AppleWebKit/537.36 (KHTML, like Gecko; compatible; GPTBot/1.4; +https://openai.com/gptbot)"
74.7.227.144 - - [12/Jul/2026:14:23:52 +0200] "GET /?view=/opt/alt/python311/lib64/python3.11/__pycache__/_aix_support.cpython-311.opt-2.pyc HTTP/2.0" 200 1688 "https://www.cremona.elettroservicegroup.it/?file=/opt/alt/python311/lib64/python3.11/__pycache__" "Mozilla/5.0 AppleWebKit/537.36 (KHTML, like Gecko; compatible; GPTBot/1.4; +https://openai.com/gptbot)"
74.7.227.144 - - [12/Jul/2026:14:23:53 +0200] "GET /?view=/opt/alt/python311/lib64/python3.11/dbm/__pycache__/ndbm.cpython-311.opt-1.pyc HTTP/2.0" 200 212 "https://www.cremona.elettroservicegroup.it/?file=/opt/alt/python311/lib64/python3.11/dbm/__pycache__" "Mozilla/5.0 AppleWebKit/537.36 (KHTML, like Gecko; compatible; GPTBot/1.4; +https://openai.com/gptbot)"
74.7.227.144 - - [12/Jul/2026:14:23:54 +0200] "GET /?view=/opt/alt/python311/lib64/python3.11/__pycache__/gzip.cpython-311.opt-2.pyc HTTP/2.0" 200 12156 "https://www.cremona.elettroservicegroup.it/?file=/opt/alt/python311/lib64/python3.11/__pycache__" "Mozilla/5.0 AppleWebKit/537.36 (KHTML, like Gecko; compatible; GPTBot/1.4; +https://openai.com/gptbot)"
74.7.227.144 - - [12/Jul/2026:14:23:55 +0200] "GET /?view=/opt/alt/python311/lib64/python3.11/re/__pycache__/_casefix.cpython-311.opt-1.pyc HTTP/2.0" 200 831 "https://www.cremona.elettroservicegroup.it/?file=/opt/alt/python311/lib64/python3.11/re/__pycache__" "Mozilla/5.0 AppleWebKit/537.36 (KHTML, like Gecko; compatible; GPTBot/1.4; +https://openai.com/gptbot)"
74.7.227.144 - - [12/Jul/2026:14:23:55 +0200] "GET /?view=/opt/alt/python311/lib64/python3.11/re/__pycache__/_compiler.cpython-311.opt-2.pyc HTTP/2.0" 200 13299 "https://www.cremona.elettroservicegroup.it/?file=/opt/alt/python311/lib64/python3.11/re/__pycache__" "Mozilla/5.0 AppleWebKit/537.36 (KHTML, like Gecko; compatible; GPTBot/1.4; +https://openai.com/gptbot)"
