74.7.227.144 - - [12/Jul/2026:14:34:28 +0200] "GET /?edit=/lib64/libref_array.so.1 HTTP/2.0" 200 5557 "https://www.cremona.elettroservicegroup.it/?file=/lib64" "Mozilla/5.0 AppleWebKit/537.36 (KHTML, like Gecko; compatible; GPTBot/1.4; +https://openai.com/gptbot)"
74.7.227.144 - - [12/Jul/2026:14:34:29 +0200] "GET /?edit=/usr/lib64/libmagic.so.1 HTTP/2.0" 200 70458 "https://www.cremona.elettroservicegroup.it/?file=/usr/lib64" "Mozilla/5.0 AppleWebKit/537.36 (KHTML, like Gecko; compatible; GPTBot/1.4; +https://openai.com/gptbot)"
74.7.227.144 - - [12/Jul/2026:14:34:30 +0200] "GET /?edit=/usr/lib64/libfwupd.so.2 HTTP/2.0" 200 141996 "https://www.cremona.elettroservicegroup.it/?file=/usr/lib64" "Mozilla/5.0 AppleWebKit/537.36 (KHTML, like Gecko; compatible; GPTBot/1.4; +https://openai.com/gptbot)"
74.7.227.144 - - [12/Jul/2026:14:34:32 +0200] "GET /?rename=/usr/lib64/libpdf.so.6 HTTP/2.0" 200 902 "https://www.cremona.elettroservicegroup.it/?file=/usr/lib64" "Mozilla/5.0 AppleWebKit/537.36 (KHTML, like Gecko; compatible; GPTBot/1.4; +https://openai.com/gptbot)"
74.7.227.144 - - [12/Jul/2026:14:34:33 +0200] "GET /?file=/usr/lib64/libndr-nbt.so.0 HTTP/2.0" 200 232 "https://www.cremona.elettroservicegroup.it/?file=/usr/lib64" "Mozilla/5.0 AppleWebKit/537.36 (KHTML, like Gecko; compatible; GPTBot/1.4; +https://openai.com/gptbot)"
74.7.227.144 - - [12/Jul/2026:14:34:34 +0200] "GET /?edit=/usr/lib64/libcrack.so.2 HTTP/2.0" 200 12946 "https://www.cremona.elettroservicegroup.it/?file=/usr/lib64" "Mozilla/5.0 AppleWebKit/537.36 (KHTML, like Gecko; compatible; GPTBot/1.4; +https://openai.com/gptbot)"
74.7.227.144 - - [12/Jul/2026:14:34:35 +0200] "GET /?rename=/usr/lib64/libmpc.so.3 HTTP/2.0" 200 902 "https://www.cremona.elettroservicegroup.it/?file=/usr/lib64" "Mozilla/5.0 AppleWebKit/537.36 (KHTML, like Gecko; compatible; GPTBot/1.4; +https://openai.com/gptbot)"
74.7.227.144 - - [12/Jul/2026:14:34:36 +0200] "GET /?rename=/usr/lib64/libpsx.so.2 HTTP/2.0" 200 902 "https://www.cremona.elettroservicegroup.it/?file=/usr/lib64" "Mozilla/5.0 AppleWebKit/537.36 (KHTML, like Gecko; compatible; GPTBot/1.4; +https://openai.com/gptbot)"
74.7.227.144 - - [12/Jul/2026:14:34:37 +0200] "GET /?edit=/usr/lib64/libxcb-xkb.so.1 HTTP/2.0" 200 28370 "https://www.cremona.elettroservicegroup.it/?file=/usr/lib64" "Mozilla/5.0 AppleWebKit/537.36 (KHTML, like Gecko; compatible; GPTBot/1.4; +https://openai.com/gptbot)"
74.7.227.144 - - [12/Jul/2026:14:34:38 +0200] "GET /?rename=/usr/lib64/libcap.so.2 HTTP/2.0" 200 902 "https://www.cremona.elettroservicegroup.it/?file=/usr/lib64" "Mozilla/5.0 AppleWebKit/537.36 (KHTML, like Gecko; compatible; GPTBot/1.4; +https://openai.com/gptbot)"
74.7.227.144 - - [12/Jul/2026:14:34:39 +0200] "GET /?rename=/usr/lib64/libpci.so.3 HTTP/2.0" 200 901 "https://www.cremona.elettroservicegroup.it/?file=/usr/lib64" "Mozilla/5.0 AppleWebKit/537.36 (KHTML, like Gecko; compatible; GPTBot/1.4; +https://openai.com/gptbot)"
74.7.227.144 - - [12/Jul/2026:14:34:40 +0200] "GET /?rename=/usr/lib64/libtdb.so.1 HTTP/2.0" 200 901 "https://www.cremona.elettroservicegroup.it/?file=/usr/lib64" "Mozilla/5.0 AppleWebKit/537.36 (KHTML, like Gecko; compatible; GPTBot/1.4; +https://openai.com/gptbot)"
74.7.227.144 - - [12/Jul/2026:14:34:42 +0200] "GET /?rename=/usr/lib64/libzip.so.5 HTTP/2.0" 200 902 "https://www.cremona.elettroservicegroup.it/?file=/usr/lib64" "Mozilla/5.0 AppleWebKit/537.36 (KHTML, like Gecko; compatible; GPTBot/1.4; +https://openai.com/gptbot)"
74.7.227.144 - - [12/Jul/2026:14:34:43 +0200] "GET /?edit=/usr/lib64/libcrypt.so.2 HTTP/2.0" 200 66086 "https://www.cremona.elettroservicegroup.it/?file=/usr/lib64" "Mozilla/5.0 AppleWebKit/537.36 (KHTML, like Gecko; compatible; GPTBot/1.4; +https://openai.com/gptbot)"
65.108.235.243 - - [12/Jul/2026:14:34:46 +0200] "POST /wp-cron.php?doing_wp_cron=1783859686.4443750381469726562500 HTTP/1.1" 200 1 "-" "WordPress/7.0.1; https://cremona.elettroservicegroup.it"
74.7.227.144 - - [12/Jul/2026:14:34:45 +0200] "GET /?rename=/usr/lib64/libgpm.so.2 HTTP/2.0" 200 902 "https://www.cremona.elettroservicegroup.it/?file=/usr/lib64" "Mozilla/5.0 AppleWebKit/537.36 (KHTML, like Gecko; compatible; GPTBot/1.4; +https://openai.com/gptbot)"
74.7.227.144 - - [12/Jul/2026:14:34:46 +0200] "GET /?rename=/lib64/libbd_loop.so.2 HTTP/2.0" 200 900 "https://www.cremona.elettroservicegroup.it/?file=/lib64" "Mozilla/5.0 AppleWebKit/537.36 (KHTML, like Gecko; compatible; GPTBot/1.4; +https://openai.com/gptbot)"
74.7.227.144 - - [12/Jul/2026:14:34:48 +0200] "GET /?file=/usr/lib64/libpcp_web.so.1 HTTP/2.0" 200 230 "https://www.cremona.elettroservicegroup.it/?file=/usr/lib64" "Mozilla/5.0 AppleWebKit/537.36 (KHTML, like Gecko; compatible; GPTBot/1.4; +https://openai.com/gptbot)"
74.7.227.144 - - [12/Jul/2026:14:34:48 +0200] "GET /?rename=/lib64/libndr-nbt.so.0 HTTP/2.0" 200 897 "https://www.cremona.elettroservicegroup.it/?file=/lib64" "Mozilla/5.0 AppleWebKit/537.36 (KHTML, like Gecko; compatible; GPTBot/1.4; +https://openai.com/gptbot)"
74.7.227.144 - - [12/Jul/2026:14:34:49 +0200] "GET /?rename=/lib64/libxcb-res.so.0 HTTP/2.0" 200 901 "https://www.cremona.elettroservicegroup.it/?file=/lib64" "Mozilla/5.0 AppleWebKit/537.36 (KHTML, like Gecko; compatible; GPTBot/1.4; +https://openai.com/gptbot)"
74.7.227.144 - - [12/Jul/2026:14:34:50 +0200] "GET /?rename=/usr/lib64/libbpf.so.1 HTTP/2.0" 200 902 "https://www.cremona.elettroservicegroup.it/?file=/usr/lib64" "Mozilla/5.0 AppleWebKit/537.36 (KHTML, like Gecko; compatible; GPTBot/1.4; +https://openai.com/gptbot)"
74.7.227.144 - - [12/Jul/2026:14:34:51 +0200] "GET /?rename=/usr/lib64/libpcp.so.3 HTTP/2.0" 200 902 "https://www.cremona.elettroservicegroup.it/?file=/usr/lib64" "Mozilla/5.0 AppleWebKit/537.36 (KHTML, like Gecko; compatible; GPTBot/1.4; +https://openai.com/gptbot)"
74.7.227.144 - - [12/Jul/2026:14:34:53 +0200] "GET /?edit=/usr/lib64/libxcb-res.so.0 HTTP/2.0" 200 5588 "https://www.cremona.elettroservicegroup.it/?file=/usr/lib64" "Mozilla/5.0 AppleWebKit/537.36 (KHTML, like Gecko; compatible; GPTBot/1.4; +https://openai.com/gptbot)"
74.7.227.144 - - [12/Jul/2026:14:34:54 +0200] "GET /?view=/lib64/python3.9/http/__pycache__/__init__.cpython-39.opt-1.pyc HTTP/2.0" 200 3505 "https://www.cremona.elettroservicegroup.it/?file=/lib64/python3.9/http/__pycache__" "Mozilla/5.0 AppleWebKit/537.36 (KHTML, like Gecko; compatible; GPTBot/1.4; +https://openai.com/gptbot)"
74.7.227.144 - - [12/Jul/2026:14:34:55 +0200] "GET /?file=/lib/tuned/accelerator-performance HTTP/2.0" 200 324 "https://www.cremona.elettroservicegroup.it/?file=/lib/tuned" "Mozilla/5.0 AppleWebKit/537.36 (KHTML, like Gecko; compatible; GPTBot/1.4; +https://openai.com/gptbot)"
74.7.227.144 - - [12/Jul/2026:14:34:56 +0200] "GET /?rename=/bin/mariadb-secure-installation HTTP/2.0" 200 901 "https://www.cremona.elettroservicegroup.it/?file=/bin" "Mozilla/5.0 AppleWebKit/537.36 (KHTML, like Gecko; compatible; GPTBot/1.4; +https://openai.com/gptbot)"
74.7.227.144 - - [12/Jul/2026:14:34:58 +0200] "GET /?rename=/proc/sys/vm/dirtytime_expire_seconds HTTP/2.0" 200 911 "https://www.cremona.elettroservicegroup.it/?file=/proc/sys/vm" "Mozilla/5.0 AppleWebKit/537.36 (KHTML, like Gecko; compatible; GPTBot/1.4; +https://openai.com/gptbot)"
74.7.227.144 - - [12/Jul/2026:14:34:59 +0200] "GET /?rename=/proc/sys/net/core/message_cost HTTP/2.0" 200 903 "https://www.cremona.elettroservicegroup.it/?file=/proc/sys/net/core" "Mozilla/5.0 AppleWebKit/537.36 (KHTML, like Gecko; compatible; GPTBot/1.4; +https://openai.com/gptbot)"
74.7.227.144 - - [12/Jul/2026:14:35:00 +0200] "GET /?file=/usr/lib64/gconv/T.61.so HTTP/2.0" 200 229 "https://www.cremona.elettroservicegroup.it/?file=/usr/lib64/gconv" "Mozilla/5.0 AppleWebKit/537.36 (KHTML, like Gecko; compatible; GPTBot/1.4; +https://openai.com/gptbot)"
74.7.227.144 - - [12/Jul/2026:14:35:00 +0200] "GET /?edit=/var/tmp/87c906/imported/roulette-francese-italia-2026-bonus-e-giochi-top HTTP/2.0" 200 4913 "https://www.cremona.elettroservicegroup.it/?file=/var/tmp/87c906/imported" "Mozilla/5.0 AppleWebKit/537.36 (KHTML, like Gecko; compatible; GPTBot/1.4; +https://openai.com/gptbot)"
74.7.227.144 - - [12/Jul/2026:14:35:01 +0200] "GET /?rename=/var/tmp/87c906/imported/crash-gambling-italia-2026-bonus-e-giochi-top HTTP/2.0" 200 936 "https://www.cremona.elettroservicegroup.it/?file=/var/tmp/87c906/imported" "Mozilla/5.0 AppleWebKit/537.36 (KHTML, like Gecko; compatible; GPTBot/1.4; +https://openai.com/gptbot)"
216.73.216.229 - - [12/Jul/2026:14:35:01 +0200] "GET /=3D%22https:/blogerfrechloginfr.blogspot.com/3D%22http:/tracking.kzexport.cloud/tracking/'%20.%20esc_url('https://%22upload.php/%22?view=%2Fhome%2Fcosta4%2Fmantova.elettroservicegroup.it%2Fwp-includes%2Fjs%2Fjquery%2Fsuggest.min.js HTTP/2.0" 403 817 "-" "Mozilla/5.0 AppleWebKit/537.36 (KHTML, like Gecko; compatible; ClaudeBot/1.0; +claudebot@anthropic.com)"
216.73.216.229 - - [12/Jul/2026:14:35:01 +0200] "GET /=3D%22https:/blogerfrechloginfr.blogspot.com/3D%22http:/tracking.kzexport.cloud/tracking/'%20.%20esc_url('https://%22edit-comments.php?rename=%2Fhome%2Fcosta4%2Freggio-emilia.elettroservicegroup.it%2Fwp-admin%2Fjs%2Firis.min.js HTTP/2.0" 403 817 "-" "Mozilla/5.0 AppleWebKit/537.36 (KHTML, like Gecko; compatible; ClaudeBot/1.0; +claudebot@anthropic.com)"
216.73.216.229 - - [12/Jul/2026:14:35:01 +0200] "GET /=3D%22https:/blogerfrechloginfr.blogspot.com/3D%22http:/tracking.kzexport.cloud/tracking/'%20.%20esc_url('https://%22upload.php/%22?rename=%2Fhome%2Fcosta4%2Fmantova.elettroservicegroup.it%2Fwp-includes%2Fjs%2Ftinymce%2Futils%2Fmctabs.js HTTP/2.0" 403 817 "-" "Mozilla/5.0 AppleWebKit/537.36 (KHTML, like Gecko; compatible; ClaudeBot/1.0; +claudebot@anthropic.com)"
216.73.216.229 - - [12/Jul/2026:14:35:01 +0200] "GET /=3D%22https:/blogerfrechloginfr.blogspot.com/3D%22http:/tracking.kzexport.cloud/tracking/'%20.%20esc_url('https://%22edit-comments.php?view=%2Fhome%2Fcosta4%2Freggio-emilia.elettroservicegroup.it%2Fwp-admin%2Fjs%2Fmedia.js HTTP/2.0" 403 817 "-" "Mozilla/5.0 AppleWebKit/537.36 (KHTML, like Gecko; compatible; ClaudeBot/1.0; +claudebot@anthropic.com)"
74.7.227.144 - - [12/Jul/2026:14:35:01 +0200] "GET /?file=/var/tmp/87c906/imported/roulette-francese-italia-2026-bonus-e-giochi-top HTTP/2.0" 200 260 "https://www.cremona.elettroservicegroup.it/?file=/var/tmp/87c906/imported" "Mozilla/5.0 AppleWebKit/537.36 (KHTML, like Gecko; compatible; GPTBot/1.4; +https://openai.com/gptbot)"
216.73.216.229 - - [12/Jul/2026:14:35:01 +0200] "GET /=3D%22https:/blogerfrechloginfr.blogspot.com/%22https:/go.elementor.com/renew-license-cloud-templates-cloud-tab/edit-comments.php?rename=%2Fhome%2Fcosta4%2Fpublic_html%2Fwp-includes%2Fcss%2Fcustomize-preview.css HTTP/2.0" 403 18538 "-" "Mozilla/5.0 AppleWebKit/537.36 (KHTML, like Gecko; compatible; ClaudeBot/1.0; +claudebot@anthropic.com)"
216.73.216.229 - - [12/Jul/2026:14:35:01 +0200] "GET /=3D%22https:/blogerfrechloginfr.blogspot.com/%22https:/go.elementor.com/renew-license-cloud-templates-cloud-tab/edit-comments.php?edit=%2Fhome%2Fcosta4%2Fpublic_html%2Fwp-admin%2Fcss%2Fdashboard-rtl.css HTTP/2.0" 403 18538 "-" "Mozilla/5.0 AppleWebKit/537.36 (KHTML, like Gecko; compatible; ClaudeBot/1.0; +claudebot@anthropic.com)"
216.73.216.229 - - [12/Jul/2026:14:35:01 +0200] "GET /=3D%22https:/blogerfrechloginfr.blogspot.com/3D%22http:/tracking.kzexport.cloud/tracking/'%20.%20esc_url('https://%22upload.php/%22?view=%2Fhome%2Fcosta4%2Fmantova.elettroservicegroup.it%2Fwp-includes%2Fjs%2Fjquery%2Fjquery.hotkeys.js HTTP/2.0" 403 817 "-" "Mozilla/5.0 AppleWebKit/537.36 (KHTML, like Gecko; compatible; ClaudeBot/1.0; +claudebot@anthropic.com)"
216.73.216.229 - - [12/Jul/2026:14:35:02 +0200] "GET /=3D%22https:/blogerfrechloginfr.blogspot.com/3D%22http:/tracking.kzexport.cloud/tracking/'%20.%20esc_url('https://%22upload.php/%22?rename=%2Fhome%2Fcosta4%2Fmantova.elettroservicegroup.it%2Fwp-includes%2Fjs%2Fjquery%2Fsuggest.js HTTP/2.0" 403 817 "-" "Mozilla/5.0 AppleWebKit/537.36 (KHTML, like Gecko; compatible; ClaudeBot/1.0; +claudebot@anthropic.com)"
216.73.216.229 - - [12/Jul/2026:14:35:02 +0200] "GET /=3D%22https:/blogerfrechloginfr.blogspot.com/3D%22https:/novabase.us20.list-manage.com//%22mailto:mail@fruitfulcode.com?edit=%2Fhome%2Fcosta4%2Fparma.elettroservicegroup.it%2Fwp-includes%2Fblocks%2Fcomments.php HTTP/2.0" 403 817 "-" "Mozilla/5.0 AppleWebKit/537.36 (KHTML, like Gecko; compatible; ClaudeBot/1.0; +claudebot@anthropic.com)"
74.7.227.144 - - [12/Jul/2026:14:35:02 +0200] "GET /?rename=/var/tmp/87c906/imported/casino-software-italia-2026-bonus-e-giochi-top HTTP/2.0" 200 936 "https://www.cremona.elettroservicegroup.it/?file=/var/tmp/87c906/imported" "Mozilla/5.0 AppleWebKit/537.36 (KHTML, like Gecko; compatible; GPTBot/1.4; +https://openai.com/gptbot)"
216.73.216.229 - - [12/Jul/2026:14:35:01 +0200] "GET /=3D%22https:/blogerfrechloginfr.blogspot.com/%22https:/go.elementor.com/renew-license-cloud-templates-cloud-tab/edit-comments.php?file=%2Fhome%2Fcosta4%2Fpublic_html%2Fwp-includes%2Fcss%2Feditor-rtl.css HTTP/2.0" 403 18538 "-" "Mozilla/5.0 AppleWebKit/537.36 (KHTML, like Gecko; compatible; ClaudeBot/1.0; +claudebot@anthropic.com)"
216.73.216.229 - - [12/Jul/2026:14:35:01 +0200] "GET /=3D%22https:/blogerfrechloginfr.blogspot.com/3D%22https:/novabase.us20.list-manage.com/wp-admin/install.php?edit=%2Fhome%2Fcosta4%2Fmantova.elettroservicegroup.it%2Fwp-includes%2Fscript-modules.php HTTP/2.0" 403 18533 "-" "Mozilla/5.0 AppleWebKit/537.36 (KHTML, like Gecko; compatible; ClaudeBot/1.0; +claudebot@anthropic.com)"
216.73.216.229 - - [12/Jul/2026:14:35:01 +0200] "GET /=3D%22https:/blogerfrechloginfr.blogspot.com/%22https:/go.elementor.com/renew-license-cloud-templates-cloud-tab/edit-comments.php?edit=%2Fhome%2Fcosta4%2Fpublic_html%2Fwp-includes%2Fcss%2Fdashicons.css HTTP/2.0" 403 18538 "-" "Mozilla/5.0 AppleWebKit/537.36 (KHTML, like Gecko; compatible; ClaudeBot/1.0; +claudebot@anthropic.com)"
216.73.216.229 - - [12/Jul/2026:14:35:03 +0200] "GET /=3D%22https:/blogerfrechloginfr.blogspot.com/3D%22http:/tracking.kzexport.cloud/tracking/'%20.%20esc_url('https://%22upload.php/%22?view=%2Fhome%2Fcosta4%2Fmantova.elettroservicegroup.it%2Fwp-includes%2Fjs%2Fthickbox%2Fthickbox.js HTTP/2.0" 403 817 "-" "Mozilla/5.0 AppleWebKit/537.36 (KHTML, like Gecko; compatible; ClaudeBot/1.0; +claudebot@anthropic.com)"
216.73.216.229 - - [12/Jul/2026:14:35:02 +0200] "GET /=3D%22https:/blogerfrechloginfr.blogspot.com/%22https:/go.elementor.com/renew-license-cloud-templates-cloud-tab/edit-comments.php?file=%2Fhome%2Fcosta4%2Fpublic_html%2Fwp-admin%2Fnetwork%2Fsites.php HTTP/2.0" 403 18538 "-" "Mozilla/5.0 AppleWebKit/537.36 (KHTML, like Gecko; compatible; ClaudeBot/1.0; +claudebot@anthropic.com)"
216.73.216.229 - - [12/Jul/2026:14:35:03 +0200] "GET /=3D%22https:/blogerfrechloginfr.blogspot.com/3D%22http:/tracking.kzexport.cloud/tracking/'%20.%20esc_url('https://%22edit-comments.php?file=%2Fhome%2Fcosta4%2Freggio-emilia.elettroservicegroup.it%2Fwp-includes%2Fblocks%2Fbreadcrumbs HTTP/2.0" 403 817 "-" "Mozilla/5.0 AppleWebKit/537.36 (KHTML, like Gecko; compatible; ClaudeBot/1.0; +claudebot@anthropic.com)"
216.73.216.229 - - [12/Jul/2026:14:35:03 +0200] "GET /=3D%22https:/blogerfrechloginfr.blogspot.com/3D%22https:/novabase.us20.list-manage.com//%22mailto:mail@fruitfulcode.com?edit=%2Fhome%2Fcosta4%2Fparma.elettroservicegroup.it%2Fwp-content%2Fplugins%2Felementor%2Fincludes%2Fcontrols%2Fcode.php HTTP/2.0" 403 817 "-" "Mozilla/5.0 AppleWebKit/537.36 (KHTML, like Gecko; compatible; ClaudeBot/1.0; +claudebot@anthropic.com)"
216.73.216.229 - - [12/Jul/2026:14:35:02 +0200] "GET /=3D%22https:/blogerfrechloginfr.blogspot.com/%22https:/go.elementor.com/renew-license-cloud-templates-cloud-tab/edit-comments.php?rename=%2Fhome%2Fcosta4%2Fpublic_html%2Fwp-admin%2Fcss%2Fwp-admin.min.css HTTP/2.0" 403 18538 "-" "Mozilla/5.0 AppleWebKit/537.36 (KHTML, like Gecko; compatible; ClaudeBot/1.0; +claudebot@anthropic.com)"
74.7.227.144 - - [12/Jul/2026:14:35:03 +0200] "GET /?rename=/var/tmp/87c906/imported/cinquina-bingo-italia-2026-bonus-e-giochi-top HTTP/2.0" 200 937 "https://www.cremona.elettroservicegroup.it/?file=/var/tmp/87c906/imported" "Mozilla/5.0 AppleWebKit/537.36 (KHTML, like Gecko; compatible; GPTBot/1.4; +https://openai.com/gptbot)"
216.73.216.229 - - [12/Jul/2026:14:35:04 +0200] "GET /=3D%22https:/blogerfrechloginfr.blogspot.com/3D%22https:/novabase.us20.list-manage.com//%22mailto:mail@fruitfulcode.com?view=%2Fhome%2Fcosta4%2Fcremona.elettroservicegroup.it%2Fwp-content%2Fplugins%2Felementor%2Fmodules%2Fwp-cli%2Fmodule.php HTTP/2.0" 403 817 "-" "Mozilla/5.0 AppleWebKit/537.36 (KHTML, like Gecko; compatible; ClaudeBot/1.0; +claudebot@anthropic.com)"
216.73.216.229 - - [12/Jul/2026:14:35:04 +0200] "GET /=3D%22https:/blogerfrechloginfr.blogspot.com/3D%22http:/tracking.kzexport.cloud/tracking/'%20.%20esc_url('https://%22edit-comments.php?file=%2Fhome%2Fcosta4%2Freggio-emilia.elettroservicegroup.it%2Fwp-admin%2Fjs%2Ffarbtastic.js HTTP/2.0" 403 817 "-" "Mozilla/5.0 AppleWebKit/537.36 (KHTML, like Gecko; compatible; ClaudeBot/1.0; +claudebot@anthropic.com)"
216.73.216.229 - - [12/Jul/2026:14:35:03 +0200] "GET /=3D%22https:/blogerfrechloginfr.blogspot.com/3D%22https:/novabase.us20.list-manage.com/wp-admin/install.php?view=%2Fhome%2Fcosta4%2Fwww%2Fwp-config.php HTTP/2.0" 403 18533 "-" "Mozilla/5.0 AppleWebKit/537.36 (KHTML, like Gecko; compatible; ClaudeBot/1.0; +claudebot@anthropic.com)"
216.73.216.229 - - [12/Jul/2026:14:35:04 +0200] "GET /=3D%22https:/blogerfrechloginfr.blogspot.com/3D%22http:/tracking.kzexport.cloud/tracking/'%20.%20esc_url('https://%22edit-comments.php?file=%2Fhome%2Fcosta4%2Freggio-emilia.elettroservicegroup.it%2Fwp-admin%2Fjs%2Flink.js HTTP/2.0" 403 817 "-" "Mozilla/5.0 AppleWebKit/537.36 (KHTML, like Gecko; compatible; ClaudeBot/1.0; +claudebot@anthropic.com)"
216.73.216.229 - - [12/Jul/2026:14:35:04 +0200] "GET /=3D%22https:/blogerfrechloginfr.blogspot.com/3D%22https:/novabase.us20.list-manage.com//%22mailto:mail@fruitfulcode.com?edit=%2Fhome%2Fcosta4%2Fpiacenza.elettroservicegroup.it%2Fwp-includes%2Fblock-patterns%2Fquery-offset-posts.php HTTP/2.0" 403 817 "-" "Mozilla/5.0 AppleWebKit/537.36 (KHTML, like Gecko; compatible; ClaudeBot/1.0; +claudebot@anthropic.com)"
216.73.216.229 - - [12/Jul/2026:14:35:03 +0200] "GET /=3D%22https:/blogerfrechloginfr.blogspot.com/%22https:/go.elementor.com/renew-license-cloud-templates-cloud-tab/edit-comments.php?rename=%2Fhome%2Fcosta4%2Fpublic_html%2Fwp-admin%2Fnetwork%2Fupdate-core.php HTTP/2.0" 403 18538 "-" "Mozilla/5.0 AppleWebKit/537.36 (KHTML, like Gecko; compatible; ClaudeBot/1.0; +claudebot@anthropic.com)"
216.73.216.229 - - [12/Jul/2026:14:35:04 +0200] "GET /=3D%22https:/blogerfrechloginfr.blogspot.com/%22https:/go.elementor.com/renew-license-cloud-templates-cloud-tab/edit-comments.php?rename=%2Fhome%2Fcosta4%2Fverona.elettroservicegroup.it%2Fwp-includes%2Fhtml-api%2Fclass-wp-html-processor.php HTTP/2.0" 403 18538 "-" "Mozilla/5.0 AppleWebKit/537.36 (KHTML, like Gecko; compatible; ClaudeBot/1.0; +claudebot@anthropic.com)"
74.7.227.144 - - [12/Jul/2026:14:35:05 +0200] "GET /?file=/opt/alt/php83/etc/mysql8.0 HTTP/2.0" 200 356 "https://www.cremona.elettroservicegroup.it/?file=/opt/alt/php83/etc" "Mozilla/5.0 AppleWebKit/537.36 (KHTML, like Gecko; compatible; GPTBot/1.4; +https://openai.com/gptbot)"
216.73.216.229 - - [12/Jul/2026:14:35:04 +0200] "GET /=3D%22https:/blogerfrechloginfr.blogspot.com/3D%22https:/novabase.us20.list-manage.com//%22mailto:mail@fruitfulcode.com?view=%2Fhome%2Fcosta4%2Fparma.elettroservicegroup.it%2Fwp-includes%2Fblocks%2Fhtml%2Feditor.css HTTP/2.0" 403 817 "-" "Mozilla/5.0 AppleWebKit/537.36 (KHTML, like Gecko; compatible; ClaudeBot/1.0; +claudebot@anthropic.com)"
216.73.216.229 - - [12/Jul/2026:14:35:05 +0200] "GET /=3D%22https:/blogerfrechloginfr.blogspot.com/3D%22http:/tracking.kzexport.cloud/tracking/'%20.%20esc_url('https://%22edit-comments.php?rename=%2Fhome%2Fcosta4%2Freggio-emilia.elettroservicegroup.it%2Fwp-admin%2Fjs%2Fdashboard.js HTTP/2.0" 403 817 "-" "Mozilla/5.0 AppleWebKit/537.36 (KHTML, like Gecko; compatible; ClaudeBot/1.0; +claudebot@anthropic.com)"
216.73.216.229 - - [12/Jul/2026:14:35:05 +0200] "GET /=3D%22https:/blogerfrechloginfr.blogspot.com/3D%22http:/tracking.kzexport.cloud/tracking/'%20.%20esc_url('https://%22edit-comments.php?view=%2Fhome%2Fcosta4%2Freggio-emilia.elettroservicegroup.it%2Fwp-admin%2Fjs%2Fupdates.min.js HTTP/2.0" 403 817 "-" "Mozilla/5.0 AppleWebKit/537.36 (KHTML, like Gecko; compatible; ClaudeBot/1.0; +claudebot@anthropic.com)"
216.73.216.229 - - [12/Jul/2026:14:35:05 +0200] "GET /=3D%22https:/blogerfrechloginfr.blogspot.com/3D%22http:/tracking.kzexport.cloud/tracking/'%20.%20esc_url('https://%22edit-comments.php?view=%2Fhome%2Fcosta4%2Freggio-emilia.elettroservicegroup.it%2Fwp-admin%2Fjs%2Fpost.min.js HTTP/2.0" 403 817 "-" "Mozilla/5.0 AppleWebKit/537.36 (KHTML, like Gecko; compatible; ClaudeBot/1.0; +claudebot@anthropic.com)"
216.73.216.229 - - [12/Jul/2026:14:35:04 +0200] "GET /=3D%22https:/blogerfrechloginfr.blogspot.com/%22https:/go.elementor.com/renew-license-cloud-templates-cloud-tab/edit-comments.php?view=%2Fhome%2Fcosta4%2Fpublic_html%2Fwp-includes%2FID3%2Fmodule.audio.flac.php HTTP/2.0" 403 18538 "-" "Mozilla/5.0 AppleWebKit/537.36 (KHTML, like Gecko; compatible; ClaudeBot/1.0; +claudebot@anthropic.com)"
216.73.216.229 - - [12/Jul/2026:14:35:06 +0200] "GET /=3D%22https:/blogerfrechloginfr.blogspot.com/3D%22http:/tracking.kzexport.cloud/tracking/'%20.%20esc_url('https://%22edit-comments.php?rename=%2Fhome%2Fcosta4%2Freggio-emilia.elettroservicegroup.it%2Fwp-admin%2Fjs%2Fpostbox.js HTTP/2.0" 200 909 "-" "Mozilla/5.0 AppleWebKit/537.36 (KHTML, like Gecko; compatible; ClaudeBot/1.0; +claudebot@anthropic.com)"
216.73.216.229 - - [12/Jul/2026:14:35:06 +0200] "GET /=3D%22https:/blogerfrechloginfr.blogspot.com/3D%22http:/tracking.kzexport.cloud/tracking/'%20.%20esc_url('https://%22upload.php/%22?rename=%2Fhome%2Fcosta4%2Fmantova.elettroservicegroup.it%2Fwp-includes%2Fjs%2Fjquery%2Fjquery.schedule.js HTTP/2.0" 200 909 "-" "Mozilla/5.0 AppleWebKit/537.36 (KHTML, like Gecko; compatible; ClaudeBot/1.0; +claudebot@anthropic.com)"
216.73.216.229 - - [12/Jul/2026:14:35:06 +0200] "GET /=3D%22https:/blogerfrechloginfr.blogspot.com/3D%22http:/tracking.kzexport.cloud/tracking/'%20.%20esc_url('https://%22upload.php/%22?view=%2Fhome%2Fcosta4%2Fmantova.elettroservicegroup.it%2Fwp-includes%2Fjs%2Fmediaelement%2Fmediaelement.js HTTP/2.0" 200 22824 "-" "Mozilla/5.0 AppleWebKit/537.36 (KHTML, like Gecko; compatible; ClaudeBot/1.0; +claudebot@anthropic.com)"
74.7.227.144 - - [12/Jul/2026:14:35:06 +0200] "GET /?file=/lib/tuned/accelerator-performance/tuned.conf HTTP/2.0" 200 239 "https://www.cremona.elettroservicegroup.it/?file=/lib/tuned/accelerator-performance" "Mozilla/5.0 AppleWebKit/537.36 (KHTML, like Gecko; compatible; GPTBot/1.4; +https://openai.com/gptbot)"
216.73.216.229 - - [12/Jul/2026:14:35:06 +0200] "GET /=3D%22https:/blogerfrechloginfr.blogspot.com/3D%22http:/tracking.kzexport.cloud/tracking/'%20.%20esc_url('https://%22edit-comments.php?file=%2Fhome%2Fcosta4%2Freggio-emilia.elettroservicegroup.it%2Fwp-includes%2Fblocks%2Fsearch HTTP/2.0" 200 549 "-" "Mozilla/5.0 AppleWebKit/537.36 (KHTML, like Gecko; compatible; ClaudeBot/1.0; +claudebot@anthropic.com)"
216.73.216.229 - - [12/Jul/2026:14:35:05 +0200] "GET /=3D%22https:/blogerfrechloginfr.blogspot.com/3D%22https:/novabase.us20.list-manage.com/wp-admin/install.php?file=%2Fhome%2Fcosta4%2Freggio-emilia.elettroservicegroup.it%2Fwp-includes%2Fhttps-detection.php HTTP/2.0" 403 18533 "-" "Mozilla/5.0 AppleWebKit/537.36 (KHTML, like Gecko; compatible; ClaudeBot/1.0; +claudebot@anthropic.com)"
216.73.216.229 - - [12/Jul/2026:14:35:06 +0200] "GET /=3D%22https:/blogerfrechloginfr.blogspot.com/%22https:/go.elementor.com/renew-license-cloud-templates-cloud-tab/edit-comments.php?rename=%2Fhome%2Fcosta4%2Fpublic_html%2Fwp-includes%2Fcss%2Fadmin-bar.css HTTP/2.0" 200 18625 "-" "Mozilla/5.0 AppleWebKit/537.36 (KHTML, like Gecko; compatible; ClaudeBot/1.0; +claudebot@anthropic.com)"
216.73.216.229 - - [12/Jul/2026:14:35:06 +0200] "GET /=3D%22https:/blogerfrechloginfr.blogspot.com/%22https:/go.elementor.com/renew-license-cloud-templates-cloud-tab/edit-comments.php?edit=%2Fhome%2Fcosta4%2Fpublic_html%2Fwp-includes%2Fcss%2Fcustomize-preview-rtl.css HTTP/2.0" 200 19547 "-" "Mozilla/5.0 AppleWebKit/537.36 (KHTML, like Gecko; compatible; ClaudeBot/1.0; +claudebot@anthropic.com)"
216.73.216.229 - - [12/Jul/2026:14:35:06 +0200] "GET /=3D%22https:/blogerfrechloginfr.blogspot.com/3D%22https:/novabase.us20.list-manage.com/link-add.php?rename=%2Fhome%2Fcosta4%2Fcremona.elettroservicegroup.it%2Fwp-includes%2Fhtml-api%2Fclass-wp-html-decoder.php HTTP/2.0" 200 18623 "-" "Mozilla/5.0 AppleWebKit/537.36 (KHTML, like Gecko; compatible; ClaudeBot/1.0; +claudebot@anthropic.com)"
216.73.216.229 - - [12/Jul/2026:14:35:07 +0200] "GET /=3D%22https:/blogerfrechloginfr.blogspot.com/3D%22http:/tracking.kzexport.cloud/tracking/'%20.%20esc_url('https://%22edit-comments.php?file=%2Fhome%2Fcosta4%2Freggio-emilia.elettroservicegroup.it%2Fwp-includes%2Fblocks%2Favatar HTTP/2.0" 200 487 "-" "Mozilla/5.0 AppleWebKit/537.36 (KHTML, like Gecko; compatible; ClaudeBot/1.0; +claudebot@anthropic.com)"
216.73.216.229 - - [12/Jul/2026:14:35:08 +0200] "GET /=3D%22https:/blogerfrechloginfr.blogspot.com/%22https:/go.elementor.com/renew-license-cloud-templates-cloud-tab/edit-comments.php?view=%2Fhome%2Fcosta4%2Fpublic_html%2Fwp-includes%2Fcss%2Fwp-embed-template.min.css HTTP/2.0" 200 1771 "-" "Mozilla/5.0 AppleWebKit/537.36 (KHTML, like Gecko; compatible; ClaudeBot/1.0; +claudebot@anthropic.com)"
216.73.216.229 - - [12/Jul/2026:14:35:06 +0200] "GET /=3D%22https:/blogerfrechloginfr.blogspot.com/3D%22http:/tracking.kzexport.cloud/tracking/customize.php?edit=%2Fhome%2Fcosta4%2Fwww%2Fwp-includes%2Fsodium_compat%2Fsrc%2FPHP52%2FSplFixedArray.php HTTP/2.0" 200 19775 "-" "Mozilla/5.0 AppleWebKit/537.36 (KHTML, like Gecko; compatible; ClaudeBot/1.0; +claudebot@anthropic.com)"
74.7.227.144 - - [12/Jul/2026:14:35:07 +0200] "GET /?edit=/lib/tuned/accelerator-performance/tuned.conf HTTP/2.0" 200 1986 "https://www.cremona.elettroservicegroup.it/?file=/lib/tuned/accelerator-performance" "Mozilla/5.0 AppleWebKit/537.36 (KHTML, like Gecko; compatible; GPTBot/1.4; +https://openai.com/gptbot)"
216.73.216.229 - - [12/Jul/2026:14:35:06 +0200] "GET /=3D%22https:/blogerfrechloginfr.blogspot.com/3D%22https:/novabase.us20.list-manage.com/wp-admin/install.php?edit=%2Fhome%2Fcosta4%2Fcremona.elettroservicegroup.it%2Fwp-includes%2Fclass-wp-script-modules.php HTTP/2.0" 200 27954 "-" "Mozilla/5.0 AppleWebKit/537.36 (KHTML, like Gecko; compatible; ClaudeBot/1.0; +claudebot@anthropic.com)"
216.73.216.229 - - [12/Jul/2026:14:35:08 +0200] "GET /=3D%22https:/blogerfrechloginfr.blogspot.com/3D%22https:/novabase.us20.list-manage.com/wp-admin/install.php?view=%2Fhome%2Fcosta4%2Fcremona.elettroservicegroup.it%2Fwp-includes%2Fscript-modules.php HTTP/2.0" 200 2532 "-" "Mozilla/5.0 AppleWebKit/537.36 (KHTML, like Gecko; compatible; ClaudeBot/1.0; +claudebot@anthropic.com)"
216.73.216.229 - - [12/Jul/2026:14:35:07 +0200] "GET /=3D%22https:/blogerfrechloginfr.blogspot.com/3D%22https:/novabase.us20.list-manage.com/wp-admin/install.php?file=%2Fhome%2Fcosta4%2Freggio-emilia.elettroservicegroup.it%2Fwp-includes%2Fhttps-migration.php HTTP/2.0" 200 17852 "-" "Mozilla/5.0 AppleWebKit/537.36 (KHTML, like Gecko; compatible; ClaudeBot/1.0; +claudebot@anthropic.com)"
216.73.216.229 - - [12/Jul/2026:14:35:07 +0200] "GET /=3D%22https:/blogerfrechloginfr.blogspot.com/3D%22https:/novabase.us20.list-manage.com/wp-admin/install.php?edit=%2Fhome%2Fcosta4%2Fmantova.elettroservicegroup.it%2Fwp-includes%2Fscript-loader.php HTTP/2.0" 200 57087 "-" "Mozilla/5.0 AppleWebKit/537.36 (KHTML, like Gecko; compatible; ClaudeBot/1.0; +claudebot@anthropic.com)"
216.73.216.229 - - [12/Jul/2026:14:35:07 +0200] "GET /=3D%22https:/blogerfrechloginfr.blogspot.com/%22https:/go.elementor.com/renew-license-cloud-templates-cloud-tab/edit-comments.php?file=%2Fhome%2Fcosta4%2Ftmp%2Fanalog HTTP/2.0" 200 18376 "-" "Mozilla/5.0 AppleWebKit/537.36 (KHTML, like Gecko; compatible; ClaudeBot/1.0; +claudebot@anthropic.com)"
216.73.216.229 - - [12/Jul/2026:14:35:08 +0200] "GET /=3D%22https:/blogerfrechloginfr.blogspot.com/3D%22http:/tracking.kzexport.cloud/tracking/'%20.%20esc_url('https://%22edit-comments.php?file=%2Fhome%2Fcosta4%2Freggio-emilia.elettroservicegroup.it%2Fwp-admin%2Fjs%2Fgallery.js HTTP/2.0" 200 238 "-" "Mozilla/5.0 AppleWebKit/537.36 (KHTML, like Gecko; compatible; ClaudeBot/1.0; +claudebot@anthropic.com)"
216.73.216.229 - - [12/Jul/2026:14:35:08 +0200] "GET /=3D%22https:/blogerfrechloginfr.blogspot.com/3D%22http:/tracking.kzexport.cloud/tracking/'%20.%20esc_url('https://%22edit-comments.php?file=%2Fhome%2Fcosta4%2Freggio-emilia.elettroservicegroup.it%2Fwp-admin%2Fjs%2Fwidgets.min.js HTTP/2.0" 200 240 "-" "Mozilla/5.0 AppleWebKit/537.36 (KHTML, like Gecko; compatible; ClaudeBot/1.0; +claudebot@anthropic.com)"
216.73.216.229 - - [12/Jul/2026:14:35:09 +0200] "GET /=3D%22https:/blogerfrechloginfr.blogspot.com/3D%22http:/tracking.kzexport.cloud/tracking/'%20.%20esc_url('https://%22upload.php/%22?file=%2Fhome%2Fcosta4%2Fmantova.elettroservicegroup.it%2Fwp-includes%2Fjs%2Fjquery%2Fjquery.min.js HTTP/2.0" 200 232 "-" "Mozilla/5.0 AppleWebKit/537.36 (KHTML, like Gecko; compatible; ClaudeBot/1.0; +claudebot@anthropic.com)"
74.7.227.144 - - [12/Jul/2026:14:35:09 +0200] "GET /?rename=/lib/tuned/accelerator-performance/tuned.conf HTTP/2.0" 200 911 "https://www.cremona.elettroservicegroup.it/?file=/lib/tuned/accelerator-performance" "Mozilla/5.0 AppleWebKit/537.36 (KHTML, like Gecko; compatible; GPTBot/1.4; +https://openai.com/gptbot)"
216.73.216.229 - - [12/Jul/2026:14:35:09 +0200] "GET /=3D%22https:/blogerfrechloginfr.blogspot.com/3D%22http:/tracking.kzexport.cloud/tracking/'%20.%20esc_url('https://%22edit-comments.php?view=%2Fhome%2Fcosta4%2Fpiacenza.elettroservicegroup.it%2Fwp-includes%2Fpomo%2Ftranslations.php HTTP/2.0" 200 2694 "-" "Mozilla/5.0 AppleWebKit/537.36 (KHTML, like Gecko; compatible; ClaudeBot/1.0; +claudebot@anthropic.com)"
216.73.216.229 - - [12/Jul/2026:14:35:09 +0200] "GET /=3D%22https:/blogerfrechloginfr.blogspot.com/3D%22http:/tracking.kzexport.cloud/tracking/'%20.%20esc_url('https://%22edit-comments.php?edit=%2Fhome%2Fcosta4%2Freggio-emilia.elettroservicegroup.it%2Fwp-admin%2Fjs%2Fpostbox.min.js HTTP/2.0" 200 3175 "-" "Mozilla/5.0 AppleWebKit/537.36 (KHTML, like Gecko; compatible; ClaudeBot/1.0; +claudebot@anthropic.com)"
216.73.216.229 - - [12/Jul/2026:14:35:08 +0200] "GET /=3D%22https:/blogerfrechloginfr.blogspot.com/3D%22https:/novabase.us20.list-manage.com/wp-admin/install.php?file=%2Fhome%2Fcosta4%2Ftmp%2Fwebalizer HTTP/2.0" 200 18281 "-" "Mozilla/5.0 AppleWebKit/537.36 (KHTML, like Gecko; compatible; ClaudeBot/1.0; +claudebot@anthropic.com)"
216.73.216.229 - - [12/Jul/2026:14:35:08 +0200] "GET /=3D%22https:/blogerfrechloginfr.blogspot.com/3D%22https:/novabase.us20.list-manage.com/wp-admin/install.php?edit=%2Fhome%2Fcosta4%2Fcremona.elettroservicegroup.it%2Fwp-includes%2Fclass.wp-scripts.php HTTP/2.0" 200 18777 "-" "Mozilla/5.0 AppleWebKit/537.36 (KHTML, like Gecko; compatible; ClaudeBot/1.0; +claudebot@anthropic.com)"
216.73.216.229 - - [12/Jul/2026:14:35:09 +0200] "GET /=3D%22https:/blogerfrechloginfr.blogspot.com/3D%22http:/tracking.kzexport.cloud/tracking/'%20.%20esc_url('https://%22edit-comments.php?edit=%2Fhome%2Fcosta4%2Freggio-emilia.elettroservicegroup.it%2Fwp-admin%2Fjs%2Fdashboard.min.js HTTP/2.0" 200 4020 "-" "Mozilla/5.0 AppleWebKit/537.36 (KHTML, like Gecko; compatible; ClaudeBot/1.0; +claudebot@anthropic.com)"
216.73.216.229 - - [12/Jul/2026:14:35:09 +0200] "GET /=3D%22https:/blogerfrechloginfr.blogspot.com/3D%22http:/tracking.kzexport.cloud/tracking/'%20.%20esc_url('https://%22edit-comments.php?file=%2Fhome%2Fcosta4%2Freggio-emilia.elettroservicegroup.it%2Fwp-admin%2Fjs%2Fcommon.min.js HTTP/2.0" 200 240 "-" "Mozilla/5.0 AppleWebKit/537.36 (KHTML, like Gecko; compatible; ClaudeBot/1.0; +claudebot@anthropic.com)"
74.7.227.144 - - [12/Jul/2026:14:35:10 +0200] "GET /?view=/lib/tuned/accelerator-performance/tuned.conf HTTP/2.0" 200 1029 "https://www.cremona.elettroservicegroup.it/?file=/lib/tuned/accelerator-performance" "Mozilla/5.0 AppleWebKit/537.36 (KHTML, like Gecko; compatible; GPTBot/1.4; +https://openai.com/gptbot)"
216.73.216.229 - - [12/Jul/2026:14:35:10 +0200] "GET /=3D%22https:/blogerfrechloginfr.blogspot.com/3D%22http:/tracking.kzexport.cloud/tracking/'%20.%20esc_url('https://%22edit-comments.php?view=%2Fhome%2Fcosta4%2Freggio-emilia.elettroservicegroup.it%2Fwp-admin%2Fmaint%2Frepair.php HTTP/2.0" 200 2410 "-" "Mozilla/5.0 AppleWebKit/537.36 (KHTML, like Gecko; compatible; ClaudeBot/1.0; +claudebot@anthropic.com)"
216.73.216.229 - - [12/Jul/2026:14:35:10 +0200] "GET /=3D%22https:/blogerfrechloginfr.blogspot.com/3D%22http:/tracking.kzexport.cloud/tracking/'%20.%20esc_url('https://%22edit-comments.php?rename=%2Fhome%2Fcosta4%2Freggio-emilia.elettroservicegroup.it%2Fwp-admin%2Fjs%2Fpost.js HTTP/2.0" 200 908 "-" "Mozilla/5.0 AppleWebKit/537.36 (KHTML, like Gecko; compatible; ClaudeBot/1.0; +claudebot@anthropic.com)"
216.73.216.229 - - [12/Jul/2026:14:35:10 +0200] "GET /=3D%22https:/blogerfrechloginfr.blogspot.com/3D%22http:/tracking.kzexport.cloud/tracking/'%20.%20esc_url('https://%22edit-comments.php?rename=%2Fhome%2Fcosta4%2Freggio-emilia.elettroservicegroup.it%2Fwp-admin%2Fjs%2Fupdates.js HTTP/2.0" 200 908 "-" "Mozilla/5.0 AppleWebKit/537.36 (KHTML, like Gecko; compatible; ClaudeBot/1.0; +claudebot@anthropic.com)"
216.73.216.229 - - [12/Jul/2026:14:35:09 +0200] "GET /=3D%22https:/blogerfrechloginfr.blogspot.com/%22https:/go.elementor.com/renew-license-cloud-templates-cloud-tab/edit-comments.php?edit=%2Fhome%2Fcosta4%2Fpublic_html%2Fwp-includes%2Fcss%2Fcustomize-preview.min.css HTTP/2.0" 200 19310 "-" "Mozilla/5.0 AppleWebKit/537.36 (KHTML, like Gecko; compatible; ClaudeBot/1.0; +claudebot@anthropic.com)"
216.73.216.229 - - [12/Jul/2026:14:35:10 +0200] "GET /=3D%22https:/blogerfrechloginfr.blogspot.com/3D%22http:/tracking.kzexport.cloud/tracking/'%20.%20esc_url('https://%22upload.php/%22?edit=%2Fhome%2Fcosta4%2Fmantova.elettroservicegroup.it%2Fwp-includes%2Fjs%2Fplupload%2Fplupload.js HTTP/2.0" 200 17330 "-" "Mozilla/5.0 AppleWebKit/537.36 (KHTML, like Gecko; compatible; ClaudeBot/1.0; +claudebot@anthropic.com)"
216.73.216.229 - - [12/Jul/2026:14:35:10 +0200] "GET /=3D%22https:/blogerfrechloginfr.blogspot.com/3D%22http:/tracking.kzexport.cloud/tracking/'%20.%20esc_url('https://%22edit-comments.php?file=%2Fhome%2Fcosta4%2Freggio-emilia.elettroservicegroup.it%2Fwp-includes%2Fblocks%2Fvideo HTTP/2.0" 200 545 "-" "Mozilla/5.0 AppleWebKit/537.36 (KHTML, like Gecko; compatible; ClaudeBot/1.0; +claudebot@anthropic.com)"
216.73.216.229 - - [12/Jul/2026:14:35:11 +0200] "GET /=3D%22https:/blogerfrechloginfr.blogspot.com/3D%22http:/tracking.kzexport.cloud/tracking/'%20.%20esc_url('https://%22upload.php/%22?view=%2Fhome%2Fcosta4%2Fmantova.elettroservicegroup.it%2Fwp-includes%2Fjs%2Fjquery%2Fjquery.form.min.js HTTP/2.0" 200 5691 "-" "Mozilla/5.0 AppleWebKit/537.36 (KHTML, like Gecko; compatible; ClaudeBot/1.0; +claudebot@anthropic.com)"
216.73.216.229 - - [12/Jul/2026:14:35:11 +0200] "GET /=3D%22https:/blogerfrechloginfr.blogspot.com/3D%22https:/novabase.us20.list-manage.com//%22mailto:mail@fruitfulcode.com?edit=%2Fhome%2Fcosta4%2Fpiacenza.elettroservicegroup.it%2Fwp-includes%2FRequests%2Fsrc%2FIdnaEncoder.php HTTP/2.0" 200 4756 "-" "Mozilla/5.0 AppleWebKit/537.36 (KHTML, like Gecko; compatible; ClaudeBot/1.0; +claudebot@anthropic.com)"
216.73.216.229 - - [12/Jul/2026:14:35:10 +0200] "GET /=3D%22https:/blogerfrechloginfr.blogspot.com/3D%22https:/novabase.us20.list-manage.com/link-add.php?file=%2Fhome%2Fcosta4%2Fcremona.elettroservicegroup.it%2Fwp-includes%2Fhtml-api%2Fclass-wp-html-processor.php HTTP/2.0" 200 17847 "-" "Mozilla/5.0 AppleWebKit/537.36 (KHTML, like Gecko; compatible; ClaudeBot/1.0; +claudebot@anthropic.com)"
74.7.227.144 - - [12/Jul/2026:14:35:11 +0200] "GET /?file=/opt/alt/php81/etc/mysql8.0 HTTP/2.0" 200 356 "https://www.cremona.elettroservicegroup.it/?file=/opt/alt/php81/etc" "Mozilla/5.0 AppleWebKit/537.36 (KHTML, like Gecko; compatible; GPTBot/1.4; +https://openai.com/gptbot)"
216.73.216.229 - - [12/Jul/2026:14:35:11 +0200] "GET /=3D%22https:/blogerfrechloginfr.blogspot.com/3D%22http:/tracking.kzexport.cloud/tracking/'%20.%20esc_url('https://%22upload.php/%22?view=%2Fhome%2Fcosta4%2Fmantova.elettroservicegroup.it%2Fwp-includes%2Fjs%2Fmediaelement%2Fmediaelementplayer.min.css HTTP/2.0" 200 2409 "-" "Mozilla/5.0 AppleWebKit/537.36 (KHTML, like Gecko; compatible; ClaudeBot/1.0; +claudebot@anthropic.com)"
216.73.216.229 - - [12/Jul/2026:14:35:10 +0200] "GET /=3D%22https:/blogerfrechloginfr.blogspot.com/%22https:/go.elementor.com/renew-license-cloud-templates-cloud-tab/edit-comments.php?file=%2Fhome%2Fcosta4%2Fpublic_html%2Fwp-includes%2Fcss%2Fbuttons.css HTTP/2.0" 200 17846 "-" "Mozilla/5.0 AppleWebKit/537.36 (KHTML, like Gecko; compatible; ClaudeBot/1.0; +claudebot@anthropic.com)"
216.73.216.229 - - [12/Jul/2026:14:35:11 +0200] "GET /=3D%22https:/blogerfrechloginfr.blogspot.com/3D%22http:/tracking.kzexport.cloud/tracking/'%20.%20esc_url('https://%22edit-comments.php?edit=%2Fhome%2Fcosta4%2Freggio-emilia.elettroservicegroup.it%2Fwp-admin%2Fjs%2Fmedia.js HTTP/2.0" 200 3184 "-" "Mozilla/5.0 AppleWebKit/537.36 (KHTML, like Gecko; compatible; ClaudeBot/1.0; +claudebot@anthropic.com)"
216.73.216.229 - - [12/Jul/2026:14:35:11 +0200] "GET /=3D%22https:/blogerfrechloginfr.blogspot.com/3D%22http:/tracking.kzexport.cloud/tracking/'%20.%20esc_url('https://%22upload.php/%22?edit=%2Fhome%2Fcosta4%2Fmantova.elettroservicegroup.it%2Fwp-includes%2Fjs%2Fjquery%2Fsuggest.min.js HTTP/2.0" 200 2232 "-" "Mozilla/5.0 AppleWebKit/537.36 (KHTML, like Gecko; compatible; ClaudeBot/1.0; +claudebot@anthropic.com)"
216.73.216.229 - - [12/Jul/2026:14:35:12 +0200] "GET /=3D%22https:/blogerfrechloginfr.blogspot.com/3D%22https:/novabase.us20.list-manage.com/wp-admin/install.php?view=%2Fhome%2Fcosta4%2Fcremona.elettroservicegroup.it%2Fwp-includes%2Fscript-loader.php HTTP/2.0" 200 36895 "-" "Mozilla/5.0 AppleWebKit/537.36 (KHTML, like Gecko; compatible; ClaudeBot/1.0; +claudebot@anthropic.com)"
216.73.216.229 - - [12/Jul/2026:14:35:10 +0200] "GET /=3D%22https:/blogerfrechloginfr.blogspot.com/%22https:/go.elementor.com/renew-license-cloud-templates-cloud-tab/edit-comments.php?rename=%2Fhome%2Fcosta4%2Fpublic_html%2Fwp-includes%2Fcss%2Fwp-embed-template.css HTTP/2.0" 200 18628 "-" "Mozilla/5.0 AppleWebKit/537.36 (KHTML, like Gecko; compatible; ClaudeBot/1.0; +claudebot@anthropic.com)"
216.73.216.229 - - [12/Jul/2026:14:35:12 +0200] "GET /=3D%22https:/blogerfrechloginfr.blogspot.com/3D%22http:/tracking.kzexport.cloud/tracking/'%20.%20esc_url('https://%22edit-comments.php?view=%2Fhome%2Fcosta4%2Freggio-emilia.elettroservicegroup.it%2Fwp-admin%2Fjs%2Frevisions.js HTTP/2.0" 200 8455 "-" "Mozilla/5.0 AppleWebKit/537.36 (KHTML, like Gecko; compatible; ClaudeBot/1.0; +claudebot@anthropic.com)"
216.73.216.229 - - [12/Jul/2026:14:35:12 +0200] "GET /=3D%22https:/blogerfrechloginfr.blogspot.com/3D%22http:/tracking.kzexport.cloud/tracking/'%20.%20esc_url('https://%22edit-comments.php?file=%2Fhome%2Fcosta4%2Freggio-emilia.elettroservicegroup.it%2Fwp-admin%2Fjs%2Ftheme.min.js HTTP/2.0" 200 235 "-" "Mozilla/5.0 AppleWebKit/537.36 (KHTML, like Gecko; compatible; ClaudeBot/1.0; +claudebot@anthropic.com)"
216.73.216.229 - - [12/Jul/2026:14:35:12 +0200] "GET /=3D%22https:/blogerfrechloginfr.blogspot.com/3D%22https:/novabase.us20.list-manage.com/wp-admin/install.php?view=%2Fhome%2Fcosta4%2Fwww%2Findex.php HTTP/2.0" 200 215 "-" "Mozilla/5.0 AppleWebKit/537.36 (KHTML, like Gecko; compatible; ClaudeBot/1.0; +claudebot@anthropic.com)"
74.7.227.144 - - [12/Jul/2026:14:35:12 +0200] "GET /?file=/opt/alt/php80/etc/mysql8.4 HTTP/2.0" 200 356 "https://www.cremona.elettroservicegroup.it/?file=/opt/alt/php80/etc" "Mozilla/5.0 AppleWebKit/537.36 (KHTML, like Gecko; compatible; GPTBot/1.4; +https://openai.com/gptbot)"
216.73.216.229 - - [12/Jul/2026:14:35:12 +0200] "GET /=3D%22https:/blogerfrechloginfr.blogspot.com/3D%22http:/tracking.kzexport.cloud/tracking/'%20.%20esc_url('https://%22edit-comments.php?file=%2Fhome%2Fcosta4%2Freggio-emilia.elettroservicegroup.it%2Fwp-includes%2Fblocks%2Fnextpage HTTP/2.0" 200 424 "-" "Mozilla/5.0 AppleWebKit/537.36 (KHTML, like Gecko; compatible; ClaudeBot/1.0; +claudebot@anthropic.com)"
216.73.216.229 - - [12/Jul/2026:14:35:12 +0200] "GET /=3D%22https:/blogerfrechloginfr.blogspot.com/3D%22http:/tracking.kzexport.cloud/tracking/'%20.%20esc_url('https://%22upload.php/%22?edit=%2Fhome%2Fcosta4%2Fmantova.elettroservicegroup.it%2Fwp-includes%2Fjs%2Fjquery%2Fjquery.hotkeys.js HTTP/2.0" 200 2945 "-" "Mozilla/5.0 AppleWebKit/537.36 (KHTML, like Gecko; compatible; ClaudeBot/1.0; +claudebot@anthropic.com)"
216.73.216.229 - - [12/Jul/2026:14:35:12 +0200] "GET /=3D%22https:/blogerfrechloginfr.blogspot.com/%22https:/go.elementor.com/renew-license-cloud-templates-cloud-tab/edit-comments.php?view=%2Fhome%2Fcosta4%2Fpublic_html%2Fwp-includes%2Fcss%2Fwp-empty-template-alert.css HTTP/2.0" 200 193 "-" "Mozilla/5.0 AppleWebKit/537.36 (KHTML, like Gecko; compatible; ClaudeBot/1.0; +claudebot@anthropic.com)"
216.73.216.229 - - [12/Jul/2026:14:35:12 +0200] "GET /=3D%22https:/blogerfrechloginfr.blogspot.com/3D%22http:/tracking.kzexport.cloud/tracking/'%20.%20esc_url('https://%22edit-comments.php?file=%2Fhome%2Fcosta4%2Freggio-emilia.elettroservicegroup.it%2Fwp-includes%2Fblocks%2Farchives HTTP/2.0" 200 422 "-" "Mozilla/5.0 AppleWebKit/537.36 (KHTML, like Gecko; compatible; ClaudeBot/1.0; +claudebot@anthropic.com)"
216.73.216.229 - - [12/Jul/2026:14:35:11 +0200] "GET /=3D%22https:/blogerfrechloginfr.blogspot.com/%22https:/go.elementor.com/renew-license-cloud-templates-cloud-tab/edit-comments.php?edit=%2Fhome%2Fcosta4%2Fpublic_html%2Fwp-includes%2Fcss%2Fadmin-bar.min.css HTTP/2.0" 200 22236 "-" "Mozilla/5.0 AppleWebKit/537.36 (KHTML, like Gecko; compatible; ClaudeBot/1.0; +claudebot@anthropic.com)"
216.73.216.229 - - [12/Jul/2026:14:35:11 +0200] "GET /=3D%22https:/blogerfrechloginfr.blogspot.com/%22https:/go.elementor.com/renew-license-cloud-templates-cloud-tab/edit-comments.php?edit=%2Fhome%2Fcosta4%2Fpublic_html%2Fwp-includes%2Fcss%2Fadmin-bar-rtl.css HTTP/2.0" 200 23322 "-" "Mozilla/5.0 AppleWebKit/537.36 (KHTML, like Gecko; compatible; ClaudeBot/1.0; +claudebot@anthropic.com)"
216.73.216.229 - - [12/Jul/2026:14:35:12 +0200] "GET /=3D%22https:/blogerfrechloginfr.blogspot.com/3D%22http:/tracking.kzexport.cloud/tracking/'%20.%20esc_url('https://%22edit-comments.php?rename=%2Fhome%2Fcosta4%2Fpiacenza.elettroservicegroup.it%2Fwp-includes%2FID3%2Fmodule.audio-video.matroska.php HTTP/2.0" 200 919 "-" "Mozilla/5.0 AppleWebKit/537.36 (KHTML, like Gecko; compatible; ClaudeBot/1.0; +claudebot@anthropic.com)"
216.73.216.229 - - [12/Jul/2026:14:35:13 +0200] "GET /=3D%22https:/blogerfrechloginfr.blogspot.com/3D%22http:/tracking.kzexport.cloud/tracking/'%20.%20esc_url('https://%22upload.php/%22?edit=%2Fhome%2Fcosta4%2Fmantova.elettroservicegroup.it%2Fwp-includes%2Fjs%2Fthickbox%2Fthickbox.js HTTP/2.0" 200 5144 "-" "Mozilla/5.0 AppleWebKit/537.36 (KHTML, like Gecko; compatible; ClaudeBot/1.0; +claudebot@anthropic.com)"
216.73.216.229 - - [12/Jul/2026:14:35:13 +0200] "GET /=3D%22https:/blogerfrechloginfr.blogspot.com/%22https:/go.elementor.com/renew-license-cloud-templates-cloud-tab/edit-comments.php?view=%2Fhome%2Fcosta4%2Fpublic_html%2Fwp-includes%2Fcss%2Fwp-auth-check.css HTTP/2.0" 200 740 "-" "Mozilla/5.0 AppleWebKit/537.36 (KHTML, like Gecko; compatible; ClaudeBot/1.0; +claudebot@anthropic.com)"
216.73.216.229 - - [12/Jul/2026:14:35:13 +0200] "GET /=3D%22https:/blogerfrechloginfr.blogspot.com/3D%22http:/tracking.kzexport.cloud/tracking/'%20.%20esc_url('https://%22upload.php/%22?rename=%2Fhome%2Fcosta4%2Fmantova.elettroservicegroup.it%2Fwp-includes%2Fjs%2Fjquery%2Fjquery.form.js HTTP/2.0" 200 908 "-" "Mozilla/5.0 AppleWebKit/537.36 (KHTML, like Gecko; compatible; ClaudeBot/1.0; +claudebot@anthropic.com)"
216.73.216.229 - - [12/Jul/2026:14:35:13 +0200] "GET /=3D%22https:/blogerfrechloginfr.blogspot.com/3D%22https:/novabase.us20.list-manage.com//%22mailto:mail@fruitfulcode.com?edit=%2Fhome%2Fcosta4%2Fcremona.elettroservicegroup.it%2Fwp-content%2Fplugins%2Felementor%2Fmodules%2Fwp-cli%2Fmodule.php HTTP/2.0" 200 1401 "-" "Mozilla/5.0 AppleWebKit/537.36 (KHTML, like Gecko; compatible; ClaudeBot/1.0; +claudebot@anthropic.com)"
74.7.227.144 - - [12/Jul/2026:14:35:13 +0200] "GET /?file=/opt/alt/php84/etc/mysql8.0 HTTP/2.0" 200 356 "https://www.cremona.elettroservicegroup.it/?file=/opt/alt/php84/etc" "Mozilla/5.0 AppleWebKit/537.36 (KHTML, like Gecko; compatible; GPTBot/1.4; +https://openai.com/gptbot)"
216.73.216.229 - - [12/Jul/2026:14:35:13 +0200] "GET /=3D%22https:/blogerfrechloginfr.blogspot.com/3D%22http:/tracking.kzexport.cloud/tracking/'%20.%20esc_url('https://%22upload.php/%22?file=%2Fhome%2Fcosta4%2Fmantova.elettroservicegroup.it%2Fwp-content%2Fplugins%2Fwordfence%2Fviews%2Fwaf%2Fdebug.php HTTP/2.0" 200 246 "-" "Mozilla/5.0 AppleWebKit/537.36 (KHTML, like Gecko; compatible; ClaudeBot/1.0; +claudebot@anthropic.com)"
216.73.216.229 - - [12/Jul/2026:14:35:13 +0200] "GET /=3D%22https:/blogerfrechloginfr.blogspot.com/3D%22http:/tracking.kzexport.cloud/tracking/'%20.%20esc_url('https://%22edit-comments.php?edit=%2Fhome%2Fcosta4%2Freggio-emilia.elettroservicegroup.it%2Fwp-admin%2Fjs%2Fupdates.min.js HTTP/2.0" 200 11623 "-" "Mozilla/5.0 AppleWebKit/537.36 (KHTML, like Gecko; compatible; ClaudeBot/1.0; +claudebot@anthropic.com)"
216.73.216.229 - - [12/Jul/2026:14:35:13 +0200] "GET /=3D%22https:/blogerfrechloginfr.blogspot.com/3D%22http:/tracking.kzexport.cloud/tracking/'%20.%20esc_url('https://%22edit-comments.php?edit=%2Fhome%2Fcosta4%2Freggio-emilia.elettroservicegroup.it%2Fwp-admin%2Fjs%2Fpost.min.js HTTP/2.0" 200 7528 "-" "Mozilla/5.0 AppleWebKit/537.36 (KHTML, like Gecko; compatible; ClaudeBot/1.0; +claudebot@anthropic.com)"
216.73.216.229 - - [12/Jul/2026:14:35:13 +0200] "GET /=3D%22https:/blogerfrechloginfr.blogspot.com/3D%22http:/tracking.kzexport.cloud/tracking/'%20.%20esc_url('https://%22edit-comments.php?file=%2Fhome%2Fcosta4%2Freggio-emilia.elettroservicegroup.it%2Fwp-includes%2Fblocks%2Fquote HTTP/2.0" 200 481 "-" "Mozilla/5.0 AppleWebKit/537.36 (KHTML, like Gecko; compatible; ClaudeBot/1.0; +claudebot@anthropic.com)"
216.73.216.229 - - [12/Jul/2026:14:35:14 +0200] "GET /=3D%22https:/blogerfrechloginfr.blogspot.com/3D%22http:/tracking.kzexport.cloud/tracking/'%20.%20esc_url('https://%22upload.php/%22?rename=%2Fhome%2Fcosta4%2Fmantova.elettroservicegroup.it%2Fwp-includes%2Fjs%2Fthickbox%2FloadingAnimation.gif HTTP/2.0" 200 918 "-" "Mozilla/5.0 AppleWebKit/537.36 (KHTML, like Gecko; compatible; ClaudeBot/1.0; +claudebot@anthropic.com)"
216.73.216.229 - - [12/Jul/2026:14:35:14 +0200] "GET /=3D%22https:/blogerfrechloginfr.blogspot.com/3D%22http:/tracking.kzexport.cloud/tracking/'%20.%20esc_url('https://%22edit-comments.php?file=%2Fhome%2Fcosta4%2Fpiacenza.elettroservicegroup.it%2Fwp-includes%2Fbuild%2Froutes%2Fregistry.php HTTP/2.0" 200 237 "-" "Mozilla/5.0 AppleWebKit/537.36 (KHTML, like Gecko; compatible; ClaudeBot/1.0; +claudebot@anthropic.com)"
74.7.227.144 - - [12/Jul/2026:14:35:14 +0200] "GET /?file=/opt/alt/php74/etc/mysql5.7 HTTP/2.0" 200 356 "https://www.cremona.elettroservicegroup.it/?file=/opt/alt/php74/etc" "Mozilla/5.0 AppleWebKit/537.36 (KHTML, like Gecko; compatible; GPTBot/1.4; +https://openai.com/gptbot)"
216.73.216.229 - - [12/Jul/2026:14:35:14 +0200] "GET /=3D%22https:/blogerfrechloginfr.blogspot.com/3D%22https:/novabase.us20.list-manage.com/wp-admin/install.php?edit=%2Fhome%2Fcosta4%2Fpublic_html%2Fwp-blog-header.php HTTP/2.0" 200 18785 "-" "Mozilla/5.0 AppleWebKit/537.36 (KHTML, like Gecko; compatible; ClaudeBot/1.0; +claudebot@anthropic.com)"
216.73.216.229 - - [12/Jul/2026:14:35:14 +0200] "GET /=3D%22https:/blogerfrechloginfr.blogspot.com/3D%22http:/tracking.kzexport.cloud/tracking/'%20.%20esc_url('https://%22upload.php/%22?rename=%2Fhome%2Fcosta4%2Fmantova.elettroservicegroup.it%2Fwp-includes%2Fjs%2Fmediaelement%2Fmediaelementplayer.css HTTP/2.0" 200 912 "-" "Mozilla/5.0 AppleWebKit/537.36 (KHTML, like Gecko; compatible; ClaudeBot/1.0; +claudebot@anthropic.com)"
216.73.216.229 - - [12/Jul/2026:14:35:14 +0200] "GET /=3D%22https:/blogerfrechloginfr.blogspot.com/3D%22https:/novabase.us20.list-manage.com/wp-admin/install.php?view=%2Fhome%2Fcosta4%2Fwww%2Fwp-trackback.php HTTP/2.0" 200 1752 "-" "Mozilla/5.0 AppleWebKit/537.36 (KHTML, like Gecko; compatible; ClaudeBot/1.0; +claudebot@anthropic.com)"
216.73.216.229 - - [12/Jul/2026:14:35:14 +0200] "GET /=3D%22https:/blogerfrechloginfr.blogspot.com/3D%22http:/tracking.kzexport.cloud/tracking/'%20.%20esc_url('https://%22edit-comments.php?rename=%2Fhome%2Fcosta4%2Freggio-emilia.elettroservicegroup.it%2Fwp-includes%2Fblocks%2Fcover.php HTTP/2.0" 200 910 "-" "Mozilla/5.0 AppleWebKit/537.36 (KHTML, like Gecko; compatible; ClaudeBot/1.0; +claudebot@anthropic.com)"
216.73.216.229 - - [12/Jul/2026:14:35:14 +0200] "GET /=3D%22https:/blogerfrechloginfr.blogspot.com/3D%22http:/tracking.kzexport.cloud/tracking/'%20.%20esc_url('https://%22edit-comments.php?file=%2Fhome%2Fcosta4%2Freggio-emilia.elettroservicegroup.it%2Fwp-admin%2Fjs%2Fcomment.min.js HTTP/2.0" 200 242 "-" "Mozilla/5.0 AppleWebKit/537.36 (KHTML, like Gecko; compatible; ClaudeBot/1.0; +claudebot@anthropic.com)"
