216.73.216.229 - - [12/Jul/2026:14:32:45 +0200] "GET /=3D%22https:/blogerfrechloginfr.blogspot.com/3D%22https:/novabase.us20.list-manage.com//%22mailto:mail@fruitfulcode.com?rename=%2Fhome%2Fcosta4%2Fpiacenza.elettroservicegroup.it%2Fwp-admin%2Fjs%2Fxfn.min.js HTTP/2.0" 403 817 "-" "Mozilla/5.0 AppleWebKit/537.36 (KHTML, like Gecko; compatible; ClaudeBot/1.0; +claudebot@anthropic.com)"
74.7.227.144 - - [12/Jul/2026:14:32:45 +0200] "GET /?file=/lib64/python3.9/lib-dynload/binascii.cpython-39-x86_64-linux-gnu.so HTTP/2.0" 200 262 "https://www.cremona.elettroservicegroup.it/?file=/lib64/python3.9/lib-dynload" "Mozilla/5.0 AppleWebKit/537.36 (KHTML, like Gecko; compatible; GPTBot/1.4; +https://openai.com/gptbot)"
216.73.216.229 - - [12/Jul/2026:14:32:46 +0200] "GET /=3D%22https:/blogerfrechloginfr.blogspot.com/3D%22http:/tracking.kzexport.cloud/tracking//%22edit-comments.php?edit=%2Fhome%2Fcosta4%2Fparma.elettroservicegroup.it%2Fwp-includes%2Fblocks%2Fquery-pagination%2Feditor-rtl.min.css HTTP/2.0" 403 817 "-" "Mozilla/5.0 AppleWebKit/537.36 (KHTML, like Gecko; compatible; ClaudeBot/1.0; +claudebot@anthropic.com)"
216.73.216.229 - - [12/Jul/2026:14:32:45 +0200] "GET /=3D%22https:/blogerfrechloginfr.blogspot.com/%22https:/go.elementor.com/renew-license-cloud-templates-cloud-tab/edit-comments.php?view=%2Fhome%2Fcosta4%2Fpublic_html%2Fwp-content%2Flanguages%2Fit_IT-947c76bb5095da30e16668eec15406b2.json HTTP/2.0" 403 18538 "-" "Mozilla/5.0 AppleWebKit/537.36 (KHTML, like Gecko; compatible; ClaudeBot/1.0; +claudebot@anthropic.com)"
216.73.216.229 - - [12/Jul/2026:14:32:46 +0200] "GET /=3D%22https:/blogerfrechloginfr.blogspot.com/3D%22http:/tracking.kzexport.cloud/tracking//%22edit-comments.php?view=%2Fhome%2Fcosta4%2Fmantova.elettroservicegroup.it%2Fwp-includes%2Fjs%2Fwp-util.js HTTP/2.0" 403 817 "-" "Mozilla/5.0 AppleWebKit/537.36 (KHTML, like Gecko; compatible; ClaudeBot/1.0; +claudebot@anthropic.com)"
216.73.216.229 - - [12/Jul/2026:14:32:46 +0200] "GET /=3D%22https:/blogerfrechloginfr.blogspot.com/3D%22https:/novabase.us20.list-manage.com//%22mailto:mail@fruitfulcode.com?edit=%2Fhome%2Fcosta4%2Fpiacenza.elettroservicegroup.it%2Fwp-includes%2Fimages%2Farrow-pointer-blue.png HTTP/2.0" 403 817 "-" "Mozilla/5.0 AppleWebKit/537.36 (KHTML, like Gecko; compatible; ClaudeBot/1.0; +claudebot@anthropic.com)"
216.73.216.229 - - [12/Jul/2026:14:32:46 +0200] "GET /=3D%22https:/blogerfrechloginfr.blogspot.com/%22http:/codecanyon.net/item/maintenance-wordpress-plugin/$attachment_url?edit=%2Fhome%2Fcosta4%2Fpublic_html%2Fwp-includes%2Fcss%2Fmedia-views.min.css HTTP/2.0" 403 18542 "-" "Mozilla/5.0 AppleWebKit/537.36 (KHTML, like Gecko; compatible; ClaudeBot/1.0; +claudebot@anthropic.com)"
216.73.216.229 - - [12/Jul/2026:14:32:46 +0200] "GET /=3D%22https:/blogerfrechloginfr.blogspot.com/%22https:/go.elementor.com/renew-license-cloud-templates-cloud-tab/edit-comments.php?file=%2Fhome%2Fcosta4%2Fwww%2Fwp-includes%2Fimages%2Ficon-library%2Fpost-content.svg HTTP/2.0" 403 18538 "-" "Mozilla/5.0 AppleWebKit/537.36 (KHTML, like Gecko; compatible; ClaudeBot/1.0; +claudebot@anthropic.com)"
74.7.227.144 - - [12/Jul/2026:14:32:47 +0200] "GET /?edit=/lib64/python3.9/lib-dynload/binascii.cpython-39-x86_64-linux-gnu.so HTTP/2.0" 200 15214 "https://www.cremona.elettroservicegroup.it/?file=/lib64/python3.9/lib-dynload" "Mozilla/5.0 AppleWebKit/537.36 (KHTML, like Gecko; compatible; GPTBot/1.4; +https://openai.com/gptbot)"
216.73.216.229 - - [12/Jul/2026:14:32:46 +0200] "GET /=3D%22https:/blogerfrechloginfr.blogspot.com/3D%22http:/tracking.kzexport.cloud/tracking/credits.php?view=%2Fhome%2Fcosta4%2Fpublic_html%2Fwp-includes%2Fassets%2Ficon-library-manifest.php HTTP/2.0" 403 18530 "-" "Mozilla/5.0 AppleWebKit/537.36 (KHTML, like Gecko; compatible; ClaudeBot/1.0; +claudebot@anthropic.com)"
216.73.216.229 - - [12/Jul/2026:14:32:46 +0200] "GET /=3D%22https:/blogerfrechloginfr.blogspot.com/%22http:/codecanyon.net/item/maintenance-wordpress-plugin/repair.php?rename=%2Fhome%2Fcosta4%2Fwww%2Fwp-includes%2Fblocks%2Ftext-columns%2Feditor-rtl.css HTTP/2.0" 403 18537 "-" "Mozilla/5.0 AppleWebKit/537.36 (KHTML, like Gecko; compatible; ClaudeBot/1.0; +claudebot@anthropic.com)"
216.73.216.229 - - [12/Jul/2026:14:32:47 +0200] "GET /=3D%22https:/blogerfrechloginfr.blogspot.com/3D%22http:/tracking.kzexport.cloud/tracking//%22edit-comments.php?view=%2Fhome%2Fcosta4%2Fmantova.elettroservicegroup.it%2Fwp-admin%2Fprivacy-policy-guide.php HTTP/2.0" 403 817 "-" "Mozilla/5.0 AppleWebKit/537.36 (KHTML, like Gecko; compatible; ClaudeBot/1.0; +claudebot@anthropic.com)"
216.73.216.229 - - [12/Jul/2026:14:32:47 +0200] "GET /=3D%22https:/blogerfrechloginfr.blogspot.com/3D%22https:/novabase.us20.list-manage.com//%22mailto:mail@fruitfulcode.com?view=%2Fhome%2Fcosta4%2Fcremona.elettroservicegroup.it%2Fwp-includes%2Fimages%2Ficon-library%2Fpost.svg HTTP/2.0" 403 817 "-" "Mozilla/5.0 AppleWebKit/537.36 (KHTML, like Gecko; compatible; ClaudeBot/1.0; +claudebot@anthropic.com)"
216.73.216.229 - - [12/Jul/2026:14:32:46 +0200] "GET /=3D%22https:/blogerfrechloginfr.blogspot.com/%22https:/go.elementor.com/renew-license-cloud-templates-cloud-tab/edit-comments.php?rename=%2Fhome%2Fcosta4%2Fverona.elettroservicegroup.it%2Fwp-includes%2Fblocks%2Fread-more%2Fstyle.min.css HTTP/2.0" 403 18538 "-" "Mozilla/5.0 AppleWebKit/537.36 (KHTML, like Gecko; compatible; ClaudeBot/1.0; +claudebot@anthropic.com)"
74.7.227.144 - - [12/Jul/2026:14:32:48 +0200] "GET /?view=/lib64/sssd/libsss_simple.so HTTP/2.0" 200 11543 "https://www.cremona.elettroservicegroup.it/?file=/lib64/sssd" "Mozilla/5.0 AppleWebKit/537.36 (KHTML, like Gecko; compatible; GPTBot/1.4; +https://openai.com/gptbot)"
216.73.216.229 - - [12/Jul/2026:14:32:46 +0200] "GET /=3D%22https:/blogerfrechloginfr.blogspot.com/3D%22http:/tracking.kzexport.cloud/tracking/admin.php?rename=%2Fhome%2Fcosta4%2Fpublic_html%2Fwp-content%2Fplugins%2Fga-for-wp%2Fassests%2Fjs%2Fga4wp.js HTTP/2.0" 403 18528 "-" "Mozilla/5.0 AppleWebKit/537.36 (KHTML, like Gecko; compatible; ClaudeBot/1.0; +claudebot@anthropic.com)"
216.73.216.229 - - [12/Jul/2026:14:32:47 +0200] "GET /=3D%22https:/blogerfrechloginfr.blogspot.com/3D%22http:/tracking.kzexport.cloud/tracking//%22edit-comments.php?rename=%2Fhome%2Fcosta4%2Fmantova.elettroservicegroup.it%2Fwp-admin%2Fcss%2Fnav-menus.css HTTP/2.0" 403 817 "-" "Mozilla/5.0 AppleWebKit/537.36 (KHTML, like Gecko; compatible; ClaudeBot/1.0; +claudebot@anthropic.com)"
216.73.216.229 - - [12/Jul/2026:14:32:47 +0200] "GET /=3D%22https:/blogerfrechloginfr.blogspot.com/%22https:/go.elementor.com/renew-license-cloud-templates-cloud-tab/edit-comments.php?edit=%2Fhome%2Fcosta4%2Freggio-emilia.elettroservicegroup.it%2Fwp-includes%2Fjs%2Fwp-auth-check.js HTTP/2.0" 403 18538 "-" "Mozilla/5.0 AppleWebKit/537.36 (KHTML, like Gecko; compatible; ClaudeBot/1.0; +claudebot@anthropic.com)"
74.7.227.144 - - [12/Jul/2026:14:32:48 +0200] "GET /?view=/lib64/gems/ruby/bigdecimal-3.0.0/bigdecimal.so HTTP/2.0" 200 36747 "https://www.cremona.elettroservicegroup.it/?file=/lib64/gems/ruby/bigdecimal-3.0.0" "Mozilla/5.0 AppleWebKit/537.36 (KHTML, like Gecko; compatible; GPTBot/1.4; +https://openai.com/gptbot)"
216.73.216.229 - - [12/Jul/2026:14:32:47 +0200] "GET /=3D%22https:/blogerfrechloginfr.blogspot.com/%22https:/go.elementor.com/renew-license-cloud-templates-cloud-tab/edit-comments.php?edit=%2Fhome%2Fcosta4%2Freggio-emilia.elettroservicegroup.it%2Fwp-includes%2Fjs%2Fjquery%2Fui%2Feffect-fold.min.js HTTP/2.0" 403 18538 "-" "Mozilla/5.0 AppleWebKit/537.36 (KHTML, like Gecko; compatible; ClaudeBot/1.0; +claudebot@anthropic.com)"
216.73.216.229 - - [12/Jul/2026:14:32:48 +0200] "GET /=3D%22https:/blogerfrechloginfr.blogspot.com/3D%22https:/novabase.us20.list-manage.com//%22mailto:mail@fruitfulcode.com?file=%2Fhome%2Fcosta4%2Fparma.elettroservicegroup.it%2Fwp-content%2Fcache%2Fall%2Fassistenza-ariston-parma HTTP/2.0" 403 817 "-" "Mozilla/5.0 AppleWebKit/537.36 (KHTML, like Gecko; compatible; ClaudeBot/1.0; +claudebot@anthropic.com)"
216.73.216.229 - - [12/Jul/2026:14:32:47 +0200] "GET /=3D%22https:/blogerfrechloginfr.blogspot.com/%22https:/go.elementor.com/renew-license-cloud-templates-cloud-tab/edit-comments.php?edit=%2Fhome%2Fcosta4%2Freggio-emilia.elettroservicegroup.it%2Fwp-includes%2Fjs%2Fmedia-editor.js HTTP/2.0" 403 18538 "-" "Mozilla/5.0 AppleWebKit/537.36 (KHTML, like Gecko; compatible; ClaudeBot/1.0; +claudebot@anthropic.com)"
216.73.216.229 - - [12/Jul/2026:14:32:48 +0200] "GET /=3D%22https:/blogerfrechloginfr.blogspot.com/%22https:/go.elementor.com/renew-license-cloud-templates-cloud-tab/privacy.php?edit=%2Fhome%2Fcosta4%2Fcremona.elettroservicegroup.it%2Fwp-content%2Fthemes%2Fgeneratepress%2Fpage.php HTTP/2.0" 403 18535 "-" "Mozilla/5.0 AppleWebKit/537.36 (KHTML, like Gecko; compatible; ClaudeBot/1.0; +claudebot@anthropic.com)"
216.73.216.229 - - [12/Jul/2026:14:32:48 +0200] "GET /=3D%22https:/blogerfrechloginfr.blogspot.com/3D%22http:/tracking.kzexport.cloud/tracking/credits.php?file=%2Fhome%2Fcosta4%2Fwww%2Fwp-includes%2Fblocks%2Fsearch HTTP/2.0" 403 18530 "-" "Mozilla/5.0 AppleWebKit/537.36 (KHTML, like Gecko; compatible; ClaudeBot/1.0; +claudebot@anthropic.com)"
216.73.216.229 - - [12/Jul/2026:14:32:48 +0200] "GET /=3D%22https:/blogerfrechloginfr.blogspot.com/3D%22https:/novabase.us20.list-manage.com//%22mailto:mail@fruitfulcode.com?edit=%2Fhome%2Fcosta4%2Fverona.elettroservicegroup.it%2Fwp-admin%2Fimages%2Fse.png HTTP/2.0" 403 817 "-" "Mozilla/5.0 AppleWebKit/537.36 (KHTML, like Gecko; compatible; ClaudeBot/1.0; +claudebot@anthropic.com)"
216.73.216.229 - - [12/Jul/2026:14:32:48 +0200] "GET /=3D%22https:/blogerfrechloginfr.blogspot.com/3D%22https:/novabase.us20.list-manage.com/wp-admin/install.php?file=%2Fhome%2Fcosta4%2Fmantova.elettroservicegroup.it%2Fwp-includes%2Fjs%2Fmedia-views.js HTTP/2.0" 403 18533 "-" "Mozilla/5.0 AppleWebKit/537.36 (KHTML, like Gecko; compatible; ClaudeBot/1.0; +claudebot@anthropic.com)"
74.7.227.144 - - [12/Jul/2026:14:32:49 +0200] "GET /?view=/lib64/python3.9/sqlite3/__pycache__/dbapi2.cpython-39.pyc HTTP/2.0" 200 1197 "https://www.cremona.elettroservicegroup.it/?file=/lib64/python3.9/sqlite3/__pycache__" "Mozilla/5.0 AppleWebKit/537.36 (KHTML, like Gecko; compatible; GPTBot/1.4; +https://openai.com/gptbot)"
216.73.216.229 - - [12/Jul/2026:14:32:48 +0200] "GET /=3D%22https:/blogerfrechloginfr.blogspot.com/3D%22http:/tracking.kzexport.cloud/tracking/credits.php?edit=%2Fhome%2Fcosta4%2Fwww%2Fwp-includes%2Fblocks%2Faccordion-item.php HTTP/2.0" 403 18530 "-" "Mozilla/5.0 AppleWebKit/537.36 (KHTML, like Gecko; compatible; ClaudeBot/1.0; +claudebot@anthropic.com)"
216.73.216.229 - - [12/Jul/2026:14:32:48 +0200] "GET /=3D%22https:/blogerfrechloginfr.blogspot.com/%22https:/go.elementor.com/renew-license-cloud-templates-cloud-tab/edit-comments.php?file=%2Fhome%2Fcosta4%2Fcremona.elettroservicegroup.it%2Fwp-content%2Fplugins%2Felementor%2Fassets%2Flib%2Fhtml2canvas HTTP/2.0" 403 18538 "-" "Mozilla/5.0 AppleWebKit/537.36 (KHTML, like Gecko; compatible; ClaudeBot/1.0; +claudebot@anthropic.com)"
216.73.216.229 - - [12/Jul/2026:14:32:48 +0200] "GET /=3D%22https:/blogerfrechloginfr.blogspot.com/3D%22http:/tracking.kzexport.cloud/tracking/admin.php?view=%2Fhome%2Fcosta4%2Fcremona.elettroservicegroup.it%2Fwp-includes%2Fblocks%2Fpost-author%2Fstyle.min.css HTTP/2.0" 403 18528 "-" "Mozilla/5.0 AppleWebKit/537.36 (KHTML, like Gecko; compatible; ClaudeBot/1.0; +claudebot@anthropic.com)"
216.73.216.229 - - [12/Jul/2026:14:32:49 +0200] "GET /=3D%22https:/blogerfrechloginfr.blogspot.com/3D%22http:/tracking.kzexport.cloud/tracking//%22edit-comments.php?file=%2Fhome%2Fcosta4%2Fparma.elettroservicegroup.it%2Fwp-includes%2Fcertificates HTTP/2.0" 403 817 "-" "Mozilla/5.0 AppleWebKit/537.36 (KHTML, like Gecko; compatible; ClaudeBot/1.0; +claudebot@anthropic.com)"
216.73.216.229 - - [12/Jul/2026:14:32:49 +0200] "GET /=3D%22https:/blogerfrechloginfr.blogspot.com//%22https:/go.elementor.com/renew-license-cloud-templates-cloud-tab/%22?file=%2Fhome%2Fcosta4%2Fcremona.elettroservicegroup.it%2Fwp-includes%2Fcss%2Fdist%2Fedit-widgets%2Fstyle-rtl.css HTTP/2.0" 403 817 "-" "Mozilla/5.0 AppleWebKit/537.36 (KHTML, like Gecko; compatible; ClaudeBot/1.0; +claudebot@anthropic.com)"
216.73.216.229 - - [12/Jul/2026:14:32:49 +0200] "GET /=3D%22https:/blogerfrechloginfr.blogspot.com/3D%22https:/novabase.us20.list-manage.com/about.php?rename=%2Fhome%2Fcosta4%2Fcremona.elettroservicegroup.it%2Fwp-content%2Fplugins%2Fsecurity-1780429100%2Fjs%2Fadmin.js HTTP/2.0" 403 18525 "-" "Mozilla/5.0 AppleWebKit/537.36 (KHTML, like Gecko; compatible; ClaudeBot/1.0; +claudebot@anthropic.com)"
74.7.227.144 - - [12/Jul/2026:14:32:50 +0200] "GET /?edit=/usr/lib64/aspell-0.60/en_US.multi HTTP/2.0" 200 975 "https://www.cremona.elettroservicegroup.it/?file=/usr/lib64/aspell-0.60" "Mozilla/5.0 AppleWebKit/537.36 (KHTML, like Gecko; compatible; GPTBot/1.4; +https://openai.com/gptbot)"
216.73.216.229 - - [12/Jul/2026:14:32:49 +0200] "GET /=3D%22https:/blogerfrechloginfr.blogspot.com/3D%22http:/tracking.kzexport.cloud/tracking/admin.php?rename=%2Fhome%2Fcosta4%2Fpublic_html%2Fwp-content%2Fthemes%2Fgeneratepress%2Fassets%2Fcss%2Fcomponents%2Ffont-awesome.css HTTP/2.0" 403 18528 "-" "Mozilla/5.0 AppleWebKit/537.36 (KHTML, like Gecko; compatible; ClaudeBot/1.0; +claudebot@anthropic.com)"
216.73.216.229 - - [12/Jul/2026:14:32:49 +0200] "GET /=3D%22https:/blogerfrechloginfr.blogspot.com/3D%22https:/novabase.us20.list-manage.com/link-add.php?rename=%2Fhome%2Fcosta4%2Fcremona.elettroservicegroup.it%2Fwp-includes%2Fblocks%2Fparagraph%2Fstyle.min.css HTTP/2.0" 403 18528 "-" "Mozilla/5.0 AppleWebKit/537.36 (KHTML, like Gecko; compatible; ClaudeBot/1.0; +claudebot@anthropic.com)"
216.73.216.229 - - [12/Jul/2026:14:32:50 +0200] "GET /=3D%22https:/blogerfrechloginfr.blogspot.com/3D%22https:/novabase.us20.list-manage.com//%22mailto:mail@fruitfulcode.com?edit=%2Fhome%2Fcosta4%2Fcremona.elettroservicegroup.it%2Fwp-includes%2Fimages%2Ficon-library%2Flist.svg HTTP/2.0" 403 817 "-" "Mozilla/5.0 AppleWebKit/537.36 (KHTML, like Gecko; compatible; ClaudeBot/1.0; +claudebot@anthropic.com)"
216.73.216.229 - - [12/Jul/2026:14:32:50 +0200] "GET /=3D%22https:/blogerfrechloginfr.blogspot.com/%22http:/codecanyon.net/item/maintenance-wordpress-plugin/repair.php?file=%2Fhome%2Fcosta4%2Fwww%2Fwp-includes%2Fblocks%2Frss HTTP/2.0" 403 18537 "-" "Mozilla/5.0 AppleWebKit/537.36 (KHTML, like Gecko; compatible; ClaudeBot/1.0; +claudebot@anthropic.com)"
216.73.216.229 - - [12/Jul/2026:14:32:50 +0200] "GET /=3D%22https:/blogerfrechloginfr.blogspot.com/3D%22http:/tracking.kzexport.cloud/tracking/customize.php?rename=%2Fhome%2Fcosta4%2Fparma.elettroservicegroup.it%2Fwp-includes%2Fblocks%2Fpost-comments-form%2Fblock.json HTTP/2.0" 403 18534 "-" "Mozilla/5.0 AppleWebKit/537.36 (KHTML, like Gecko; compatible; ClaudeBot/1.0; +claudebot@anthropic.com)"
216.73.216.229 - - [12/Jul/2026:14:32:50 +0200] "GET /=3D%22https:/blogerfrechloginfr.blogspot.com/3D%22http:/tracking.kzexport.cloud/tracking/admin.php?file=%2Fhome%2Fcosta4%2Fvicenza.elettroservicegroup.it%2Fwp-includes%2Fjs%2Fjquery%2Fui%2Ftabs.js HTTP/2.0" 403 18528 "-" "Mozilla/5.0 AppleWebKit/537.36 (KHTML, like Gecko; compatible; ClaudeBot/1.0; +claudebot@anthropic.com)"
74.7.227.144 - - [12/Jul/2026:14:32:50 +0200] "GET /?edit=/usr/lib64/aspell-0.60/en_GB.multi HTTP/2.0" 200 981 "https://www.cremona.elettroservicegroup.it/?file=/usr/lib64/aspell-0.60" "Mozilla/5.0 AppleWebKit/537.36 (KHTML, like Gecko; compatible; GPTBot/1.4; +https://openai.com/gptbot)"
216.73.216.229 - - [12/Jul/2026:14:32:50 +0200] "GET /=3D%22https:/blogerfrechloginfr.blogspot.com/%22https:/go.elementor.com/renew-license-cloud-templates-cloud-tab/edit-comments.php?edit=%2Fhome%2Fcosta4%2Freggio-emilia.elettroservicegroup.it%2Fwp-includes%2Fblocks%2Fterm-description%2Fstyle-rtl.css HTTP/2.0" 403 18538 "-" "Mozilla/5.0 AppleWebKit/537.36 (KHTML, like Gecko; compatible; ClaudeBot/1.0; +claudebot@anthropic.com)"
216.73.216.229 - - [12/Jul/2026:14:32:51 +0200] "GET /=3D%22https:/blogerfrechloginfr.blogspot.com/%22https:/go.elementor.com/renew-license-cloud-templates-cloud-tab/%7B%7B%20data.theme.screenshot[0]%20%7D%7D HTTP/2.0" 403 817 "-" "Mozilla/5.0 AppleWebKit/537.36 (KHTML, like Gecko; compatible; ClaudeBot/1.0; +claudebot@anthropic.com)"
216.73.216.229 - - [12/Jul/2026:14:32:51 +0200] "GET /=3D%22https:/blogerfrechloginfr.blogspot.com/3D%22http:/tracking.kzexport.cloud/tracking/'%20.%20esc_url('https://%22edit-comments.php?edit=%2Fhome%2Fcosta4%2Freggio-emilia.elettroservicegroup.it%2Findex.php HTTP/2.0" 403 817 "-" "Mozilla/5.0 AppleWebKit/537.36 (KHTML, like Gecko; compatible; ClaudeBot/1.0; +claudebot@anthropic.com)"
216.73.216.229 - - [12/Jul/2026:14:32:51 +0200] "GET /=3D%22https:/blogerfrechloginfr.blogspot.com/3D%22http:/tracking.kzexport.cloud/tracking/'%20.%20esc_url('https://%22edit-comments.php?edit=%2Fhome%2Fcosta4%2Fpiacenza.elettroservicegroup.it%2Fwp-admin%2Flink-manager.php HTTP/2.0" 403 817 "-" "Mozilla/5.0 AppleWebKit/537.36 (KHTML, like Gecko; compatible; ClaudeBot/1.0; +claudebot@anthropic.com)"
216.73.216.229 - - [12/Jul/2026:14:32:51 +0200] "GET /=3D%22https:/blogerfrechloginfr.blogspot.com/3D%22http:/tracking.kzexport.cloud/tracking/'%20.%20esc_url('https://%22edit-comments.php?file=%2Fhome%2Fcosta4%2Fpiacenza.elettroservicegroup.it%2Fwp-includes%2Ftheme.json HTTP/2.0" 403 817 "-" "Mozilla/5.0 AppleWebKit/537.36 (KHTML, like Gecko; compatible; ClaudeBot/1.0; +claudebot@anthropic.com)"
216.73.216.229 - - [12/Jul/2026:14:32:51 +0200] "GET /=3D%22https:/blogerfrechloginfr.blogspot.com/3D%22http:/tracking.kzexport.cloud/tracking/'%20.%20esc_url('https://%22edit-comments.php?file=%2Fhome%2Fcosta4%2Freggio-emilia.elettroservicegroup.it%2Fwp-admin%2Fincludes%2Fadmin.php HTTP/2.0" 403 817 "-" "Mozilla/5.0 AppleWebKit/537.36 (KHTML, like Gecko; compatible; ClaudeBot/1.0; +claudebot@anthropic.com)"
216.73.216.229 - - [12/Jul/2026:14:32:51 +0200] "GET /=3D%22https:/blogerfrechloginfr.blogspot.com/3D%22http:/tracking.kzexport.cloud/tracking/'%20.%20esc_url('https://%22edit-comments.php?file=%2Fhome%2Fcosta4%2Fpiacenza.elettroservicegroup.it%2Fwp-admin%2Foptions-general.php HTTP/2.0" 403 817 "-" "Mozilla/5.0 AppleWebKit/537.36 (KHTML, like Gecko; compatible; ClaudeBot/1.0; +claudebot@anthropic.com)"
216.73.216.229 - - [12/Jul/2026:14:32:51 +0200] "GET /=3D%22https:/blogerfrechloginfr.blogspot.com/3D%22http:/tracking.kzexport.cloud/tracking/'%20.%20esc_url('https://%22edit-comments.php?rename=%2Fhome%2Fcosta4%2Fpiacenza.elettroservicegroup.it%2Fwp-includes%2Ftheme-previews.php HTTP/2.0" 403 817 "-" "Mozilla/5.0 AppleWebKit/537.36 (KHTML, like Gecko; compatible; ClaudeBot/1.0; +claudebot@anthropic.com)"
74.7.227.144 - - [12/Jul/2026:14:32:51 +0200] "GET /?edit=/usr/lib64/aspell-0.60/en_AU.multi HTTP/2.0" 200 977 "https://www.cremona.elettroservicegroup.it/?file=/usr/lib64/aspell-0.60" "Mozilla/5.0 AppleWebKit/537.36 (KHTML, like Gecko; compatible; GPTBot/1.4; +https://openai.com/gptbot)"
216.73.216.229 - - [12/Jul/2026:14:32:51 +0200] "GET /=3D%22https:/blogerfrechloginfr.blogspot.com/3D%22http:/tracking.kzexport.cloud/tracking/'%20.%20esc_url('https://%22upload.php/%22?edit=%2Fhome%2Fcosta4%2Fverona.elettroservicegroup.it%2Fwp-includes%2Fblocks%2Ffootnotes.php HTTP/2.0" 403 817 "-" "Mozilla/5.0 AppleWebKit/537.36 (KHTML, like Gecko; compatible; ClaudeBot/1.0; +claudebot@anthropic.com)"
216.73.216.229 - - [12/Jul/2026:14:32:51 +0200] "GET /=3D%22https:/blogerfrechloginfr.blogspot.com/3D%22http:/tracking.kzexport.cloud/tracking/'%20.%20esc_url('https://%22edit-comments.php?view=%2Fhome%2Fcosta4%2Fpiacenza.elettroservicegroup.it%2Fwp-includes%2FPHPMailer%2FException.php HTTP/2.0" 403 817 "-" "Mozilla/5.0 AppleWebKit/537.36 (KHTML, like Gecko; compatible; ClaudeBot/1.0; +claudebot@anthropic.com)"
216.73.216.229 - - [12/Jul/2026:14:32:51 +0200] "GET /=3D%22https:/blogerfrechloginfr.blogspot.com/3D%22http:/tracking.kzexport.cloud/tracking/'%20.%20esc_url('https://%22edit-comments.php?file=%2Fhome%2Fcosta4%2Fpiacenza.elettroservicegroup.it%2Fwp-includes%2Frest-api HTTP/2.0" 403 817 "-" "Mozilla/5.0 AppleWebKit/537.36 (KHTML, like Gecko; compatible; ClaudeBot/1.0; +claudebot@anthropic.com)"
216.73.216.229 - - [12/Jul/2026:14:32:51 +0200] "GET /=3D%22https:/blogerfrechloginfr.blogspot.com/3D%22http:/tracking.kzexport.cloud/tracking/'%20.%20esc_url('https://%22edit-comments.php?view=%2Fhome%2Fcosta4%2Fpiacenza.elettroservicegroup.it%2Fwp-includes%2Flink-template.php HTTP/2.0" 403 817 "-" "Mozilla/5.0 AppleWebKit/537.36 (KHTML, like Gecko; compatible; ClaudeBot/1.0; +claudebot@anthropic.com)"
216.73.216.229 - - [12/Jul/2026:14:32:51 +0200] "GET /=3D%22https:/blogerfrechloginfr.blogspot.com/3D%22http:/tracking.kzexport.cloud/tracking/'%20.%20esc_url('https://%22edit-comments.php?view=%2Fhome%2Fcosta4%2Fpiacenza.elettroservicegroup.it%2Fwp-admin%2Ffont-library.php HTTP/2.0" 403 817 "-" "Mozilla/5.0 AppleWebKit/537.36 (KHTML, like Gecko; compatible; ClaudeBot/1.0; +claudebot@anthropic.com)"
216.73.216.229 - - [12/Jul/2026:14:32:52 +0200] "GET /=3D%22https:/blogerfrechloginfr.blogspot.com/3D%22http:/tracking.kzexport.cloud/tracking/'%20.%20esc_url('https://%22edit-comments.php?file=%2Fhome%2Fcosta4%2Fpiacenza.elettroservicegroup.it%2Fwp-includes%2Fclass-pop3.php HTTP/2.0" 403 817 "-" "Mozilla/5.0 AppleWebKit/537.36 (KHTML, like Gecko; compatible; ClaudeBot/1.0; +claudebot@anthropic.com)"
216.73.216.229 - - [12/Jul/2026:14:32:52 +0200] "GET /=3D%22https:/blogerfrechloginfr.blogspot.com/3D%22http:/tracking.kzexport.cloud/tracking/'%20.%20esc_url('https://%22edit-comments.php?view=%2Fhome%2Fcosta4%2Fpiacenza.elettroservicegroup.it%2Fwp-includes%2FID3%2Fmodule.audio.dts.php HTTP/2.0" 403 817 "-" "Mozilla/5.0 AppleWebKit/537.36 (KHTML, like Gecko; compatible; ClaudeBot/1.0; +claudebot@anthropic.com)"
216.73.216.229 - - [12/Jul/2026:14:32:52 +0200] "GET /=3D%22https:/blogerfrechloginfr.blogspot.com/3D%22http:/tracking.kzexport.cloud/tracking/'%20.%20esc_url('https://%22edit-comments.php?file=%2Fhome%2Fcosta4%2Fpiacenza.elettroservicegroup.it%2Fwp-admin%2Fadmin-ajax.php HTTP/2.0" 403 817 "-" "Mozilla/5.0 AppleWebKit/537.36 (KHTML, like Gecko; compatible; ClaudeBot/1.0; +claudebot@anthropic.com)"
216.73.216.229 - - [12/Jul/2026:14:32:52 +0200] "GET /=3D%22https:/blogerfrechloginfr.blogspot.com/3D%22http:/tracking.kzexport.cloud/tracking/'%20.%20esc_url('https://%22edit-comments.php?rename=%2Fhome%2Fcosta4%2Fpiacenza.elettroservicegroup.it%2Fwp-includes%2Fsitemaps.php HTTP/2.0" 403 817 "-" "Mozilla/5.0 AppleWebKit/537.36 (KHTML, like Gecko; compatible; ClaudeBot/1.0; +claudebot@anthropic.com)"
74.7.227.144 - - [12/Jul/2026:14:32:52 +0200] "GET /?edit=/usr/lib64/aspell-0.60/en_CA.multi HTTP/2.0" 200 977 "https://www.cremona.elettroservicegroup.it/?file=/usr/lib64/aspell-0.60" "Mozilla/5.0 AppleWebKit/537.36 (KHTML, like Gecko; compatible; GPTBot/1.4; +https://openai.com/gptbot)"
216.73.216.229 - - [12/Jul/2026:14:32:52 +0200] "GET /=3D%22https:/blogerfrechloginfr.blogspot.com/3D%22http:/tracking.kzexport.cloud/tracking/'%20.%20esc_url('https://%22edit-comments.php?rename=%2Fhome%2Fcosta4%2Fpiacenza.elettroservicegroup.it%2Fwp-admin%2Fcustom-background.php HTTP/2.0" 403 817 "-" "Mozilla/5.0 AppleWebKit/537.36 (KHTML, like Gecko; compatible; ClaudeBot/1.0; +claudebot@anthropic.com)"
216.73.216.229 - - [12/Jul/2026:14:32:52 +0200] "GET /=3D%22https:/blogerfrechloginfr.blogspot.com/3D%22http:/tracking.kzexport.cloud/tracking/'%20.%20esc_url('https://%22edit-comments.php?file=%2Fhome%2Fcosta4%2Fpiacenza.elettroservicegroup.it%2Fwp-admin%2Foptions-reading.php HTTP/2.0" 403 817 "-" "Mozilla/5.0 AppleWebKit/537.36 (KHTML, like Gecko; compatible; ClaudeBot/1.0; +claudebot@anthropic.com)"
216.73.216.229 - - [12/Jul/2026:14:32:52 +0200] "GET /=3D%22https:/blogerfrechloginfr.blogspot.com/3D%22http:/tracking.kzexport.cloud/tracking/'%20.%20esc_url('https://%22edit-comments.php?file=%2Fhome%2Fcosta4%2Fcremona.elettroservicegroup.it%2Fwp-includes%2FPHPMailer%2FOAuth.php HTTP/2.0" 403 817 "-" "Mozilla/5.0 AppleWebKit/537.36 (KHTML, like Gecko; compatible; ClaudeBot/1.0; +claudebot@anthropic.com)"
216.73.216.229 - - [12/Jul/2026:14:32:52 +0200] "GET /=3D%22https:/blogerfrechloginfr.blogspot.com/'.admin_url('edit-comments.php?file=%2Fhome%2Fcosta4%2Fpublic_html%2Fwp-includes%2FSimplePie%2Fsrc%2FHTTP%2FClientException.php HTTP/2.0" 403 18519 "-" "Mozilla/5.0 AppleWebKit/537.36 (KHTML, like Gecko; compatible; ClaudeBot/1.0; +claudebot@anthropic.com)"
216.73.216.229 - - [12/Jul/2026:14:32:53 +0200] "GET /=3D%22https:/blogerfrechloginfr.blogspot.com/3D%22http:/tracking.kzexport.cloud/tracking/'%20.%20esc_url('https:/'%20.%20esc_url(%20$data['url']%20)%20.%20' HTTP/2.0" 403 817 "-" "Mozilla/5.0 AppleWebKit/537.36 (KHTML, like Gecko; compatible; ClaudeBot/1.0; +claudebot@anthropic.com)"
216.73.216.229 - - [12/Jul/2026:14:32:52 +0200] "GET /=3D%22https:/blogerfrechloginfr.blogspot.com/3D%22http:/tracking.kzexport.cloud/tracking/'%20.%20esc_url('https://%22edit-comments.php?rename=%2Fhome%2Fcosta4%2Fpiacenza.elettroservicegroup.it%2Fwp-includes%2Fms-settings.php HTTP/2.0" 403 817 "-" "Mozilla/5.0 AppleWebKit/537.36 (KHTML, like Gecko; compatible; ClaudeBot/1.0; +claudebot@anthropic.com)"
74.7.227.144 - - [12/Jul/2026:14:32:53 +0200] "GET /?rename=/usr/lib64/libhdf5.so.200.1.0 HTTP/2.0" 200 907 "https://www.cremona.elettroservicegroup.it/?file=/usr/lib64" "Mozilla/5.0 AppleWebKit/537.36 (KHTML, like Gecko; compatible; GPTBot/1.4; +https://openai.com/gptbot)"
216.73.216.229 - - [12/Jul/2026:14:32:53 +0200] "GET /=3D%22https:/blogerfrechloginfr.blogspot.com/3D%22http:/tracking.kzexport.cloud/tracking/'%20.%20esc_url('https://%22edit-comments.php?edit=%2Fhome%2Fcosta4%2Fpiacenza.elettroservicegroup.it%2Fwp-admin%2Fadmin-footer.php HTTP/2.0" 403 817 "-" "Mozilla/5.0 AppleWebKit/537.36 (KHTML, like Gecko; compatible; ClaudeBot/1.0; +claudebot@anthropic.com)"
216.73.216.229 - - [12/Jul/2026:14:32:52 +0200] "GET /=3D%22https:/blogerfrechloginfr.blogspot.com/%22https:/go.elementor.com/renew-license-cloud-templates-cloud-tab/edit-comments.php?view=%2Fhome%2Fcosta4%2Fwww%2Fwp-includes%2Fscript-loader.php HTTP/2.0" 403 18538 "-" "Mozilla/5.0 AppleWebKit/537.36 (KHTML, like Gecko; compatible; ClaudeBot/1.0; +claudebot@anthropic.com)"
216.73.216.229 - - [12/Jul/2026:14:32:53 +0200] "GET /=3D%22https:/blogerfrechloginfr.blogspot.com/3D%22http:/tracking.kzexport.cloud/tracking/'%20.%20esc_url('https://%22edit-comments.php?view=%2Fhome%2Fcosta4%2Fpiacenza.elettroservicegroup.it%2Fwp-includes%2Ftemplate-canvas.php HTTP/2.0" 403 817 "-" "Mozilla/5.0 AppleWebKit/537.36 (KHTML, like Gecko; compatible; ClaudeBot/1.0; +claudebot@anthropic.com)"
216.73.216.229 - - [12/Jul/2026:14:32:53 +0200] "GET /=3D%22https:/blogerfrechloginfr.blogspot.com/3D%22http:/tracking.kzexport.cloud/tracking/'%20.%20esc_url('https://%22edit-comments.php?edit=%2Fhome%2Fcosta4%2Fpiacenza.elettroservicegroup.it%2Fwp-includes%2FID3%2Fmodule.audio.flac.php HTTP/2.0" 403 817 "-" "Mozilla/5.0 AppleWebKit/537.36 (KHTML, like Gecko; compatible; ClaudeBot/1.0; +claudebot@anthropic.com)"
216.73.216.229 - - [12/Jul/2026:14:32:53 +0200] "GET /=3D%22https:/blogerfrechloginfr.blogspot.com/3D%22https:/novabase.us20.list-manage.com/wp-admin//%22edit-comments.php?comment_status=moderated%5C%22 HTTP/2.0" 403 817 "-" "Mozilla/5.0 AppleWebKit/537.36 (KHTML, like Gecko; compatible; ClaudeBot/1.0; +claudebot@anthropic.com)"
216.73.216.229 - - [12/Jul/2026:14:32:53 +0200] "GET /=3D%22https:/blogerfrechloginfr.blogspot.com/3D%22https:/novabase.us20.list-manage.com/wp-admin/'%20.%20$ilink%20.%20' HTTP/2.0" 403 817 "-" "Mozilla/5.0 AppleWebKit/537.36 (KHTML, like Gecko; compatible; ClaudeBot/1.0; +claudebot@anthropic.com)"
216.73.216.229 - - [12/Jul/2026:14:32:53 +0200] "GET /=3D%22https:/blogerfrechloginfr.blogspot.com/3D%22http:/tracking.kzexport.cloud/tracking/'%20.%20esc_url('https://%22edit-comments.php?view=%2Fhome%2Fcosta4%2Fpiacenza.elettroservicegroup.it%2Fwp-includes%2Fms-site.php HTTP/2.0" 403 817 "-" "Mozilla/5.0 AppleWebKit/537.36 (KHTML, like Gecko; compatible; ClaudeBot/1.0; +claudebot@anthropic.com)"
74.7.227.144 - - [12/Jul/2026:14:32:53 +0200] "GET /?view=/usr/lib64/python3.9/opcode.py HTTP/2.0" 200 1969 "https://www.cremona.elettroservicegroup.it/?file=/usr/lib64/python3.9" "Mozilla/5.0 AppleWebKit/537.36 (KHTML, like Gecko; compatible; GPTBot/1.4; +https://openai.com/gptbot)"
216.73.216.229 - - [12/Jul/2026:14:32:53 +0200] "GET /=3D%22https:/blogerfrechloginfr.blogspot.com/3D%22http:/tracking.kzexport.cloud/tracking/'%20.%20esc_url('https://%22edit-comments.php?rename=%2Fhome%2Fcosta4%2Fpiacenza.elettroservicegroup.it%2Fwp-includes%2Fcron.php HTTP/2.0" 403 817 "-" "Mozilla/5.0 AppleWebKit/537.36 (KHTML, like Gecko; compatible; ClaudeBot/1.0; +claudebot@anthropic.com)"
216.73.216.229 - - [12/Jul/2026:14:32:53 +0200] "GET /=3D%22https:/blogerfrechloginfr.blogspot.com/3D%22http:/tracking.kzexport.cloud/tracking/'%20.%20esc_url('https://%22edit-comments.php?edit=%2Fhome%2Fcosta4%2Fpiacenza.elettroservicegroup.it%2Fwp-includes%2Fpost-formats.php HTTP/2.0" 403 817 "-" "Mozilla/5.0 AppleWebKit/537.36 (KHTML, like Gecko; compatible; ClaudeBot/1.0; +claudebot@anthropic.com)"
216.73.216.229 - - [12/Jul/2026:14:32:54 +0200] "GET /=3D%22https:/blogerfrechloginfr.blogspot.com/3D%22http:/tracking.kzexport.cloud/tracking/'%20.%20esc_url('https://%22edit-comments.php?file=%2Fhome%2Fcosta4%2Freggio-emilia.elettroservicegroup.it%2Fwp-load.php HTTP/2.0" 403 817 "-" "Mozilla/5.0 AppleWebKit/537.36 (KHTML, like Gecko; compatible; ClaudeBot/1.0; +claudebot@anthropic.com)"
216.73.216.229 - - [12/Jul/2026:14:32:54 +0200] "GET /=3D%22https:/blogerfrechloginfr.blogspot.com/3D%22http:/tracking.kzexport.cloud/tracking/'%20.%20esc_url('https://%22edit-comments.php?edit=%2Fhome%2Fcosta4%2Fpiacenza.elettroservicegroup.it%2Fwp-admin%2Fms-sites.php HTTP/2.0" 403 817 "-" "Mozilla/5.0 AppleWebKit/537.36 (KHTML, like Gecko; compatible; ClaudeBot/1.0; +claudebot@anthropic.com)"
216.73.216.229 - - [12/Jul/2026:14:32:54 +0200] "GET /=3D%22https:/blogerfrechloginfr.blogspot.com/3D%22http:/tracking.kzexport.cloud/tracking/'%20.%20esc_url('https://%22edit-comments.php?edit=%2Fhome%2Fcosta4%2Freggio-emilia.elettroservicegroup.it%2Fwp-mail.php HTTP/2.0" 403 817 "-" "Mozilla/5.0 AppleWebKit/537.36 (KHTML, like Gecko; compatible; ClaudeBot/1.0; +claudebot@anthropic.com)"
216.73.216.229 - - [12/Jul/2026:14:32:54 +0200] "GET /=3D%22https:/blogerfrechloginfr.blogspot.com/3D%22http:/tracking.kzexport.cloud/tracking/'%20.%20esc_url('https://%22edit-comments.php?view=%2Fhome%2Fcosta4%2Fpiacenza.elettroservicegroup.it%2Fwp-admin%2Fthemes.php HTTP/2.0" 403 817 "-" "Mozilla/5.0 AppleWebKit/537.36 (KHTML, like Gecko; compatible; ClaudeBot/1.0; +claudebot@anthropic.com)"
74.7.227.144 - - [12/Jul/2026:14:32:54 +0200] "GET /?view=/usr/lib64/python3.9/codecs.py HTTP/2.0" 200 8299 "https://www.cremona.elettroservicegroup.it/?file=/usr/lib64/python3.9" "Mozilla/5.0 AppleWebKit/537.36 (KHTML, like Gecko; compatible; GPTBot/1.4; +https://openai.com/gptbot)"
216.73.216.229 - - [12/Jul/2026:14:32:54 +0200] "GET /=3D%22https:/blogerfrechloginfr.blogspot.com/3D%22http:/tracking.kzexport.cloud/tracking/'%20.%20esc_url('https://%22upload.php/%22?edit=%2Fhome%2Fcosta4%2Fverona.elettroservicegroup.it%2Fwp-includes%2Fblocks%2Fpullquote%2Ftheme.css HTTP/2.0" 403 817 "-" "Mozilla/5.0 AppleWebKit/537.36 (KHTML, like Gecko; compatible; ClaudeBot/1.0; +claudebot@anthropic.com)"
216.73.216.229 - - [12/Jul/2026:14:32:54 +0200] "GET /=3D%22https:/blogerfrechloginfr.blogspot.com/3D%22http:/tracking.kzexport.cloud/tracking/'%20.%20esc_url('https://%22edit-comments.php?rename=%2Fhome%2Fcosta4%2Fpiacenza.elettroservicegroup.it%2Fwp-includes%2Foption.php HTTP/2.0" 403 817 "-" "Mozilla/5.0 AppleWebKit/537.36 (KHTML, like Gecko; compatible; ClaudeBot/1.0; +claudebot@anthropic.com)"
216.73.216.229 - - [12/Jul/2026:14:32:54 +0200] "GET /=3D%22https:/blogerfrechloginfr.blogspot.com/3D%22http:/tracking.kzexport.cloud/tracking/'%20.%20esc_url('https://%22edit-comments.php?edit=%2Fhome%2Fcosta4%2Freggio-emilia.elettroservicegroup.it%2Fwp-includes%2Fblocks%2Fcomments.php HTTP/2.0" 403 817 "-" "Mozilla/5.0 AppleWebKit/537.36 (KHTML, like Gecko; compatible; ClaudeBot/1.0; +claudebot@anthropic.com)"
216.73.216.229 - - [12/Jul/2026:14:32:54 +0200] "GET /=3D%22https:/blogerfrechloginfr.blogspot.com/3D%22http:/tracking.kzexport.cloud/tracking/'%20.%20esc_url('https://%22edit-comments.php?edit=%2Fhome%2Fcosta4%2Freggio-emilia.elettroservicegroup.it%2Fwp-admin%2Fincludes%2Fcomment.php HTTP/2.0" 403 817 "-" "Mozilla/5.0 AppleWebKit/537.36 (KHTML, like Gecko; compatible; ClaudeBot/1.0; +claudebot@anthropic.com)"
216.73.216.229 - - [12/Jul/2026:14:32:54 +0200] "GET /=3D%22https:/blogerfrechloginfr.blogspot.com/3D%22http:/tracking.kzexport.cloud/tracking/'%20.%20esc_url('https://%22edit-comments.php?view=%2Fhome%2Fcosta4%2Fpiacenza.elettroservicegroup.it%2Fwp-admin%2Finstall-helper.php HTTP/2.0" 403 817 "-" "Mozilla/5.0 AppleWebKit/537.36 (KHTML, like Gecko; compatible; ClaudeBot/1.0; +claudebot@anthropic.com)"
216.73.216.229 - - [12/Jul/2026:14:32:54 +0200] "GET /=3D%22https:/blogerfrechloginfr.blogspot.com/3D%22http:/tracking.kzexport.cloud/tracking/'%20.%20esc_url('https://%22edit-comments.php?file=%2Fhome%2Fcosta4%2Freggio-emilia.elettroservicegroup.it%2Fwp-admin%2Fuser%2Fadmin.php HTTP/2.0" 403 817 "-" "Mozilla/5.0 AppleWebKit/537.36 (KHTML, like Gecko; compatible; ClaudeBot/1.0; +claudebot@anthropic.com)"
216.73.216.229 - - [12/Jul/2026:14:32:55 +0200] "GET /=3D%22https:/blogerfrechloginfr.blogspot.com/3D%22http:/tracking.kzexport.cloud/tracking/'%20.%20esc_url('https://%22edit-comments.php?edit=%2Fhome%2Fcosta4%2Freggio-emilia.elettroservicegroup.it%2Fwp-admin%2Fincludes%2Fmisc.php HTTP/2.0" 403 817 "-" "Mozilla/5.0 AppleWebKit/537.36 (KHTML, like Gecko; compatible; ClaudeBot/1.0; +claudebot@anthropic.com)"
74.7.227.144 - - [12/Jul/2026:14:32:55 +0200] "GET /?view=/usr/lib64/python3.9/sndhdr.py HTTP/2.0" 200 2317 "https://www.cremona.elettroservicegroup.it/?file=/usr/lib64/python3.9" "Mozilla/5.0 AppleWebKit/537.36 (KHTML, like Gecko; compatible; GPTBot/1.4; +https://openai.com/gptbot)"
216.73.216.229 - - [12/Jul/2026:14:32:55 +0200] "GET /=3D%22https:/blogerfrechloginfr.blogspot.com/3D%22http:/tracking.kzexport.cloud/tracking/'%20.%20esc_url('https://%22edit-comments.php?view=%2Fhome%2Fcosta4%2Fpiacenza.elettroservicegroup.it%2Fwp-includes%2Ftaxonomy.php HTTP/2.0" 403 817 "-" "Mozilla/5.0 AppleWebKit/537.36 (KHTML, like Gecko; compatible; ClaudeBot/1.0; +claudebot@anthropic.com)"
216.73.216.229 - - [12/Jul/2026:14:32:55 +0200] "GET /=3D%22https:/blogerfrechloginfr.blogspot.com/3D%22http:/tracking.kzexport.cloud/tracking/'%20.%20esc_url('https://%22edit-comments.php?rename=%2Fhome%2Fcosta4%2Fpiacenza.elettroservicegroup.it%2Fwp-admin%2Fwidgets-form.php HTTP/2.0" 403 817 "-" "Mozilla/5.0 AppleWebKit/537.36 (KHTML, like Gecko; compatible; ClaudeBot/1.0; +claudebot@anthropic.com)"
216.73.216.229 - - [12/Jul/2026:14:32:55 +0200] "GET /=3D%22https:/blogerfrechloginfr.blogspot.com/3D%22http:/tracking.kzexport.cloud/tracking/'%20.%20esc_url('https://%22edit-comments.php?file=%2Fhome%2Fcosta4%2Fpiacenza.elettroservicegroup.it%2Fwp-includes%2Fclass-smtp.php HTTP/2.0" 403 817 "-" "Mozilla/5.0 AppleWebKit/537.36 (KHTML, like Gecko; compatible; ClaudeBot/1.0; +claudebot@anthropic.com)"
216.73.216.229 - - [12/Jul/2026:14:32:55 +0200] "GET /=3D%22https:/blogerfrechloginfr.blogspot.com/3D%22http:/tracking.kzexport.cloud/tracking/'%20.%20esc_url('https://%22edit-comments.php?rename=%2Fhome%2Fcosta4%2Fpiacenza.elettroservicegroup.it%2Fwp-includes%2Frss-functions.php HTTP/2.0" 403 817 "-" "Mozilla/5.0 AppleWebKit/537.36 (KHTML, like Gecko; compatible; ClaudeBot/1.0; +claudebot@anthropic.com)"
216.73.216.229 - - [12/Jul/2026:14:32:55 +0200] "GET /=3D%22https:/blogerfrechloginfr.blogspot.com/3D%22http:/tracking.kzexport.cloud/tracking/'%20.%20esc_url('https://%22edit-comments.php?edit=%2Fhome%2Fcosta4%2Fpiacenza.elettroservicegroup.it%2Fwp-includes%2FID3%2Fmodule.audio.mp3.php HTTP/2.0" 403 817 "-" "Mozilla/5.0 AppleWebKit/537.36 (KHTML, like Gecko; compatible; ClaudeBot/1.0; +claudebot@anthropic.com)"
74.7.227.144 - - [12/Jul/2026:14:32:55 +0200] "GET /?view=/usr/lib64/python3.9/codeop.py HTTP/2.0" 200 1897 "https://www.cremona.elettroservicegroup.it/?file=/usr/lib64/python3.9" "Mozilla/5.0 AppleWebKit/537.36 (KHTML, like Gecko; compatible; GPTBot/1.4; +https://openai.com/gptbot)"
216.73.216.229 - - [12/Jul/2026:14:32:55 +0200] "GET /=3D%22https:/blogerfrechloginfr.blogspot.com/3D%22http:/tracking.kzexport.cloud/tracking/'%20.%20esc_url('https://%22upload.php/%22?file=%2Fhome%2Fcosta4%2Fverona.elettroservicegroup.it%2Fwp-includes%2Fblocks%2Fpullquote%2Feditor.css HTTP/2.0" 403 817 "-" "Mozilla/5.0 AppleWebKit/537.36 (KHTML, like Gecko; compatible; ClaudeBot/1.0; +claudebot@anthropic.com)"
216.73.216.229 - - [12/Jul/2026:14:32:55 +0200] "GET /=3D%22https:/blogerfrechloginfr.blogspot.com/3D%22http:/tracking.kzexport.cloud/tracking/'%20.%20esc_url('https://%22edit-comments.php?edit=%2Fhome%2Fcosta4%2Freggio-emilia.elettroservicegroup.it%2Fwp-admin%2Fincludes%2Fnetwork.php HTTP/2.0" 403 817 "-" "Mozilla/5.0 AppleWebKit/537.36 (KHTML, like Gecko; compatible; ClaudeBot/1.0; +claudebot@anthropic.com)"
216.73.216.229 - - [12/Jul/2026:14:32:55 +0200] "GET /=3D%22https:/blogerfrechloginfr.blogspot.com/3D%22http:/tracking.kzexport.cloud/tracking/'%20.%20esc_url('https://%22upload.php/%22?edit=%2Fhome%2Fcosta4%2Fverona.elettroservicegroup.it%2Fwp-includes%2Fblocks%2Fimage.php HTTP/2.0" 403 817 "-" "Mozilla/5.0 AppleWebKit/537.36 (KHTML, like Gecko; compatible; ClaudeBot/1.0; +claudebot@anthropic.com)"
216.73.216.229 - - [12/Jul/2026:14:32:55 +0200] "GET /=3D%22https:/blogerfrechloginfr.blogspot.com/3D%22http:/tracking.kzexport.cloud/tracking/'%20.%20esc_url('https://%22edit-comments.php?file=%2Fhome%2Fcosta4%2Fpiacenza.elettroservicegroup.it%2Fwp-includes%2Fms-blogs.php HTTP/2.0" 403 817 "-" "Mozilla/5.0 AppleWebKit/537.36 (KHTML, like Gecko; compatible; ClaudeBot/1.0; +claudebot@anthropic.com)"
216.73.216.229 - - [12/Jul/2026:14:32:56 +0200] "GET /=3D%22https:/blogerfrechloginfr.blogspot.com/3D%22http:/tracking.kzexport.cloud/tracking/'%20.%20esc_url('https://%22edit-comments.php?rename=%2Fhome%2Fcosta4%2Fpiacenza.elettroservicegroup.it%2Fwp-includes%2Ferror-protection.php HTTP/2.0" 403 817 "-" "Mozilla/5.0 AppleWebKit/537.36 (KHTML, like Gecko; compatible; ClaudeBot/1.0; +claudebot@anthropic.com)"
74.7.227.144 - - [12/Jul/2026:14:32:56 +0200] "GET /?view=/usr/lib64/python3.9/signal.py HTTP/2.0" 200 708 "https://www.cremona.elettroservicegroup.it/?file=/usr/lib64/python3.9" "Mozilla/5.0 AppleWebKit/537.36 (KHTML, like Gecko; compatible; GPTBot/1.4; +https://openai.com/gptbot)"
216.73.216.229 - - [12/Jul/2026:14:32:56 +0200] "GET /=3D%22https:/blogerfrechloginfr.blogspot.com/3D%22http:/tracking.kzexport.cloud/tracking/'%20.%20esc_url('https://%22edit-comments.php?view=%2Fhome%2Fcosta4%2Freggio-emilia.elettroservicegroup.it%2Fwp-activate.php HTTP/2.0" 403 817 "-" "Mozilla/5.0 AppleWebKit/537.36 (KHTML, like Gecko; compatible; ClaudeBot/1.0; +claudebot@anthropic.com)"
216.73.216.229 - - [12/Jul/2026:14:32:56 +0200] "GET /=3D%22https:/blogerfrechloginfr.blogspot.com/3D%22http:/tracking.kzexport.cloud/tracking/'%20.%20esc_url('https://%22edit-comments.php?rename=%2Fhome%2Fcosta4%2Fcremona.elettroservicegroup.it%2Fwp-includes%2FPHPMailer%2FOAuthTokenProvider.php HTTP/2.0" 403 817 "-" "Mozilla/5.0 AppleWebKit/537.36 (KHTML, like Gecko; compatible; ClaudeBot/1.0; +claudebot@anthropic.com)"
216.73.216.229 - - [12/Jul/2026:14:32:56 +0200] "GET /=3D%22https:/blogerfrechloginfr.blogspot.com/%22https:/go.elementor.com/renew-license-cloud-templates-cloud-tab/'%20.%20$step_1%20.%20' HTTP/2.0" 403 817 "-" "Mozilla/5.0 AppleWebKit/537.36 (KHTML, like Gecko; compatible; ClaudeBot/1.0; +claudebot@anthropic.com)"
216.73.216.229 - - [12/Jul/2026:14:32:56 +0200] "GET /=3D%22https:/blogerfrechloginfr.blogspot.com/3D%22https:/novabase.us20.list-manage.com/wp-admin/'%20.%20$row-%3Elink_image%20.%20' HTTP/2.0" 403 817 "-" "Mozilla/5.0 AppleWebKit/537.36 (KHTML, like Gecko; compatible; ClaudeBot/1.0; +claudebot@anthropic.com)"
216.73.216.229 - - [12/Jul/2026:14:32:56 +0200] "GET /=3D%22https:/blogerfrechloginfr.blogspot.com/3D%22http:/tracking.kzexport.cloud/tracking/'%20.%20esc_url('https://%22edit-comments.php?rename=%2Fhome%2Fcosta4%2Fpiacenza.elettroservicegroup.it%2Fwp-admin%2Fms-edit.php HTTP/2.0" 403 817 "-" "Mozilla/5.0 AppleWebKit/537.36 (KHTML, like Gecko; compatible; ClaudeBot/1.0; +claudebot@anthropic.com)"
74.7.227.144 - - [12/Jul/2026:14:32:56 +0200] "GET /?view=/lib64/pkgconfig/python-3.9.pc HTTP/2.0" 200 164 "https://www.cremona.elettroservicegroup.it/?file=/lib64/pkgconfig" "Mozilla/5.0 AppleWebKit/537.36 (KHTML, like Gecko; compatible; GPTBot/1.4; +https://openai.com/gptbot)"
216.73.216.229 - - [12/Jul/2026:14:32:56 +0200] "GET /=3D%22https:/blogerfrechloginfr.blogspot.com/3D%22http:/tracking.kzexport.cloud/tracking/'%20.%20esc_url('https://%22edit-comments.php?view=%2Fhome%2Fcosta4%2Fpiacenza.elettroservicegroup.it%2Fwp-admin%2Fcontribute.php HTTP/2.0" 403 817 "-" "Mozilla/5.0 AppleWebKit/537.36 (KHTML, like Gecko; compatible; ClaudeBot/1.0; +claudebot@anthropic.com)"
216.73.216.229 - - [12/Jul/2026:14:32:56 +0200] "GET /=3D%22https:/blogerfrechloginfr.blogspot.com/3D%22http:/tracking.kzexport.cloud/tracking/'%20.%20esc_url('https://%22edit-comments.php?view=%2Fhome%2Fcosta4%2Fpiacenza.elettroservicegroup.it%2Fwp-admin%2Fuser-new.php HTTP/2.0" 403 817 "-" "Mozilla/5.0 AppleWebKit/537.36 (KHTML, like Gecko; compatible; ClaudeBot/1.0; +claudebot@anthropic.com)"
216.73.216.229 - - [12/Jul/2026:14:32:56 +0200] "GET /=3D%22https:/blogerfrechloginfr.blogspot.com/3D%22http:/tracking.kzexport.cloud/tracking/'%20.%20esc_url('https://%22edit-comments.php?file=%2Fhome%2Fcosta4%2Fpiacenza.elettroservicegroup.it%2Fwp-includes%2Fblock-bindings.php HTTP/2.0" 403 817 "-" "Mozilla/5.0 AppleWebKit/537.36 (KHTML, like Gecko; compatible; ClaudeBot/1.0; +claudebot@anthropic.com)"
216.73.216.229 - - [12/Jul/2026:14:32:56 +0200] "GET /=3D%22https:/blogerfrechloginfr.blogspot.com/3D%22http:/tracking.kzexport.cloud/tracking/'%20.%20esc_url('https://%22edit-comments.php?view=%2Fhome%2Fcosta4%2Freggio-emilia.elettroservicegroup.it%2Fwp-settings.php HTTP/2.0" 403 817 "-" "Mozilla/5.0 AppleWebKit/537.36 (KHTML, like Gecko; compatible; ClaudeBot/1.0; +claudebot@anthropic.com)"
216.73.216.229 - - [12/Jul/2026:14:32:57 +0200] "GET /=3D%22https:/blogerfrechloginfr.blogspot.com/%22https:/go.elementor.com/renew-license-cloud-templates-cloud-tab/%7B%7B%7B%20data.theme.actions.activate%20%7D%7D%7D HTTP/2.0" 403 817 "-" "Mozilla/5.0 AppleWebKit/537.36 (KHTML, like Gecko; compatible; ClaudeBot/1.0; +claudebot@anthropic.com)"
216.73.216.229 - - [12/Jul/2026:14:32:57 +0200] "GET /=3D%22https:/blogerfrechloginfr.blogspot.com/3D%22http:/tracking.kzexport.cloud/tracking/'%20.%20esc_url('https://%22edit-comments.php?edit=%2Fhome%2Fcosta4%2Fpiacenza.elettroservicegroup.it%2Fwp-admin%2Fcredits.php HTTP/2.0" 403 817 "-" "Mozilla/5.0 AppleWebKit/537.36 (KHTML, like Gecko; compatible; ClaudeBot/1.0; +claudebot@anthropic.com)"
74.7.227.144 - - [12/Jul/2026:14:32:57 +0200] "GET /?view=/lib64/python3.9/_pydecimal.py HTTP/2.0" 200 45486 "https://www.cremona.elettroservicegroup.it/?file=/lib64/python3.9" "Mozilla/5.0 AppleWebKit/537.36 (KHTML, like Gecko; compatible; GPTBot/1.4; +https://openai.com/gptbot)"
216.73.216.229 - - [12/Jul/2026:14:32:57 +0200] "GET /=3D%22https:/blogerfrechloginfr.blogspot.com/3D%22http:/tracking.kzexport.cloud/tracking/'%20.%20esc_url('https://%22edit-comments.php?edit=%2Fhome%2Fcosta4%2Fpiacenza.elettroservicegroup.it%2Fwp-admin%2Foptions-writing.php HTTP/2.0" 403 817 "-" "Mozilla/5.0 AppleWebKit/537.36 (KHTML, like Gecko; compatible; ClaudeBot/1.0; +claudebot@anthropic.com)"
216.73.216.229 - - [12/Jul/2026:14:32:57 +0200] "GET /=3D%22https:/blogerfrechloginfr.blogspot.com/3D%22http:/tracking.kzexport.cloud/tracking/'%20.%20esc_url('https://%22edit-comments.php?rename=%2Fhome%2Fcosta4%2Fpiacenza.elettroservicegroup.it%2Fwp-includes%2Fclass.wp-styles.php HTTP/2.0" 403 817 "-" "Mozilla/5.0 AppleWebKit/537.36 (KHTML, like Gecko; compatible; ClaudeBot/1.0; +claudebot@anthropic.com)"
216.73.216.229 - - [12/Jul/2026:14:32:57 +0200] "GET /=3D%22https:/blogerfrechloginfr.blogspot.com/3D%22http:/tracking.kzexport.cloud/tracking/'%20.%20esc_url('https://%22edit-comments.php?view=%2Fhome%2Fcosta4%2Fpiacenza.elettroservicegroup.it%2Fwp-includes%2Fkses.php HTTP/2.0" 403 817 "-" "Mozilla/5.0 AppleWebKit/537.36 (KHTML, like Gecko; compatible; ClaudeBot/1.0; +claudebot@anthropic.com)"
216.73.216.229 - - [12/Jul/2026:14:32:57 +0200] "GET /=3D%22https:/blogerfrechloginfr.blogspot.com/3D%22http:/tracking.kzexport.cloud/tracking/'%20.%20esc_url('https://%22edit-comments.php?edit=%2Fhome%2Fcosta4%2Fpiacenza.elettroservicegroup.it%2Fwp-includes%2Fms-files.php HTTP/2.0" 403 817 "-" "Mozilla/5.0 AppleWebKit/537.36 (KHTML, like Gecko; compatible; ClaudeBot/1.0; +claudebot@anthropic.com)"
216.73.216.229 - - [12/Jul/2026:14:32:57 +0200] "GET /=3D%22https:/blogerfrechloginfr.blogspot.com/%22https:/go.elementor.com/renew-license-cloud-templates-cloud-tab/edit-comments.php?edit=%2Fhome%2Fcosta4%2Fpublic_html%2Fwp-includes%2Fcss%2Fwp-pointer.css HTTP/2.0" 403 18538 "-" "Mozilla/5.0 AppleWebKit/537.36 (KHTML, like Gecko; compatible; ClaudeBot/1.0; +claudebot@anthropic.com)"
216.73.216.229 - - [12/Jul/2026:14:32:57 +0200] "GET /=3D%22https:/blogerfrechloginfr.blogspot.com/3D%22http:/tracking.kzexport.cloud/tracking/'%20.%20esc_url('https://%22upload.php/%22?edit=%2Fhome%2Fcosta4%2Fmantova.elettroservicegroup.it%2Fwp-includes%2FSimplePie%2Fautoloader.php HTTP/2.0" 403 817 "-" "Mozilla/5.0 AppleWebKit/537.36 (KHTML, like Gecko; compatible; ClaudeBot/1.0; +claudebot@anthropic.com)"
74.7.227.144 - - [12/Jul/2026:14:32:57 +0200] "GET /?view=/usr/lib64/python3.9/pickle.py HTTP/2.0" 200 15282 "https://www.cremona.elettroservicegroup.it/?file=/usr/lib64/python3.9" "Mozilla/5.0 AppleWebKit/537.36 (KHTML, like Gecko; compatible; GPTBot/1.4; +https://openai.com/gptbot)"
216.73.216.229 - - [12/Jul/2026:14:32:57 +0200] "GET /=3D%22https:/blogerfrechloginfr.blogspot.com/3D%22http:/tracking.kzexport.cloud/tracking/'%20.%20esc_url('https://%22edit-comments.php?view=%2Fhome%2Fcosta4%2Fpiacenza.elettroservicegroup.it%2Fwp-admin%2Fmedia.php HTTP/2.0" 403 817 "-" "Mozilla/5.0 AppleWebKit/537.36 (KHTML, like Gecko; compatible; ClaudeBot/1.0; +claudebot@anthropic.com)"
216.73.216.229 - - [12/Jul/2026:14:32:58 +0200] "GET /=3D%22https:/blogerfrechloginfr.blogspot.com/3D%22http:/tracking.kzexport.cloud/tracking/'%20.%20esc_url('https://%22upload.php/%22?edit=%2Fhome%2Fcosta4%2Fverona.elettroservicegroup.it%2Fwp-includes%2Fblocks%2Fnavigation.php HTTP/2.0" 403 817 "-" "Mozilla/5.0 AppleWebKit/537.36 (KHTML, like Gecko; compatible; ClaudeBot/1.0; +claudebot@anthropic.com)"
216.73.216.229 - - [12/Jul/2026:14:32:58 +0200] "GET /=3D%22https:/blogerfrechloginfr.blogspot.com/3D%22http:/tracking.kzexport.cloud/tracking/'%20.%20esc_url('https://%22edit-comments.php?rename=%2Fhome%2Fcosta4%2Fpiacenza.elettroservicegroup.it%2Fwp-admin%2Fsetup-config.php HTTP/2.0" 403 817 "-" "Mozilla/5.0 AppleWebKit/537.36 (KHTML, like Gecko; compatible; ClaudeBot/1.0; +claudebot@anthropic.com)"
216.73.216.229 - - [12/Jul/2026:14:32:58 +0200] "GET /=3D%22https:/blogerfrechloginfr.blogspot.com/3D%22http:/tracking.kzexport.cloud/tracking/'%20.%20esc_url('https://%22edit-comments.php?edit=%2Fhome%2Fcosta4%2Fpiacenza.elettroservicegroup.it%2Fwp-includes%2Fview-transitions.php HTTP/2.0" 403 817 "-" "Mozilla/5.0 AppleWebKit/537.36 (KHTML, like Gecko; compatible; ClaudeBot/1.0; +claudebot@anthropic.com)"
74.7.227.144 - - [12/Jul/2026:14:32:58 +0200] "GET /?view=/usr/lib64/python3.9/locale.py HTTP/2.0" 200 15752 "https://www.cremona.elettroservicegroup.it/?file=/usr/lib64/python3.9" "Mozilla/5.0 AppleWebKit/537.36 (KHTML, like Gecko; compatible; GPTBot/1.4; +https://openai.com/gptbot)"
216.73.216.229 - - [12/Jul/2026:14:32:58 +0200] "GET /=3D%22https:/blogerfrechloginfr.blogspot.com/3D%22http:/tracking.kzexport.cloud/tracking/'%20.%20esc_url('https://%22edit-comments.php?rename=%2Fhome%2Fcosta4%2Fpiacenza.elettroservicegroup.it%2Fwp-admin%2Fabout.php HTTP/2.0" 403 817 "-" "Mozilla/5.0 AppleWebKit/537.36 (KHTML, like Gecko; compatible; ClaudeBot/1.0; +claudebot@anthropic.com)"
216.73.216.229 - - [12/Jul/2026:14:32:58 +0200] "GET /=3D%22https:/blogerfrechloginfr.blogspot.com/3D%22http:/tracking.kzexport.cloud/tracking/'%20.%20esc_url('https://%22edit-comments.php?view=%2Fhome%2Fcosta4%2Fpiacenza.elettroservicegroup.it%2Fwp-includes%2Fvars.php HTTP/2.0" 403 817 "-" "Mozilla/5.0 AppleWebKit/537.36 (KHTML, like Gecko; compatible; ClaudeBot/1.0; +claudebot@anthropic.com)"
216.73.216.229 - - [12/Jul/2026:14:32:58 +0200] "GET /=3D%22https:/blogerfrechloginfr.blogspot.com/3D%22http:/tracking.kzexport.cloud/tracking/'%20.%20esc_url('https://%22edit-comments.php?view=%2Fhome%2Fcosta4%2Fpiacenza.elettroservicegroup.it%2Fwp-includes%2Ffonts.php HTTP/2.0" 403 817 "-" "Mozilla/5.0 AppleWebKit/537.36 (KHTML, like Gecko; compatible; ClaudeBot/1.0; +claudebot@anthropic.com)"
216.73.216.229 - - [12/Jul/2026:14:32:58 +0200] "GET /=3D%22https:/blogerfrechloginfr.blogspot.com/'.admin_url('edit-comments.php?edit=%2Fhome%2Fcosta4%2Fpublic_html%2Fwp-includes%2FSimplePie%2Fsrc%2FHTTP%2FClient.php HTTP/2.0" 403 18519 "-" "Mozilla/5.0 AppleWebKit/537.36 (KHTML, like Gecko; compatible; ClaudeBot/1.0; +claudebot@anthropic.com)"
