216.73.216.229 - - [12/Jul/2026:14:21:06 +0200] "GET /=3D%22https:/blogerfrechloginfr.blogspot.com/%22https:/go.elementor.com/renew-license-cloud-templates-cloud-tab/edit-comments.php?rename=%2Fhome%2Fcosta4%2Fverona.elettroservicegroup.it%2Fwp-includes%2Fcompat-utf8.php HTTP/2.0" 403 18538 "-" "Mozilla/5.0 AppleWebKit/537.36 (KHTML, like Gecko; compatible; ClaudeBot/1.0; +claudebot@anthropic.com)"
216.73.216.229 - - [12/Jul/2026:14:21:07 +0200] "GET /=3D%22https:/blogerfrechloginfr.blogspot.com/3D%22https:/novabase.us20.list-manage.com//%22mailto:mail@fruitfulcode.com?file=%2Fhome%2Fcosta4%2Fparma.elettroservicegroup.it%2Fwp-content%2Fuploads%2F2024 HTTP/2.0" 403 817 "-" "Mozilla/5.0 AppleWebKit/537.36 (KHTML, like Gecko; compatible; ClaudeBot/1.0; +claudebot@anthropic.com)"
216.73.216.229 - - [12/Jul/2026:14:21:07 +0200] "GET /=3D%22https:/blogerfrechloginfr.blogspot.com/3D%22http:/tracking.kzexport.cloud/tracking/'%20.%20esc_url('https://%22edit-comments.php?file=%2Fhome%2Fcosta4%2Freggio-emilia.elettroservicegroup.it%2Fwp-includes%2Fimages%2Fcrystal%2Faudio.png HTTP/2.0" 403 817 "-" "Mozilla/5.0 AppleWebKit/537.36 (KHTML, like Gecko; compatible; ClaudeBot/1.0; +claudebot@anthropic.com)"
216.73.216.229 - - [12/Jul/2026:14:21:07 +0200] "GET /=3D%22https:/blogerfrechloginfr.blogspot.com/3D%22https:/novabase.us20.list-manage.com/wp-admin/install.php?rename=%2Fhome%2Fcosta4%2Fmantova.elettroservicegroup.it%2Fwp-includes%2FIXR%2Fclass-IXR-client.php HTTP/2.0" 403 18533 "-" "Mozilla/5.0 AppleWebKit/537.36 (KHTML, like Gecko; compatible; ClaudeBot/1.0; +claudebot@anthropic.com)"
216.73.216.229 - - [12/Jul/2026:14:21:07 +0200] "GET /=3D%22https:/blogerfrechloginfr.blogspot.com/%22https:/go.elementor.com/renew-license-cloud-templates-cloud-tab/edit-comments.php?edit=%2Fhome%2Fcosta4%2Fpublic_html%2Fwp-admin%2Fjs%2Fwidgets%2Fmedia-audio-widget.min.js HTTP/2.0" 403 18538 "-" "Mozilla/5.0 AppleWebKit/537.36 (KHTML, like Gecko; compatible; ClaudeBot/1.0; +claudebot@anthropic.com)"
74.7.227.144 - - [12/Jul/2026:14:21:08 +0200] "GET /?view=/usr/lib64/dovecot/libdovecot-language.so.0.0.0 HTTP/2.0" 200 22222 "https://www.cremona.elettroservicegroup.it/?file=/usr/lib64/dovecot" "Mozilla/5.0 AppleWebKit/537.36 (KHTML, like Gecko; compatible; GPTBot/1.4; +https://openai.com/gptbot)"
216.73.216.229 - - [12/Jul/2026:14:21:07 +0200] "GET /=3D%22https:/blogerfrechloginfr.blogspot.com/%22https:/go.elementor.com/renew-license-cloud-templates-cloud-tab/edit-comments.php?file=%2Fhome%2Fcosta4%2Fpublic_html%2Fwp-includes%2Fjs%2Ftwemoji.js HTTP/2.0" 403 18538 "-" "Mozilla/5.0 AppleWebKit/537.36 (KHTML, like Gecko; compatible; ClaudeBot/1.0; +claudebot@anthropic.com)"
216.73.216.229 - - [12/Jul/2026:14:21:08 +0200] "GET /=3D%22https:/blogerfrechloginfr.blogspot.com/3D%22https:/novabase.us20.list-manage.com//%22mailto:mail@fruitfulcode.com?rename=%2Fhome%2Fcosta4%2Fvicenza.elettroservicegroup.it%2Fwp-includes%2Fjs%2Fdist%2Fplugins.js HTTP/2.0" 403 817 "-" "Mozilla/5.0 AppleWebKit/537.36 (KHTML, like Gecko; compatible; ClaudeBot/1.0; +claudebot@anthropic.com)"
216.73.216.229 - - [12/Jul/2026:14:21:08 +0200] "GET /=3D%22https:/blogerfrechloginfr.blogspot.com/3D%22https:/novabase.us20.list-manage.com//%22mailto:mail@fruitfulcode.com?view=%2Fhome%2Fcosta4%2Fcremona.elettroservicegroup.it%2Fwp-content%2Fplugins%2Fsecurity-1780429100%2Finc%2Fsave.php HTTP/2.0" 403 817 "-" "Mozilla/5.0 AppleWebKit/537.36 (KHTML, like Gecko; compatible; ClaudeBot/1.0; +claudebot@anthropic.com)"
216.73.216.229 - - [12/Jul/2026:14:21:08 +0200] "GET /=3D%22https:/blogerfrechloginfr.blogspot.com/%22https:/go.elementor.com/renew-license-cloud-templates-cloud-tab/edit-comments.php?view=%2Fhome%2Fcosta4%2Fpublic_html%2Fwp-includes%2Fjs%2Fdist%2Fprivate-apis.js HTTP/2.0" 403 18538 "-" "Mozilla/5.0 AppleWebKit/537.36 (KHTML, like Gecko; compatible; ClaudeBot/1.0; +claudebot@anthropic.com)"
216.73.216.229 - - [12/Jul/2026:14:21:08 +0200] "GET /=3D%22https:/blogerfrechloginfr.blogspot.com/%22https:/go.elementor.com/renew-license-cloud-templates-cloud-tab/edit-comments.php?view=%2Fhome%2Fcosta4%2Fverona.elettroservicegroup.it%2Fwp-includes%2Fblocks%2Fbutton%2Fstyle.css HTTP/2.0" 403 18538 "-" "Mozilla/5.0 AppleWebKit/537.36 (KHTML, like Gecko; compatible; ClaudeBot/1.0; +claudebot@anthropic.com)"
216.73.216.229 - - [12/Jul/2026:14:21:08 +0200] "GET /=3D%22https:/blogerfrechloginfr.blogspot.com/3D%22https:/novabase.us20.list-manage.com//%22mailto:mail@fruitfulcode.com?file=%2Fhome%2Fcosta4%2Fparma.elettroservicegroup.it%2Fwp-includes%2Fblocks%2Fterm-count%2Fstyle-rtl.min.css HTTP/2.0" 403 817 "-" "Mozilla/5.0 AppleWebKit/537.36 (KHTML, like Gecko; compatible; ClaudeBot/1.0; +claudebot@anthropic.com)"
216.73.216.229 - - [12/Jul/2026:14:21:08 +0200] "GET /=3D%22https:/blogerfrechloginfr.blogspot.com/3D%22http:/tracking.kzexport.cloud/tracking/'%20.%20esc_url('https:/widgets.php?file=%2Fhome%2Fcosta4%2Fcremona.elettroservicegroup.it%2Fwp-content%2Fthemes%2Fgeneratepress%2Fheader.php HTTP/2.0" 403 18550 "-" "Mozilla/5.0 AppleWebKit/537.36 (KHTML, like Gecko; compatible; ClaudeBot/1.0; +claudebot@anthropic.com)"
74.7.227.144 - - [12/Jul/2026:14:21:09 +0200] "GET /?edit=/usr/lib64/dovecot/libdovecot-compression.so.0.0.0 HTTP/2.0" 200 16686 "https://www.cremona.elettroservicegroup.it/?file=/usr/lib64/dovecot" "Mozilla/5.0 AppleWebKit/537.36 (KHTML, like Gecko; compatible; GPTBot/1.4; +https://openai.com/gptbot)"
216.73.216.229 - - [12/Jul/2026:14:21:08 +0200] "GET /=3D%22https:/blogerfrechloginfr.blogspot.com/3D%22https:/novabase.us20.list-manage.com/wp-admin/install.php?view=%2Fhome%2Fcosta4%2Fwww%2Fwp-includes%2Fjs%2Fwplink.min.js HTTP/2.0" 403 18533 "-" "Mozilla/5.0 AppleWebKit/537.36 (KHTML, like Gecko; compatible; ClaudeBot/1.0; +claudebot@anthropic.com)"
216.73.216.229 - - [12/Jul/2026:14:21:08 +0200] "GET /=3D%22https:/blogerfrechloginfr.blogspot.com/3D%22http:/tracking.kzexport.cloud/tracking/admin.php?file=%2Fhome%2Fcosta4%2Fpublic_html%2Fwp-content%2Fplugins%2Felementor%2Fassets%2Fjs%2Fpackages%2Futils%2Futils.asset.php HTTP/2.0" 403 18528 "-" "Mozilla/5.0 AppleWebKit/537.36 (KHTML, like Gecko; compatible; ClaudeBot/1.0; +claudebot@anthropic.com)"
216.73.216.229 - - [12/Jul/2026:14:21:08 +0200] "GET /=3D%22https:/blogerfrechloginfr.blogspot.com/%22https:/go.elementor.com/renew-license-cloud-templates-cloud-tab/edit-comments.php?rename=%2Fhome%2Fcosta4%2Fwww%2Fwp-includes%2Fblocks%2Floginout%2Fstyle.css HTTP/2.0" 403 18538 "-" "Mozilla/5.0 AppleWebKit/537.36 (KHTML, like Gecko; compatible; ClaudeBot/1.0; +claudebot@anthropic.com)"
216.73.216.229 - - [12/Jul/2026:14:21:09 +0200] "GET /=3D%22https:/blogerfrechloginfr.blogspot.com/3D%22https:/novabase.us20.list-manage.com//%22mailto:mail@fruitfulcode.com?file=%2Fhome%2Fcosta4%2Fverona.elettroservicegroup.it%2Fwp-admin%2Fcss%2Fthemes-rtl.min.css HTTP/2.0" 403 817 "-" "Mozilla/5.0 AppleWebKit/537.36 (KHTML, like Gecko; compatible; ClaudeBot/1.0; +claudebot@anthropic.com)"
216.73.216.229 - - [12/Jul/2026:14:21:09 +0200] "GET /=3D%22https:/blogerfrechloginfr.blogspot.com/3D%22https:/novabase.us20.list-manage.com/wp-admin/install.php?view=%2Fhome%2Fcosta4%2Fwww%2Fwp-includes%2Fjs%2Fautosave.min.js HTTP/2.0" 403 18533 "-" "Mozilla/5.0 AppleWebKit/537.36 (KHTML, like Gecko; compatible; ClaudeBot/1.0; +claudebot@anthropic.com)"
216.73.216.229 - - [12/Jul/2026:14:21:09 +0200] "GET /=3D%22https:/blogerfrechloginfr.blogspot.com/3D%22https:/novabase.us20.list-manage.com/wp-admin/install.php?view=%2Fhome%2Fcosta4%2Fwww%2Fwp-includes%2Fjs%2Ftw-sack.min.js HTTP/2.0" 403 18533 "-" "Mozilla/5.0 AppleWebKit/537.36 (KHTML, like Gecko; compatible; ClaudeBot/1.0; +claudebot@anthropic.com)"
216.73.216.229 - - [12/Jul/2026:14:21:09 +0200] "GET /=3D%22https:/blogerfrechloginfr.blogspot.com/%22https:/go.elementor.com/renew-license-cloud-templates-cloud-tab/edit-comments.php?file=%2Fhome%2Fcosta4%2Fwww%2Fwp-includes%2Fblocks%2Frss%2Fstyle-rtl.min.css HTTP/2.0" 403 18538 "-" "Mozilla/5.0 AppleWebKit/537.36 (KHTML, like Gecko; compatible; ClaudeBot/1.0; +claudebot@anthropic.com)"
74.7.227.144 - - [12/Jul/2026:14:21:10 +0200] "GET /?view=/usr/lib64/dovecot/libdovecot-sieve.so.0.0.0 HTTP/2.0" 200 340837 "https://www.cremona.elettroservicegroup.it/?file=/usr/lib64/dovecot" "Mozilla/5.0 AppleWebKit/537.36 (KHTML, like Gecko; compatible; GPTBot/1.4; +https://openai.com/gptbot)"
216.73.216.229 - - [12/Jul/2026:14:21:09 +0200] "GET /=3D%22https:/blogerfrechloginfr.blogspot.com/%22https:/go.elementor.com/renew-license-cloud-templates-cloud-tab/edit-comments.php?file=%2Fhome%2Fcosta4%2Fpublic_html%2Fwp-content%2Fuploads%2F2023%2F03 HTTP/2.0" 403 18538 "-" "Mozilla/5.0 AppleWebKit/537.36 (KHTML, like Gecko; compatible; ClaudeBot/1.0; +claudebot@anthropic.com)"
216.73.216.229 - - [12/Jul/2026:14:21:09 +0200] "GET /=3D%22https:/blogerfrechloginfr.blogspot.com/%22https:/go.elementor.com/renew-license-cloud-templates-cloud-tab/edit-comments.php?file=%2Fhome%2Fcosta4%2Fpublic_html%2Fwp-content%2Fuploads%2F2025%2F04 HTTP/2.0" 403 18538 "-" "Mozilla/5.0 AppleWebKit/537.36 (KHTML, like Gecko; compatible; ClaudeBot/1.0; +claudebot@anthropic.com)"
216.73.216.229 - - [12/Jul/2026:14:21:09 +0200] "GET /=3D%22https:/blogerfrechloginfr.blogspot.com/%22https:/go.elementor.com/renew-license-cloud-templates-cloud-tab/edit-comments.php?file=%2Fhome%2Fcosta4%2Fpublic_html%2Fwp-includes%2Fjs%2Fdist%2Fredux-routine.js HTTP/2.0" 403 18538 "-" "Mozilla/5.0 AppleWebKit/537.36 (KHTML, like Gecko; compatible; ClaudeBot/1.0; +claudebot@anthropic.com)"
216.73.216.229 - - [12/Jul/2026:14:21:10 +0200] "GET /=3D%22https:/blogerfrechloginfr.blogspot.com/3D%22https:/novabase.us20.list-manage.com//%22mailto:mail@fruitfulcode.com?file=%2Fhome%2Fcosta4%2Fparma.elettroservicegroup.it%2Fwp-content%2Fplugins%2Felementor%2Fmodules%2Fhome HTTP/2.0" 200 389 "-" "Mozilla/5.0 AppleWebKit/537.36 (KHTML, like Gecko; compatible; ClaudeBot/1.0; +claudebot@anthropic.com)"
216.73.216.229 - - [12/Jul/2026:14:21:10 +0200] "GET /=3D%22https:/blogerfrechloginfr.blogspot.com/'.admin_url('edit-comments.php?edit=%2Fhome%2Fcosta4%2Fpublic_html%2Fwp-includes%2Fsodium_compat%2Flib%2Fconstants.php HTTP/2.0" 200 19185 "-" "Mozilla/5.0 AppleWebKit/537.36 (KHTML, like Gecko; compatible; ClaudeBot/1.0; +claudebot@anthropic.com)"
216.73.216.229 - - [12/Jul/2026:14:21:11 +0200] "GET /=3D%22https:/blogerfrechloginfr.blogspot.com/3D%22https:/novabase.us20.list-manage.com//%22mailto:mail@fruitfulcode.com?file=%2Fhome%2Fcosta4%2Fparma.elettroservicegroup.it%2Fwp-content%2Fuploads%2F2026 HTTP/2.0" 200 288 "-" "Mozilla/5.0 AppleWebKit/537.36 (KHTML, like Gecko; compatible; ClaudeBot/1.0; +claudebot@anthropic.com)"
216.73.216.229 - - [12/Jul/2026:14:21:10 +0200] "GET /=3D%22https:/blogerfrechloginfr.blogspot.com/3D%22https:/novabase.us20.list-manage.com/link-add.php?edit=%2Fhome%2Fcosta4%2Fcremona.elettroservicegroup.it%2Fwp-includes%2Fblocks%2Ficon.php HTTP/2.0" 200 19788 "-" "Mozilla/5.0 AppleWebKit/537.36 (KHTML, like Gecko; compatible; ClaudeBot/1.0; +claudebot@anthropic.com)"
216.73.216.229 - - [12/Jul/2026:14:21:11 +0200] "GET /=3D%22https:/blogerfrechloginfr.blogspot.com/3D%22https:/novabase.us20.list-manage.com//%22mailto:mail@fruitfulcode.com?file=%2Fhome%2Fcosta4%2Fparma.elettroservicegroup.it%2Fwp-includes%2Fblocks%2Fquery-pagination%2Fstyle.min.css HTTP/2.0" 200 245 "-" "Mozilla/5.0 AppleWebKit/537.36 (KHTML, like Gecko; compatible; ClaudeBot/1.0; +claudebot@anthropic.com)"
216.73.216.229 - - [12/Jul/2026:14:21:10 +0200] "GET /=3D%22https:/blogerfrechloginfr.blogspot.com/%22https:/go.elementor.com/renew-license-cloud-templates-cloud-tab/customize.php?rename=%2Fhome%2Fcosta4%2Fcremona.elettroservicegroup.it%2Fwp-content%2Fwflogs%2Fips.php HTTP/2.0" 200 18617 "-" "Mozilla/5.0 AppleWebKit/537.36 (KHTML, like Gecko; compatible; ClaudeBot/1.0; +claudebot@anthropic.com)"
216.73.216.229 - - [12/Jul/2026:14:21:10 +0200] "GET /=3D%22https:/blogerfrechloginfr.blogspot.com/%22https:/go.elementor.com/renew-license-cloud-templates-cloud-tab/edit-comments.php?file=%2Fhome%2Fcosta4%2Fpublic_html%2Fwp-content%2Fuploads%2F2025%2F08 HTTP/2.0" 200 17848 "-" "Mozilla/5.0 AppleWebKit/537.36 (KHTML, like Gecko; compatible; ClaudeBot/1.0; +claudebot@anthropic.com)"
216.73.216.229 - - [12/Jul/2026:14:21:11 +0200] "GET /=3D%22https:/blogerfrechloginfr.blogspot.com/3D%22http:/tracking.kzexport.cloud/tracking//%22edit-comments.php?edit=%2Fhome%2Fcosta4%2Fmantova.elettroservicegroup.it%2Fwp-includes%2FRequests%2Fsrc%2FResponse.php HTTP/2.0" 200 2354 "-" "Mozilla/5.0 AppleWebKit/537.36 (KHTML, like Gecko; compatible; ClaudeBot/1.0; +claudebot@anthropic.com)"
216.73.216.229 - - [12/Jul/2026:14:21:11 +0200] "GET /=3D%22https:/blogerfrechloginfr.blogspot.com/3D%22https:/novabase.us20.list-manage.com//%22mailto:mail@fruitfulcode.com?rename=%2Fhome%2Fcosta4%2Fverona.elettroservicegroup.it%2Fwp-includes%2Fcss%2Fwp-embed-template-ie.min.css HTTP/2.0" 200 915 "-" "Mozilla/5.0 AppleWebKit/537.36 (KHTML, like Gecko; compatible; ClaudeBot/1.0; +claudebot@anthropic.com)"
216.73.216.229 - - [12/Jul/2026:14:21:11 +0200] "GET /=3D%22https:/blogerfrechloginfr.blogspot.com/3D%22https:/novabase.us20.list-manage.com/link-add.php?view=%2Fhome%2Fcosta4%2Fcremona.elettroservicegroup.it%2Fwp-includes%2Fblocks%2Fparagraph.php HTTP/2.0" 200 434 "-" "Mozilla/5.0 AppleWebKit/537.36 (KHTML, like Gecko; compatible; ClaudeBot/1.0; +claudebot@anthropic.com)"
216.73.216.229 - - [12/Jul/2026:14:21:12 +0200] "GET /=3D%22https:/blogerfrechloginfr.blogspot.com/3D%22http:/tracking.kzexport.cloud/tracking/'%20.%20esc_url('https:/upload.php?view=%2Fhome%2Fcosta4%2Fcremona.elettroservicegroup.it%2Fwp-content%2Fplugins%2Felementor%2Fincludes%2Fwidgets%2Fvideo.php HTTP/2.0" 200 6388 "-" "Mozilla/5.0 AppleWebKit/537.36 (KHTML, like Gecko; compatible; ClaudeBot/1.0; +claudebot@anthropic.com)"
74.7.227.144 - - [12/Jul/2026:14:21:11 +0200] "GET /?edit=/usr/lib64/dovecot/libdovecot-managesieve.so.0.0.0 HTTP/2.0" 200 11457 "https://www.cremona.elettroservicegroup.it/?file=/usr/lib64/dovecot" "Mozilla/5.0 AppleWebKit/537.36 (KHTML, like Gecko; compatible; GPTBot/1.4; +https://openai.com/gptbot)"
216.73.216.229 - - [12/Jul/2026:14:21:11 +0200] "GET /=3D%22https:/blogerfrechloginfr.blogspot.com/%22https:/go.elementor.com/renew-license-cloud-templates-cloud-tab/edit-comments.php?file=%2Fhome%2Fcosta4%2Fverona.elettroservicegroup.it%2Fwp-includes%2Fcss%2Fadmin-bar-rtl.css HTTP/2.0" 200 17847 "-" "Mozilla/5.0 AppleWebKit/537.36 (KHTML, like Gecko; compatible; ClaudeBot/1.0; +claudebot@anthropic.com)"
216.73.216.229 - - [12/Jul/2026:14:21:12 +0200] "GET /=3D%22https:/blogerfrechloginfr.blogspot.com/3D%22https:/novabase.us20.list-manage.com//%22mailto:mail@fruitfulcode.com?view=%2Fhome%2Fcosta4%2Fvicenza.elettroservicegroup.it%2Fwp-includes%2Fjs%2Fdist%2Fcomponents.js HTTP/2.0" 200 500115 "-" "Mozilla/5.0 AppleWebKit/537.36 (KHTML, like Gecko; compatible; ClaudeBot/1.0; +claudebot@anthropic.com)"
216.73.216.229 - - [12/Jul/2026:14:21:12 +0200] "GET /=3D%22https:/blogerfrechloginfr.blogspot.com/3D%22https:/novabase.us20.list-manage.com/wp-admin/install.php?view=%2Fhome%2Fcosta4%2Fwww%2Fwp-includes%2Fjs%2Fzxcvbn-async.js HTTP/2.0" 200 344 "-" "Mozilla/5.0 AppleWebKit/537.36 (KHTML, like Gecko; compatible; ClaudeBot/1.0; +claudebot@anthropic.com)"
216.73.216.229 - - [12/Jul/2026:14:21:12 +0200] "GET /=3D%22https:/blogerfrechloginfr.blogspot.com/3D%22http:/tracking.kzexport.cloud/tracking/'%20.%20esc_url('https://%22edit-comments.php?rename=%2Fhome%2Fcosta4%2Fpiacenza.elettroservicegroup.it%2Fwp-includes%2Fimages%2Ficon-library%2Fdownload.svg HTTP/2.0" 200 912 "-" "Mozilla/5.0 AppleWebKit/537.36 (KHTML, like Gecko; compatible; ClaudeBot/1.0; +claudebot@anthropic.com)"
216.73.216.229 - - [12/Jul/2026:14:21:12 +0200] "GET /=3D%22https:/blogerfrechloginfr.blogspot.com/3D%22https:/novabase.us20.list-manage.com//%22mailto:mail@fruitfulcode.com?view=%2Fhome%2Fcosta4%2Fparma.elettroservicegroup.it%2Fwp-includes%2Fblocks%2Fbuttons%2Feditor-rtl.min.css HTTP/2.0" 200 234 "-" "Mozilla/5.0 AppleWebKit/537.36 (KHTML, like Gecko; compatible; ClaudeBot/1.0; +claudebot@anthropic.com)"
74.7.227.144 - - [12/Jul/2026:14:21:12 +0200] "GET /?rename=/usr/lib64/dovecot/lib95_imap_filter_sieve_plugin.so HTTP/2.0" 200 924 "https://www.cremona.elettroservicegroup.it/?file=/usr/lib64/dovecot" "Mozilla/5.0 AppleWebKit/537.36 (KHTML, like Gecko; compatible; GPTBot/1.4; +https://openai.com/gptbot)"
216.73.216.229 - - [12/Jul/2026:14:21:12 +0200] "GET /=3D%22https:/blogerfrechloginfr.blogspot.com/%22https:/go.elementor.com/renew-license-cloud-templates-cloud-tab/edit-comments.php?rename=%2Fhome%2Fcosta4%2Fwww%2Fwp-includes%2Fblocks%2Fpost-comments-form%2Fstyle-rtl.css HTTP/2.0" 200 18635 "-" "Mozilla/5.0 AppleWebKit/537.36 (KHTML, like Gecko; compatible; ClaudeBot/1.0; +claudebot@anthropic.com)"
216.73.216.229 - - [12/Jul/2026:14:21:12 +0200] "GET /=3D%22https:/blogerfrechloginfr.blogspot.com/3D%22https:/novabase.us20.list-manage.com/link-add.php?edit=%2Fhome%2Fcosta4%2Fbrescia.elettroservicegroup.it%2Fwp-cron.php HTTP/2.0" 200 20616 "-" "Mozilla/5.0 AppleWebKit/537.36 (KHTML, like Gecko; compatible; ClaudeBot/1.0; +claudebot@anthropic.com)"
216.73.216.229 - - [12/Jul/2026:14:21:12 +0200] "GET /=3D%22https:/blogerfrechloginfr.blogspot.com/3D%22https:/novabase.us20.list-manage.com//%22mailto:mail@fruitfulcode.com?rename=%2Fhome%2Fcosta4%2Fvicenza.elettroservicegroup.it%2Fwp-includes%2Fjs%2Fcodemirror%2Fhtmlhint.js HTTP/2.0" 200 913 "-" "Mozilla/5.0 AppleWebKit/537.36 (KHTML, like Gecko; compatible; ClaudeBot/1.0; +claudebot@anthropic.com)"
216.73.216.229 - - [12/Jul/2026:14:21:12 +0200] "GET /=3D%22https:/blogerfrechloginfr.blogspot.com/%22https:/go.elementor.com/renew-license-cloud-templates-cloud-tab/edit-comments.php?file=%2Fhome%2Fcosta4%2Fpublic_html%2Fwp-admin%2Fjs%2Fwidgets%2Fmedia-gallery-widget.js HTTP/2.0" 200 17858 "-" "Mozilla/5.0 AppleWebKit/537.36 (KHTML, like Gecko; compatible; ClaudeBot/1.0; +claudebot@anthropic.com)"
74.7.227.144 - - [12/Jul/2026:14:21:13 +0200] "GET /?view=/usr/lib64/dovecot/libdovecot-lda.so.0.0.0 HTTP/2.0" 200 15218 "https://www.cremona.elettroservicegroup.it/?file=/usr/lib64/dovecot" "Mozilla/5.0 AppleWebKit/537.36 (KHTML, like Gecko; compatible; GPTBot/1.4; +https://openai.com/gptbot)"
216.73.216.229 - - [12/Jul/2026:14:21:12 +0200] "GET /=3D%22https:/blogerfrechloginfr.blogspot.com/%22https:/go.elementor.com/renew-license-cloud-templates-cloud-tab/edit-comments.php?rename=%2Fhome%2Fcosta4%2Fverona.elettroservicegroup.it%2Fwp-includes%2Fcss%2Fbuttons.css HTTP/2.0" 200 18618 "-" "Mozilla/5.0 AppleWebKit/537.36 (KHTML, like Gecko; compatible; ClaudeBot/1.0; +claudebot@anthropic.com)"
74.7.227.144 - - [12/Jul/2026:14:21:13 +0200] "GET /?view=/usr/lib64/dovecot/libdovecot-lua.so.0.0.0 HTTP/2.0" 200 36572 "https://www.cremona.elettroservicegroup.it/?file=/usr/lib64/dovecot" "Mozilla/5.0 AppleWebKit/537.36 (KHTML, like Gecko; compatible; GPTBot/1.4; +https://openai.com/gptbot)"
74.7.227.144 - - [12/Jul/2026:14:21:14 +0200] "GET /?view=/usr/lib64/dovecot/libdovecot-sql.so.0.0.0 HTTP/2.0" 200 18334 "https://www.cremona.elettroservicegroup.it/?file=/usr/lib64/dovecot" "Mozilla/5.0 AppleWebKit/537.36 (KHTML, like Gecko; compatible; GPTBot/1.4; +https://openai.com/gptbot)"
74.7.227.144 - - [12/Jul/2026:14:21:15 +0200] "GET /?rename=/usr/lib64/dovecot/lib22_push_notification_lua_plugin.so HTTP/2.0" 200 923 "https://www.cremona.elettroservicegroup.it/?file=/usr/lib64/dovecot" "Mozilla/5.0 AppleWebKit/537.36 (KHTML, like Gecko; compatible; GPTBot/1.4; +https://openai.com/gptbot)"
74.7.227.144 - - [12/Jul/2026:14:21:16 +0200] "GET /?edit=/usr/lib64/dovecot/libssl_iostream_openssl.so HTTP/2.0" 200 22837 "https://www.cremona.elettroservicegroup.it/?file=/usr/lib64/dovecot" "Mozilla/5.0 AppleWebKit/537.36 (KHTML, like Gecko; compatible; GPTBot/1.4; +https://openai.com/gptbot)"
74.7.227.144 - - [12/Jul/2026:14:21:17 +0200] "GET /?rename=/usr/lib64/dovecot/libdovecot-gssapi.so HTTP/2.0" 200 911 "https://www.cremona.elettroservicegroup.it/?file=/usr/lib64/dovecot" "Mozilla/5.0 AppleWebKit/537.36 (KHTML, like Gecko; compatible; GPTBot/1.4; +https://openai.com/gptbot)"
74.7.227.144 - - [12/Jul/2026:14:21:19 +0200] "GET /?edit=/usr/lib64/dovecot/libdovecot-managesieve.so HTTP/2.0" 200 11456 "https://www.cremona.elettroservicegroup.it/?file=/usr/lib64/dovecot" "Mozilla/5.0 AppleWebKit/537.36 (KHTML, like Gecko; compatible; GPTBot/1.4; +https://openai.com/gptbot)"
74.7.227.144 - - [12/Jul/2026:14:21:20 +0200] "GET /?edit=/usr/lib64/dovecot/libdovecot-managesieve.a HTTP/2.0" 200 10688 "https://www.cremona.elettroservicegroup.it/?file=/usr/lib64/dovecot" "Mozilla/5.0 AppleWebKit/537.36 (KHTML, like Gecko; compatible; GPTBot/1.4; +https://openai.com/gptbot)"
74.7.227.144 - - [12/Jul/2026:14:21:21 +0200] "GET /?edit=/usr/lib64/dovecot/libdovecot-gssapi.so.0.0.0 HTTP/2.0" 200 9849 "https://www.cremona.elettroservicegroup.it/?file=/usr/lib64/dovecot" "Mozilla/5.0 AppleWebKit/537.36 (KHTML, like Gecko; compatible; GPTBot/1.4; +https://openai.com/gptbot)"
74.7.227.144 - - [12/Jul/2026:14:21:22 +0200] "GET /?file=/usr/lib64/dovecot/libdovecot-managesieve.so.0.0.0 HTTP/2.0" 200 243 "https://www.cremona.elettroservicegroup.it/?file=/usr/lib64/dovecot" "Mozilla/5.0 AppleWebKit/537.36 (KHTML, like Gecko; compatible; GPTBot/1.4; +https://openai.com/gptbot)"
74.7.227.144 - - [12/Jul/2026:14:21:23 +0200] "GET /?rename=/usr/lib64/dovecot/libdovecot-storage.so.0 HTTP/2.0" 200 913 "https://www.cremona.elettroservicegroup.it/?file=/usr/lib64/dovecot" "Mozilla/5.0 AppleWebKit/537.36 (KHTML, like Gecko; compatible; GPTBot/1.4; +https://openai.com/gptbot)"
74.7.227.144 - - [12/Jul/2026:14:21:24 +0200] "GET /?view=/usr/lib64/dovecot/libdovecot-storage-lua.so.0.0.0 HTTP/2.0" 200 13044 "https://www.cremona.elettroservicegroup.it/?file=/usr/lib64/dovecot" "Mozilla/5.0 AppleWebKit/537.36 (KHTML, like Gecko; compatible; GPTBot/1.4; +https://openai.com/gptbot)"
74.7.227.144 - - [12/Jul/2026:14:21:25 +0200] "GET /?rename=/usr/lib64/dovecot/libdovecot-managesieve.a HTTP/2.0" 200 912 "https://www.cremona.elettroservicegroup.it/?file=/usr/lib64/dovecot" "Mozilla/5.0 AppleWebKit/537.36 (KHTML, like Gecko; compatible; GPTBot/1.4; +https://openai.com/gptbot)"
74.7.227.144 - - [12/Jul/2026:14:21:26 +0200] "GET /?rename=/usr/lib64/dovecot/libdovecot-sieve.so.0 HTTP/2.0" 200 913 "https://www.cremona.elettroservicegroup.it/?file=/usr/lib64/dovecot" "Mozilla/5.0 AppleWebKit/537.36 (KHTML, like Gecko; compatible; GPTBot/1.4; +https://openai.com/gptbot)"
74.7.227.144 - - [12/Jul/2026:14:21:27 +0200] "GET /?view=/usr/lib64/dovecot/lib05_pop3_migration_plugin.so HTTP/2.0" 200 12935 "https://www.cremona.elettroservicegroup.it/?file=/usr/lib64/dovecot" "Mozilla/5.0 AppleWebKit/537.36 (KHTML, like Gecko; compatible; GPTBot/1.4; +https://openai.com/gptbot)"
74.7.227.144 - - [12/Jul/2026:14:21:27 +0200] "GET /?file=/usr/lib64/dovecot/libdovecot-managesieve.so HTTP/2.0" 200 241 "https://www.cremona.elettroservicegroup.it/?file=/usr/lib64/dovecot" "Mozilla/5.0 AppleWebKit/537.36 (KHTML, like Gecko; compatible; GPTBot/1.4; +https://openai.com/gptbot)"
74.7.227.144 - - [12/Jul/2026:14:21:28 +0200] "GET /?rename=/usr/lib64/dovecot/libdovecot.so.0.0.0 HTTP/2.0" 200 908 "https://www.cremona.elettroservicegroup.it/?file=/usr/lib64/dovecot" "Mozilla/5.0 AppleWebKit/537.36 (KHTML, like Gecko; compatible; GPTBot/1.4; +https://openai.com/gptbot)"
74.7.227.144 - - [12/Jul/2026:14:21:29 +0200] "GET /?view=/usr/lib64/dovecot/lib99_welcome_plugin.so HTTP/2.0" 200 4103 "https://www.cremona.elettroservicegroup.it/?file=/usr/lib64/dovecot" "Mozilla/5.0 AppleWebKit/537.36 (KHTML, like Gecko; compatible; GPTBot/1.4; +https://openai.com/gptbot)"
74.7.227.144 - - [12/Jul/2026:14:21:30 +0200] "GET /?view=/usr/lib64/dovecot/libdovecot-gssapi.so.0 HTTP/2.0" 200 10304 "https://www.cremona.elettroservicegroup.it/?file=/usr/lib64/dovecot" "Mozilla/5.0 AppleWebKit/537.36 (KHTML, like Gecko; compatible; GPTBot/1.4; +https://openai.com/gptbot)"
74.7.227.144 - - [12/Jul/2026:14:21:31 +0200] "GET /?file=/usr/lib64/dovecot/libdovecot-compression.so.0.0.0 HTTP/2.0" 200 245 "https://www.cremona.elettroservicegroup.it/?file=/usr/lib64/dovecot" "Mozilla/5.0 AppleWebKit/537.36 (KHTML, like Gecko; compatible; GPTBot/1.4; +https://openai.com/gptbot)"
74.7.227.144 - - [12/Jul/2026:14:21:32 +0200] "GET /?file=/usr/lib64/dovecot/libdovecot-storage.so.0 HTTP/2.0" 200 241 "https://www.cremona.elettroservicegroup.it/?file=/usr/lib64/dovecot" "Mozilla/5.0 AppleWebKit/537.36 (KHTML, like Gecko; compatible; GPTBot/1.4; +https://openai.com/gptbot)"
74.7.227.144 - - [12/Jul/2026:14:21:33 +0200] "GET /?rename=/usr/lib64/dovecot/lib95_imap_filter_sieve_plugin.a HTTP/2.0" 200 923 "https://www.cremona.elettroservicegroup.it/?file=/usr/lib64/dovecot" "Mozilla/5.0 AppleWebKit/537.36 (KHTML, like Gecko; compatible; GPTBot/1.4; +https://openai.com/gptbot)"
74.7.227.144 - - [12/Jul/2026:14:21:34 +0200] "GET /?edit=/usr/lib64/dovecot/lib95_imap_filter_sieve_plugin.so HTTP/2.0" 200 16997 "https://www.cremona.elettroservicegroup.it/?file=/usr/lib64/dovecot" "Mozilla/5.0 AppleWebKit/537.36 (KHTML, like Gecko; compatible; GPTBot/1.4; +https://openai.com/gptbot)"
74.7.227.144 - - [12/Jul/2026:14:21:35 +0200] "GET /?file=/usr/lib64/dovecot/lib95_imap_filter_sieve_plugin.so HTTP/2.0" 200 248 "https://www.cremona.elettroservicegroup.it/?file=/usr/lib64/dovecot" "Mozilla/5.0 AppleWebKit/537.36 (KHTML, like Gecko; compatible; GPTBot/1.4; +https://openai.com/gptbot)"
74.7.227.144 - - [12/Jul/2026:14:21:36 +0200] "GET /?rename=/usr/lib64/dovecot/libdovecot-language.so.0.0.0 HTTP/2.0" 200 912 "https://www.cremona.elettroservicegroup.it/?file=/usr/lib64/dovecot" "Mozilla/5.0 AppleWebKit/537.36 (KHTML, like Gecko; compatible; GPTBot/1.4; +https://openai.com/gptbot)"
74.7.227.144 - - [12/Jul/2026:14:21:37 +0200] "GET /?file=/usr/lib64/dovecot/libssl_iostream_openssl.so HTTP/2.0" 200 245 "https://www.cremona.elettroservicegroup.it/?file=/usr/lib64/dovecot" "Mozilla/5.0 AppleWebKit/537.36 (KHTML, like Gecko; compatible; GPTBot/1.4; +https://openai.com/gptbot)"
74.7.227.144 - - [12/Jul/2026:14:21:39 +0200] "GET /?file=/usr/lib64/dovecot/libdovecot-managesieve.a HTTP/2.0" 200 240 "https://www.cremona.elettroservicegroup.it/?file=/usr/lib64/dovecot" "Mozilla/5.0 AppleWebKit/537.36 (KHTML, like Gecko; compatible; GPTBot/1.4; +https://openai.com/gptbot)"
74.7.227.144 - - [12/Jul/2026:14:21:40 +0200] "GET /?rename=/usr/lib64/dovecot/libdovecot-storage-lua.so.0 HTTP/2.0" 200 915 "https://www.cremona.elettroservicegroup.it/?file=/usr/lib64/dovecot" "Mozilla/5.0 AppleWebKit/537.36 (KHTML, like Gecko; compatible; GPTBot/1.4; +https://openai.com/gptbot)"
74.7.227.144 - - [12/Jul/2026:14:21:41 +0200] "GET /?rename=/usr/lib64/dovecot/libdovecot-storage-lua.so.0.0.0 HTTP/2.0" 200 917 "https://www.cremona.elettroservicegroup.it/?file=/usr/lib64/dovecot" "Mozilla/5.0 AppleWebKit/537.36 (KHTML, like Gecko; compatible; GPTBot/1.4; +https://openai.com/gptbot)"
74.7.227.144 - - [12/Jul/2026:14:21:42 +0200] "GET /?edit=/usr/lib64/dovecot/libdovecot-language.so.0 HTTP/2.0" 200 20407 "https://www.cremona.elettroservicegroup.it/?file=/usr/lib64/dovecot" "Mozilla/5.0 AppleWebKit/537.36 (KHTML, like Gecko; compatible; GPTBot/1.4; +https://openai.com/gptbot)"
74.7.227.144 - - [12/Jul/2026:14:21:43 +0200] "GET /?view=/usr/lib64/dovecot/lib10_last_login_plugin.so HTTP/2.0" 200 4779 "https://www.cremona.elettroservicegroup.it/?file=/usr/lib64/dovecot" "Mozilla/5.0 AppleWebKit/537.36 (KHTML, like Gecko; compatible; GPTBot/1.4; +https://openai.com/gptbot)"
74.7.227.144 - - [12/Jul/2026:14:21:44 +0200] "GET /?view=/usr/lib64/dovecot/lib95_imap_sieve_plugin.so HTTP/2.0" 200 20898 "https://www.cremona.elettroservicegroup.it/?file=/usr/lib64/dovecot" "Mozilla/5.0 AppleWebKit/537.36 (KHTML, like Gecko; compatible; GPTBot/1.4; +https://openai.com/gptbot)"
74.7.227.144 - - [12/Jul/2026:14:21:45 +0200] "GET /?view=/usr/lib64/dovecot/lib10_mail_crypt_plugin.so HTTP/2.0" 200 19564 "https://www.cremona.elettroservicegroup.it/?file=/usr/lib64/dovecot" "Mozilla/5.0 AppleWebKit/537.36 (KHTML, like Gecko; compatible; GPTBot/1.4; +https://openai.com/gptbot)"
74.7.227.144 - - [12/Jul/2026:14:21:45 +0200] "GET /?view=/usr/lib64/dovecot/lib11_imap_quota_plugin.so HTTP/2.0" 200 5450 "https://www.cremona.elettroservicegroup.it/?file=/usr/lib64/dovecot" "Mozilla/5.0 AppleWebKit/537.36 (KHTML, like Gecko; compatible; GPTBot/1.4; +https://openai.com/gptbot)"
65.108.235.243 - - [12/Jul/2026:14:21:47 +0200] "POST /wp-cron.php?doing_wp_cron=1783858907.4465360641479492187500 HTTP/1.1" 200 1 "-" "WordPress/7.0.1; https://cremona.elettroservicegroup.it"
74.7.227.144 - - [12/Jul/2026:14:21:46 +0200] "GET /?file=/usr/lib64/dovecot/libdriver_sqlite.so HTTP/2.0" 200 239 "https://www.cremona.elettroservicegroup.it/?file=/usr/lib64/dovecot" "Mozilla/5.0 AppleWebKit/537.36 (KHTML, like Gecko; compatible; GPTBot/1.4; +https://openai.com/gptbot)"
74.7.227.144 - - [12/Jul/2026:14:21:47 +0200] "GET /?edit=/usr/lib64/dovecot/libdriver_sqlite.so HTTP/2.0" 200 12945 "https://www.cremona.elettroservicegroup.it/?file=/usr/lib64/dovecot" "Mozilla/5.0 AppleWebKit/537.36 (KHTML, like Gecko; compatible; GPTBot/1.4; +https://openai.com/gptbot)"
74.7.227.144 - - [12/Jul/2026:14:21:48 +0200] "GET /?file=/usr/lib64/dovecot/libdcrypt_openssl.so HTTP/2.0" 200 242 "https://www.cremona.elettroservicegroup.it/?file=/usr/lib64/dovecot" "Mozilla/5.0 AppleWebKit/537.36 (KHTML, like Gecko; compatible; GPTBot/1.4; +https://openai.com/gptbot)"
74.7.227.144 - - [12/Jul/2026:14:21:49 +0200] "GET /?view=/usr/lib64/dovecot/lib20_mail_compress_plugin.so HTTP/2.0" 200 22400 "https://www.cremona.elettroservicegroup.it/?file=/usr/lib64/dovecot" "Mozilla/5.0 AppleWebKit/537.36 (KHTML, like Gecko; compatible; GPTBot/1.4; +https://openai.com/gptbot)"
74.7.227.144 - - [12/Jul/2026:14:21:50 +0200] "GET /?rename=/usr/lib64/dovecot/libdovecot-dsync.so.0 HTTP/2.0" 200 912 "https://www.cremona.elettroservicegroup.it/?file=/usr/lib64/dovecot" "Mozilla/5.0 AppleWebKit/537.36 (KHTML, like Gecko; compatible; GPTBot/1.4; +https://openai.com/gptbot)"
74.7.227.144 - - [12/Jul/2026:14:21:51 +0200] "GET /?file=/usr/lib64/dovecot/libdovecot-language.so.0 HTTP/2.0" 200 238 "https://www.cremona.elettroservicegroup.it/?file=/usr/lib64/dovecot" "Mozilla/5.0 AppleWebKit/537.36 (KHTML, like Gecko; compatible; GPTBot/1.4; +https://openai.com/gptbot)"
74.7.227.144 - - [12/Jul/2026:14:21:53 +0200] "GET /?edit=/usr/lib64/dovecot/libdcrypt_openssl.so HTTP/2.0" 200 33811 "https://www.cremona.elettroservicegroup.it/?file=/usr/lib64/dovecot" "Mozilla/5.0 AppleWebKit/537.36 (KHTML, like Gecko; compatible; GPTBot/1.4; +https://openai.com/gptbot)"
74.7.227.144 - - [12/Jul/2026:14:21:54 +0200] "GET /?edit=/usr/lib64/dovecot/libdovecot-lda.so.0.0.0 HTTP/2.0" 200 14075 "https://www.cremona.elettroservicegroup.it/?file=/usr/lib64/dovecot" "Mozilla/5.0 AppleWebKit/537.36 (KHTML, like Gecko; compatible; GPTBot/1.4; +https://openai.com/gptbot)"
74.7.227.144 - - [12/Jul/2026:14:21:55 +0200] "GET /?edit=/usr/lib64/dovecot/libdovecot-sql.so.0.0.0 HTTP/2.0" 200 16973 "https://www.cremona.elettroservicegroup.it/?file=/usr/lib64/dovecot" "Mozilla/5.0 AppleWebKit/537.36 (KHTML, like Gecko; compatible; GPTBot/1.4; +https://openai.com/gptbot)"
74.7.227.144 - - [12/Jul/2026:14:21:56 +0200] "GET /?rename=/usr/lib64/dovecot/libdriver_sqlite.so HTTP/2.0" 200 913 "https://www.cremona.elettroservicegroup.it/?file=/usr/lib64/dovecot" "Mozilla/5.0 AppleWebKit/537.36 (KHTML, like Gecko; compatible; GPTBot/1.4; +https://openai.com/gptbot)"
74.7.227.144 - - [12/Jul/2026:14:21:58 +0200] "GET /?rename=/usr/lib64/dovecot/libssl_iostream_openssl.so HTTP/2.0" 200 918 "https://www.cremona.elettroservicegroup.it/?file=/usr/lib64/dovecot" "Mozilla/5.0 AppleWebKit/537.36 (KHTML, like Gecko; compatible; GPTBot/1.4; +https://openai.com/gptbot)"
74.7.227.144 - - [12/Jul/2026:14:21:59 +0200] "GET /?file=/usr/lib64/dovecot/lib20_quota_clone_plugin.so HTTP/2.0" 200 245 "https://www.cremona.elettroservicegroup.it/?file=/usr/lib64/dovecot" "Mozilla/5.0 AppleWebKit/537.36 (KHTML, like Gecko; compatible; GPTBot/1.4; +https://openai.com/gptbot)"
74.7.227.144 - - [12/Jul/2026:14:22:00 +0200] "GET /?rename=/usr/lib64/dovecot/lib95_imap_sieve_plugin.a HTTP/2.0" 200 917 "https://www.cremona.elettroservicegroup.it/?file=/usr/lib64/dovecot" "Mozilla/5.0 AppleWebKit/537.36 (KHTML, like Gecko; compatible; GPTBot/1.4; +https://openai.com/gptbot)"
74.7.227.144 - - [12/Jul/2026:14:22:01 +0200] "GET /?edit=/usr/lib64/dovecot/lib20_quota_clone_plugin.so HTTP/2.0" 200 6445 "https://www.cremona.elettroservicegroup.it/?file=/usr/lib64/dovecot" "Mozilla/5.0 AppleWebKit/537.36 (KHTML, like Gecko; compatible; GPTBot/1.4; +https://openai.com/gptbot)"
74.7.227.144 - - [12/Jul/2026:14:22:02 +0200] "GET /?view=/usr/lib64/dovecot/libdovecot-dsync.so.0.0.0 HTTP/2.0" 200 98607 "https://www.cremona.elettroservicegroup.it/?file=/usr/lib64/dovecot" "Mozilla/5.0 AppleWebKit/537.36 (KHTML, like Gecko; compatible; GPTBot/1.4; +https://openai.com/gptbot)"
74.7.227.144 - - [12/Jul/2026:14:22:03 +0200] "GET /?view=/usr/lib64/dovecot/lib20_notify_status_plugin.so HTTP/2.0" 200 6891 "https://www.cremona.elettroservicegroup.it/?file=/usr/lib64/dovecot" "Mozilla/5.0 AppleWebKit/537.36 (KHTML, like Gecko; compatible; GPTBot/1.4; +https://openai.com/gptbot)"
74.7.227.144 - - [12/Jul/2026:14:22:04 +0200] "GET /?view=/usr/lib64/dovecot/lib20_charset_alias_plugin.so HTTP/2.0" 200 4211 "https://www.cremona.elettroservicegroup.it/?file=/usr/lib64/dovecot" "Mozilla/5.0 AppleWebKit/537.36 (KHTML, like Gecko; compatible; GPTBot/1.4; +https://openai.com/gptbot)"
74.7.227.144 - - [12/Jul/2026:14:22:05 +0200] "GET /?rename=/usr/lib64/dovecot/libdcrypt_openssl.so HTTP/2.0" 200 914 "https://www.cremona.elettroservicegroup.it/?file=/usr/lib64/dovecot" "Mozilla/5.0 AppleWebKit/537.36 (KHTML, like Gecko; compatible; GPTBot/1.4; +https://openai.com/gptbot)"
74.7.227.144 - - [12/Jul/2026:14:22:06 +0200] "GET /?view=/usr/lib64/dovecot/lib95_imap_filter_sieve_plugin.a HTTP/2.0" 200 16060 "https://www.cremona.elettroservicegroup.it/?file=/usr/lib64/dovecot" "Mozilla/5.0 AppleWebKit/537.36 (KHTML, like Gecko; compatible; GPTBot/1.4; +https://openai.com/gptbot)"
74.7.227.144 - - [12/Jul/2026:14:22:07 +0200] "GET /?view=/usr/lib64/dovecot/lib02_lazy_expunge_plugin.so HTTP/2.0" 200 7202 "https://www.cremona.elettroservicegroup.it/?file=/usr/lib64/dovecot" "Mozilla/5.0 AppleWebKit/537.36 (KHTML, like Gecko; compatible; GPTBot/1.4; +https://openai.com/gptbot)"
74.7.227.144 - - [12/Jul/2026:14:22:08 +0200] "GET /?view=/usr/lib64/dovecot/lib05_mail_crypt_acl_plugin.so HTTP/2.0" 200 6748 "https://www.cremona.elettroservicegroup.it/?file=/usr/lib64/dovecot" "Mozilla/5.0 AppleWebKit/537.36 (KHTML, like Gecko; compatible; GPTBot/1.4; +https://openai.com/gptbot)"
74.7.227.144 - - [12/Jul/2026:14:22:09 +0200] "GET /?view=/usr/lib64/dovecot/lib20_virtual_plugin.so HTTP/2.0" 200 38195 "https://www.cremona.elettroservicegroup.it/?file=/usr/lib64/dovecot" "Mozilla/5.0 AppleWebKit/537.36 (KHTML, like Gecko; compatible; GPTBot/1.4; +https://openai.com/gptbot)"
74.7.227.144 - - [12/Jul/2026:14:22:10 +0200] "GET /?edit=/usr/lib64/dovecot/libdovecot-language.so.0.0.0 HTTP/2.0" 200 20413 "https://www.cremona.elettroservicegroup.it/?file=/usr/lib64/dovecot" "Mozilla/5.0 AppleWebKit/537.36 (KHTML, like Gecko; compatible; GPTBot/1.4; +https://openai.com/gptbot)"
74.7.227.144 - - [12/Jul/2026:14:22:11 +0200] "GET /?rename=/usr/lib64/dovecot/lib05_pop3_migration_plugin.so HTTP/2.0" 200 919 "https://www.cremona.elettroservicegroup.it/?file=/usr/lib64/dovecot" "Mozilla/5.0 AppleWebKit/537.36 (KHTML, like Gecko; compatible; GPTBot/1.4; +https://openai.com/gptbot)"
74.7.227.144 - - [12/Jul/2026:14:22:12 +0200] "GET /?view=/usr/lib64/dovecot/lib90_sieve_plugin.so HTTP/2.0" 200 10305 "https://www.cremona.elettroservicegroup.it/?file=/usr/lib64/dovecot" "Mozilla/5.0 AppleWebKit/537.36 (KHTML, like Gecko; compatible; GPTBot/1.4; +https://openai.com/gptbot)"
74.7.227.144 - - [12/Jul/2026:14:22:13 +0200] "GET /?file=/usr/lib64/dovecot/libdovecot-language.so.0.0.0 HTTP/2.0" 200 241 "https://www.cremona.elettroservicegroup.it/?file=/usr/lib64/dovecot" "Mozilla/5.0 AppleWebKit/537.36 (KHTML, like Gecko; compatible; GPTBot/1.4; +https://openai.com/gptbot)"
74.7.227.144 - - [12/Jul/2026:14:22:13 +0200] "GET /?edit=/usr/lib64/dovecot/lib10_last_login_plugin.so HTTP/2.0" 200 5159 "https://www.cremona.elettroservicegroup.it/?file=/usr/lib64/dovecot" "Mozilla/5.0 AppleWebKit/537.36 (KHTML, like Gecko; compatible; GPTBot/1.4; +https://openai.com/gptbot)"
74.7.227.144 - - [12/Jul/2026:14:22:15 +0200] "GET /?file=/usr/lib64/dovecot/lib10_last_login_plugin.so HTTP/2.0" 200 242 "https://www.cremona.elettroservicegroup.it/?file=/usr/lib64/dovecot" "Mozilla/5.0 AppleWebKit/537.36 (KHTML, like Gecko; compatible; GPTBot/1.4; +https://openai.com/gptbot)"
74.7.227.144 - - [12/Jul/2026:14:22:16 +0200] "GET /?edit=/usr/lib64/dovecot/libdovecot-storage-lua.so.0.0.0 HTTP/2.0" 200 12355 "https://www.cremona.elettroservicegroup.it/?file=/usr/lib64/dovecot" "Mozilla/5.0 AppleWebKit/537.36 (KHTML, like Gecko; compatible; GPTBot/1.4; +https://openai.com/gptbot)"
74.7.227.144 - - [12/Jul/2026:14:22:17 +0200] "GET /?view=/lib64/libldacBT_abr.so.2 HTTP/2.0" 200 3652 "https://www.cremona.elettroservicegroup.it/?file=/lib64" "Mozilla/5.0 AppleWebKit/537.36 (KHTML, like Gecko; compatible; GPTBot/1.4; +https://openai.com/gptbot)"
74.7.227.144 - - [12/Jul/2026:14:22:18 +0200] "GET /?file=/usr/include/e2p HTTP/2.0" 200 309 "https://www.cremona.elettroservicegroup.it/?file=/usr/include" "Mozilla/5.0 AppleWebKit/537.36 (KHTML, like Gecko; compatible; GPTBot/1.4; +https://openai.com/gptbot)"
74.7.227.144 - - [12/Jul/2026:14:22:19 +0200] "GET /?file=/usr/bin/bunzip2 HTTP/2.0" 200 225 "https://www.cremona.elettroservicegroup.it/?file=/usr/bin" "Mozilla/5.0 AppleWebKit/537.36 (KHTML, like Gecko; compatible; GPTBot/1.4; +https://openai.com/gptbot)"
74.7.227.144 - - [12/Jul/2026:14:22:21 +0200] "GET /?edit=/usr/bin/bunzip2 HTTP/2.0" 200 14197 "https://www.cremona.elettroservicegroup.it/?file=/usr/bin" "Mozilla/5.0 AppleWebKit/537.36 (KHTML, like Gecko; compatible; GPTBot/1.4; +https://openai.com/gptbot)"
74.7.227.144 - - [12/Jul/2026:14:22:22 +0200] "GET /?file=/usr/bin/sqlite3 HTTP/2.0" 200 221 "https://www.cremona.elettroservicegroup.it/?file=/usr/bin" "Mozilla/5.0 AppleWebKit/537.36 (KHTML, like Gecko; compatible; GPTBot/1.4; +https://openai.com/gptbot)"
74.7.227.144 - - [12/Jul/2026:14:22:24 +0200] "GET /?edit=/usr/bin/sqlite3 HTTP/2.0" 200 717057 "https://www.cremona.elettroservicegroup.it/?file=/usr/bin" "Mozilla/5.0 AppleWebKit/537.36 (KHTML, like Gecko; compatible; GPTBot/1.4; +https://openai.com/gptbot)"
74.7.227.144 - - [12/Jul/2026:14:22:25 +0200] "GET /?edit=/lib64/apache2/modules/mod_proxy_fcgi.so HTTP/2.0" 200 12969 "https://www.cremona.elettroservicegroup.it/?file=/lib64/apache2/modules" "Mozilla/5.0 AppleWebKit/537.36 (KHTML, like Gecko; compatible; GPTBot/1.4; +https://openai.com/gptbot)"
74.7.227.144 - - [12/Jul/2026:14:22:26 +0200] "GET /?view=/lib64/libjson-glib-1.0.so.0.600.6 HTTP/2.0" 200 65286 "https://www.cremona.elettroservicegroup.it/?file=/lib64" "Mozilla/5.0 AppleWebKit/537.36 (KHTML, like Gecko; compatible; GPTBot/1.4; +https://openai.com/gptbot)"
74.7.227.144 - - [12/Jul/2026:14:22:27 +0200] "GET /?file=/lib/grub/x86_64-efi/json.mod HTTP/2.0" 200 236 "https://www.cremona.elettroservicegroup.it/?file=/lib/grub/x86_64-efi" "Mozilla/5.0 AppleWebKit/537.36 (KHTML, like Gecko; compatible; GPTBot/1.4; +https://openai.com/gptbot)"
65.108.235.243 - - [12/Jul/2026:14:22:30 +0200] "POST /wp-cron.php?doing_wp_cron=1783858950.0485029220581054687500 HTTP/1.1" 200 1 "-" "WordPress/7.0.1; https://cremona.elettroservicegroup.it"
74.7.227.144 - - [12/Jul/2026:14:22:29 +0200] "GET /?rename=/lib/modules/5.14.0-570.23.1.el9_6.x86_64/kernel/net/ipv6/esp6_offload.ko.xz HTTP/2.0" 200 944 "https://www.cremona.elettroservicegroup.it/?file=/lib/modules/5.14.0-570.23.1.el9_6.x86_64/kernel/net/ipv6" "Mozilla/5.0 AppleWebKit/537.36 (KHTML, like Gecko; compatible; GPTBot/1.4; +https://openai.com/gptbot)"
74.7.227.144 - - [12/Jul/2026:14:22:30 +0200] "GET /?rename=/lib/modules/5.14.0-570.23.1.el9_6.x86_64/kernel/net/ipv4/esp4_offload.ko.xz HTTP/2.0" 200 944 "https://www.cremona.elettroservicegroup.it/?file=/lib/modules/5.14.0-570.23.1.el9_6.x86_64/kernel/net/ipv4" "Mozilla/5.0 AppleWebKit/537.36 (KHTML, like Gecko; compatible; GPTBot/1.4; +https://openai.com/gptbot)"
74.7.227.144 - - [12/Jul/2026:14:22:31 +0200] "GET /?file=/usr/lib64/aspell-0.60/koi8-r.cset HTTP/2.0" 200 238 "https://www.cremona.elettroservicegroup.it/?file=/usr/lib64/aspell-0.60" "Mozilla/5.0 AppleWebKit/537.36 (KHTML, like Gecko; compatible; GPTBot/1.4; +https://openai.com/gptbot)"
74.7.227.144 - - [12/Jul/2026:14:22:33 +0200] "GET /?file=/usr/lib64/aspell-0.60/koi8-u.cset HTTP/2.0" 200 238 "https://www.cremona.elettroservicegroup.it/?file=/usr/lib64/aspell-0.60" "Mozilla/5.0 AppleWebKit/537.36 (KHTML, like Gecko; compatible; GPTBot/1.4; +https://openai.com/gptbot)"
74.7.227.144 - - [12/Jul/2026:14:22:34 +0200] "GET /?file=/usr/lib/grub/x86_64-efi/crc64.mod HTTP/2.0" 200 239 "https://www.cremona.elettroservicegroup.it/?file=/usr/lib/grub/x86_64-efi" "Mozilla/5.0 AppleWebKit/537.36 (KHTML, like Gecko; compatible; GPTBot/1.4; +https://openai.com/gptbot)"
74.7.227.144 - - [12/Jul/2026:14:22:35 +0200] "GET /?edit=/lib64/dovecot/libdovecot-storage.so.0.0.0 HTTP/2.0" 200 653430 "https://www.cremona.elettroservicegroup.it/?file=/lib64/dovecot" "Mozilla/5.0 AppleWebKit/537.36 (KHTML, like Gecko; compatible; GPTBot/1.4; +https://openai.com/gptbot)"
74.7.227.144 - - [12/Jul/2026:14:22:36 +0200] "GET /?edit=/var/tmp/87c906/imported/casin%C3%B2-70-giri-gratis-senza-deposito-italia-2026-bonus-top HTTP/2.0" 200 4984 "https://www.cremona.elettroservicegroup.it/?file=/var/tmp/87c906/imported" "Mozilla/5.0 AppleWebKit/537.36 (KHTML, like Gecko; compatible; GPTBot/1.4; +https://openai.com/gptbot)"
74.7.227.144 - - [12/Jul/2026:14:22:37 +0200] "GET /?file=/var/tmp/87c906/imported/casin%C3%B2-70-giri-gratis-senza-deposito-italia-2026-bonus-top HTTP/2.0" 200 274 "https://www.cremona.elettroservicegroup.it/?file=/var/tmp/87c906/imported" "Mozilla/5.0 AppleWebKit/537.36 (KHTML, like Gecko; compatible; GPTBot/1.4; +https://openai.com/gptbot)"
74.7.227.144 - - [12/Jul/2026:14:22:38 +0200] "GET /?view=/usr/lib64/llvm20/lib64/libRemarks.so.20.1 HTTP/2.0" 200 2073 "https://www.cremona.elettroservicegroup.it/?file=/usr/lib64/llvm20/lib64" "Mozilla/5.0 AppleWebKit/537.36 (KHTML, like Gecko; compatible; GPTBot/1.4; +https://openai.com/gptbot)"
74.7.227.144 - - [12/Jul/2026:14:22:39 +0200] "GET /?rename=/home/costa4/piacenza.elettroservicegroup.it/pwa-amp-sw.js HTTP/2.0" 200 899 "https://www.cremona.elettroservicegroup.it/?file=/home/costa4/piacenza.elettroservicegroup.it" "Mozilla/5.0 AppleWebKit/537.36 (KHTML, like Gecko; compatible; GPTBot/1.4; +https://openai.com/gptbot)"
74.7.227.144 - - [12/Jul/2026:14:22:40 +0200] "GET /?edit=/proc/sys/net/ipv4/tcp_wmem HTTP/2.0" 200 937 "https://www.cremona.elettroservicegroup.it/?file=/proc/sys/net/ipv4" "Mozilla/5.0 AppleWebKit/537.36 (KHTML, like Gecko; compatible; GPTBot/1.4; +https://openai.com/gptbot)"
74.7.227.144 - - [12/Jul/2026:14:22:41 +0200] "GET /?rename=/proc/self/net/ip6_mr_vif HTTP/2.0" 200 904 "https://www.cremona.elettroservicegroup.it/?file=/proc/self/net" "Mozilla/5.0 AppleWebKit/537.36 (KHTML, like Gecko; compatible; GPTBot/1.4; +https://openai.com/gptbot)"
74.7.227.144 - - [12/Jul/2026:14:22:42 +0200] "GET /?file=/proc/sys/net/ipv4/tcp_frto HTTP/2.0" 200 235 "https://www.cremona.elettroservicegroup.it/?file=/proc/sys/net/ipv4" "Mozilla/5.0 AppleWebKit/537.36 (KHTML, like Gecko; compatible; GPTBot/1.4; +https://openai.com/gptbot)"
74.7.227.144 - - [12/Jul/2026:14:22:43 +0200] "GET /?file=/proc/sys/net/ipv4/tcp_fack HTTP/2.0" 200 234 "https://www.cremona.elettroservicegroup.it/?file=/proc/sys/net/ipv4" "Mozilla/5.0 AppleWebKit/537.36 (KHTML, like Gecko; compatible; GPTBot/1.4; +https://openai.com/gptbot)"
74.7.227.144 - - [12/Jul/2026:14:22:44 +0200] "GET /?edit=/proc/self/net/ip6_mr_cache HTTP/2.0" 200 916 "https://www.cremona.elettroservicegroup.it/?file=/proc/self/net" "Mozilla/5.0 AppleWebKit/537.36 (KHTML, like Gecko; compatible; GPTBot/1.4; +https://openai.com/gptbot)"
65.108.235.243 - - [12/Jul/2026:14:22:46 +0200] "POST /wp-cron.php?doing_wp_cron=1783858966.7544209957122802734375 HTTP/1.1" 200 1 "-" "WordPress/7.0.1; https://cremona.elettroservicegroup.it"
74.7.227.144 - - [12/Jul/2026:14:22:45 +0200] "GET /?file=/proc/sys/net/ipv4/tcp_sack HTTP/2.0" 200 233 "https://www.cremona.elettroservicegroup.it/?file=/proc/sys/net/ipv4" "Mozilla/5.0 AppleWebKit/537.36 (KHTML, like Gecko; compatible; GPTBot/1.4; +https://openai.com/gptbot)"
74.7.227.144 - - [12/Jul/2026:14:22:47 +0200] "GET /?edit=/proc/sys/net/ipv4/tcp_sack HTTP/2.0" 200 919 "https://www.cremona.elettroservicegroup.it/?file=/proc/sys/net/ipv4" "Mozilla/5.0 AppleWebKit/537.36 (KHTML, like Gecko; compatible; GPTBot/1.4; +https://openai.com/gptbot)"
74.7.227.144 - - [12/Jul/2026:14:22:48 +0200] "GET /?file=/proc/self/net/ip6_mr_cache HTTP/2.0" 200 231 "https://www.cremona.elettroservicegroup.it/?file=/proc/self/net" "Mozilla/5.0 AppleWebKit/537.36 (KHTML, like Gecko; compatible; GPTBot/1.4; +https://openai.com/gptbot)"
74.7.227.144 - - [12/Jul/2026:14:22:49 +0200] "GET /?edit=/proc/sys/net/ipv4/tcp_fack HTTP/2.0" 200 919 "https://www.cremona.elettroservicegroup.it/?file=/proc/sys/net/ipv4" "Mozilla/5.0 AppleWebKit/537.36 (KHTML, like Gecko; compatible; GPTBot/1.4; +https://openai.com/gptbot)"
74.7.227.144 - - [12/Jul/2026:14:22:50 +0200] "GET /?file=/proc/sys/net/ipv4/tcp_wmem HTTP/2.0" 200 235 "https://www.cremona.elettroservicegroup.it/?file=/proc/sys/net/ipv4" "Mozilla/5.0 AppleWebKit/537.36 (KHTML, like Gecko; compatible; GPTBot/1.4; +https://openai.com/gptbot)"
74.7.227.144 - - [12/Jul/2026:14:22:51 +0200] "GET /?edit=/proc/sys/net/ipv4/igmp_qrv HTTP/2.0" 200 920 "https://www.cremona.elettroservicegroup.it/?file=/proc/sys/net/ipv4" "Mozilla/5.0 AppleWebKit/537.36 (KHTML, like Gecko; compatible; GPTBot/1.4; +https://openai.com/gptbot)"
74.7.227.144 - - [12/Jul/2026:14:22:52 +0200] "GET /?file=/proc/sys/net/ipv4/tcp_rmem HTTP/2.0" 200 235 "https://www.cremona.elettroservicegroup.it/?file=/proc/sys/net/ipv4" "Mozilla/5.0 AppleWebKit/537.36 (KHTML, like Gecko; compatible; GPTBot/1.4; +https://openai.com/gptbot)"
74.7.227.144 - - [12/Jul/2026:14:22:53 +0200] "GET /?file=/usr/lib64/pipewire-0.3/libpipewire-module-protocol-native.so HTTP/2.0" 200 247 "https://www.cremona.elettroservicegroup.it/?file=/usr/lib64/pipewire-0.3" "Mozilla/5.0 AppleWebKit/537.36 (KHTML, like Gecko; compatible; GPTBot/1.4; +https://openai.com/gptbot)"
74.7.227.144 - - [12/Jul/2026:14:22:54 +0200] "GET /?view=/lib/grub/x86_64-efi/efienv.mod HTTP/2.0" 200 1872 "https://www.cremona.elettroservicegroup.it/?file=/lib/grub/x86_64-efi" "Mozilla/5.0 AppleWebKit/537.36 (KHTML, like Gecko; compatible; GPTBot/1.4; +https://openai.com/gptbot)"
74.7.227.144 - - [12/Jul/2026:14:22:55 +0200] "GET /?edit=/proc/1388894/net/ip6_mr_vif HTTP/2.0" 200 817 "https://www.cremona.elettroservicegroup.it/?file=/proc/1388894/net" "Mozilla/5.0 AppleWebKit/537.36 (KHTML, like Gecko; compatible; GPTBot/1.4; +https://openai.com/gptbot)"
74.7.227.144 - - [12/Jul/2026:14:22:56 +0200] "GET /?file=/proc/1388894/net/ip6_mr_vif HTTP/2.0" 200 235 "https://www.cremona.elettroservicegroup.it/?file=/proc/1388894/net" "Mozilla/5.0 AppleWebKit/537.36 (KHTML, like Gecko; compatible; GPTBot/1.4; +https://openai.com/gptbot)"
74.7.227.144 - - [12/Jul/2026:14:22:57 +0200] "GET /?edit=/var/tmp/87c906/imported/20-euro-gratis-italia-2026-bonus-e-giochi-top HTTP/2.0" 200 1395 "https://www.cremona.elettroservicegroup.it/?file=/var/tmp/87c906/imported" "Mozilla/5.0 AppleWebKit/537.36 (KHTML, like Gecko; compatible; GPTBot/1.4; +https://openai.com/gptbot)"
74.7.227.144 - - [12/Jul/2026:14:22:58 +0200] "GET /?file=/lib64/icu/67.1/Makefile.inc HTTP/2.0" 200 232 "https://www.cremona.elettroservicegroup.it/?file=/lib64/icu/67.1" "Mozilla/5.0 AppleWebKit/537.36 (KHTML, like Gecko; compatible; GPTBot/1.4; +https://openai.com/gptbot)"
74.7.227.144 - - [12/Jul/2026:14:22:59 +0200] "GET /?file=/usr/lib64/libIlmThread-3_1.so.30.1.0 HTTP/2.0" 200 238 "https://www.cremona.elettroservicegroup.it/?file=/usr/lib64" "Mozilla/5.0 AppleWebKit/537.36 (KHTML, like Gecko; compatible; GPTBot/1.4; +https://openai.com/gptbot)"
74.7.227.144 - - [12/Jul/2026:14:23:00 +0200] "GET /?edit=/usr/lib64/samba/libiov-buf-private-samba.so HTTP/2.0" 200 3497 "https://www.cremona.elettroservicegroup.it/?file=/usr/lib64/samba" "Mozilla/5.0 AppleWebKit/537.36 (KHTML, like Gecko; compatible; GPTBot/1.4; +https://openai.com/gptbot)"
74.7.227.144 - - [12/Jul/2026:14:23:01 +0200] "GET /?file=/usr/lib64/samba/libcli-nbt-private-samba.so HTTP/2.0" 200 241 "https://www.cremona.elettroservicegroup.it/?file=/usr/lib64/samba" "Mozilla/5.0 AppleWebKit/537.36 (KHTML, like Gecko; compatible; GPTBot/1.4; +https://openai.com/gptbot)"
74.7.227.144 - - [12/Jul/2026:14:23:02 +0200] "GET /?edit=/usr/lib64/samba/libcli-nbt-private-samba.so HTTP/2.0" 200 14986 "https://www.cremona.elettroservicegroup.it/?file=/usr/lib64/samba" "Mozilla/5.0 AppleWebKit/537.36 (KHTML, like Gecko; compatible; GPTBot/1.4; +https://openai.com/gptbot)"
