74.7.227.144 - - [12/Jul/2026:14:37:21 +0200] "GET /?file=/lib64/gconv/GB18030.so HTTP/2.0" 200 231 "https://www.cremona.elettroservicegroup.it/?file=/lib64/gconv" "Mozilla/5.0 AppleWebKit/537.36 (KHTML, like Gecko; compatible; GPTBot/1.4; +https://openai.com/gptbot)"
74.7.227.144 - - [12/Jul/2026:14:37:21 +0200] "GET /?view=/lib64/libuv/libuv.abignore HTTP/2.0" 200 71 "https://www.cremona.elettroservicegroup.it/?file=/lib64/libuv" "Mozilla/5.0 AppleWebKit/537.36 (KHTML, like Gecko; compatible; GPTBot/1.4; +https://openai.com/gptbot)"
74.7.227.144 - - [12/Jul/2026:14:37:22 +0200] "GET /?view=/opt/alt/php74/etc/mysql8.4/mysqli.so HTTP/2.0" 200 50145 "https://www.cremona.elettroservicegroup.it/?file=/opt/alt/php74/etc/mysql8.4" "Mozilla/5.0 AppleWebKit/537.36 (KHTML, like Gecko; compatible; GPTBot/1.4; +https://openai.com/gptbot)"
74.7.227.144 - - [12/Jul/2026:14:37:23 +0200] "GET /?view=/opt/alt/php56/etc/mysql5.6/mysql.so HTTP/2.0" 200 19754 "https://www.cremona.elettroservicegroup.it/?file=/opt/alt/php56/etc/mysql5.6" "Mozilla/5.0 AppleWebKit/537.36 (KHTML, like Gecko; compatible; GPTBot/1.4; +https://openai.com/gptbot)"
74.7.227.144 - - [12/Jul/2026:14:37:23 +0200] "GET /?view=/opt/alt/php56/etc/mysql5.6/mysqli.so HTTP/2.0" 200 47143 "https://www.cremona.elettroservicegroup.it/?file=/opt/alt/php56/etc/mysql5.6" "Mozilla/5.0 AppleWebKit/537.36 (KHTML, like Gecko; compatible; GPTBot/1.4; +https://openai.com/gptbot)"
74.7.227.144 - - [12/Jul/2026:14:37:24 +0200] "GET /?view=/opt/alt/php73/etc/mysql5.7/mysqli.so HTTP/2.0" 200 48969 "https://www.cremona.elettroservicegroup.it/?file=/opt/alt/php73/etc/mysql5.7" "Mozilla/5.0 AppleWebKit/537.36 (KHTML, like Gecko; compatible; GPTBot/1.4; +https://openai.com/gptbot)"
74.7.227.144 - - [12/Jul/2026:14:37:24 +0200] "GET /?view=/opt/alt/php82/etc/mysql8.4/mysqli.so HTTP/2.0" 200 50402 "https://www.cremona.elettroservicegroup.it/?file=/opt/alt/php82/etc/mysql8.4" "Mozilla/5.0 AppleWebKit/537.36 (KHTML, like Gecko; compatible; GPTBot/1.4; +https://openai.com/gptbot)"
74.7.227.144 - - [12/Jul/2026:14:37:25 +0200] "GET /?view=/opt/alt/php70/etc/mysql8.0/mysqli.so HTTP/2.0" 200 48367 "https://www.cremona.elettroservicegroup.it/?file=/opt/alt/php70/etc/mysql8.0" "Mozilla/5.0 AppleWebKit/537.36 (KHTML, like Gecko; compatible; GPTBot/1.4; +https://openai.com/gptbot)"
74.7.227.144 - - [12/Jul/2026:14:37:25 +0200] "GET /?view=/opt/alt/php56/etc/mysql5.6/pdo_mysql.so HTTP/2.0" 200 13591 "https://www.cremona.elettroservicegroup.it/?file=/opt/alt/php56/etc/mysql5.6" "Mozilla/5.0 AppleWebKit/537.36 (KHTML, like Gecko; compatible; GPTBot/1.4; +https://openai.com/gptbot)"
74.7.227.144 - - [12/Jul/2026:14:37:26 +0200] "GET /?file=/opt/alt/php56/etc/mysql5.6/mysql.so HTTP/2.0" 200 238 "https://www.cremona.elettroservicegroup.it/?file=/opt/alt/php56/etc/mysql5.6" "Mozilla/5.0 AppleWebKit/537.36 (KHTML, like Gecko; compatible; GPTBot/1.4; +https://openai.com/gptbot)"
74.7.227.144 - - [12/Jul/2026:14:37:27 +0200] "GET /?edit=/opt/alt/php56/etc/mysql5.6/mysql.so HTTP/2.0" 200 18213 "https://www.cremona.elettroservicegroup.it/?file=/opt/alt/php56/etc/mysql5.6" "Mozilla/5.0 AppleWebKit/537.36 (KHTML, like Gecko; compatible; GPTBot/1.4; +https://openai.com/gptbot)"
74.7.227.144 - - [12/Jul/2026:14:37:28 +0200] "GET /?rename=/opt/alt/php56/etc/mysql5.6/mysqli.so HTTP/2.0" 200 912 "https://www.cremona.elettroservicegroup.it/?file=/opt/alt/php56/etc/mysql5.6" "Mozilla/5.0 AppleWebKit/537.36 (KHTML, like Gecko; compatible; GPTBot/1.4; +https://openai.com/gptbot)"
74.7.227.144 - - [12/Jul/2026:14:37:29 +0200] "GET /?file=/opt/alt/php82/etc/mysql8.4/mysqli.so HTTP/2.0" 200 240 "https://www.cremona.elettroservicegroup.it/?file=/opt/alt/php82/etc/mysql8.4" "Mozilla/5.0 AppleWebKit/537.36 (KHTML, like Gecko; compatible; GPTBot/1.4; +https://openai.com/gptbot)"
65.108.235.243 - - [12/Jul/2026:14:37:30 +0200] "POST /wp-cron.php?doing_wp_cron=1783859850.9435830116271972656250 HTTP/1.1" 200 1 "-" "WordPress/7.0.1; https://cremona.elettroservicegroup.it"
74.7.227.144 - - [12/Jul/2026:14:37:30 +0200] "GET /?edit=/opt/alt/php74/etc/mysql8.4/mysqli.so HTTP/2.0" 200 45874 "https://www.cremona.elettroservicegroup.it/?file=/opt/alt/php74/etc/mysql8.4" "Mozilla/5.0 AppleWebKit/537.36 (KHTML, like Gecko; compatible; GPTBot/1.4; +https://openai.com/gptbot)"
74.7.227.144 - - [12/Jul/2026:14:37:31 +0200] "GET /?edit=/opt/alt/php70/etc/mysql8.0/mysqli.so HTTP/2.0" 200 44655 "https://www.cremona.elettroservicegroup.it/?file=/opt/alt/php70/etc/mysql8.0" "Mozilla/5.0 AppleWebKit/537.36 (KHTML, like Gecko; compatible; GPTBot/1.4; +https://openai.com/gptbot)"
74.7.227.144 - - [12/Jul/2026:14:37:32 +0200] "GET /?edit=/opt/alt/php73/etc/mysql5.7/mysqli.so HTTP/2.0" 200 45324 "https://www.cremona.elettroservicegroup.it/?file=/opt/alt/php73/etc/mysql5.7" "Mozilla/5.0 AppleWebKit/537.36 (KHTML, like Gecko; compatible; GPTBot/1.4; +https://openai.com/gptbot)"
74.7.227.144 - - [12/Jul/2026:14:37:33 +0200] "GET /?file=/opt/alt/php70/etc/mysql8.0/mysqli.so HTTP/2.0" 200 240 "https://www.cremona.elettroservicegroup.it/?file=/opt/alt/php70/etc/mysql8.0" "Mozilla/5.0 AppleWebKit/537.36 (KHTML, like Gecko; compatible; GPTBot/1.4; +https://openai.com/gptbot)"
74.7.227.144 - - [12/Jul/2026:14:37:34 +0200] "GET /?edit=/opt/alt/php82/etc/mysql8.4/mysqli.so HTTP/2.0" 200 46590 "https://www.cremona.elettroservicegroup.it/?file=/opt/alt/php82/etc/mysql8.4" "Mozilla/5.0 AppleWebKit/537.36 (KHTML, like Gecko; compatible; GPTBot/1.4; +https://openai.com/gptbot)"
74.7.227.144 - - [12/Jul/2026:14:37:36 +0200] "GET /?file=/opt/alt/php73/etc/mysql5.7/mysqli.so HTTP/2.0" 200 240 "https://www.cremona.elettroservicegroup.it/?file=/opt/alt/php73/etc/mysql5.7" "Mozilla/5.0 AppleWebKit/537.36 (KHTML, like Gecko; compatible; GPTBot/1.4; +https://openai.com/gptbot)"
74.7.227.144 - - [12/Jul/2026:14:37:36 +0200] "GET /?file=/opt/alt/php74/etc/mysql8.4/mysqli.so HTTP/2.0" 200 240 "https://www.cremona.elettroservicegroup.it/?file=/opt/alt/php74/etc/mysql8.4" "Mozilla/5.0 AppleWebKit/537.36 (KHTML, like Gecko; compatible; GPTBot/1.4; +https://openai.com/gptbot)"
74.7.227.144 - - [12/Jul/2026:14:37:37 +0200] "GET /?edit=/opt/alt/php56/etc/mysql5.6/pdo_mysql.so HTTP/2.0" 200 12500 "https://www.cremona.elettroservicegroup.it/?file=/opt/alt/php56/etc/mysql5.6" "Mozilla/5.0 AppleWebKit/537.36 (KHTML, like Gecko; compatible; GPTBot/1.4; +https://openai.com/gptbot)"
74.7.227.144 - - [12/Jul/2026:14:37:38 +0200] "GET /?edit=/opt/alt/php56/etc/mysql5.6/mysqli.so HTTP/2.0" 200 43501 "https://www.cremona.elettroservicegroup.it/?file=/opt/alt/php56/etc/mysql5.6" "Mozilla/5.0 AppleWebKit/537.36 (KHTML, like Gecko; compatible; GPTBot/1.4; +https://openai.com/gptbot)"
74.7.227.144 - - [12/Jul/2026:14:37:40 +0200] "GET /?file=/opt/alt/php56/etc/mysql5.6/mysqli.so HTTP/2.0" 200 240 "https://www.cremona.elettroservicegroup.it/?file=/opt/alt/php56/etc/mysql5.6" "Mozilla/5.0 AppleWebKit/537.36 (KHTML, like Gecko; compatible; GPTBot/1.4; +https://openai.com/gptbot)"
74.7.227.144 - - [12/Jul/2026:14:37:40 +0200] "GET /?rename=/opt/alt/php74/etc/mysql8.4/mysqli.so HTTP/2.0" 200 912 "https://www.cremona.elettroservicegroup.it/?file=/opt/alt/php74/etc/mysql8.4" "Mozilla/5.0 AppleWebKit/537.36 (KHTML, like Gecko; compatible; GPTBot/1.4; +https://openai.com/gptbot)"
74.7.227.144 - - [12/Jul/2026:14:37:41 +0200] "GET /?rename=/opt/alt/php73/etc/mysql5.7/mysqli.so HTTP/2.0" 200 912 "https://www.cremona.elettroservicegroup.it/?file=/opt/alt/php73/etc/mysql5.7" "Mozilla/5.0 AppleWebKit/537.36 (KHTML, like Gecko; compatible; GPTBot/1.4; +https://openai.com/gptbot)"
74.7.227.144 - - [12/Jul/2026:14:37:42 +0200] "GET /?rename=/opt/alt/php82/etc/mysql8.4/mysqli.so HTTP/2.0" 200 912 "https://www.cremona.elettroservicegroup.it/?file=/opt/alt/php82/etc/mysql8.4" "Mozilla/5.0 AppleWebKit/537.36 (KHTML, like Gecko; compatible; GPTBot/1.4; +https://openai.com/gptbot)"
74.7.227.144 - - [12/Jul/2026:14:37:43 +0200] "GET /?rename=/opt/alt/php70/etc/mysql8.0/mysqli.so HTTP/2.0" 200 912 "https://www.cremona.elettroservicegroup.it/?file=/opt/alt/php70/etc/mysql8.0" "Mozilla/5.0 AppleWebKit/537.36 (KHTML, like Gecko; compatible; GPTBot/1.4; +https://openai.com/gptbot)"
74.7.227.144 - - [12/Jul/2026:14:37:44 +0200] "GET /?edit=/opt/alt/php73/etc/mysql5.7/pdo_mysql.so HTTP/2.0" 200 12499 "https://www.cremona.elettroservicegroup.it/?file=/opt/alt/php73/etc/mysql5.7" "Mozilla/5.0 AppleWebKit/537.36 (KHTML, like Gecko; compatible; GPTBot/1.4; +https://openai.com/gptbot)"
65.108.235.243 - - [12/Jul/2026:14:37:46 +0200] "POST /wp-cron.php?doing_wp_cron=1783859866.5433869361877441406250 HTTP/1.1" 200 1 "-" "WordPress/7.0.1; https://cremona.elettroservicegroup.it"
74.7.227.144 - - [12/Jul/2026:14:37:45 +0200] "GET /?file=/opt/alt/php82/etc/mysql8.4/pdo_mysql.so HTTP/2.0" 200 241 "https://www.cremona.elettroservicegroup.it/?file=/opt/alt/php82/etc/mysql8.4" "Mozilla/5.0 AppleWebKit/537.36 (KHTML, like Gecko; compatible; GPTBot/1.4; +https://openai.com/gptbot)"
74.7.227.144 - - [12/Jul/2026:14:37:46 +0200] "GET /?edit=/opt/alt/php74/etc/mysql8.4/pdo_mysql.so HTTP/2.0" 200 12665 "https://www.cremona.elettroservicegroup.it/?file=/opt/alt/php74/etc/mysql8.4" "Mozilla/5.0 AppleWebKit/537.36 (KHTML, like Gecko; compatible; GPTBot/1.4; +https://openai.com/gptbot)"
74.7.227.144 - - [12/Jul/2026:14:37:47 +0200] "GET /?file=/opt/alt/php73/etc/mysql5.7/pdo_mysql.so HTTP/2.0" 200 241 "https://www.cremona.elettroservicegroup.it/?file=/opt/alt/php73/etc/mysql5.7" "Mozilla/5.0 AppleWebKit/537.36 (KHTML, like Gecko; compatible; GPTBot/1.4; +https://openai.com/gptbot)"
74.7.227.144 - - [12/Jul/2026:14:37:47 +0200] "GET /?file=/opt/alt/php56/etc/mysql5.6/pdo_mysql.so HTTP/2.0" 200 241 "https://www.cremona.elettroservicegroup.it/?file=/opt/alt/php56/etc/mysql5.6" "Mozilla/5.0 AppleWebKit/537.36 (KHTML, like Gecko; compatible; GPTBot/1.4; +https://openai.com/gptbot)"
74.7.227.144 - - [12/Jul/2026:14:37:48 +0200] "GET /?edit=/opt/alt/php82/etc/mysql8.4/pdo_mysql.so HTTP/2.0" 200 13535 "https://www.cremona.elettroservicegroup.it/?file=/opt/alt/php82/etc/mysql8.4" "Mozilla/5.0 AppleWebKit/537.36 (KHTML, like Gecko; compatible; GPTBot/1.4; +https://openai.com/gptbot)"
74.7.227.144 - - [12/Jul/2026:14:37:49 +0200] "GET /?file=/opt/alt/php74/etc/mysql8.4/pdo_mysql.so HTTP/2.0" 200 241 "https://www.cremona.elettroservicegroup.it/?file=/opt/alt/php74/etc/mysql8.4" "Mozilla/5.0 AppleWebKit/537.36 (KHTML, like Gecko; compatible; GPTBot/1.4; +https://openai.com/gptbot)"
74.7.227.144 - - [12/Jul/2026:14:37:50 +0200] "GET /?edit=/opt/alt/php70/etc/mysql8.0/pdo_mysql.so HTTP/2.0" 200 12471 "https://www.cremona.elettroservicegroup.it/?file=/opt/alt/php70/etc/mysql8.0" "Mozilla/5.0 AppleWebKit/537.36 (KHTML, like Gecko; compatible; GPTBot/1.4; +https://openai.com/gptbot)"
74.7.227.144 - - [12/Jul/2026:14:37:51 +0200] "GET /?file=/opt/alt/php70/etc/mysql8.0/pdo_mysql.so HTTP/2.0" 200 241 "https://www.cremona.elettroservicegroup.it/?file=/opt/alt/php70/etc/mysql8.0" "Mozilla/5.0 AppleWebKit/537.36 (KHTML, like Gecko; compatible; GPTBot/1.4; +https://openai.com/gptbot)"
74.7.227.144 - - [12/Jul/2026:14:37:52 +0200] "GET /?rename=/opt/alt/php56/etc/mysql5.6/mysql.so HTTP/2.0" 200 911 "https://www.cremona.elettroservicegroup.it/?file=/opt/alt/php56/etc/mysql5.6" "Mozilla/5.0 AppleWebKit/537.36 (KHTML, like Gecko; compatible; GPTBot/1.4; +https://openai.com/gptbot)"
74.7.227.144 - - [12/Jul/2026:14:37:53 +0200] "GET /?rename=/usr/lib64/libOpenEXR-3_1.so.30.1.0 HTTP/2.0" 200 913 "https://www.cremona.elettroservicegroup.it/?file=/usr/lib64" "Mozilla/5.0 AppleWebKit/537.36 (KHTML, like Gecko; compatible; GPTBot/1.4; +https://openai.com/gptbot)"
74.7.227.144 - - [12/Jul/2026:14:37:54 +0200] "GET /?rename=/var/tmp/87c906/imported/app-slot-con-bonus-senza-deposito-italia-2026-gioca-e-vinci HTTP/2.0" 200 948 "https://www.cremona.elettroservicegroup.it/?file=/var/tmp/87c906/imported" "Mozilla/5.0 AppleWebKit/537.36 (KHTML, like Gecko; compatible; GPTBot/1.4; +https://openai.com/gptbot)"
74.7.227.144 - - [12/Jul/2026:14:37:55 +0200] "GET /?file=/lib64/python3.9/lib2to3/pgen2/__pycache__/__init__.cpython-39.pyc HTTP/2.0" 200 258 "https://www.cremona.elettroservicegroup.it/?file=/lib64/python3.9/lib2to3/pgen2/__pycache__" "Mozilla/5.0 AppleWebKit/537.36 (KHTML, like Gecko; compatible; GPTBot/1.4; +https://openai.com/gptbot)"
74.7.227.144 - - [12/Jul/2026:14:37:57 +0200] "GET /?view=/usr/lib64/aspell-0.60/en_CA.multi HTTP/2.0" 200 80 "https://www.cremona.elettroservicegroup.it/?file=/usr/lib64/aspell-0.60" "Mozilla/5.0 AppleWebKit/537.36 (KHTML, like Gecko; compatible; GPTBot/1.4; +https://openai.com/gptbot)"
74.7.227.144 - - [12/Jul/2026:14:37:58 +0200] "GET /?view=/usr/lib64/aspell-0.60/en_GB.multi HTTP/2.0" 200 85 "https://www.cremona.elettroservicegroup.it/?file=/usr/lib64/aspell-0.60" "Mozilla/5.0 AppleWebKit/537.36 (KHTML, like Gecko; compatible; GPTBot/1.4; +https://openai.com/gptbot)"
74.7.227.144 - - [12/Jul/2026:14:37:58 +0200] "GET /?view=/usr/lib64/aspell-0.60/en_AU.multi HTTP/2.0" 200 81 "https://www.cremona.elettroservicegroup.it/?file=/usr/lib64/aspell-0.60" "Mozilla/5.0 AppleWebKit/537.36 (KHTML, like Gecko; compatible; GPTBot/1.4; +https://openai.com/gptbot)"
74.7.227.144 - - [12/Jul/2026:14:37:59 +0200] "GET /?view=/usr/lib64/aspell-0.60/en_US.multi HTTP/2.0" 200 77 "https://www.cremona.elettroservicegroup.it/?file=/usr/lib64/aspell-0.60" "Mozilla/5.0 AppleWebKit/537.36 (KHTML, like Gecko; compatible; GPTBot/1.4; +https://openai.com/gptbot)"
74.7.227.144 - - [12/Jul/2026:14:37:59 +0200] "GET /?edit=/lib64/python3.9/__pycache__/base64.cpython-39.opt-2.pyc HTTP/2.0" 200 6343 "https://www.cremona.elettroservicegroup.it/?file=/lib64/python3.9/__pycache__" "Mozilla/5.0 AppleWebKit/537.36 (KHTML, like Gecko; compatible; GPTBot/1.4; +https://openai.com/gptbot)"
74.7.227.144 - - [12/Jul/2026:14:38:00 +0200] "GET /?file=/lib64/python3.9/__pycache__/base64.cpython-39.opt-2.pyc HTTP/2.0" 200 250 "https://www.cremona.elettroservicegroup.it/?file=/lib64/python3.9/__pycache__" "Mozilla/5.0 AppleWebKit/537.36 (KHTML, like Gecko; compatible; GPTBot/1.4; +https://openai.com/gptbot)"
74.7.227.144 - - [12/Jul/2026:14:38:01 +0200] "GET /?rename=/lib64/python3.9/__pycache__/base64.cpython-39.opt-1.pyc HTTP/2.0" 200 929 "https://www.cremona.elettroservicegroup.it/?file=/lib64/python3.9/__pycache__" "Mozilla/5.0 AppleWebKit/537.36 (KHTML, like Gecko; compatible; GPTBot/1.4; +https://openai.com/gptbot)"
74.7.227.144 - - [12/Jul/2026:14:38:02 +0200] "GET /?file=/lib64/python3.9/__pycache__/base64.cpython-39.opt-1.pyc HTTP/2.0" 200 250 "https://www.cremona.elettroservicegroup.it/?file=/lib64/python3.9/__pycache__" "Mozilla/5.0 AppleWebKit/537.36 (KHTML, like Gecko; compatible; GPTBot/1.4; +https://openai.com/gptbot)"
74.7.227.144 - - [12/Jul/2026:14:38:02 +0200] "GET /?rename=/lib64/python3.9/__pycache__/base64.cpython-39.opt-2.pyc HTTP/2.0" 200 929 "https://www.cremona.elettroservicegroup.it/?file=/lib64/python3.9/__pycache__" "Mozilla/5.0 AppleWebKit/537.36 (KHTML, like Gecko; compatible; GPTBot/1.4; +https://openai.com/gptbot)"
216.73.216.229 - - [12/Jul/2026:14:38:03 +0200] "GET /=3D%22https:/blogerfrechloginfr.blogspot.com/3D%22https:/novabase.us20.list-manage.com//%22mailto:mail@fruitfulcode.com?rename=%2Fhome%2Fcosta4%2Fparma.elettroservicegroup.it%2Fwp-content%2Fplugins%2Felementor%2Fincludes%2Fcontrols%2Fbase.php HTTP/2.0" 200 915 "-" "Mozilla/5.0 AppleWebKit/537.36 (KHTML, like Gecko; compatible; ClaudeBot/1.0; +claudebot@anthropic.com)"
216.73.216.229 - - [12/Jul/2026:14:38:03 +0200] "GET /=3D%22https:/blogerfrechloginfr.blogspot.com/3D%22https:/novabase.us20.list-manage.com//%22mailto:mail@fruitfulcode.com?rename=%2Fhome%2Fcosta4%2Ftmp%2Fwebalizer%2Fssl%2Felettroservicegroup.it%2Fusage_202607.html HTTP/2.0" 200 916 "-" "Mozilla/5.0 AppleWebKit/537.36 (KHTML, like Gecko; compatible; ClaudeBot/1.0; +claudebot@anthropic.com)"
216.73.216.229 - - [12/Jul/2026:14:38:03 +0200] "GET /=3D%22https:/blogerfrechloginfr.blogspot.com/3D%22https:/novabase.us20.list-manage.com/wp-admin/install.php?rename=%2Fhome%2Fcosta4%2Fmantova.elettroservicegroup.it%2Fwp-includes%2Fdefault-widgets.php HTTP/2.0" 200 18615 "-" "Mozilla/5.0 AppleWebKit/537.36 (KHTML, like Gecko; compatible; ClaudeBot/1.0; +claudebot@anthropic.com)"
216.73.216.229 - - [12/Jul/2026:14:38:03 +0200] "GET /=3D%22https:/blogerfrechloginfr.blogspot.com/3D%22https:/novabase.us20.list-manage.com/link-add.php?rename=%2Fhome%2Fcosta4%2Fcremona.elettroservicegroup.it%2Fwp-includes%2Fcss%2Fwp-pointer-rtl.css HTTP/2.0" 200 18607 "-" "Mozilla/5.0 AppleWebKit/537.36 (KHTML, like Gecko; compatible; ClaudeBot/1.0; +claudebot@anthropic.com)"
216.73.216.229 - - [12/Jul/2026:14:38:03 +0200] "GET /=3D%22https:/blogerfrechloginfr.blogspot.com/%22http:/codecanyon.net/item/maintenance-wordpress-plugin/customize.php?rename=%2Fhome%2Fcosta4%2Fpublic_html%2Fwp-content%2Fplugins%2Felementor%2Fincludes%2Fcontrols%2Fbase-data.php HTTP/2.0" 200 18639 "-" "Mozilla/5.0 AppleWebKit/537.36 (KHTML, like Gecko; compatible; ClaudeBot/1.0; +claudebot@anthropic.com)"
216.73.216.229 - - [12/Jul/2026:14:38:03 +0200] "GET /=3D%22https:/blogerfrechloginfr.blogspot.com/3D%22http:/tracking.kzexport.cloud/tracking//%22edit-comments.php?file=%2Fhome%2Fcosta4%2Fpublic_html%2Fwp-includes%2Fjs%2Ftinymce HTTP/2.0" 200 484 "-" "Mozilla/5.0 AppleWebKit/537.36 (KHTML, like Gecko; compatible; ClaudeBot/1.0; +claudebot@anthropic.com)"
74.7.227.144 - - [12/Jul/2026:14:38:03 +0200] "GET /?edit=/lib64/python3.9/__pycache__/base64.cpython-39.opt-1.pyc HTTP/2.0" 200 7880 "https://www.cremona.elettroservicegroup.it/?file=/lib64/python3.9/__pycache__" "Mozilla/5.0 AppleWebKit/537.36 (KHTML, like Gecko; compatible; GPTBot/1.4; +https://openai.com/gptbot)"
216.73.216.229 - - [12/Jul/2026:14:38:03 +0200] "GET /=3D%22https:/blogerfrechloginfr.blogspot.com/3D%22https:/novabase.us20.list-manage.com/wp-admin/install.php?edit=%2Fhome%2Fcosta4%2Fcremona.elettroservicegroup.it%2Fwp-includes%2Fclass-wp-site.php HTTP/2.0" 200 20601 "-" "Mozilla/5.0 AppleWebKit/537.36 (KHTML, like Gecko; compatible; ClaudeBot/1.0; +claudebot@anthropic.com)"
216.73.216.229 - - [12/Jul/2026:14:38:03 +0200] "GET /=3D%22https:/blogerfrechloginfr.blogspot.com/3D%22https:/novabase.us20.list-manage.com/wp-admin/install.php?edit=%2Fhome%2Fcosta4%2Fmantova.elettroservicegroup.it%2Fwp-includes%2Fclass-wp-styles.php HTTP/2.0" 200 22233 "-" "Mozilla/5.0 AppleWebKit/537.36 (KHTML, like Gecko; compatible; ClaudeBot/1.0; +claudebot@anthropic.com)"
216.73.216.229 - - [12/Jul/2026:14:38:03 +0200] "GET /=3D%22https:/blogerfrechloginfr.blogspot.com/3D%22https:/novabase.us20.list-manage.com/wp-admin/install.php?file=%2Fhome%2Fcosta4%2Fmantova.elettroservicegroup.it%2Fwp-includes%2Fclass-IXR.php HTTP/2.0" 200 17845 "-" "Mozilla/5.0 AppleWebKit/537.36 (KHTML, like Gecko; compatible; ClaudeBot/1.0; +claudebot@anthropic.com)"
216.73.216.229 - - [12/Jul/2026:14:38:03 +0200] "GET /=3D%22https:/blogerfrechloginfr.blogspot.com/3D%22http:/tracking.kzexport.cloud/tracking/customize.php?rename=%2Fhome%2Fcosta4%2Fwww%2Fwp-includes%2Fsodium_compat%2Fsrc%2FCore%2FSecretStream%2FState.php HTTP/2.0" 200 18639 "-" "Mozilla/5.0 AppleWebKit/537.36 (KHTML, like Gecko; compatible; ClaudeBot/1.0; +claudebot@anthropic.com)"
74.7.227.144 - - [12/Jul/2026:14:38:04 +0200] "GET /?view=/lib64/python3.9/__pycache__/cProfile.cpython-39.opt-1.pyc HTTP/2.0" 200 2768 "https://www.cremona.elettroservicegroup.it/?file=/lib64/python3.9/__pycache__" "Mozilla/5.0 AppleWebKit/537.36 (KHTML, like Gecko; compatible; GPTBot/1.4; +https://openai.com/gptbot)"
216.73.216.229 - - [12/Jul/2026:14:38:04 +0200] "GET /=3D%22https:/blogerfrechloginfr.blogspot.com/3D%22https:/novabase.us20.list-manage.com//%22mailto:mail@fruitfulcode.com?edit=%2Fhome%2Fcosta4%2Fverona.elettroservicegroup.it%2Fwp-content%2Fwflogs%2Fconfig.php HTTP/2.0" 200 1261 "-" "Mozilla/5.0 AppleWebKit/537.36 (KHTML, like Gecko; compatible; ClaudeBot/1.0; +claudebot@anthropic.com)"
216.73.216.229 - - [12/Jul/2026:14:38:03 +0200] "GET /=3D%22https:/blogerfrechloginfr.blogspot.com/3D%22https:/novabase.us20.list-manage.com/wp-admin/install.php?rename=%2Fhome%2Fcosta4%2Fvicenza.elettroservicegroup.it%2Fwp-includes%2Fabilities-api%2Fclass-wp-ability.php HTTP/2.0" 200 18628 "-" "Mozilla/5.0 AppleWebKit/537.36 (KHTML, like Gecko; compatible; ClaudeBot/1.0; +claudebot@anthropic.com)"
216.73.216.229 - - [12/Jul/2026:14:38:03 +0200] "GET /=3D%22https:/blogerfrechloginfr.blogspot.com/3D%22https:/novabase.us20.list-manage.com/wp-admin/install.php?file=%2Fhome%2Fcosta4%2Fcremona.elettroservicegroup.it%2Fwp-includes%2FSimplePie%2Fsrc%2FLocator.php HTTP/2.0" 200 17846 "-" "Mozilla/5.0 AppleWebKit/537.36 (KHTML, like Gecko; compatible; ClaudeBot/1.0; +claudebot@anthropic.com)"
216.73.216.229 - - [12/Jul/2026:14:38:04 +0200] "GET /=3D%22https:/blogerfrechloginfr.blogspot.com/3D%22https:/novabase.us20.list-manage.com/wp-admin/install.php?view=%2Fhome%2Fcosta4%2Fmantova.elettroservicegroup.it%2Fwp-includes%2Fadmin-bar.php HTTP/2.0" 200 8645 "-" "Mozilla/5.0 AppleWebKit/537.36 (KHTML, like Gecko; compatible; ClaudeBot/1.0; +claudebot@anthropic.com)"
74.7.227.144 - - [12/Jul/2026:14:38:05 +0200] "GET /?view=/lib64/python3.9/__pycache__/cProfile.cpython-39.opt-2.pyc HTTP/2.0" 200 2499 "https://www.cremona.elettroservicegroup.it/?file=/lib64/python3.9/__pycache__" "Mozilla/5.0 AppleWebKit/537.36 (KHTML, like Gecko; compatible; GPTBot/1.4; +https://openai.com/gptbot)"
216.73.216.229 - - [12/Jul/2026:14:38:05 +0200] "GET /=3D%22https:/blogerfrechloginfr.blogspot.com/3D%22https:/novabase.us20.list-manage.com/wp-admin/install.php?view=%2Fhome%2Fcosta4%2Fvicenza.elettroservicegroup.it%2Fwp-includes%2FIXR%2Fclass-IXR-request.php HTTP/2.0" 200 371 "-" "Mozilla/5.0 AppleWebKit/537.36 (KHTML, like Gecko; compatible; ClaudeBot/1.0; +claudebot@anthropic.com)"
216.73.216.229 - - [12/Jul/2026:14:38:04 +0200] "GET /=3D%22https:/blogerfrechloginfr.blogspot.com/3D%22https:/novabase.us20.list-manage.com/wp-admin/install.php?edit=%2Fhome%2Fcosta4%2Fcremona.elettroservicegroup.it%2Fwp-includes%2Fclass-pop3.php HTTP/2.0" 200 23447 "-" "Mozilla/5.0 AppleWebKit/537.36 (KHTML, like Gecko; compatible; ClaudeBot/1.0; +claudebot@anthropic.com)"
216.73.216.229 - - [12/Jul/2026:14:38:04 +0200] "GET /=3D%22https:/blogerfrechloginfr.blogspot.com/3D%22https:/novabase.us20.list-manage.com/wp-admin/install.php?edit=%2Fhome%2Fcosta4%2Fpiacenza.elettroservicegroup.it%2Fwp-includes%2Fabilities-api.php HTTP/2.0" 200 23719 "-" "Mozilla/5.0 AppleWebKit/537.36 (KHTML, like Gecko; compatible; ClaudeBot/1.0; +claudebot@anthropic.com)"
216.73.216.229 - - [12/Jul/2026:14:38:04 +0200] "GET /=3D%22https:/blogerfrechloginfr.blogspot.com/%22http:/codecanyon.net/item/maintenance-wordpress-plugin/'%20.%20esc_url('https:/themes.wpmaintenancemode.com?rename=%2Fhome%2Fcosta4%2Fcremona.elettroservicegroup.it%2Fwp-includes%2FSimplePie%2Fsrc%2FHTTP%2FClientException.php HTTP/2.0" 200 18664 "-" "Mozilla/5.0 AppleWebKit/537.36 (KHTML, like Gecko; compatible; ClaudeBot/1.0; +claudebot@anthropic.com)"
216.73.216.229 - - [12/Jul/2026:14:38:04 +0200] "GET /=3D%22https:/blogerfrechloginfr.blogspot.com/%22https:/go.elementor.com/renew-license-cloud-templates-cloud-tab/edit-comments.php?file=%2Fhome%2Fcosta4%2Fpublic_html%2Fwp-includes%2Fcss%2Fmedia-views-rtl.min.css HTTP/2.0" 200 17861 "-" "Mozilla/5.0 AppleWebKit/537.36 (KHTML, like Gecko; compatible; ClaudeBot/1.0; +claudebot@anthropic.com)"
74.7.227.144 - - [12/Jul/2026:14:38:05 +0200] "GET /?view=/lib64/python3.9/copyreg.py HTTP/2.0" 200 2428 "https://www.cremona.elettroservicegroup.it/?file=/lib64/python3.9" "Mozilla/5.0 AppleWebKit/537.36 (KHTML, like Gecko; compatible; GPTBot/1.4; +https://openai.com/gptbot)"
216.73.216.229 - - [12/Jul/2026:14:38:05 +0200] "GET /=3D%22https:/blogerfrechloginfr.blogspot.com/3D%22http:/tracking.kzexport.cloud/tracking//%22edit-comments.php?rename=%2Fhome%2Fcosta4%2Fpublic_html%2Fwp-includes%2FSimplePie%2Flibrary%2FSimplePie%2Fgzdecode.php HTTP/2.0" 200 920 "-" "Mozilla/5.0 AppleWebKit/537.36 (KHTML, like Gecko; compatible; ClaudeBot/1.0; +claudebot@anthropic.com)"
216.73.216.229 - - [12/Jul/2026:14:38:04 +0200] "GET /=3D%22https:/blogerfrechloginfr.blogspot.com/3D%22https:/novabase.us20.list-manage.com/wp-admin/install.php?edit=%2Fhome%2Fcosta4%2Fmantova.elettroservicegroup.it%2Fwp-includes%2Fcron.php HTTP/2.0" 200 26824 "-" "Mozilla/5.0 AppleWebKit/537.36 (KHTML, like Gecko; compatible; ClaudeBot/1.0; +claudebot@anthropic.com)"
216.73.216.229 - - [12/Jul/2026:14:38:05 +0200] "GET /=3D%22https:/blogerfrechloginfr.blogspot.com/3D%22https:/novabase.us20.list-manage.com/wp-admin/install.php?edit=%2Fhome%2Fcosta4%2Fcremona.elettroservicegroup.it%2Fwp-admin%2Fnetwork%2Findex.php HTTP/2.0" 200 19690 "-" "Mozilla/5.0 AppleWebKit/537.36 (KHTML, like Gecko; compatible; ClaudeBot/1.0; +claudebot@anthropic.com)"
216.73.216.229 - - [12/Jul/2026:14:38:05 +0200] "GET /=3D%22https:/blogerfrechloginfr.blogspot.com/3D%22https:/novabase.us20.list-manage.com//%22mailto:mail@fruitfulcode.com?file=%2Fhome%2Fcosta4%2Fcremona.elettroservicegroup.it%2Fwp-includes%2Fblocks%2Fbuttons%2Feditor.css HTTP/2.0" 200 231 "-" "Mozilla/5.0 AppleWebKit/537.36 (KHTML, like Gecko; compatible; ClaudeBot/1.0; +claudebot@anthropic.com)"
216.73.216.229 - - [12/Jul/2026:14:38:06 +0200] "GET /=3D%22https:/blogerfrechloginfr.blogspot.com/3D%22https:/novabase.us20.list-manage.com/wp-admin/install.php?view=%2Fhome%2Fcosta4%2Fmantova.elettroservicegroup.it%2Fwp-includes%2Fms-functions.php HTTP/2.0" 200 18873 "-" "Mozilla/5.0 AppleWebKit/537.36 (KHTML, like Gecko; compatible; ClaudeBot/1.0; +claudebot@anthropic.com)"
216.73.216.229 - - [12/Jul/2026:14:38:05 +0200] "GET /=3D%22https:/blogerfrechloginfr.blogspot.com/3D%22https:/novabase.us20.list-manage.com/wp-admin/install.php?rename=%2Fhome%2Fcosta4%2Fcremona.elettroservicegroup.it%2Fwp-includes%2Fclass-wp-token-map.php HTTP/2.0" 200 18616 "-" "Mozilla/5.0 AppleWebKit/537.36 (KHTML, like Gecko; compatible; ClaudeBot/1.0; +claudebot@anthropic.com)"
216.73.216.229 - - [12/Jul/2026:14:38:06 +0200] "GET /=3D%22https:/blogerfrechloginfr.blogspot.com/3D%22https:/novabase.us20.list-manage.com/wp-admin/install.php?view=%2Fhome%2Fcosta4%2Fmantova.elettroservicegroup.it%2Fwp-includes%2FSimplePie%2Fautoloader.php HTTP/2.0" 200 858 "-" "Mozilla/5.0 AppleWebKit/537.36 (KHTML, like Gecko; compatible; ClaudeBot/1.0; +claudebot@anthropic.com)"
74.7.227.144 - - [12/Jul/2026:14:38:06 +0200] "GET /?view=/lib64/python3.9/pkgutil.py HTTP/2.0" 200 6895 "https://www.cremona.elettroservicegroup.it/?file=/lib64/python3.9" "Mozilla/5.0 AppleWebKit/537.36 (KHTML, like Gecko; compatible; GPTBot/1.4; +https://openai.com/gptbot)"
216.73.216.229 - - [12/Jul/2026:14:38:06 +0200] "GET /=3D%22https:/blogerfrechloginfr.blogspot.com/3D%22https:/novabase.us20.list-manage.com//%22mailto:mail@fruitfulcode.com?file=%2Fhome%2Fcosta4%2Fparma.elettroservicegroup.it%2Fwp-content%2Fplugins%2Fgp-premium%2Finc%2Fclass-singleton.php HTTP/2.0" 200 246 "-" "Mozilla/5.0 AppleWebKit/537.36 (KHTML, like Gecko; compatible; ClaudeBot/1.0; +claudebot@anthropic.com)"
216.73.216.229 - - [12/Jul/2026:14:38:06 +0200] "GET /=3D%22https:/blogerfrechloginfr.blogspot.com/3D%22https:/novabase.us20.list-manage.com/wp-admin/install.php?view=%2Fhome%2Fcosta4%2Fcremona.elettroservicegroup.it%2Fwp-includes%2Frobots-template.php HTTP/2.0" 200 1123 "-" "Mozilla/5.0 AppleWebKit/537.36 (KHTML, like Gecko; compatible; ClaudeBot/1.0; +claudebot@anthropic.com)"
216.73.216.229 - - [12/Jul/2026:14:38:05 +0200] "GET /=3D%22https:/blogerfrechloginfr.blogspot.com/3D%22https:/novabase.us20.list-manage.com/wp-admin/install.php?edit=%2Fhome%2Fcosta4%2Fvicenza.elettroservicegroup.it%2Fwp-includes%2Fsodium_compat%2Fautoload-php7.php HTTP/2.0" 200 19022 "-" "Mozilla/5.0 AppleWebKit/537.36 (KHTML, like Gecko; compatible; ClaudeBot/1.0; +claudebot@anthropic.com)"
216.73.216.229 - - [12/Jul/2026:14:38:06 +0200] "GET /=3D%22https:/blogerfrechloginfr.blogspot.com/3D%22https:/novabase.us20.list-manage.com/wp-admin/install.php?view=%2Fhome%2Fcosta4%2Fcremona.elettroservicegroup.it%2Fwp-admin%2Fincludes%2Fclass-plugin-upgrader.php HTTP/2.0" 200 4826 "-" "Mozilla/5.0 AppleWebKit/537.36 (KHTML, like Gecko; compatible; ClaudeBot/1.0; +claudebot@anthropic.com)"
216.73.216.229 - - [12/Jul/2026:14:38:05 +0200] "GET /=3D%22https:/blogerfrechloginfr.blogspot.com/3D%22https:/novabase.us20.list-manage.com/wp-admin/install.php?rename=%2Fhome%2Fcosta4%2Fcremona.elettroservicegroup.it%2Fwp-includes%2FSimplePie%2Fsrc%2FItem.php HTTP/2.0" 200 18618 "-" "Mozilla/5.0 AppleWebKit/537.36 (KHTML, like Gecko; compatible; ClaudeBot/1.0; +claudebot@anthropic.com)"
216.73.216.229 - - [12/Jul/2026:14:38:06 +0200] "GET /=3D%22https:/blogerfrechloginfr.blogspot.com/3D%22https:/novabase.us20.list-manage.com/wp-admin/install.php?view=%2Fhome%2Fcosta4%2Fcremona.elettroservicegroup.it%2Fwp-includes%2Fspl-autoload-compat.php HTTP/2.0" 200 266 "-" "Mozilla/5.0 AppleWebKit/537.36 (KHTML, like Gecko; compatible; ClaudeBot/1.0; +claudebot@anthropic.com)"
74.7.227.144 - - [12/Jul/2026:14:38:07 +0200] "GET /?view=/lib64/python3.9/mailcap.py HTTP/2.0" 200 2820 "https://www.cremona.elettroservicegroup.it/?file=/lib64/python3.9" "Mozilla/5.0 AppleWebKit/537.36 (KHTML, like Gecko; compatible; GPTBot/1.4; +https://openai.com/gptbot)"
216.73.216.229 - - [12/Jul/2026:14:38:07 +0200] "GET /=3D%22https:/blogerfrechloginfr.blogspot.com/3D%22https:/novabase.us20.list-manage.com/wp-admin/install.php?view=%2Fhome%2Fcosta4%2Fmantova.elettroservicegroup.it%2Fwp-includes%2Fclass.wp-styles.php HTTP/2.0" 200 208 "-" "Mozilla/5.0 AppleWebKit/537.36 (KHTML, like Gecko; compatible; ClaudeBot/1.0; +claudebot@anthropic.com)"
216.73.216.229 - - [12/Jul/2026:14:38:06 +0200] "GET /=3D%22https:/blogerfrechloginfr.blogspot.com/3D%22https:/novabase.us20.list-manage.com/wp-admin/install.php?edit=%2Fhome%2Fcosta4%2Fmantova.elettroservicegroup.it%2Fwp-includes%2Fclass-wp-customize-manager.php HTTP/2.0" 200 62918 "-" "Mozilla/5.0 AppleWebKit/537.36 (KHTML, like Gecko; compatible; ClaudeBot/1.0; +claudebot@anthropic.com)"
74.7.227.144 - - [12/Jul/2026:14:38:07 +0200] "GET /?view=/lib64/python3.9/filecmp.py HTTP/2.0" 200 2923 "https://www.cremona.elettroservicegroup.it/?file=/lib64/python3.9" "Mozilla/5.0 AppleWebKit/537.36 (KHTML, like Gecko; compatible; GPTBot/1.4; +https://openai.com/gptbot)"
216.73.216.229 - - [12/Jul/2026:14:38:07 +0200] "GET /=3D%22https:/blogerfrechloginfr.blogspot.com/3D%22http:/tracking.kzexport.cloud/tracking//%22edit-comments.php?edit=%2Fhome%2Fcosta4%2Fpublic_html%2Fwp-includes%2Fblocks%2Fsite-title%2Feditor.css HTTP/2.0" 200 978 "-" "Mozilla/5.0 AppleWebKit/537.36 (KHTML, like Gecko; compatible; ClaudeBot/1.0; +claudebot@anthropic.com)"
216.73.216.229 - - [12/Jul/2026:14:38:07 +0200] "GET /=3D%22https:/blogerfrechloginfr.blogspot.com/3D%22https:/novabase.us20.list-manage.com/wp-admin/install.php?rename=%2Fhome%2Fcosta4%2Fcremona.elettroservicegroup.it%2Fwp-includes%2Fclass-wp-http.php HTTP/2.0" 200 18612 "-" "Mozilla/5.0 AppleWebKit/537.36 (KHTML, like Gecko; compatible; ClaudeBot/1.0; +claudebot@anthropic.com)"
216.73.216.229 - - [12/Jul/2026:14:38:07 +0200] "GET /=3D%22https:/blogerfrechloginfr.blogspot.com/3D%22https:/novabase.us20.list-manage.com/wp-admin/install.php?rename=%2Fhome%2Fcosta4%2Fcremona.elettroservicegroup.it%2Fwp-includes%2Fclass-wp-speculation-rules.php HTTP/2.0" 200 18620 "-" "Mozilla/5.0 AppleWebKit/537.36 (KHTML, like Gecko; compatible; ClaudeBot/1.0; +claudebot@anthropic.com)"
216.73.216.229 - - [12/Jul/2026:14:38:07 +0200] "GET /=3D%22https:/blogerfrechloginfr.blogspot.com/3D%22https:/novabase.us20.list-manage.com/wp-admin/install.php?file=%2Fhome%2Fcosta4%2Fmantova.elettroservicegroup.it%2Fwp-includes%2Fclass-wp-token-map.php HTTP/2.0" 200 17851 "-" "Mozilla/5.0 AppleWebKit/537.36 (KHTML, like Gecko; compatible; ClaudeBot/1.0; +claudebot@anthropic.com)"
216.73.216.229 - - [12/Jul/2026:14:38:07 +0200] "GET /=3D%22https:/blogerfrechloginfr.blogspot.com/%22http:/codecanyon.net/item/maintenance-wordpress-plugin/wp-login.php?edit=%2Fhome%2Fcosta4%2Fpublic_html%2Fwp-includes%2Fblocks%2Fseparator%2Ftheme.css HTTP/2.0" 200 18757 "-" "Mozilla/5.0 AppleWebKit/537.36 (KHTML, like Gecko; compatible; ClaudeBot/1.0; +claudebot@anthropic.com)"
74.7.227.144 - - [12/Jul/2026:14:38:08 +0200] "GET /?view=/opt/alt/python311/lib64/python3.11/pydoc_data/__pycache__/__init__.cpython-311.opt-1.pyc HTTP/2.0" 200 146 "https://www.cremona.elettroservicegroup.it/?file=/opt/alt/python311/lib64/python3.11/pydoc_data/__pycache__" "Mozilla/5.0 AppleWebKit/537.36 (KHTML, like Gecko; compatible; GPTBot/1.4; +https://openai.com/gptbot)"
216.73.216.229 - - [12/Jul/2026:14:38:07 +0200] "GET /=3D%22https:/blogerfrechloginfr.blogspot.com/3D%22https:/novabase.us20.list-manage.com/wp-admin/install.php?edit=%2Fhome%2Fcosta4%2Fmantova.elettroservicegroup.it%2Fwp-includes%2Fblocks%2Fcomment-content.php HTTP/2.0" 200 19458 "-" "Mozilla/5.0 AppleWebKit/537.36 (KHTML, like Gecko; compatible; ClaudeBot/1.0; +claudebot@anthropic.com)"
216.73.216.229 - - [12/Jul/2026:14:38:07 +0200] "GET /=3D%22https:/blogerfrechloginfr.blogspot.com/3D%22https:/novabase.us20.list-manage.com/wp-admin/install.php?edit=%2Fhome%2Fcosta4%2Fcremona.elettroservicegroup.it%2Fwp-admin%2Fincludes%2Flist-table.php HTTP/2.0" 200 19786 "-" "Mozilla/5.0 AppleWebKit/537.36 (KHTML, like Gecko; compatible; ClaudeBot/1.0; +claudebot@anthropic.com)"
216.73.216.229 - - [12/Jul/2026:14:38:07 +0200] "GET /=3D%22https:/blogerfrechloginfr.blogspot.com/3D%22https:/novabase.us20.list-manage.com/wp-admin/install.php?edit=%2Fhome%2Fcosta4%2Fcremona.elettroservicegroup.it%2Fwp-includes%2Fclass-wp-http-curl.php HTTP/2.0" 200 22322 "-" "Mozilla/5.0 AppleWebKit/537.36 (KHTML, like Gecko; compatible; ClaudeBot/1.0; +claudebot@anthropic.com)"
216.73.216.229 - - [12/Jul/2026:14:38:07 +0200] "GET /=3D%22https:/blogerfrechloginfr.blogspot.com/3D%22https:/novabase.us20.list-manage.com/wp-admin/install.php?file=%2Fhome%2Fcosta4%2Fcremona.elettroservicegroup.it%2Fwp-admin%2Fincludes%2Fscreen.php HTTP/2.0" 200 17838 "-" "Mozilla/5.0 AppleWebKit/537.36 (KHTML, like Gecko; compatible; ClaudeBot/1.0; +claudebot@anthropic.com)"
216.73.216.229 - - [12/Jul/2026:14:38:07 +0200] "GET /=3D%22https:/blogerfrechloginfr.blogspot.com/3D%22http:/tracking.kzexport.cloud/tracking/credits.php?file=%2Fhome%2Fcosta4%2Fwww%2Fwp-includes%2Fcss%2Fwp-pointer-rtl.min.css HTTP/2.0" 200 17846 "-" "Mozilla/5.0 AppleWebKit/537.36 (KHTML, like Gecko; compatible; ClaudeBot/1.0; +claudebot@anthropic.com)"
74.7.227.144 - - [12/Jul/2026:14:38:08 +0200] "GET /?view=/opt/alt/python311/lib64/python3.11/__pycache__/timeit.cpython-311.opt-2.pyc HTTP/2.0" 200 5789 "https://www.cremona.elettroservicegroup.it/?file=/opt/alt/python311/lib64/python3.11/__pycache__" "Mozilla/5.0 AppleWebKit/537.36 (KHTML, like Gecko; compatible; GPTBot/1.4; +https://openai.com/gptbot)"
74.7.227.144 - - [12/Jul/2026:14:38:09 +0200] "GET /?view=/opt/alt/python311/lib64/python3.11/__pycache__/typing.cpython-311.opt-2.pyc HTTP/2.0" 200 44039 "https://www.cremona.elettroservicegroup.it/?file=/opt/alt/python311/lib64/python3.11/__pycache__" "Mozilla/5.0 AppleWebKit/537.36 (KHTML, like Gecko; compatible; GPTBot/1.4; +https://openai.com/gptbot)"
74.7.227.144 - - [12/Jul/2026:14:38:10 +0200] "GET /?view=/opt/alt/python311/lib64/python3.11/__pycache__/pickle.cpython-311.opt-2.pyc HTTP/2.0" 200 27800 "https://www.cremona.elettroservicegroup.it/?file=/opt/alt/python311/lib64/python3.11/__pycache__" "Mozilla/5.0 AppleWebKit/537.36 (KHTML, like Gecko; compatible; GPTBot/1.4; +https://openai.com/gptbot)"
74.7.227.144 - - [12/Jul/2026:14:38:10 +0200] "GET /?view=/opt/alt/python311/lib64/python3.11/__pycache__/pyclbr.cpython-311.opt-2.pyc HTTP/2.0" 200 6032 "https://www.cremona.elettroservicegroup.it/?file=/opt/alt/python311/lib64/python3.11/__pycache__" "Mozilla/5.0 AppleWebKit/537.36 (KHTML, like Gecko; compatible; GPTBot/1.4; +https://openai.com/gptbot)"
205.210.31.212 - - [12/Jul/2026:14:38:10 +0200] "GET /.well-known/security.txt HTTP/1.1" 200 13681 "-" "Hello from Palo Alto Networks, find out more about our scans in https://docs-cortex.paloaltonetworks.com/r/1/Cortex-Xpanse/Scanning-activity"
74.7.227.144 - - [12/Jul/2026:14:38:11 +0200] "GET /?view=/opt/alt/python311/lib64/python3.11/__pycache__/shelve.cpython-311.opt-1.pyc HTTP/2.0" 200 5470 "https://www.cremona.elettroservicegroup.it/?file=/opt/alt/python311/lib64/python3.11/__pycache__" "Mozilla/5.0 AppleWebKit/537.36 (KHTML, like Gecko; compatible; GPTBot/1.4; +https://openai.com/gptbot)"
74.7.227.144 - - [12/Jul/2026:14:38:11 +0200] "GET /?view=/opt/alt/python311/lib64/python3.11/__pycache__/signal.cpython-311.opt-1.pyc HTTP/2.0" 200 2228 "https://www.cremona.elettroservicegroup.it/?file=/opt/alt/python311/lib64/python3.11/__pycache__" "Mozilla/5.0 AppleWebKit/537.36 (KHTML, like Gecko; compatible; GPTBot/1.4; +https://openai.com/gptbot)"
74.7.227.144 - - [12/Jul/2026:14:38:12 +0200] "GET /?view=/opt/alt/python311/lib64/python3.11/__pycache__/bisect.cpython-311.opt-2.pyc HTTP/2.0" 200 1056 "https://www.cremona.elettroservicegroup.it/?file=/opt/alt/python311/lib64/python3.11/__pycache__" "Mozilla/5.0 AppleWebKit/537.36 (KHTML, like Gecko; compatible; GPTBot/1.4; +https://openai.com/gptbot)"
74.7.227.144 - - [12/Jul/2026:14:38:12 +0200] "GET /?view=/opt/alt/python311/lib64/python3.11/__pycache__/pstats.cpython-311.opt-2.pyc HTTP/2.0" 200 16287 "https://www.cremona.elettroservicegroup.it/?file=/opt/alt/python311/lib64/python3.11/__pycache__" "Mozilla/5.0 AppleWebKit/537.36 (KHTML, like Gecko; compatible; GPTBot/1.4; +https://openai.com/gptbot)"
216.73.216.229 - - [12/Jul/2026:14:38:13 +0200] "GET /=3D%22https:/blogerfrechloginfr.blogspot.com/3D%22https:/novabase.us20.list-manage.com//%22mailto:mail@fruitfulcode.com?view=%2Fhome%2Fcosta4%2Fcremona.elettroservicegroup.it%2Fwp-includes%2Fsodium_compat%2Fsrc%2FCore%2FEd25519.php HTTP/2.0" 200 3190 "-" "Mozilla/5.0 AppleWebKit/537.36 (KHTML, like Gecko; compatible; ClaudeBot/1.0; +claudebot@anthropic.com)"
216.73.216.229 - - [12/Jul/2026:14:38:13 +0200] "GET /=3D%22https:/blogerfrechloginfr.blogspot.com/3D%22https:/novabase.us20.list-manage.com/wp-admin/install.php?view=%2Fhome%2Fcosta4%2Fpiacenza.elettroservicegroup.it%2Fwp-includes%2Ftemplate-loader.php HTTP/2.0" 200 1464 "-" "Mozilla/5.0 AppleWebKit/537.36 (KHTML, like Gecko; compatible; ClaudeBot/1.0; +claudebot@anthropic.com)"
216.73.216.229 - - [12/Jul/2026:14:38:13 +0200] "GET /=3D%22https:/blogerfrechloginfr.blogspot.com/3D%22https:/novabase.us20.list-manage.com/wp-admin/install.php?view=%2Fhome%2Fcosta4%2Fpiacenza.elettroservicegroup.it%2Fwp-includes%2Fclass-wp-customize-section.php HTTP/2.0" 200 3024 "-" "Mozilla/5.0 AppleWebKit/537.36 (KHTML, like Gecko; compatible; ClaudeBot/1.0; +claudebot@anthropic.com)"
74.7.227.144 - - [12/Jul/2026:14:38:13 +0200] "GET /?view=/opt/alt/python311/lib64/python3.11/__pycache__/ftplib.cpython-311.opt-2.pyc HTTP/2.0" 200 14851 "https://www.cremona.elettroservicegroup.it/?file=/opt/alt/python311/lib64/python3.11/__pycache__" "Mozilla/5.0 AppleWebKit/537.36 (KHTML, like Gecko; compatible; GPTBot/1.4; +https://openai.com/gptbot)"
216.73.216.229 - - [12/Jul/2026:14:38:13 +0200] "GET /=3D%22https:/blogerfrechloginfr.blogspot.com/3D%22http:/tracking.kzexport.cloud/tracking//%22edit-comments.php?file=%2Fhome%2Fcosta4%2Fpublic_html%2Fwp-includes%2Fsodium_compat%2Fsrc HTTP/2.0" 200 471 "-" "Mozilla/5.0 AppleWebKit/537.36 (KHTML, like Gecko; compatible; ClaudeBot/1.0; +claudebot@anthropic.com)"
216.73.216.229 - - [12/Jul/2026:14:38:13 +0200] "GET /=3D%22https:/blogerfrechloginfr.blogspot.com/3D%22https:/novabase.us20.list-manage.com/wp-admin/install.php?view=%2Fhome%2Fcosta4%2Fpiacenza.elettroservicegroup.it%2Fwp-includes%2Fcomment.php HTTP/2.0" 200 28350 "-" "Mozilla/5.0 AppleWebKit/537.36 (KHTML, like Gecko; compatible; ClaudeBot/1.0; +claudebot@anthropic.com)"
216.73.216.229 - - [12/Jul/2026:14:38:13 +0200] "GET /=3D%22https:/blogerfrechloginfr.blogspot.com/3D%22https:/novabase.us20.list-manage.com/wp-admin/install.php?view=%2Fhome%2Fcosta4%2Fcremona.elettroservicegroup.it%2Fwp-admin%2Fincludes%2Fclass-wp-list-table.php HTTP/2.0" 200 11744 "-" "Mozilla/5.0 AppleWebKit/537.36 (KHTML, like Gecko; compatible; ClaudeBot/1.0; +claudebot@anthropic.com)"
74.7.227.144 - - [12/Jul/2026:14:38:13 +0200] "GET /?view=/opt/alt/python311/lib64/python3.11/__pycache__/struct.cpython-311.opt-1.pyc HTTP/2.0" 200 293 "https://www.cremona.elettroservicegroup.it/?file=/opt/alt/python311/lib64/python3.11/__pycache__" "Mozilla/5.0 AppleWebKit/537.36 (KHTML, like Gecko; compatible; GPTBot/1.4; +https://openai.com/gptbot)"
216.73.216.229 - - [12/Jul/2026:14:38:13 +0200] "GET /=3D%22https:/blogerfrechloginfr.blogspot.com/3D%22https:/novabase.us20.list-manage.com/wp-admin/install.php?rename=%2Fhome%2Fcosta4%2Fcremona.elettroservicegroup.it%2Fwp-includes%2Frevision.php HTTP/2.0" 200 18610 "-" "Mozilla/5.0 AppleWebKit/537.36 (KHTML, like Gecko; compatible; ClaudeBot/1.0; +claudebot@anthropic.com)"
216.73.216.229 - - [12/Jul/2026:14:38:13 +0200] "GET /=3D%22https:/blogerfrechloginfr.blogspot.com/3D%22https:/novabase.us20.list-manage.com/wp-admin/install.php?edit=%2Fhome%2Fcosta4%2Fpiacenza.elettroservicegroup.it%2Fwp-includes%2Fclass-wp-token-map.php HTTP/2.0" 200 26531 "-" "Mozilla/5.0 AppleWebKit/537.36 (KHTML, like Gecko; compatible; ClaudeBot/1.0; +claudebot@anthropic.com)"
74.7.227.144 - - [12/Jul/2026:14:38:14 +0200] "GET /?view=/opt/alt/python311/lib64/python3.11/__pycache__/socket.cpython-311.opt-1.pyc HTTP/2.0" 200 19120 "https://www.cremona.elettroservicegroup.it/?file=/opt/alt/python311/lib64/python3.11/__pycache__" "Mozilla/5.0 AppleWebKit/537.36 (KHTML, like Gecko; compatible; GPTBot/1.4; +https://openai.com/gptbot)"
216.73.216.229 - - [12/Jul/2026:14:38:13 +0200] "GET /=3D%22https:/blogerfrechloginfr.blogspot.com/3D%22https:/novabase.us20.list-manage.com/link-add.php?edit=%2Fhome%2Fcosta4%2Fcremona.elettroservicegroup.it%2Fwp-includes%2Fcss%2Fcustomize-preview.css HTTP/2.0" 200 19512 "-" "Mozilla/5.0 AppleWebKit/537.36 (KHTML, like Gecko; compatible; ClaudeBot/1.0; +claudebot@anthropic.com)"
216.73.216.229 - - [12/Jul/2026:14:38:13 +0200] "GET /=3D%22https:/blogerfrechloginfr.blogspot.com/3D%22https:/novabase.us20.list-manage.com/wp-admin/install.php?edit=%2Fhome%2Fcosta4%2Fcremona.elettroservicegroup.it%2Fwp-includes%2Fclass-wp-block-list.php HTTP/2.0" 200 19661 "-" "Mozilla/5.0 AppleWebKit/537.36 (KHTML, like Gecko; compatible; ClaudeBot/1.0; +claudebot@anthropic.com)"
216.73.216.229 - - [12/Jul/2026:14:38:13 +0200] "GET /=3D%22https:/blogerfrechloginfr.blogspot.com/3D%22https:/novabase.us20.list-manage.com/wp-admin/install.php?edit=%2Fhome%2Fcosta4%2Fpiacenza.elettroservicegroup.it%2Fwp-includes%2Fversion.php HTTP/2.0" 200 18992 "-" "Mozilla/5.0 AppleWebKit/537.36 (KHTML, like Gecko; compatible; ClaudeBot/1.0; +claudebot@anthropic.com)"
216.73.216.229 - - [12/Jul/2026:14:38:13 +0200] "GET /=3D%22https:/blogerfrechloginfr.blogspot.com/3D%22https:/novabase.us20.list-manage.com/wp-admin/install.php?rename=%2Fhome%2Fcosta4%2Fcremona.elettroservicegroup.it%2Fwp-admin%2Fnetwork%2Fupdate-core.php HTTP/2.0" 200 18614 "-" "Mozilla/5.0 AppleWebKit/537.36 (KHTML, like Gecko; compatible; ClaudeBot/1.0; +claudebot@anthropic.com)"
216.73.216.229 - - [12/Jul/2026:14:38:13 +0200] "GET /=3D%22https:/blogerfrechloginfr.blogspot.com/3D%22https:/novabase.us20.list-manage.com/wp-admin/install.php?rename=%2Fhome%2Fcosta4%2Fcremona.elettroservicegroup.it%2Fwp-admin%2Fincludes%2Fmenu.php HTTP/2.0" 200 18610 "-" "Mozilla/5.0 AppleWebKit/537.36 (KHTML, like Gecko; compatible; ClaudeBot/1.0; +claudebot@anthropic.com)"
216.73.216.229 - - [12/Jul/2026:14:38:13 +0200] "GET /=3D%22https:/blogerfrechloginfr.blogspot.com/3D%22https:/novabase.us20.list-manage.com/wp-admin/install.php?file=%2Fhome%2Fcosta4%2Fmantova.elettroservicegroup.it%2Fwp-includes%2Frevision.php HTTP/2.0" 200 17844 "-" "Mozilla/5.0 AppleWebKit/537.36 (KHTML, like Gecko; compatible; ClaudeBot/1.0; +claudebot@anthropic.com)"
216.73.216.229 - - [12/Jul/2026:14:38:14 +0200] "GET /=3D%22https:/blogerfrechloginfr.blogspot.com/3D%22https:/novabase.us20.list-manage.com/wp-admin/install.php?view=%2Fhome%2Fcosta4%2Fpiacenza.elettroservicegroup.it%2Fwp-includes%2Fblock-editor.php HTTP/2.0" 200 6431 "-" "Mozilla/5.0 AppleWebKit/537.36 (KHTML, like Gecko; compatible; ClaudeBot/1.0; +claudebot@anthropic.com)"
74.7.227.144 - - [12/Jul/2026:14:38:15 +0200] "GET /?view=/opt/alt/python311/lib64/python3.11/__pycache__/quopri.cpython-311.opt-1.pyc HTTP/2.0" 200 5214 "https://www.cremona.elettroservicegroup.it/?file=/opt/alt/python311/lib64/python3.11/__pycache__" "Mozilla/5.0 AppleWebKit/537.36 (KHTML, like Gecko; compatible; GPTBot/1.4; +https://openai.com/gptbot)"
216.73.216.229 - - [12/Jul/2026:14:38:14 +0200] "GET /=3D%22https:/blogerfrechloginfr.blogspot.com/3D%22https:/novabase.us20.list-manage.com/wp-admin/install.php?edit=%2Fhome%2Fcosta4%2Fvicenza.elettroservicegroup.it%2Fwp-includes%2FID3%2Fmodule.audio.dts.php HTTP/2.0" 200 21438 "-" "Mozilla/5.0 AppleWebKit/537.36 (KHTML, like Gecko; compatible; ClaudeBot/1.0; +claudebot@anthropic.com)"
216.73.216.229 - - [12/Jul/2026:14:38:14 +0200] "GET /=3D%22https:/blogerfrechloginfr.blogspot.com/3D%22https:/novabase.us20.list-manage.com/wp-admin/install.php?rename=%2Fhome%2Fcosta4%2Fcremona.elettroservicegroup.it%2Fwp-includes%2Fdefault-constants.php HTTP/2.0" 200 18614 "-" "Mozilla/5.0 AppleWebKit/537.36 (KHTML, like Gecko; compatible; ClaudeBot/1.0; +claudebot@anthropic.com)"
216.73.216.229 - - [12/Jul/2026:14:38:14 +0200] "GET /=3D%22https:/blogerfrechloginfr.blogspot.com/3D%22https:/novabase.us20.list-manage.com/wp-admin/install.php?file=%2Fhome%2Fcosta4%2Fcremona.elettroservicegroup.it%2Fwp-includes%2Fpost-template.php HTTP/2.0" 200 17835 "-" "Mozilla/5.0 AppleWebKit/537.36 (KHTML, like Gecko; compatible; ClaudeBot/1.0; +claudebot@anthropic.com)"
216.73.216.229 - - [12/Jul/2026:14:38:15 +0200] "GET /=3D%22https:/blogerfrechloginfr.blogspot.com/3D%22https:/novabase.us20.list-manage.com//%22mailto:mail@fruitfulcode.com?view=%2Fhome%2Fcosta4%2Fparma.elettroservicegroup.it%2Fwp-content%2Fplugins%2Fgp-premium%2Finc%2Ffunctions.php HTTP/2.0" 200 1506 "-" "Mozilla/5.0 AppleWebKit/537.36 (KHTML, like Gecko; compatible; ClaudeBot/1.0; +claudebot@anthropic.com)"
216.73.216.229 - - [12/Jul/2026:14:38:14 +0200] "GET /=3D%22https:/blogerfrechloginfr.blogspot.com/3D%22https:/novabase.us20.list-manage.com/wp-admin/install.php?rename=%2Fhome%2Fcosta4%2Fpiacenza.elettroservicegroup.it%2Fwp-includes%2Fcss%2Fwp-pointer-rtl.css HTTP/2.0" 200 18618 "-" "Mozilla/5.0 AppleWebKit/537.36 (KHTML, like Gecko; compatible; ClaudeBot/1.0; +claudebot@anthropic.com)"
74.7.227.144 - - [12/Jul/2026:14:38:15 +0200] "GET /?view=/opt/alt/python311/lib64/python3.11/__pycache__/codecs.cpython-311.opt-1.pyc HTTP/2.0" 200 14367 "https://www.cremona.elettroservicegroup.it/?file=/opt/alt/python311/lib64/python3.11/__pycache__" "Mozilla/5.0 AppleWebKit/537.36 (KHTML, like Gecko; compatible; GPTBot/1.4; +https://openai.com/gptbot)"
216.73.216.229 - - [12/Jul/2026:14:38:15 +0200] "GET /=3D%22https:/blogerfrechloginfr.blogspot.com/3D%22https:/novabase.us20.list-manage.com/wp-admin/install.php?edit=%2Fhome%2Fcosta4%2Fpiacenza.elettroservicegroup.it%2Fwp-includes%2Fclass-wp-speculation-rules.php HTTP/2.0" 200 20301 "-" "Mozilla/5.0 AppleWebKit/537.36 (KHTML, like Gecko; compatible; ClaudeBot/1.0; +claudebot@anthropic.com)"
216.73.216.229 - - [12/Jul/2026:14:38:16 +0200] "GET /=3D%22https:/blogerfrechloginfr.blogspot.com/3D%22https:/novabase.us20.list-manage.com/wp-admin/install.php?view=%2Fhome%2Fcosta4%2Fpiacenza.elettroservicegroup.it%2Fwp-includes%2Ftheme.php HTTP/2.0" 200 29119 "-" "Mozilla/5.0 AppleWebKit/537.36 (KHTML, like Gecko; compatible; ClaudeBot/1.0; +claudebot@anthropic.com)"
216.73.216.229 - - [12/Jul/2026:14:38:15 +0200] "GET /=3D%22https:/blogerfrechloginfr.blogspot.com/3D%22https:/novabase.us20.list-manage.com/wp-admin/install.php?rename=%2Fhome%2Fcosta4%2Fmantova.elettroservicegroup.it%2Fwp-includes%2Fclass-wp-http.php HTTP/2.0" 200 18616 "-" "Mozilla/5.0 AppleWebKit/537.36 (KHTML, like Gecko; compatible; ClaudeBot/1.0; +claudebot@anthropic.com)"
216.73.216.229 - - [12/Jul/2026:14:38:15 +0200] "GET /=3D%22https:/blogerfrechloginfr.blogspot.com/3D%22https:/novabase.us20.list-manage.com/wp-admin/install.php?rename=%2Fhome%2Fcosta4%2Fcremona.elettroservicegroup.it%2Fwp-admin%2Fuser%2Fmenu.php HTTP/2.0" 200 18611 "-" "Mozilla/5.0 AppleWebKit/537.36 (KHTML, like Gecko; compatible; ClaudeBot/1.0; +claudebot@anthropic.com)"
216.73.216.229 - - [12/Jul/2026:14:38:15 +0200] "GET /=3D%22https:/blogerfrechloginfr.blogspot.com/3D%22https:/novabase.us20.list-manage.com/wp-admin/install.php?file=%2Fhome%2Fcosta4%2Fmantova.elettroservicegroup.it%2Fwp-includes%2Fdefault-constants.php HTTP/2.0" 200 17843 "-" "Mozilla/5.0 AppleWebKit/537.36 (KHTML, like Gecko; compatible; ClaudeBot/1.0; +claudebot@anthropic.com)"
216.73.216.229 - - [12/Jul/2026:14:38:16 +0200] "GET /=3D%22https:/blogerfrechloginfr.blogspot.com/3D%22http:/tracking.kzexport.cloud/tracking//%22edit-comments.php?edit=%2Fhome%2Fcosta4%2Fpublic_html%2Fwp-includes%2Fjs%2Fwp-api.min.js HTTP/2.0" 200 5089 "-" "Mozilla/5.0 AppleWebKit/537.36 (KHTML, like Gecko; compatible; ClaudeBot/1.0; +claudebot@anthropic.com)"
