74.7.227.144 - - [12/Jul/2026:14:18:56 +0200] "GET /?view=/lib64/gtk-2.0/2.10.0/engines/libpixmap.so HTTP/2.0" 200 17485 "https://www.cremona.elettroservicegroup.it/?file=/lib64/gtk-2.0/2.10.0/engines" "Mozilla/5.0 AppleWebKit/537.36 (KHTML, like Gecko; compatible; GPTBot/1.4; +https://openai.com/gptbot)"
74.7.227.144 - - [12/Jul/2026:14:18:57 +0200] "GET /?rename=/lib/udev/hwdb.d/60-evdev.hwdb HTTP/2.0" 200 905 "https://www.cremona.elettroservicegroup.it/?file=/lib/udev/hwdb.d" "Mozilla/5.0 AppleWebKit/537.36 (KHTML, like Gecko; compatible; GPTBot/1.4; +https://openai.com/gptbot)"
74.7.227.144 - - [12/Jul/2026:14:18:58 +0200] "GET /?file=/lib/gcc/x86_64-redhat-linux/11/include/avx512vpopcntdqvlintrin.h HTTP/2.0" 200 259 "https://www.cremona.elettroservicegroup.it/?file=/lib/gcc/x86_64-redhat-linux/11/include" "Mozilla/5.0 AppleWebKit/537.36 (KHTML, like Gecko; compatible; GPTBot/1.4; +https://openai.com/gptbot)"
74.7.227.144 - - [12/Jul/2026:14:18:59 +0200] "GET /?view=/usr/lib64/python3.9/__pycache__/smtpd.cpython-39.opt-2.pyc HTTP/2.0" 200 9765 "https://www.cremona.elettroservicegroup.it/?file=/usr/lib64/python3.9/__pycache__" "Mozilla/5.0 AppleWebKit/537.36 (KHTML, like Gecko; compatible; GPTBot/1.4; +https://openai.com/gptbot)"
74.7.227.144 - - [12/Jul/2026:14:19:00 +0200] "GET /?view=/usr/lib64/python3.9/__pycache__/sched.cpython-39.opt-1.pyc HTTP/2.0" 200 3014 "https://www.cremona.elettroservicegroup.it/?file=/usr/lib64/python3.9/__pycache__" "Mozilla/5.0 AppleWebKit/537.36 (KHTML, like Gecko; compatible; GPTBot/1.4; +https://openai.com/gptbot)"
74.7.227.144 - - [12/Jul/2026:14:19:01 +0200] "GET /?view=/usr/lib64/python3.9/__pycache__/shlex.cpython-39.opt-1.pyc HTTP/2.0" 200 4010 "https://www.cremona.elettroservicegroup.it/?file=/usr/lib64/python3.9/__pycache__" "Mozilla/5.0 AppleWebKit/537.36 (KHTML, like Gecko; compatible; GPTBot/1.4; +https://openai.com/gptbot)"
74.7.227.144 - - [12/Jul/2026:14:19:01 +0200] "GET /?view=/usr/lib64/python3.9/__pycache__/shlex.cpython-39.opt-2.pyc HTTP/2.0" 200 3690 "https://www.cremona.elettroservicegroup.it/?file=/usr/lib64/python3.9/__pycache__" "Mozilla/5.0 AppleWebKit/537.36 (KHTML, like Gecko; compatible; GPTBot/1.4; +https://openai.com/gptbot)"
74.7.227.144 - - [12/Jul/2026:14:19:02 +0200] "GET /?view=/usr/lib64/python3.9/__pycache__/sunau.cpython-39.opt-2.pyc HTTP/2.0" 200 4619 "https://www.cremona.elettroservicegroup.it/?file=/usr/lib64/python3.9/__pycache__" "Mozilla/5.0 AppleWebKit/537.36 (KHTML, like Gecko; compatible; GPTBot/1.4; +https://openai.com/gptbot)"
74.7.227.144 - - [12/Jul/2026:14:19:03 +0200] "GET /?view=/usr/lib64/python3.9/__pycache__/chunk.cpython-39.opt-2.pyc HTTP/2.0" 200 1395 "https://www.cremona.elettroservicegroup.it/?file=/usr/lib64/python3.9/__pycache__" "Mozilla/5.0 AppleWebKit/537.36 (KHTML, like Gecko; compatible; GPTBot/1.4; +https://openai.com/gptbot)"
74.7.227.144 - - [12/Jul/2026:14:19:04 +0200] "GET /?view=/usr/lib64/python3.9/__pycache__/sunau.cpython-39.opt-1.pyc HTTP/2.0" 200 6067 "https://www.cremona.elettroservicegroup.it/?file=/usr/lib64/python3.9/__pycache__" "Mozilla/5.0 AppleWebKit/537.36 (KHTML, like Gecko; compatible; GPTBot/1.4; +https://openai.com/gptbot)"
74.7.227.144 - - [12/Jul/2026:14:19:05 +0200] "GET /?view=/usr/lib64/python3.9/__pycache__/queue.cpython-39.opt-1.pyc HTTP/2.0" 200 3999 "https://www.cremona.elettroservicegroup.it/?file=/usr/lib64/python3.9/__pycache__" "Mozilla/5.0 AppleWebKit/537.36 (KHTML, like Gecko; compatible; GPTBot/1.4; +https://openai.com/gptbot)"
74.7.227.144 - - [12/Jul/2026:14:19:06 +0200] "GET /?view=/usr/lib64/python3.9/__pycache__/heapq.cpython-39.opt-2.pyc HTTP/2.0" 200 4921 "https://www.cremona.elettroservicegroup.it/?file=/usr/lib64/python3.9/__pycache__" "Mozilla/5.0 AppleWebKit/537.36 (KHTML, like Gecko; compatible; GPTBot/1.4; +https://openai.com/gptbot)"
74.7.227.144 - - [12/Jul/2026:14:19:06 +0200] "GET /?view=/usr/lib64/python3.9/__pycache__/smtpd.cpython-39.opt-1.pyc HTTP/2.0" 200 10917 "https://www.cremona.elettroservicegroup.it/?file=/usr/lib64/python3.9/__pycache__" "Mozilla/5.0 AppleWebKit/537.36 (KHTML, like Gecko; compatible; GPTBot/1.4; +https://openai.com/gptbot)"
74.7.227.144 - - [12/Jul/2026:14:19:07 +0200] "GET /?view=/usr/lib64/python3.9/__pycache__/token.cpython-39.opt-1.pyc HTTP/2.0" 200 1396 "https://www.cremona.elettroservicegroup.it/?file=/usr/lib64/python3.9/__pycache__" "Mozilla/5.0 AppleWebKit/537.36 (KHTML, like Gecko; compatible; GPTBot/1.4; +https://openai.com/gptbot)"
74.7.227.144 - - [12/Jul/2026:14:19:07 +0200] "GET /?view=/usr/lib64/python3.9/__pycache__/sched.cpython-39.opt-2.pyc HTTP/2.0" 200 1662 "https://www.cremona.elettroservicegroup.it/?file=/usr/lib64/python3.9/__pycache__" "Mozilla/5.0 AppleWebKit/537.36 (KHTML, like Gecko; compatible; GPTBot/1.4; +https://openai.com/gptbot)"
74.7.227.144 - - [12/Jul/2026:14:19:08 +0200] "GET /?view=/usr/lib64/python3.9/__pycache__/cgitb.cpython-39.opt-2.pyc HTTP/2.0" 200 4486 "https://www.cremona.elettroservicegroup.it/?file=/usr/lib64/python3.9/__pycache__" "Mozilla/5.0 AppleWebKit/537.36 (KHTML, like Gecko; compatible; GPTBot/1.4; +https://openai.com/gptbot)"
74.7.227.144 - - [12/Jul/2026:14:19:09 +0200] "GET /?view=/usr/lib64/python3.9/__pycache__/queue.cpython-39.opt-2.pyc HTTP/2.0" 200 2451 "https://www.cremona.elettroservicegroup.it/?file=/usr/lib64/python3.9/__pycache__" "Mozilla/5.0 AppleWebKit/537.36 (KHTML, like Gecko; compatible; GPTBot/1.4; +https://openai.com/gptbot)"
74.7.227.144 - - [12/Jul/2026:14:19:10 +0200] "GET /?view=/usr/lib64/python3.9/__pycache__/heapq.cpython-39.opt-1.pyc HTTP/2.0" 200 6039 "https://www.cremona.elettroservicegroup.it/?file=/usr/lib64/python3.9/__pycache__" "Mozilla/5.0 AppleWebKit/537.36 (KHTML, like Gecko; compatible; GPTBot/1.4; +https://openai.com/gptbot)"
74.7.227.144 - - [12/Jul/2026:14:19:10 +0200] "GET /?view=/usr/lib64/python3.9/__pycache__/cgitb.cpython-39.opt-1.pyc HTTP/2.0" 200 5284 "https://www.cremona.elettroservicegroup.it/?file=/usr/lib64/python3.9/__pycache__" "Mozilla/5.0 AppleWebKit/537.36 (KHTML, like Gecko; compatible; GPTBot/1.4; +https://openai.com/gptbot)"
74.7.227.144 - - [12/Jul/2026:14:19:11 +0200] "GET /?view=/usr/lib64/python3.9/__pycache__/chunk.cpython-39.opt-1.pyc HTTP/2.0" 200 2298 "https://www.cremona.elettroservicegroup.it/?file=/usr/lib64/python3.9/__pycache__" "Mozilla/5.0 AppleWebKit/537.36 (KHTML, like Gecko; compatible; GPTBot/1.4; +https://openai.com/gptbot)"
74.7.227.144 - - [12/Jul/2026:14:19:12 +0200] "GET /?edit=/lib/grub/x86_64-efi/help.mod HTTP/2.0" 200 2339 "https://www.cremona.elettroservicegroup.it/?file=/lib/grub/x86_64-efi" "Mozilla/5.0 AppleWebKit/537.36 (KHTML, like Gecko; compatible; GPTBot/1.4; +https://openai.com/gptbot)"
74.7.227.144 - - [12/Jul/2026:14:19:13 +0200] "GET /?file=/lib64/python3.9/json HTTP/2.0" 200 441 "https://www.cremona.elettroservicegroup.it/?file=/lib64/python3.9" "Mozilla/5.0 AppleWebKit/537.36 (KHTML, like Gecko; compatible; GPTBot/1.4; +https://openai.com/gptbot)"
74.7.227.144 - - [12/Jul/2026:14:19:14 +0200] "GET /?rename=/proc/self/attr/sockcreate HTTP/2.0" 200 901 "https://www.cremona.elettroservicegroup.it/?file=/proc/self/attr" "Mozilla/5.0 AppleWebKit/537.36 (KHTML, like Gecko; compatible; GPTBot/1.4; +https://openai.com/gptbot)"
74.7.227.144 - - [12/Jul/2026:14:19:15 +0200] "GET /?edit=/usr/lib64/libunwind-x86_64.so.8 HTTP/2.0" 200 26524 "https://www.cremona.elettroservicegroup.it/?file=/usr/lib64" "Mozilla/5.0 AppleWebKit/537.36 (KHTML, like Gecko; compatible; GPTBot/1.4; +https://openai.com/gptbot)"
74.7.227.144 - - [12/Jul/2026:14:19:17 +0200] "GET /?view=/lib64/girepository-1.0/Wp-0.4.typelib HTTP/2.0" 200 16221 "https://www.cremona.elettroservicegroup.it/?file=/lib64/girepository-1.0" "Mozilla/5.0 AppleWebKit/537.36 (KHTML, like Gecko; compatible; GPTBot/1.4; +https://openai.com/gptbot)"
74.7.227.144 - - [12/Jul/2026:14:19:18 +0200] "GET /?view=/usr/lib64/libicutu.so HTTP/2.0" 200 85675 "https://www.cremona.elettroservicegroup.it/?file=/usr/lib64" "Mozilla/5.0 AppleWebKit/537.36 (KHTML, like Gecko; compatible; GPTBot/1.4; +https://openai.com/gptbot)"
74.7.227.144 - - [12/Jul/2026:14:19:19 +0200] "GET /?rename=/usr/sbin/named-compilezone HTTP/2.0" 200 900 "https://www.cremona.elettroservicegroup.it/?file=/usr/sbin" "Mozilla/5.0 AppleWebKit/537.36 (KHTML, like Gecko; compatible; GPTBot/1.4; +https://openai.com/gptbot)"
74.7.227.144 - - [12/Jul/2026:14:19:20 +0200] "GET /?view=/opt/alt/python311/lib64/python3.11/__pycache__/_pyio.cpython-311.opt-1.pyc HTTP/2.0" 200 41326 "https://www.cremona.elettroservicegroup.it/?file=/opt/alt/python311/lib64/python3.11/__pycache__" "Mozilla/5.0 AppleWebKit/537.36 (KHTML, like Gecko; compatible; GPTBot/1.4; +https://openai.com/gptbot)"
74.7.227.144 - - [12/Jul/2026:14:19:21 +0200] "GET /?edit=/lib/gcc/x86_64-redhat-linux/11/include/avx512vbmi2intrin.h HTTP/2.0" 200 2979 "https://www.cremona.elettroservicegroup.it/?file=/lib/gcc/x86_64-redhat-linux/11/include" "Mozilla/5.0 AppleWebKit/537.36 (KHTML, like Gecko; compatible; GPTBot/1.4; +https://openai.com/gptbot)"
74.7.227.144 - - [12/Jul/2026:14:19:23 +0200] "GET /?rename=/lib/gcc/x86_64-redhat-linux/11/rpmver HTTP/2.0" 200 914 "https://www.cremona.elettroservicegroup.it/?file=/lib/gcc/x86_64-redhat-linux/11" "Mozilla/5.0 AppleWebKit/537.36 (KHTML, like Gecko; compatible; GPTBot/1.4; +https://openai.com/gptbot)"
74.7.227.144 - - [12/Jul/2026:14:19:24 +0200] "GET /?file=/lib64/libRemarks.so.20.1 HTTP/2.0" 200 228 "https://www.cremona.elettroservicegroup.it/?file=/lib64" "Mozilla/5.0 AppleWebKit/537.36 (KHTML, like Gecko; compatible; GPTBot/1.4; +https://openai.com/gptbot)"
74.7.227.144 - - [12/Jul/2026:14:19:25 +0200] "GET /?file=/usr/lib64/dovecot HTTP/2.0" 200 1753 "https://www.cremona.elettroservicegroup.it/?file=/usr/lib64" "Mozilla/5.0 AppleWebKit/537.36 (KHTML, like Gecko; compatible; GPTBot/1.4; +https://openai.com/gptbot)"
74.7.227.144 - - [12/Jul/2026:14:19:26 +0200] "GET /?view=/lib64/python3.9/json/tool.py HTTP/2.0" 200 1073 "https://www.cremona.elettroservicegroup.it/?file=/lib64/python3.9/json" "Mozilla/5.0 AppleWebKit/537.36 (KHTML, like Gecko; compatible; GPTBot/1.4; +https://openai.com/gptbot)"
74.7.227.144 - - [12/Jul/2026:14:19:27 +0200] "GET /?rename=/lib64/libcanberra-gtk3.so.0 HTTP/2.0" 200 905 "https://www.cremona.elettroservicegroup.it/?file=/lib64" "Mozilla/5.0 AppleWebKit/537.36 (KHTML, like Gecko; compatible; GPTBot/1.4; +https://openai.com/gptbot)"
74.7.227.144 - - [12/Jul/2026:14:19:28 +0200] "GET /?file=/lib64/libsoup-gnome-2.4.so.1.11.0 HTTP/2.0" 200 234 "https://www.cremona.elettroservicegroup.it/?file=/lib64" "Mozilla/5.0 AppleWebKit/537.36 (KHTML, like Gecko; compatible; GPTBot/1.4; +https://openai.com/gptbot)"
74.7.227.144 - - [12/Jul/2026:14:19:29 +0200] "GET /?file=/lib64/graphviz/libgvplugin_visio.so.6 HTTP/2.0" 200 239 "https://www.cremona.elettroservicegroup.it/?file=/lib64/graphviz" "Mozilla/5.0 AppleWebKit/537.36 (KHTML, like Gecko; compatible; GPTBot/1.4; +https://openai.com/gptbot)"
74.7.227.144 - - [12/Jul/2026:14:19:30 +0200] "GET /?file=/lib64/libodbcdrvcfg1S.so.2.0.0 HTTP/2.0" 200 235 "https://www.cremona.elettroservicegroup.it/?file=/lib64" "Mozilla/5.0 AppleWebKit/537.36 (KHTML, like Gecko; compatible; GPTBot/1.4; +https://openai.com/gptbot)"
74.7.227.144 - - [12/Jul/2026:14:19:32 +0200] "GET /?edit=/lib64/libodbcdrvcfg2S.so.2.0.0 HTTP/2.0" 200 3373 "https://www.cremona.elettroservicegroup.it/?file=/lib64" "Mozilla/5.0 AppleWebKit/537.36 (KHTML, like Gecko; compatible; GPTBot/1.4; +https://openai.com/gptbot)"
74.7.227.144 - - [12/Jul/2026:14:19:33 +0200] "GET /?view=/lib64/pkgconfig/libbrotlienc.pc HTTP/2.0" 200 177 "https://www.cremona.elettroservicegroup.it/?file=/lib64/pkgconfig" "Mozilla/5.0 AppleWebKit/537.36 (KHTML, like Gecko; compatible; GPTBot/1.4; +https://openai.com/gptbot)"
74.7.227.144 - - [12/Jul/2026:14:19:34 +0200] "GET /?edit=/usr/lib64/gstreamer-1.0/libgstaudiorate.so HTTP/2.0" 200 9831 "https://www.cremona.elettroservicegroup.it/?file=/usr/lib64/gstreamer-1.0" "Mozilla/5.0 AppleWebKit/537.36 (KHTML, like Gecko; compatible; GPTBot/1.4; +https://openai.com/gptbot)"
74.7.227.144 - - [12/Jul/2026:14:19:35 +0200] "GET /?edit=/usr/lib64/gstreamer-1.0/libgstsubparse.so HTTP/2.0" 200 31591 "https://www.cremona.elettroservicegroup.it/?file=/usr/lib64/gstreamer-1.0" "Mozilla/5.0 AppleWebKit/537.36 (KHTML, like Gecko; compatible; GPTBot/1.4; +https://openai.com/gptbot)"
74.7.227.144 - - [12/Jul/2026:14:19:37 +0200] "GET /?file=/usr/lib64/gstreamer-1.0/libgstsubparse.so HTTP/2.0" 200 239 "https://www.cremona.elettroservicegroup.it/?file=/usr/lib64/gstreamer-1.0" "Mozilla/5.0 AppleWebKit/537.36 (KHTML, like Gecko; compatible; GPTBot/1.4; +https://openai.com/gptbot)"
74.7.227.144 - - [12/Jul/2026:14:19:38 +0200] "GET /?view=/usr/lib64/dovecot/lib15_notify_plugin.so HTTP/2.0" 200 7228 "https://www.cremona.elettroservicegroup.it/?file=/usr/lib64/dovecot" "Mozilla/5.0 AppleWebKit/537.36 (KHTML, like Gecko; compatible; GPTBot/1.4; +https://openai.com/gptbot)"
74.7.227.144 - - [12/Jul/2026:14:19:39 +0200] "GET /?edit=/usr/lib64/dovecot/libdovecot-storage.so.0 HTTP/2.0" 200 653501 "https://www.cremona.elettroservicegroup.it/?file=/usr/lib64/dovecot" "Mozilla/5.0 AppleWebKit/537.36 (KHTML, like Gecko; compatible; GPTBot/1.4; +https://openai.com/gptbot)"
74.7.227.144 - - [12/Jul/2026:14:19:40 +0200] "GET /?file=/usr/lib64/dovecot/libdovecot-lua.so.0.0.0 HTTP/2.0" 200 240 "https://www.cremona.elettroservicegroup.it/?file=/usr/lib64/dovecot" "Mozilla/5.0 AppleWebKit/537.36 (KHTML, like Gecko; compatible; GPTBot/1.4; +https://openai.com/gptbot)"
74.7.227.144 - - [12/Jul/2026:14:19:41 +0200] "GET /?view=/usr/lib64/dovecot/libdovecot-compression.so.0 HTTP/2.0" 200 18417 "https://www.cremona.elettroservicegroup.it/?file=/usr/lib64/dovecot" "Mozilla/5.0 AppleWebKit/537.36 (KHTML, like Gecko; compatible; GPTBot/1.4; +https://openai.com/gptbot)"
74.7.227.144 - - [12/Jul/2026:14:19:42 +0200] "GET /?view=/usr/lib64/dovecot/libdovecot-managesieve.so.0 HTTP/2.0" 200 12197 "https://www.cremona.elettroservicegroup.it/?file=/usr/lib64/dovecot" "Mozilla/5.0 AppleWebKit/537.36 (KHTML, like Gecko; compatible; GPTBot/1.4; +https://openai.com/gptbot)"
74.7.227.144 - - [12/Jul/2026:14:19:42 +0200] "GET /?file=/usr/lib64/dovecot/libdovecot-compression.so.0 HTTP/2.0" 200 242 "https://www.cremona.elettroservicegroup.it/?file=/usr/lib64/dovecot" "Mozilla/5.0 AppleWebKit/537.36 (KHTML, like Gecko; compatible; GPTBot/1.4; +https://openai.com/gptbot)"
74.7.227.144 - - [12/Jul/2026:14:19:44 +0200] "GET /?edit=/usr/lib64/dovecot/libdovecot-compression.so.0 HTTP/2.0" 200 16684 "https://www.cremona.elettroservicegroup.it/?file=/usr/lib64/dovecot" "Mozilla/5.0 AppleWebKit/537.36 (KHTML, like Gecko; compatible; GPTBot/1.4; +https://openai.com/gptbot)"
74.7.227.144 - - [12/Jul/2026:14:19:45 +0200] "GET /?view=/usr/lib64/dovecot/libdovecot-sieve.so.0 HTTP/2.0" 200 340837 "https://www.cremona.elettroservicegroup.it/?file=/usr/lib64/dovecot" "Mozilla/5.0 AppleWebKit/537.36 (KHTML, like Gecko; compatible; GPTBot/1.4; +https://openai.com/gptbot)"
74.7.227.144 - - [12/Jul/2026:14:19:46 +0200] "GET /?view=/usr/lib64/dovecot/libdovecot-sieve.a HTTP/2.0" 200 410062 "https://www.cremona.elettroservicegroup.it/?file=/usr/lib64/dovecot" "Mozilla/5.0 AppleWebKit/537.36 (KHTML, like Gecko; compatible; GPTBot/1.4; +https://openai.com/gptbot)"
216.73.216.229 - - [12/Jul/2026:14:19:46 +0200] "GET /=3D%22https:/blogerfrechloginfr.blogspot.com/%22https:/go.elementor.com/renew-license-cloud-templates-cloud-tab/edit-comments.php?edit=%2Fhome%2Fcosta4%2Fpublic_html%2Fwp-includes%2Fjs%2Fcustomize-preview-nav-menus.min.js HTTP/2.0" 200 20244 "-" "Mozilla/5.0 AppleWebKit/537.36 (KHTML, like Gecko; compatible; ClaudeBot/1.0; +claudebot@anthropic.com)"
216.73.216.229 - - [12/Jul/2026:14:19:46 +0200] "GET /=3D%22https:/blogerfrechloginfr.blogspot.com/%22https:/go.elementor.com/renew-license-cloud-templates-cloud-tab/edit-comments.php?rename=%2Fhome%2Fcosta4%2Fwww%2Fwp-includes%2Fblocks%2Fcategories%2Fstyle.min.css HTTP/2.0" 200 18626 "-" "Mozilla/5.0 AppleWebKit/537.36 (KHTML, like Gecko; compatible; ClaudeBot/1.0; +claudebot@anthropic.com)"
216.73.216.229 - - [12/Jul/2026:14:19:46 +0200] "GET /=3D%22https:/blogerfrechloginfr.blogspot.com/%22https:/go.elementor.com/renew-license-cloud-templates-cloud-tab/edit-comments.php?file=%2Fhome%2Fcosta4%2Fpublic_html%2Fwp-includes%2Fjs%2Fdist%2Fviewport.js HTTP/2.0" 200 17854 "-" "Mozilla/5.0 AppleWebKit/537.36 (KHTML, like Gecko; compatible; ClaudeBot/1.0; +claudebot@anthropic.com)"
65.108.235.243 - - [12/Jul/2026:14:19:47 +0200] "POST /wp-cron.php?doing_wp_cron=1783858787.1568419933319091796875 HTTP/1.1" 200 1 "-" "WordPress/7.0.1; https://cremona.elettroservicegroup.it"
216.73.216.229 - - [12/Jul/2026:14:19:46 +0200] "GET /=3D%22https:/blogerfrechloginfr.blogspot.com/%22https:/go.elementor.com/renew-license-cloud-templates-cloud-tab/edit-comments.php?rename=%2Fhome%2Fcosta4%2Fverona.elettroservicegroup.it%2Fwp-includes%2Fblocks%2Fgroup%2Feditor.css HTTP/2.0" 200 18628 "-" "Mozilla/5.0 AppleWebKit/537.36 (KHTML, like Gecko; compatible; ClaudeBot/1.0; +claudebot@anthropic.com)"
216.73.216.229 - - [12/Jul/2026:14:19:46 +0200] "GET /=3D%22https:/blogerfrechloginfr.blogspot.com/3D%22https:/novabase.us20.list-manage.com/link-add.php?edit=%2Fhome%2Fcosta4%2Fcremona.elettroservicegroup.it%2Fwp-includes%2Fblocks%2Fcomment-edit-link.php HTTP/2.0" 200 19249 "-" "Mozilla/5.0 AppleWebKit/537.36 (KHTML, like Gecko; compatible; ClaudeBot/1.0; +claudebot@anthropic.com)"
216.73.216.229 - - [12/Jul/2026:14:19:46 +0200] "GET /=3D%22https:/blogerfrechloginfr.blogspot.com/%22https:/go.elementor.com/renew-license-cloud-templates-cloud-tab/edit-comments.php?file=%2Fhome%2Fcosta4%2Fverona.elettroservicegroup.it%2Fwp-includes%2Fblocks%2Fpullquote%2Ftheme.min.css HTTP/2.0" 200 17853 "-" "Mozilla/5.0 AppleWebKit/537.36 (KHTML, like Gecko; compatible; ClaudeBot/1.0; +claudebot@anthropic.com)"
74.7.227.144 - - [12/Jul/2026:14:19:47 +0200] "GET /?view=/usr/lib64/dovecot/libdovecot-sieve.so HTTP/2.0" 200 340837 "https://www.cremona.elettroservicegroup.it/?file=/usr/lib64/dovecot" "Mozilla/5.0 AppleWebKit/537.36 (KHTML, like Gecko; compatible; GPTBot/1.4; +https://openai.com/gptbot)"
216.73.216.229 - - [12/Jul/2026:14:19:46 +0200] "GET /=3D%22https:/blogerfrechloginfr.blogspot.com/3D%22http:/tracking.kzexport.cloud/tracking//%22edit-comments.php?rename=%2Fhome%2Fcosta4%2Fpublic_html%2Fwp-includes%2Fblocks%2Fcomments%2Fstyle.min.css HTTP/2.0" 200 915 "-" "Mozilla/5.0 AppleWebKit/537.36 (KHTML, like Gecko; compatible; ClaudeBot/1.0; +claudebot@anthropic.com)"
216.73.216.229 - - [12/Jul/2026:14:19:46 +0200] "GET /=3D%22https:/blogerfrechloginfr.blogspot.com/3D%22https:/novabase.us20.list-manage.com//%22mailto:mail@fruitfulcode.com?file=%2Fhome%2Fcosta4%2Fparma.elettroservicegroup.it%2Fwp-includes%2Fblocks%2Ffootnotes%2Fstyle-rtl.min.css HTTP/2.0" 200 247 "-" "Mozilla/5.0 AppleWebKit/537.36 (KHTML, like Gecko; compatible; ClaudeBot/1.0; +claudebot@anthropic.com)"
216.73.216.229 - - [12/Jul/2026:14:19:47 +0200] "GET /=3D%22https:/blogerfrechloginfr.blogspot.com/3D%22https:/novabase.us20.list-manage.com/link-add.php?view=%2Fhome%2Fcosta4%2Fcremona.elettroservicegroup.it%2Fwp-includes%2Ftheme-compat%2Fembed-404.php HTTP/2.0" 200 502 "-" "Mozilla/5.0 AppleWebKit/537.36 (KHTML, like Gecko; compatible; ClaudeBot/1.0; +claudebot@anthropic.com)"
74.7.227.144 - - [12/Jul/2026:14:19:48 +0200] "GET /?view=/usr/lib64/dovecot/libdovecot-gssapi.so HTTP/2.0" 200 10304 "https://www.cremona.elettroservicegroup.it/?file=/usr/lib64/dovecot" "Mozilla/5.0 AppleWebKit/537.36 (KHTML, like Gecko; compatible; GPTBot/1.4; +https://openai.com/gptbot)"
216.73.216.229 - - [12/Jul/2026:14:19:46 +0200] "GET /=3D%22https:/blogerfrechloginfr.blogspot.com/3D%22https:/novabase.us20.list-manage.com/wp-admin/install.php?file=%2Fhome%2Fcosta4%2Fwww%2Fwp-includes%2Fblocks%2Fsite-logo HTTP/2.0" 200 18116 "-" "Mozilla/5.0 AppleWebKit/537.36 (KHTML, like Gecko; compatible; ClaudeBot/1.0; +claudebot@anthropic.com)"
216.73.216.229 - - [12/Jul/2026:14:19:46 +0200] "GET /=3D%22https:/blogerfrechloginfr.blogspot.com/3D%22https:/novabase.us20.list-manage.com/wp-admin/install.php?rename=%2Fhome%2Fcosta4%2Fpublic_html%2Fgoogle56801f7915c0ec15.html HTTP/2.0" 200 18632 "-" "Mozilla/5.0 AppleWebKit/537.36 (KHTML, like Gecko; compatible; ClaudeBot/1.0; +claudebot@anthropic.com)"
216.73.216.229 - - [12/Jul/2026:14:19:46 +0200] "GET /=3D%22https:/blogerfrechloginfr.blogspot.com/%22https:/go.elementor.com/renew-license-cloud-templates-cloud-tab/edit-comments.php?file=%2Fhome%2Fcosta4%2Fpublic_html%2Fwp-content%2Fuploads%2F2025%2F06 HTTP/2.0" 200 17848 "-" "Mozilla/5.0 AppleWebKit/537.36 (KHTML, like Gecko; compatible; ClaudeBot/1.0; +claudebot@anthropic.com)"
216.73.216.229 - - [12/Jul/2026:14:19:47 +0200] "GET /=3D%22https:/blogerfrechloginfr.blogspot.com/%22https:/go.elementor.com/renew-license-cloud-templates-cloud-tab/edit-comments.php?file=%2Fhome%2Fcosta4%2Fverona.elettroservicegroup.it%2Fwp-includes%2FID3%2Fmodule.audio.flac.php HTTP/2.0" 200 17857 "-" "Mozilla/5.0 AppleWebKit/537.36 (KHTML, like Gecko; compatible; ClaudeBot/1.0; +claudebot@anthropic.com)"
216.73.216.229 - - [12/Jul/2026:14:19:48 +0200] "GET /=3D%22https:/blogerfrechloginfr.blogspot.com/3D%22http:/tracking.kzexport.cloud/tracking/'%20.%20esc_url('https://%22edit-comments.php?rename=%2Fhome%2Fcosta4%2Fcremona.elettroservicegroup.it%2Fwp-content%2Fuploads%2F2021%2F10%2F1-1.jpg HTTP/2.0" 200 902 "-" "Mozilla/5.0 AppleWebKit/537.36 (KHTML, like Gecko; compatible; ClaudeBot/1.0; +claudebot@anthropic.com)"
216.73.216.229 - - [12/Jul/2026:14:19:48 +0200] "GET /=3D%22https:/blogerfrechloginfr.blogspot.com/3D%22https:/novabase.us20.list-manage.com//%22mailto:mail@fruitfulcode.com?file=%2Fhome%2Fcosta4%2Fverona.elettroservicegroup.it%2Fwp-includes%2Fclass-wp-connector-registry.php HTTP/2.0" 200 240 "-" "Mozilla/5.0 AppleWebKit/537.36 (KHTML, like Gecko; compatible; ClaudeBot/1.0; +claudebot@anthropic.com)"
216.73.216.229 - - [12/Jul/2026:14:19:47 +0200] "GET /=3D%22https:/blogerfrechloginfr.blogspot.com/%22https:/go.elementor.com/renew-license-cloud-templates-cloud-tab/edit-comments.php?rename=%2Fhome%2Fcosta4%2Fwww%2Fwp-includes%2Fblocks%2Flatest-comments%2Fblock.json HTTP/2.0" 200 18634 "-" "Mozilla/5.0 AppleWebKit/537.36 (KHTML, like Gecko; compatible; ClaudeBot/1.0; +claudebot@anthropic.com)"
216.73.216.229 - - [12/Jul/2026:14:19:47 +0200] "GET /=3D%22https:/blogerfrechloginfr.blogspot.com/%22https:/go.elementor.com/renew-license-cloud-templates-cloud-tab/edit-comments.php?rename=%2Fhome%2Fcosta4%2Fwww%2Fwp-includes%2Fblocks%2Fpost-template%2Fstyle.min.css HTTP/2.0" 200 18630 "-" "Mozilla/5.0 AppleWebKit/537.36 (KHTML, like Gecko; compatible; ClaudeBot/1.0; +claudebot@anthropic.com)"
216.73.216.229 - - [12/Jul/2026:14:19:47 +0200] "GET /=3D%22https:/blogerfrechloginfr.blogspot.com/3D%22https:/novabase.us20.list-manage.com/about.php?edit=%2Fhome%2Fcosta4%2Fcremona.elettroservicegroup.it%2Fwp-content%2Fplugins%2Felementor%2Fcore%2Futils%2Fstr.php HTTP/2.0" 200 19100 "-" "Mozilla/5.0 AppleWebKit/537.36 (KHTML, like Gecko; compatible; ClaudeBot/1.0; +claudebot@anthropic.com)"
216.73.216.229 - - [12/Jul/2026:14:19:49 +0200] "GET /=3D%22https:/blogerfrechloginfr.blogspot.com/3D%22https:/novabase.us20.list-manage.com//%22mailto:mail@fruitfulcode.com?edit=%2Fhome%2Fcosta4%2Fparma.elettroservicegroup.it%2Fwp-includes%2Fblocks%2Fspacer%2Feditor-rtl.min.css HTTP/2.0" 200 1188 "-" "Mozilla/5.0 AppleWebKit/537.36 (KHTML, like Gecko; compatible; ClaudeBot/1.0; +claudebot@anthropic.com)"
74.7.227.144 - - [12/Jul/2026:14:19:48 +0200] "GET /?edit=/usr/lib64/dovecot/libdovecot-managesieve.so.0 HTTP/2.0" 200 11456 "https://www.cremona.elettroservicegroup.it/?file=/usr/lib64/dovecot" "Mozilla/5.0 AppleWebKit/537.36 (KHTML, like Gecko; compatible; GPTBot/1.4; +https://openai.com/gptbot)"
216.73.216.229 - - [12/Jul/2026:14:19:48 +0200] "GET /=3D%22https:/blogerfrechloginfr.blogspot.com/%22https:/go.elementor.com/renew-license-cloud-templates-cloud-tab/edit-comments.php?rename=%2Fhome%2Fcosta4%2Fwww%2Fwp-includes%2Fblocks%2Fspacer%2Feditor-rtl.css HTTP/2.0" 200 18632 "-" "Mozilla/5.0 AppleWebKit/537.36 (KHTML, like Gecko; compatible; ClaudeBot/1.0; +claudebot@anthropic.com)"
216.73.216.229 - - [12/Jul/2026:14:19:49 +0200] "GET /=3D%22https:/blogerfrechloginfr.blogspot.com/3D%22https:/novabase.us20.list-manage.com//%22mailto:mail@fruitfulcode.com?file=%2Fhome%2Fcosta4%2Fparma.elettroservicegroup.it%2Fwp-includes%2Fjs%2Fmedia-editor.min.js HTTP/2.0" 200 234 "-" "Mozilla/5.0 AppleWebKit/537.36 (KHTML, like Gecko; compatible; ClaudeBot/1.0; +claudebot@anthropic.com)"
216.73.216.229 - - [12/Jul/2026:14:19:49 +0200] "GET /=3D%22https:/blogerfrechloginfr.blogspot.com/%22https:/go.elementor.com/renew-license-cloud-templates-cloud-tab/edit-comments.php?view=%2Fhome%2Fcosta4%2Fwww%2Fwp-includes%2Fblocks%2Fquote%2Fstyle-rtl.min.css HTTP/2.0" 200 188 "-" "Mozilla/5.0 AppleWebKit/537.36 (KHTML, like Gecko; compatible; ClaudeBot/1.0; +claudebot@anthropic.com)"
216.73.216.229 - - [12/Jul/2026:14:19:50 +0200] "GET /=3D%22https:/blogerfrechloginfr.blogspot.com/3D%22https:/novabase.us20.list-manage.com/link-add.php?view=%2Fhome%2Fcosta4%2Fcremona.elettroservicegroup.it%2Fwp-includes%2Fblocks%2Fwidget-group.php HTTP/2.0" 200 701 "-" "Mozilla/5.0 AppleWebKit/537.36 (KHTML, like Gecko; compatible; ClaudeBot/1.0; +claudebot@anthropic.com)"
216.73.216.229 - - [12/Jul/2026:14:19:49 +0200] "GET /=3D%22https:/blogerfrechloginfr.blogspot.com/3D%22https:/novabase.us20.list-manage.com//%22mailto:mail@fruitfulcode.com?rename=%2Fhome%2Fcosta4%2Fparma.elettroservicegroup.it%2Fwp-includes%2Fjs%2Fcustomize-preview.min.js HTTP/2.0" 200 915 "-" "Mozilla/5.0 AppleWebKit/537.36 (KHTML, like Gecko; compatible; ClaudeBot/1.0; +claudebot@anthropic.com)"
74.7.227.144 - - [12/Jul/2026:14:19:50 +0200] "GET /?view=/usr/lib64/dovecot/lib22_push_notification_lua_plugin.so HTTP/2.0" 200 8361 "https://www.cremona.elettroservicegroup.it/?file=/usr/lib64/dovecot" "Mozilla/5.0 AppleWebKit/537.36 (KHTML, like Gecko; compatible; GPTBot/1.4; +https://openai.com/gptbot)"
216.73.216.229 - - [12/Jul/2026:14:19:49 +0200] "GET /=3D%22https:/blogerfrechloginfr.blogspot.com/3D%22http:/tracking.kzexport.cloud/tracking/'%20.%20esc_url('https://%22edit-comments.php?file=%2Fhome%2Fcosta4%2Fcremona.elettroservicegroup.it%2Fwp-content%2Fuploads%2F2021%2F10%2F4pagam.jpg HTTP/2.0" 200 234 "-" "Mozilla/5.0 AppleWebKit/537.36 (KHTML, like Gecko; compatible; ClaudeBot/1.0; +claudebot@anthropic.com)"
216.73.216.229 - - [12/Jul/2026:14:19:50 +0200] "GET /=3D%22https:/blogerfrechloginfr.blogspot.com/3D%22https:/novabase.us20.list-manage.com/link-add.php?view=%2Fhome%2Fcosta4%2Fcremona.elettroservicegroup.it%2Fwp-includes%2Fblocks%2Fcomments-title.php HTTP/2.0" 200 774 "-" "Mozilla/5.0 AppleWebKit/537.36 (KHTML, like Gecko; compatible; ClaudeBot/1.0; +claudebot@anthropic.com)"
216.73.216.229 - - [12/Jul/2026:14:19:49 +0200] "GET /=3D%22https:/blogerfrechloginfr.blogspot.com/%22https:/go.elementor.com/renew-license-cloud-templates-cloud-tab/edit-comments.php?edit=%2Fhome%2Fcosta4%2Fwww%2Fwp-includes%2Fblocks%2Fquery-no-results%2Fblock.json HTTP/2.0" 200 18972 "-" "Mozilla/5.0 AppleWebKit/537.36 (KHTML, like Gecko; compatible; ClaudeBot/1.0; +claudebot@anthropic.com)"
216.73.216.229 - - [12/Jul/2026:14:19:49 +0200] "GET /=3D%22https:/blogerfrechloginfr.blogspot.com/3D%22https:/novabase.us20.list-manage.com/wp-admin/install.php?file=%2Fhome%2Fcosta4%2Fwww%2Fwp-includes%2Fjs%2Fheartbeat.js HTTP/2.0" 200 17843 "-" "Mozilla/5.0 AppleWebKit/537.36 (KHTML, like Gecko; compatible; ClaudeBot/1.0; +claudebot@anthropic.com)"
216.73.216.229 - - [12/Jul/2026:14:19:49 +0200] "GET /=3D%22https:/blogerfrechloginfr.blogspot.com/3D%22https:/novabase.us20.list-manage.com/wp-admin/install.php?file=%2Fhome%2Fcosta4%2Fmantova.elettroservicegroup.it%2Fwp-includes%2FID3%2Fmodule.audio.ogg.php HTTP/2.0" 200 17847 "-" "Mozilla/5.0 AppleWebKit/537.36 (KHTML, like Gecko; compatible; ClaudeBot/1.0; +claudebot@anthropic.com)"
74.7.227.144 - - [12/Jul/2026:14:19:51 +0200] "GET /?view=/usr/lib64/dovecot/lib20_push_notification_plugin.so HTTP/2.0" 200 23913 "https://www.cremona.elettroservicegroup.it/?file=/usr/lib64/dovecot" "Mozilla/5.0 AppleWebKit/537.36 (KHTML, like Gecko; compatible; GPTBot/1.4; +https://openai.com/gptbot)"
216.73.216.229 - - [12/Jul/2026:14:19:50 +0200] "GET /=3D%22https:/blogerfrechloginfr.blogspot.com/3D%22http:/tracking.kzexport.cloud/tracking/'%20.%20esc_url('https://%22edit-comments.php?file=%2Fhome%2Fcosta4%2Fcremona.elettroservicegroup.it%2Fwp-content%2Fuploads%2F2021%2F10%2Fmantova.jpg HTTP/2.0" 200 232 "-" "Mozilla/5.0 AppleWebKit/537.36 (KHTML, like Gecko; compatible; ClaudeBot/1.0; +claudebot@anthropic.com)"
216.73.216.229 - - [12/Jul/2026:14:19:50 +0200] "GET /=3D%22https:/blogerfrechloginfr.blogspot.com/%22https:/go.elementor.com/renew-license-cloud-templates-cloud-tab/customize.php?edit=%2Fhome%2Fcosta4%2Fcremona.elettroservicegroup.it%2Fwp-content%2Fwflogs%2Fconfig.php HTTP/2.0" 200 18927 "-" "Mozilla/5.0 AppleWebKit/537.36 (KHTML, like Gecko; compatible; ClaudeBot/1.0; +claudebot@anthropic.com)"
216.73.216.229 - - [12/Jul/2026:14:19:51 +0200] "GET /=3D%22https:/blogerfrechloginfr.blogspot.com/3D%22https:/novabase.us20.list-manage.com//%22mailto:mail@fruitfulcode.com?rename=%2Fhome%2Fcosta4%2Fverona.elettroservicegroup.it%2Fwp-admin%2Fcss%2Fl10n-rtl.css HTTP/2.0" 200 906 "-" "Mozilla/5.0 AppleWebKit/537.36 (KHTML, like Gecko; compatible; ClaudeBot/1.0; +claudebot@anthropic.com)"
216.73.216.229 - - [12/Jul/2026:14:19:51 +0200] "GET /=3D%22https:/blogerfrechloginfr.blogspot.com/3D%22https:/novabase.us20.list-manage.com//%22mailto:mail@fruitfulcode.com?edit=%2Fhome%2Fcosta4%2Fparma.elettroservicegroup.it%2Fwp-includes%2Fblocks%2Fcalendar%2Fstyle.min.css HTTP/2.0" 200 1092 "-" "Mozilla/5.0 AppleWebKit/537.36 (KHTML, like Gecko; compatible; ClaudeBot/1.0; +claudebot@anthropic.com)"
216.73.216.229 - - [12/Jul/2026:14:19:50 +0200] "GET /=3D%22https:/blogerfrechloginfr.blogspot.com/%22https:/go.elementor.com/renew-license-cloud-templates-cloud-tab/edit-comments.php?file=%2Fhome%2Fcosta4%2Fpublic_html%2Fwp-content%2Fuploads%2F2023%2F07 HTTP/2.0" 200 17848 "-" "Mozilla/5.0 AppleWebKit/537.36 (KHTML, like Gecko; compatible; ClaudeBot/1.0; +claudebot@anthropic.com)"
216.73.216.229 - - [12/Jul/2026:14:19:51 +0200] "GET /=3D%22https:/blogerfrechloginfr.blogspot.com/3D%22https:/novabase.us20.list-manage.com//%22mailto:mail@fruitfulcode.com?file=%2Fhome%2Fcosta4%2Fparma.elettroservicegroup.it%2Fwp-content%2Fplugins%2Felementor%2Fmodules%2Fshapes HTTP/2.0" 200 344 "-" "Mozilla/5.0 AppleWebKit/537.36 (KHTML, like Gecko; compatible; ClaudeBot/1.0; +claudebot@anthropic.com)"
216.73.216.229 - - [12/Jul/2026:14:19:50 +0200] "GET /=3D%22https:/blogerfrechloginfr.blogspot.com/%22https:/go.elementor.com/renew-license-cloud-templates-cloud-tab/edit-comments.php?rename=%2Fhome%2Fcosta4%2Fwww%2Fwp-includes%2Fblocks%2Fcalendar%2Fstyle.css HTTP/2.0" 200 18624 "-" "Mozilla/5.0 AppleWebKit/537.36 (KHTML, like Gecko; compatible; ClaudeBot/1.0; +claudebot@anthropic.com)"
74.7.227.144 - - [12/Jul/2026:14:19:51 +0200] "GET /?file=/usr/lib64/dovecot/libdovecot-managesieve.so.0 HTTP/2.0" 200 241 "https://www.cremona.elettroservicegroup.it/?file=/usr/lib64/dovecot" "Mozilla/5.0 AppleWebKit/537.36 (KHTML, like Gecko; compatible; GPTBot/1.4; +https://openai.com/gptbot)"
216.73.216.229 - - [12/Jul/2026:14:19:50 +0200] "GET /=3D%22https:/blogerfrechloginfr.blogspot.com/%22https:/go.elementor.com/renew-license-cloud-templates-cloud-tab/edit-comments.php?rename=%2Fhome%2Fcosta4%2Fpublic_html%2Fwp-includes%2Fjs%2Fdist%2Fwordcount.js HTTP/2.0" 200 18631 "-" "Mozilla/5.0 AppleWebKit/537.36 (KHTML, like Gecko; compatible; ClaudeBot/1.0; +claudebot@anthropic.com)"
216.73.216.229 - - [12/Jul/2026:14:19:51 +0200] "GET /=3D%22https:/blogerfrechloginfr.blogspot.com/3D%22http:/tracking.kzexport.cloud/tracking/'%20.%20esc_url('https://%22edit-comments.php?rename=%2Fhome%2Fcosta4%2Fcremona.elettroservicegroup.it%2Fwp-content%2Fuploads%2F2021%2F10%2Fsangiorgio.jpg HTTP/2.0" 200 907 "-" "Mozilla/5.0 AppleWebKit/537.36 (KHTML, like Gecko; compatible; ClaudeBot/1.0; +claudebot@anthropic.com)"
216.73.216.229 - - [12/Jul/2026:14:19:51 +0200] "GET /=3D%22https:/blogerfrechloginfr.blogspot.com/%22https:/go.elementor.com/renew-license-cloud-templates-cloud-tab/edit-comments.php?edit=%2Fhome%2Fcosta4%2Fverona.elettroservicegroup.it%2Fwp-includes%2Fcss%2Feditor-rtl.min.css HTTP/2.0" 200 24252 "-" "Mozilla/5.0 AppleWebKit/537.36 (KHTML, like Gecko; compatible; ClaudeBot/1.0; +claudebot@anthropic.com)"
216.73.216.229 - - [12/Jul/2026:14:19:52 +0200] "GET /=3D%22https:/blogerfrechloginfr.blogspot.com/3D%22http:/tracking.kzexport.cloud/tracking/'%20.%20esc_url('https://%22edit-comments.php?rename=%2Fhome%2Fcosta4%2Fcremona.elettroservicegroup.it%2Fwp-content%2Fuploads%2F2021%2F10%2Fcremona.jpg HTTP/2.0" 200 901 "-" "Mozilla/5.0 AppleWebKit/537.36 (KHTML, like Gecko; compatible; ClaudeBot/1.0; +claudebot@anthropic.com)"
216.73.216.229 - - [12/Jul/2026:14:19:51 +0200] "GET /=3D%22https:/blogerfrechloginfr.blogspot.com/%22https:/go.elementor.com/renew-license-cloud-templates-cloud-tab/edit-comments.php?file=%2Fhome%2Fcosta4%2Fpublic_html%2Fwp-includes%2Fjs%2Fdist%2Fblock-library.min.js HTTP/2.0" 200 17850 "-" "Mozilla/5.0 AppleWebKit/537.36 (KHTML, like Gecko; compatible; ClaudeBot/1.0; +claudebot@anthropic.com)"
216.73.216.229 - - [12/Jul/2026:14:19:52 +0200] "GET /=3D%22https:/blogerfrechloginfr.blogspot.com/3D%22https:/novabase.us20.list-manage.com//%22mailto:mail@fruitfulcode.com?rename=%2Fhome%2Fcosta4%2Fvicenza.elettroservicegroup.it%2Fwp-includes%2Fblocks%2Ficon%2Feditor.min.css HTTP/2.0" 200 917 "-" "Mozilla/5.0 AppleWebKit/537.36 (KHTML, like Gecko; compatible; ClaudeBot/1.0; +claudebot@anthropic.com)"
216.73.216.229 - - [12/Jul/2026:14:19:51 +0200] "GET /=3D%22https:/blogerfrechloginfr.blogspot.com/%22https:/go.elementor.com/renew-license-cloud-templates-cloud-tab/edit-comments.php?file=%2Fhome%2Fcosta4%2Fpublic_html%2Fwp-includes%2Fjs%2Fwp-emoji.js HTTP/2.0" 200 17849 "-" "Mozilla/5.0 AppleWebKit/537.36 (KHTML, like Gecko; compatible; ClaudeBot/1.0; +claudebot@anthropic.com)"
74.7.227.144 - - [12/Jul/2026:14:19:53 +0200] "GET /?view=/usr/lib64/dovecot/libdovecot-dsync.so.0 HTTP/2.0" 200 98607 "https://www.cremona.elettroservicegroup.it/?file=/usr/lib64/dovecot" "Mozilla/5.0 AppleWebKit/537.36 (KHTML, like Gecko; compatible; GPTBot/1.4; +https://openai.com/gptbot)"
216.73.216.229 - - [12/Jul/2026:14:19:53 +0200] "GET /=3D%22https:/blogerfrechloginfr.blogspot.com/3D%22http:/tracking.kzexport.cloud/tracking/'%20.%20esc_url('https://%22edit-comments.php?rename=%2Fhome%2Fcosta4%2Fpiacenza.elettroservicegroup.it%2Fwp-includes%2Fimages%2Ficon-library%2Fhome.svg HTTP/2.0" 200 911 "-" "Mozilla/5.0 AppleWebKit/537.36 (KHTML, like Gecko; compatible; ClaudeBot/1.0; +claudebot@anthropic.com)"
216.73.216.229 - - [12/Jul/2026:14:19:53 +0200] "GET /=3D%22https:/blogerfrechloginfr.blogspot.com/3D%22https:/novabase.us20.list-manage.com//%22mailto:mail@fruitfulcode.com?rename=%2Fhome%2Fcosta4%2Fparma.elettroservicegroup.it%2Fwp-includes%2Fjs%2Fadmin-bar.min.js HTTP/2.0" 200 911 "-" "Mozilla/5.0 AppleWebKit/537.36 (KHTML, like Gecko; compatible; ClaudeBot/1.0; +claudebot@anthropic.com)"
216.73.216.229 - - [12/Jul/2026:14:19:52 +0200] "GET /=3D%22https:/blogerfrechloginfr.blogspot.com/%22https:/go.elementor.com/renew-license-cloud-templates-cloud-tab/edit-comments.php?edit=%2Fhome%2Fcosta4%2Fwww%2Fwp-includes%2Fblocks%2Fcover%2Fblock.json HTTP/2.0" 200 19525 "-" "Mozilla/5.0 AppleWebKit/537.36 (KHTML, like Gecko; compatible; ClaudeBot/1.0; +claudebot@anthropic.com)"
216.73.216.229 - - [12/Jul/2026:14:19:53 +0200] "GET /=3D%22https:/blogerfrechloginfr.blogspot.com/3D%22https:/novabase.us20.list-manage.com/wp-admin/install.php?view=%2Fhome%2Fcosta4%2Fpiacenza.elettroservicegroup.it%2Fwp-settings.php HTTP/2.0" 200 6185 "-" "Mozilla/5.0 AppleWebKit/537.36 (KHTML, like Gecko; compatible; ClaudeBot/1.0; +claudebot@anthropic.com)"
216.73.216.229 - - [12/Jul/2026:14:19:53 +0200] "GET /=3D%22https:/blogerfrechloginfr.blogspot.com/3D%22https:/novabase.us20.list-manage.com//%22mailto:mail@fruitfulcode.com?file=%2Fhome%2Fcosta4%2Fvicenza.elettroservicegroup.it%2Fwp-includes%2Fjs%2Fdist%2Fdata.js HTTP/2.0" 200 234 "-" "Mozilla/5.0 AppleWebKit/537.36 (KHTML, like Gecko; compatible; ClaudeBot/1.0; +claudebot@anthropic.com)"
216.73.216.229 - - [12/Jul/2026:14:19:53 +0200] "GET /=3D%22https:/blogerfrechloginfr.blogspot.com/3D%22http:/tracking.kzexport.cloud/tracking/'%20.%20esc_url('https://%22edit-comments.php?file=%2Fhome%2Fcosta4%2Freggio-emilia.elettroservicegroup.it%2Fwp-admin%2Fimages%2Fstars.png HTTP/2.0" 200 241 "-" "Mozilla/5.0 AppleWebKit/537.36 (KHTML, like Gecko; compatible; ClaudeBot/1.0; +claudebot@anthropic.com)"
216.73.216.229 - - [12/Jul/2026:14:19:52 +0200] "GET /=3D%22https:/blogerfrechloginfr.blogspot.com/%22https:/go.elementor.com/renew-license-cloud-templates-cloud-tab/edit-comments.php?rename=%2Fhome%2Fcosta4%2Fpublic_html%2Fwp-admin%2Fjs%2Feditor-expand.min.js HTTP/2.0" 200 18632 "-" "Mozilla/5.0 AppleWebKit/537.36 (KHTML, like Gecko; compatible; ClaudeBot/1.0; +claudebot@anthropic.com)"
216.73.216.229 - - [12/Jul/2026:14:19:52 +0200] "GET /=3D%22https:/blogerfrechloginfr.blogspot.com/%22https:/go.elementor.com/renew-license-cloud-templates-cloud-tab/edit-comments.php?file=%2Fhome%2Fcosta4%2Fpublic_html%2Fwp-admin%2Fjs%2Faccordion.js HTTP/2.0" 200 17861 "-" "Mozilla/5.0 AppleWebKit/537.36 (KHTML, like Gecko; compatible; ClaudeBot/1.0; +claudebot@anthropic.com)"
216.73.216.229 - - [12/Jul/2026:14:19:53 +0200] "GET /=3D%22https:/blogerfrechloginfr.blogspot.com/3D%22https:/novabase.us20.list-manage.com//%22mailto:mail@fruitfulcode.com?rename=%2Fhome%2Fcosta4%2Fvicenza.elettroservicegroup.it%2Fwp-includes%2Fblocks%2Fcategories%2Feditor.min.css HTTP/2.0" 200 918 "-" "Mozilla/5.0 AppleWebKit/537.36 (KHTML, like Gecko; compatible; ClaudeBot/1.0; +claudebot@anthropic.com)"
216.73.216.229 - - [12/Jul/2026:14:19:54 +0200] "GET /=3D%22https:/blogerfrechloginfr.blogspot.com/3D%22http:/tracking.kzexport.cloud/tracking//%22edit-comments.php?file=%2Fhome%2Fcosta4%2Fparma.elettroservicegroup.it%2Fwp-includes%2Fblocks%2Fbutton%2Feditor.css HTTP/2.0" 200 232 "-" "Mozilla/5.0 AppleWebKit/537.36 (KHTML, like Gecko; compatible; ClaudeBot/1.0; +claudebot@anthropic.com)"
216.73.216.229 - - [12/Jul/2026:14:19:54 +0200] "GET /=3D%22https:/blogerfrechloginfr.blogspot.com/3D%22https:/novabase.us20.list-manage.com//%22mailto:mail@fruitfulcode.com?rename=%2Fhome%2Fcosta4%2Fparma.elettroservicegroup.it%2Fwp-includes%2Fblocks%2Fpreformatted%2Fstyle.min.css HTTP/2.0" 200 918 "-" "Mozilla/5.0 AppleWebKit/537.36 (KHTML, like Gecko; compatible; ClaudeBot/1.0; +claudebot@anthropic.com)"
74.7.227.144 - - [12/Jul/2026:14:19:54 +0200] "GET /?edit=/usr/lib64/dovecot/libdovecot-gssapi.so HTTP/2.0" 200 9848 "https://www.cremona.elettroservicegroup.it/?file=/usr/lib64/dovecot" "Mozilla/5.0 AppleWebKit/537.36 (KHTML, like Gecko; compatible; GPTBot/1.4; +https://openai.com/gptbot)"
216.73.216.229 - - [12/Jul/2026:14:19:54 +0200] "GET /=3D%22https:/blogerfrechloginfr.blogspot.com/3D%22http:/tracking.kzexport.cloud/tracking/'%20.%20esc_url('https://%22edit-comments.php?file=%2Fhome%2Fcosta4%2Fcremona.elettroservicegroup.it%2Fwp-content%2Fuploads%2F2021%2F10%2Ffrigorifero-150x150.webp HTTP/2.0" 200 246 "-" "Mozilla/5.0 AppleWebKit/537.36 (KHTML, like Gecko; compatible; ClaudeBot/1.0; +claudebot@anthropic.com)"
216.73.216.229 - - [12/Jul/2026:14:19:54 +0200] "GET /=3D%22https:/blogerfrechloginfr.blogspot.com/3D%22http:/tracking.kzexport.cloud/tracking/'%20.%20esc_url('https://%22edit-comments.php?rename=%2Fhome%2Fcosta4%2Freggio-emilia.elettroservicegroup.it%2Fwp-includes%2Fimages%2Fmedia%2Faudio.svg HTTP/2.0" 200 913 "-" "Mozilla/5.0 AppleWebKit/537.36 (KHTML, like Gecko; compatible; ClaudeBot/1.0; +claudebot@anthropic.com)"
216.73.216.229 - - [12/Jul/2026:14:19:53 +0200] "GET /=3D%22https:/blogerfrechloginfr.blogspot.com/3D%22https:/novabase.us20.list-manage.com/link-add.php?edit=%2Fhome%2Fcosta4%2Fcremona.elettroservicegroup.it%2Fwp-includes%2Fblocks%2Fpost-content.php HTTP/2.0" 200 19535 "-" "Mozilla/5.0 AppleWebKit/537.36 (KHTML, like Gecko; compatible; ClaudeBot/1.0; +claudebot@anthropic.com)"
216.73.216.229 - - [12/Jul/2026:14:19:55 +0200] "GET /=3D%22https:/blogerfrechloginfr.blogspot.com/3D%22https:/novabase.us20.list-manage.com//%22mailto:mail@fruitfulcode.com?edit=%2Fhome%2Fcosta4%2Fcremona.elettroservicegroup.it%2Fwp-includes%2Fblocks%2Fnavigation-overlay-close%2Fstyle.css HTTP/2.0" 200 1103 "-" "Mozilla/5.0 AppleWebKit/537.36 (KHTML, like Gecko; compatible; ClaudeBot/1.0; +claudebot@anthropic.com)"
216.73.216.229 - - [12/Jul/2026:14:19:54 +0200] "GET /=3D%22https:/blogerfrechloginfr.blogspot.com/%22http:/codecanyon.net/item/maintenance-wordpress-plugin/repair.php?file=%2Fhome%2Fcosta4%2Fwww%2Fwp-content%2Fplugins%2Fgoogle-analytics-for-wordpress%2Fincludes%2Fauth.php HTTP/2.0" 200 17861 "-" "Mozilla/5.0 AppleWebKit/537.36 (KHTML, like Gecko; compatible; ClaudeBot/1.0; +claudebot@anthropic.com)"
216.73.216.229 - - [12/Jul/2026:14:19:54 +0200] "GET /=3D%22https:/blogerfrechloginfr.blogspot.com/3D%22https:/novabase.us20.list-manage.com/link-add.php?edit=%2Fhome%2Fcosta4%2Fbrescia.elettroservicegroup.it%2Fwp-trackback.php HTTP/2.0" 200 20454 "-" "Mozilla/5.0 AppleWebKit/537.36 (KHTML, like Gecko; compatible; ClaudeBot/1.0; +claudebot@anthropic.com)"
74.7.227.144 - - [12/Jul/2026:14:19:55 +0200] "GET /?view=/usr/lib64/dovecot/libdovecot.so.0 HTTP/2.0" 200 1170205 "https://www.cremona.elettroservicegroup.it/?file=/usr/lib64/dovecot" "Mozilla/5.0 AppleWebKit/537.36 (KHTML, like Gecko; compatible; GPTBot/1.4; +https://openai.com/gptbot)"
216.73.216.229 - - [12/Jul/2026:14:19:54 +0200] "GET /=3D%22https:/blogerfrechloginfr.blogspot.com/3D%22https:/novabase.us20.list-manage.com/wp-admin/install.php?rename=%2Fhome%2Fcosta4%2Fmantova.elettroservicegroup.it%2Fwp-includes%2FID3%2Fmodule.audio.dts.php HTTP/2.0" 200 18622 "-" "Mozilla/5.0 AppleWebKit/537.36 (KHTML, like Gecko; compatible; ClaudeBot/1.0; +claudebot@anthropic.com)"
216.73.216.229 - - [12/Jul/2026:14:19:54 +0200] "GET /=3D%22https:/blogerfrechloginfr.blogspot.com/%22https:/go.elementor.com/renew-license-cloud-templates-cloud-tab/edit-comments.php?rename=%2Fhome%2Fcosta4%2Fwww%2Fwp-includes%2Ffonts%2Fclass-wp-font-collection.php HTTP/2.0" 200 18635 "-" "Mozilla/5.0 AppleWebKit/537.36 (KHTML, like Gecko; compatible; ClaudeBot/1.0; +claudebot@anthropic.com)"
216.73.216.229 - - [12/Jul/2026:14:19:56 +0200] "GET /=3D%22https:/blogerfrechloginfr.blogspot.com/3D%22https:/novabase.us20.list-manage.com//%22mailto:mail@fruitfulcode.com?file=%2Fhome%2Fcosta4%2Fverona.elettroservicegroup.it%2Fwp-includes%2Fcss%2Fwp-auth-check-rtl.min.css HTTP/2.0" 200 241 "-" "Mozilla/5.0 AppleWebKit/537.36 (KHTML, like Gecko; compatible; ClaudeBot/1.0; +claudebot@anthropic.com)"
216.73.216.229 - - [12/Jul/2026:14:19:55 +0200] "GET /=3D%22https:/blogerfrechloginfr.blogspot.com/3D%22https:/novabase.us20.list-manage.com/wp-admin/install.php?file=%2Fhome%2Fcosta4%2Fwww%2Fwp-includes%2Fblocks%2Fpost-navigation-link%2Fstyle-rtl.css HTTP/2.0" 200 17848 "-" "Mozilla/5.0 AppleWebKit/537.36 (KHTML, like Gecko; compatible; ClaudeBot/1.0; +claudebot@anthropic.com)"
216.73.216.229 - - [12/Jul/2026:14:19:56 +0200] "GET /=3D%22https:/blogerfrechloginfr.blogspot.com/3D%22https:/novabase.us20.list-manage.com//%22mailto:mail@fruitfulcode.com?view=%2Fhome%2Fcosta4%2Fparma.elettroservicegroup.it%2Fwp-includes%2Fblocks%2Fpost-comments-count%2Fstyle-rtl.min.css HTTP/2.0" 200 48 "-" "Mozilla/5.0 AppleWebKit/537.36 (KHTML, like Gecko; compatible; ClaudeBot/1.0; +claudebot@anthropic.com)"
216.73.216.229 - - [12/Jul/2026:14:19:55 +0200] "GET /=3D%22https:/blogerfrechloginfr.blogspot.com/3D%22https:/novabase.us20.list-manage.com/wp-admin/install.php?rename=%2Fhome%2Fcosta4%2Fmantova.elettroservicegroup.it%2Fwp-includes%2FIXR%2Fclass-IXR-message.php HTTP/2.0" 200 18625 "-" "Mozilla/5.0 AppleWebKit/537.36 (KHTML, like Gecko; compatible; ClaudeBot/1.0; +claudebot@anthropic.com)"
216.73.216.229 - - [12/Jul/2026:14:19:56 +0200] "GET /=3D%22https:/blogerfrechloginfr.blogspot.com/3D%22https:/novabase.us20.list-manage.com//%22mailto:mail@fruitfulcode.com?edit=%2Fhome%2Fcosta4%2Fverona.elettroservicegroup.it%2Fwp-includes%2Ffonts%2Fclass-wp-font-face.php HTTP/2.0" 200 3514 "-" "Mozilla/5.0 AppleWebKit/537.36 (KHTML, like Gecko; compatible; ClaudeBot/1.0; +claudebot@anthropic.com)"
216.73.216.229 - - [12/Jul/2026:14:19:55 +0200] "GET /=3D%22https:/blogerfrechloginfr.blogspot.com/%22https:/go.elementor.com/renew-license-cloud-templates-cloud-tab/edit-comments.php?file=%2Fhome%2Fcosta4%2Fpublic_html%2Fwp-content%2Fuploads%2F2025%2F02 HTTP/2.0" 200 17848 "-" "Mozilla/5.0 AppleWebKit/537.36 (KHTML, like Gecko; compatible; ClaudeBot/1.0; +claudebot@anthropic.com)"
216.73.216.229 - - [12/Jul/2026:14:19:57 +0200] "GET /=3D%22https:/blogerfrechloginfr.blogspot.com/3D%22https:/novabase.us20.list-manage.com/wp-admin/install.php?view=%2Fhome%2Fcosta4%2Fvicenza.elettroservicegroup.it%2Fwp-includes%2Fblock-bindings%2Fpattern-overrides.php HTTP/2.0" 200 536 "-" "Mozilla/5.0 AppleWebKit/537.36 (KHTML, like Gecko; compatible; ClaudeBot/1.0; +claudebot@anthropic.com)"
74.7.227.144 - - [12/Jul/2026:14:19:57 +0200] "GET /?view=/usr/lib64/dovecot/libdovecot-storage-lua.so.0 HTTP/2.0" 200 13044 "https://www.cremona.elettroservicegroup.it/?file=/usr/lib64/dovecot" "Mozilla/5.0 AppleWebKit/537.36 (KHTML, like Gecko; compatible; GPTBot/1.4; +https://openai.com/gptbot)"
216.73.216.229 - - [12/Jul/2026:14:19:56 +0200] "GET /=3D%22https:/blogerfrechloginfr.blogspot.com/3D%22https:/novabase.us20.list-manage.com//%22mailto:mail@fruitfulcode.com?rename=%2Fhome%2Fcosta4%2Fverona.elettroservicegroup.it%2Fwp-includes%2Fcss%2Fbuttons-rtl.min.css HTTP/2.0" 200 910 "-" "Mozilla/5.0 AppleWebKit/537.36 (KHTML, like Gecko; compatible; ClaudeBot/1.0; +claudebot@anthropic.com)"
216.73.216.229 - - [12/Jul/2026:14:19:56 +0200] "GET /=3D%22https:/blogerfrechloginfr.blogspot.com/%22https:/go.elementor.com/renew-license-cloud-templates-cloud-tab/edit-comments.php?file=%2Fhome%2Fcosta4%2Fpublic_html%2Fwp-content%2Fuploads%2F2024%2F09 HTTP/2.0" 200 17848 "-" "Mozilla/5.0 AppleWebKit/537.36 (KHTML, like Gecko; compatible; ClaudeBot/1.0; +claudebot@anthropic.com)"
216.73.216.229 - - [12/Jul/2026:14:19:57 +0200] "GET /=3D%22https:/blogerfrechloginfr.blogspot.com/3D%22https:/novabase.us20.list-manage.com//%22mailto:mail@fruitfulcode.com?edit=%2Fhome%2Fcosta4%2Fparma.elettroservicegroup.it%2Fwp-includes%2Fjs%2Fwp-list-revisions.js HTTP/2.0" 200 1310 "-" "Mozilla/5.0 AppleWebKit/537.36 (KHTML, like Gecko; compatible; ClaudeBot/1.0; +claudebot@anthropic.com)"
216.73.216.229 - - [12/Jul/2026:14:19:57 +0200] "GET /=3D%22https:/blogerfrechloginfr.blogspot.com/3D%22https:/novabase.us20.list-manage.com//%22mailto:mail@fruitfulcode.com?edit=%2Fhome%2Fcosta4%2Fparma.elettroservicegroup.it%2Fwp-includes%2Fblocks%2Fcomment-edit-link%2Fstyle-rtl.min.css HTTP/2.0" 200 958 "-" "Mozilla/5.0 AppleWebKit/537.36 (KHTML, like Gecko; compatible; ClaudeBot/1.0; +claudebot@anthropic.com)"
216.73.216.229 - - [12/Jul/2026:14:19:57 +0200] "GET /=3D%22https:/blogerfrechloginfr.blogspot.com/3D%22https:/novabase.us20.list-manage.com//%22mailto:mail@fruitfulcode.com?view=%2Fhome%2Fcosta4%2Fparma.elettroservicegroup.it%2Fwp-includes%2Fblocks%2Flatest-comments%2Fstyle-rtl.css HTTP/2.0" 200 345 "-" "Mozilla/5.0 AppleWebKit/537.36 (KHTML, like Gecko; compatible; ClaudeBot/1.0; +claudebot@anthropic.com)"
216.73.216.229 - - [12/Jul/2026:14:19:57 +0200] "GET /=3D%22https:/blogerfrechloginfr.blogspot.com/3D%22https:/novabase.us20.list-manage.com//%22mailto:mail@fruitfulcode.com?edit=%2Fhome%2Fcosta4%2Fverona.elettroservicegroup.it%2Fwp-admin%2Fcss%2Fnav-menus-rtl.min.css HTTP/2.0" 200 4359 "-" "Mozilla/5.0 AppleWebKit/537.36 (KHTML, like Gecko; compatible; ClaudeBot/1.0; +claudebot@anthropic.com)"
74.7.227.144 - - [12/Jul/2026:14:19:57 +0200] "GET /?rename=/usr/lib64/dovecot/libdovecot-sieve.so HTTP/2.0" 200 911 "https://www.cremona.elettroservicegroup.it/?file=/usr/lib64/dovecot" "Mozilla/5.0 AppleWebKit/537.36 (KHTML, like Gecko; compatible; GPTBot/1.4; +https://openai.com/gptbot)"
216.73.216.229 - - [12/Jul/2026:14:19:57 +0200] "GET /=3D%22https:/blogerfrechloginfr.blogspot.com/3D%22https:/novabase.us20.list-manage.com//%22mailto:mail@fruitfulcode.com?rename=%2Fhome%2Fcosta4%2Fverona.elettroservicegroup.it%2Fwp-admin%2Fcss%2Fl10n.min.css HTTP/2.0" 200 907 "-" "Mozilla/5.0 AppleWebKit/537.36 (KHTML, like Gecko; compatible; ClaudeBot/1.0; +claudebot@anthropic.com)"
216.73.216.229 - - [12/Jul/2026:14:19:58 +0200] "GET /=3D%22https:/blogerfrechloginfr.blogspot.com/3D%22https:/novabase.us20.list-manage.com//%22mailto:mail@fruitfulcode.com?view=%2Fhome%2Fcosta4%2Fparma.elettroservicegroup.it%2Fwp-includes%2Fjs%2Fmce-view.min.js HTTP/2.0" 200 3440 "-" "Mozilla/5.0 AppleWebKit/537.36 (KHTML, like Gecko; compatible; ClaudeBot/1.0; +claudebot@anthropic.com)"
216.73.216.229 - - [12/Jul/2026:14:19:57 +0200] "GET /=3D%22https:/blogerfrechloginfr.blogspot.com/3D%22https:/novabase.us20.list-manage.com/link-add.php?edit=%2Fhome%2Fcosta4%2Fcremona.elettroservicegroup.it%2Fwp-includes%2Fblocks%2Flist.php HTTP/2.0" 200 19099 "-" "Mozilla/5.0 AppleWebKit/537.36 (KHTML, like Gecko; compatible; ClaudeBot/1.0; +claudebot@anthropic.com)"
