209.50.185.199 - - [12/Jul/2026:18:57:03 +0200] "GET /wp-admin/plugins.php HTTP/2.0" 200 66730 "-" "Mozilla/5.0 (Windows NT 10.0; Win64; x64; rv:133.0) Gecko/20100101 Firefox/133.0"
216.26.228.115 - - [12/Jul/2026:18:57:03 +0200] "GET /wp-admin/plugins.php HTTP/2.0" 200 66762 "-" "Mozilla/5.0 (Macintosh; Intel Mac OS X 10_15_7) AppleWebKit/605.1.15 (KHTML, like Gecko) Version/18.0 Safari/605.1.15"
209.50.185.199 - - [12/Jul/2026:18:57:05 +0200] "GET /wp-admin/plugins.php HTTP/2.0" 200 66734 "-" "Mozilla/5.0 (Windows NT 10.0; Win64; x64; rv:133.0) Gecko/20100101 Firefox/133.0"
216.26.228.115 - - [12/Jul/2026:18:57:06 +0200] "GET /wp-admin/plugins.php HTTP/2.0" 200 66762 "-" "Mozilla/5.0 (Macintosh; Intel Mac OS X 10_15_7) AppleWebKit/605.1.15 (KHTML, like Gecko) Version/18.0 Safari/605.1.15"
209.50.185.199 - - [12/Jul/2026:18:57:08 +0200] "GET /wp-admin/plugin-install.php HTTP/2.0" 200 61035 "-" "Mozilla/5.0 (Windows NT 10.0; Win64; x64; rv:133.0) Gecko/20100101 Firefox/133.0"
216.26.228.115 - - [12/Jul/2026:18:57:09 +0200] "GET /wp-admin/plugins.php HTTP/2.0" 200 66762 "-" "Mozilla/5.0 (Macintosh; Intel Mac OS X 10_15_7) AppleWebKit/605.1.15 (KHTML, like Gecko) Version/18.0 Safari/605.1.15"
209.50.185.199 - - [12/Jul/2026:18:57:11 +0200] "POST /wp-admin/update.php?action=upload-plugin HTTP/2.0" 301 - "https://verona.elettroservicegroup.it/wp-admin/update.php?action=upload-plugin" "Mozilla/5.0 (Windows NT 10.0; Win64; x64; rv:133.0) Gecko/20100101 Firefox/133.0"
65.111.25.38 - - [12/Jul/2026:18:57:11 +0200] "GET /wp-login.php HTTP/2.0" 200 11920 "-" "Mozilla/5.0 (Macintosh; Intel Mac OS X 10_15_7) AppleWebKit/605.1.15 (KHTML, like Gecko) Version/18.0 Safari/605.1.15"
65.111.25.38 - - [12/Jul/2026:18:57:12 +0200] "GET /wp-login.php?wp_lang=en_US HTTP/2.0" 200 11900 "-" "Mozilla/5.0 (Macintosh; Intel Mac OS X 10_15_7) AppleWebKit/605.1.15 (KHTML, like Gecko) Version/18.0 Safari/605.1.15"
45.3.36.239 - - [12/Jul/2026:18:57:13 +0200] "GET /wp-login.php?wp_lang=en_US HTTP/2.0" 200 2331 "-" "Mozilla/5.0 (Macintosh; Intel Mac OS X 10_15_7) AppleWebKit/605.1.15 (KHTML, like Gecko) Version/18.0 Safari/605.1.15"
216.26.228.115 - - [12/Jul/2026:18:57:11 +0200] "GET /wp-admin/plugin-install.php HTTP/2.0" 200 61046 "-" "Mozilla/5.0 (Macintosh; Intel Mac OS X 10_15_7) AppleWebKit/605.1.15 (KHTML, like Gecko) Version/18.0 Safari/605.1.15"
216.26.228.115 - - [12/Jul/2026:18:57:15 +0200] "POST /wp-admin/update.php?action=upload-plugin HTTP/2.0" 301 - "https://verona.elettroservicegroup.it/wp-admin/update.php?action=upload-plugin" "Mozilla/5.0 (Macintosh; Intel Mac OS X 10_15_7) AppleWebKit/605.1.15 (KHTML, like Gecko) Version/18.0 Safari/605.1.15"
45.3.36.239 - - [12/Jul/2026:18:57:14 +0200] "POST /wp-login.php HTTP/2.0" 302 1 "https://verona.elettroservicegroup.it/wp-login.php" "Mozilla/5.0 (Macintosh; Intel Mac OS X 10_15_7) AppleWebKit/605.1.15 (KHTML, like Gecko) Version/18.0 Safari/605.1.15"
209.50.163.216 - - [12/Jul/2026:18:57:16 +0200] "GET /wp-login.php HTTP/2.0" 200 3126 "-" "Mozilla/5.0 (Windows NT 10.0; Win64; x64) AppleWebKit/537.36 (KHTML, like Gecko) Chrome/124.0.0.0 Safari/537.36"
45.3.36.239 - - [12/Jul/2026:18:57:15 +0200] "GET /wp-admin/ HTTP/2.0" 200 85698 "https://verona.elettroservicegroup.it/wp-login.php" "Mozilla/5.0 (Macintosh; Intel Mac OS X 10_15_7) AppleWebKit/605.1.15 (KHTML, like Gecko) Version/18.0 Safari/605.1.15"
66.249.64.171 - - [12/Jul/2026:18:57:18 +0200] "GET /?h=18686734121100 HTTP/1.1" 301 313 "-" "Mozilla/5.0 (compatible; Googlebot/2.1; +http://www.google.com/bot.html)"
209.50.163.216 - - [12/Jul/2026:18:57:18 +0200] "GET /wp-login.php?wp_lang=en_US HTTP/2.0" 200 2331 "-" "Mozilla/5.0 (Windows NT 10.0; Win64; x64) AppleWebKit/537.36 (KHTML, like Gecko) Chrome/124.0.0.0 Safari/537.36"
66.249.64.171 - - [12/Jul/2026:18:57:20 +0200] "GET /index.php/?h=18686734121100 HTTP/1.1" 301 - "-" "Mozilla/5.0 (compatible; Googlebot/2.1; +http://www.google.com/bot.html)"
45.3.36.239 - - [12/Jul/2026:18:57:18 +0200] "GET /wp-admin/ HTTP/2.0" 200 85693 "-" "Mozilla/5.0 (Macintosh; Intel Mac OS X 10_15_7) AppleWebKit/605.1.15 (KHTML, like Gecko) Version/18.0 Safari/605.1.15"
209.50.163.216 - - [12/Jul/2026:18:57:19 +0200] "POST /wp-login.php HTTP/2.0" 302 1 "https://verona.elettroservicegroup.it/wp-login.php" "Mozilla/5.0 (Windows NT 10.0; Win64; x64) AppleWebKit/537.36 (KHTML, like Gecko) Chrome/124.0.0.0 Safari/537.36"
209.50.163.216 - - [12/Jul/2026:18:57:21 +0200] "GET /wp-admin/ HTTP/2.0" 200 85689 "https://verona.elettroservicegroup.it/wp-login.php" "Mozilla/5.0 (Windows NT 10.0; Win64; x64) AppleWebKit/537.36 (KHTML, like Gecko) Chrome/124.0.0.0 Safari/537.36"
45.3.36.239 - - [12/Jul/2026:18:57:22 +0200] "GET /wp-admin/admin-ajax.php?action=rest-nonce HTTP/2.0" 400 5 "-" "Mozilla/5.0 (Macintosh; Intel Mac OS X 10_15_7) AppleWebKit/605.1.15 (KHTML, like Gecko) Version/18.0 Safari/605.1.15"
66.249.64.170 - - [12/Jul/2026:18:57:24 +0200] "GET /?h=41336487721100 HTTP/1.1" 301 313 "-" "Mozilla/5.0 (Linux; Android 6.0.1; Nexus 5X Build/MMB29P) AppleWebKit/537.36 (KHTML, like Gecko) Chrome/150.0.7871.46 Mobile Safari/537.36 (compatible; Googlebot/2.1; +http://www.google.com/bot.html)"
65.108.235.243 - - [12/Jul/2026:18:57:26 +0200] "POST /wp-cron.php?doing_wp_cron=1783875446.1439280509948730468750 HTTP/1.1" 200 1 "-" "WordPress/7.0.1; https://verona.elettroservicegroup.it"
45.3.36.239 - - [12/Jul/2026:18:57:23 +0200] "GET /wp-admin/plugins.php HTTP/2.0" 200 66776 "-" "Mozilla/5.0 (Macintosh; Intel Mac OS X 10_15_7) AppleWebKit/605.1.15 (KHTML, like Gecko) Version/18.0 Safari/605.1.15"
209.50.163.216 - - [12/Jul/2026:18:57:24 +0200] "GET /wp-admin/ HTTP/2.0" 200 85692 "-" "Mozilla/5.0 (Windows NT 10.0; Win64; x64) AppleWebKit/537.36 (KHTML, like Gecko) Chrome/124.0.0.0 Safari/537.36"
66.249.64.169 - - [12/Jul/2026:18:57:28 +0200] "GET /index.php/?h=41336487721100 HTTP/1.1" 301 - "-" "Mozilla/5.0 (Linux; Android 6.0.1; Nexus 5X Build/MMB29P) AppleWebKit/537.36 (KHTML, like Gecko) Chrome/150.0.7871.46 Mobile Safari/537.36 (compatible; Googlebot/2.1; +http://www.google.com/bot.html)"
209.50.163.216 - - [12/Jul/2026:18:57:27 +0200] "GET /wp-admin/admin-ajax.php?action=rest-nonce HTTP/2.0" 400 5 "-" "Mozilla/5.0 (Windows NT 10.0; Win64; x64) AppleWebKit/537.36 (KHTML, like Gecko) Chrome/124.0.0.0 Safari/537.36"
45.3.36.239 - - [12/Jul/2026:18:57:26 +0200] "GET /wp-admin/plugins.php HTTP/2.0" 200 66775 "-" "Mozilla/5.0 (Macintosh; Intel Mac OS X 10_15_7) AppleWebKit/605.1.15 (KHTML, like Gecko) Version/18.0 Safari/605.1.15"
66.249.64.169 - - [12/Jul/2026:18:57:30 +0200] "GET /?h=38064009521100 HTTP/1.1" 301 313 "-" "Mozilla/5.0 (Linux; Android 6.0.1; Nexus 5X Build/MMB29P) AppleWebKit/537.36 (KHTML, like Gecko) Chrome/150.0.7871.46 Mobile Safari/537.36 (compatible; Googlebot/2.1; +http://www.google.com/bot.html)"
66.249.64.169 - - [12/Jul/2026:18:57:31 +0200] "GET /index.php/?h=38064009521100 HTTP/1.1" 301 - "-" "Mozilla/5.0 (Linux; Android 6.0.1; Nexus 5X Build/MMB29P) AppleWebKit/537.36 (KHTML, like Gecko) Chrome/150.0.7871.46 Mobile Safari/537.36 (compatible; Googlebot/2.1; +http://www.google.com/bot.html)"
209.50.163.216 - - [12/Jul/2026:18:57:29 +0200] "GET /wp-admin/plugins.php HTTP/2.0" 200 66772 "-" "Mozilla/5.0 (Windows NT 10.0; Win64; x64) AppleWebKit/537.36 (KHTML, like Gecko) Chrome/124.0.0.0 Safari/537.36"
45.3.36.239 - - [12/Jul/2026:18:57:29 +0200] "GET /wp-admin/plugins.php HTTP/2.0" 200 66773 "-" "Mozilla/5.0 (Macintosh; Intel Mac OS X 10_15_7) AppleWebKit/605.1.15 (KHTML, like Gecko) Version/18.0 Safari/605.1.15"
209.50.163.216 - - [12/Jul/2026:18:57:31 +0200] "GET /wp-admin/plugins.php HTTP/2.0" 200 66772 "-" "Mozilla/5.0 (Windows NT 10.0; Win64; x64) AppleWebKit/537.36 (KHTML, like Gecko) Chrome/124.0.0.0 Safari/537.36"
45.3.36.239 - - [12/Jul/2026:18:57:32 +0200] "GET /wp-admin/plugin-install.php HTTP/2.0" 200 61052 "-" "Mozilla/5.0 (Macintosh; Intel Mac OS X 10_15_7) AppleWebKit/605.1.15 (KHTML, like Gecko) Version/18.0 Safari/605.1.15"
66.249.64.169 - - [12/Jul/2026:18:57:35 +0200] "GET /?h=1389903521100 HTTP/1.1" 301 312 "-" "Mozilla/5.0 (Linux; Android 6.0.1; Nexus 5X Build/MMB29P) AppleWebKit/537.36 (KHTML, like Gecko) Chrome/150.0.7871.46 Mobile Safari/537.36 (compatible; Googlebot/2.1; +http://www.google.com/bot.html)"
45.3.36.239 - - [12/Jul/2026:18:57:35 +0200] "POST /wp-admin/update.php?action=upload-plugin HTTP/2.0" 301 - "https://verona.elettroservicegroup.it/wp-admin/update.php?action=upload-plugin" "Mozilla/5.0 (Macintosh; Intel Mac OS X 10_15_7) AppleWebKit/605.1.15 (KHTML, like Gecko) Version/18.0 Safari/605.1.15"
209.50.163.216 - - [12/Jul/2026:18:57:34 +0200] "GET /wp-admin/plugins.php HTTP/2.0" 200 66775 "-" "Mozilla/5.0 (Windows NT 10.0; Win64; x64) AppleWebKit/537.36 (KHTML, like Gecko) Chrome/124.0.0.0 Safari/537.36"
216.26.227.249 - - [12/Jul/2026:18:57:37 +0200] "GET /wp-login.php HTTP/2.0" 200 3126 "-" "Mozilla/5.0 (Windows NT 10.0; Win64; x64) AppleWebKit/537.36 (KHTML, like Gecko) Chrome/124.0.0.0 Safari/537.36"
66.249.64.169 - - [12/Jul/2026:18:57:38 +0200] "GET /index.php/?h=1389903521100 HTTP/1.1" 301 - "-" "Mozilla/5.0 (Linux; Android 6.0.1; Nexus 5X Build/MMB29P) AppleWebKit/537.36 (KHTML, like Gecko) Chrome/150.0.7871.46 Mobile Safari/537.36 (compatible; Googlebot/2.1; +http://www.google.com/bot.html)"
209.50.163.216 - - [12/Jul/2026:18:57:36 +0200] "GET /wp-admin/plugin-install.php HTTP/2.0" 200 61044 "-" "Mozilla/5.0 (Windows NT 10.0; Win64; x64) AppleWebKit/537.36 (KHTML, like Gecko) Chrome/124.0.0.0 Safari/537.36"
216.26.227.249 - - [12/Jul/2026:18:57:38 +0200] "GET /wp-login.php?wp_lang=en_US HTTP/2.0" 200 2331 "-" "Mozilla/5.0 (Windows NT 10.0; Win64; x64; rv:133.0) Gecko/20100101 Firefox/133.0"
209.50.163.216 - - [12/Jul/2026:18:57:40 +0200] "POST /wp-admin/update.php?action=upload-plugin HTTP/2.0" 301 - "https://verona.elettroservicegroup.it/wp-admin/update.php?action=upload-plugin" "Mozilla/5.0 (Windows NT 10.0; Win64; x64) AppleWebKit/537.36 (KHTML, like Gecko) Chrome/124.0.0.0 Safari/537.36"
66.249.64.169 - - [12/Jul/2026:18:57:40 +0200] "GET /?h=37722669761100 HTTP/1.1" 301 313 "-" "Mozilla/5.0 (compatible; Googlebot/2.1; +http://www.google.com/bot.html)"
216.26.255.72 - - [12/Jul/2026:18:57:40 +0200] "GET /wp-login.php HTTP/2.0" 200 11787 "-" "Mozilla/5.0 (Windows NT 10.0; Win64; x64; rv:133.0) Gecko/20100101 Firefox/133.0"
216.26.255.72 - - [12/Jul/2026:18:57:40 +0200] "GET /wp-login.php?wp_lang=en_US HTTP/2.0" 200 11935 "-" "Mozilla/5.0 (Windows NT 10.0; Win64; x64) AppleWebKit/537.36 (KHTML, like Gecko) Chrome/124.0.0.0 Safari/537.36"
216.26.227.249 - - [12/Jul/2026:18:57:40 +0200] "POST /wp-login.php HTTP/2.0" 302 1 "https://verona.elettroservicegroup.it/wp-login.php" "Mozilla/5.0 (Windows NT 10.0; Win64; x64; rv:133.0) Gecko/20100101 Firefox/133.0"
65.111.5.12 - - [12/Jul/2026:18:57:41 +0200] "GET /wp-login.php?wp_lang=en_US HTTP/2.0" 200 11944 "-" "Mozilla/5.0 (Windows NT 10.0; Win64; x64) AppleWebKit/537.36 (KHTML, like Gecko) Chrome/124.0.0.0 Safari/537.36"
216.26.227.249 - - [12/Jul/2026:18:57:41 +0200] "GET /wp-admin/ HTTP/2.0" 200 85660 "https://verona.elettroservicegroup.it/wp-login.php" "Mozilla/5.0 (Windows NT 10.0; Win64; x64; rv:133.0) Gecko/20100101 Firefox/133.0"
66.249.64.169 - - [12/Jul/2026:18:57:43 +0200] "GET /index.php/?h=37722669761100 HTTP/1.1" 301 - "-" "Mozilla/5.0 (compatible; Googlebot/2.1; +http://www.google.com/bot.html)"
104.207.41.189 - - [12/Jul/2026:18:57:42 +0200] "GET /wp-login.php?wp_lang=en_US HTTP/2.0" 200 2331 "-" "Mozilla/5.0 (Windows NT 10.0; Win64; x64; rv:133.0) Gecko/20100101 Firefox/133.0"
104.207.41.189 - - [12/Jul/2026:18:57:44 +0200] "POST /wp-login.php HTTP/2.0" 302 1 "https://verona.elettroservicegroup.it/wp-login.php" "Mozilla/5.0 (Windows NT 10.0; Win64; x64; rv:133.0) Gecko/20100101 Firefox/133.0"
216.26.227.249 - - [12/Jul/2026:18:57:43 +0200] "GET /wp-admin/ HTTP/2.0" 200 85662 "-" "Mozilla/5.0 (Windows NT 10.0; Win64; x64; rv:133.0) Gecko/20100101 Firefox/133.0"
104.207.41.189 - - [12/Jul/2026:18:57:45 +0200] "GET /wp-admin/ HTTP/2.0" 200 85660 "https://verona.elettroservicegroup.it/wp-login.php" "Mozilla/5.0 (Windows NT 10.0; Win64; x64; rv:133.0) Gecko/20100101 Firefox/133.0"
216.26.227.249 - - [12/Jul/2026:18:57:46 +0200] "GET /wp-admin/admin-ajax.php?action=rest-nonce HTTP/2.0" 400 5 "-" "Mozilla/5.0 (Windows NT 10.0; Win64; x64; rv:133.0) Gecko/20100101 Firefox/133.0"
104.207.41.189 - - [12/Jul/2026:18:57:47 +0200] "GET /wp-admin/ HTTP/2.0" 200 85660 "-" "Mozilla/5.0 (Windows NT 10.0; Win64; x64; rv:133.0) Gecko/20100101 Firefox/133.0"
216.26.227.249 - - [12/Jul/2026:18:57:48 +0200] "GET /wp-admin/plugins.php HTTP/2.0" 200 66727 "-" "Mozilla/5.0 (Windows NT 10.0; Win64; x64; rv:133.0) Gecko/20100101 Firefox/133.0"
104.207.41.189 - - [12/Jul/2026:18:57:51 +0200] "GET /wp-admin/admin-ajax.php?action=rest-nonce HTTP/2.0" 400 5 "-" "Mozilla/5.0 (Windows NT 10.0; Win64; x64; rv:133.0) Gecko/20100101 Firefox/133.0"
216.26.227.249 - - [12/Jul/2026:18:57:50 +0200] "GET /wp-admin/plugins.php HTTP/2.0" 200 66726 "-" "Mozilla/5.0 (Windows NT 10.0; Win64; x64; rv:133.0) Gecko/20100101 Firefox/133.0"
104.207.41.189 - - [12/Jul/2026:18:57:52 +0200] "GET /wp-admin/plugins.php HTTP/2.0" 200 66730 "-" "Mozilla/5.0 (Windows NT 10.0; Win64; x64; rv:133.0) Gecko/20100101 Firefox/133.0"
216.26.227.249 - - [12/Jul/2026:18:57:53 +0200] "GET /wp-admin/plugins.php HTTP/2.0" 200 66728 "-" "Mozilla/5.0 (Windows NT 10.0; Win64; x64; rv:133.0) Gecko/20100101 Firefox/133.0"
104.207.41.189 - - [12/Jul/2026:18:57:55 +0200] "GET /wp-admin/plugins.php HTTP/2.0" 200 66728 "-" "Mozilla/5.0 (Windows NT 10.0; Win64; x64; rv:133.0) Gecko/20100101 Firefox/133.0"
216.26.227.249 - - [12/Jul/2026:18:57:56 +0200] "GET /wp-admin/plugin-install.php HTTP/2.0" 200 61031 "-" "Mozilla/5.0 (Windows NT 10.0; Win64; x64; rv:133.0) Gecko/20100101 Firefox/133.0"
216.26.227.249 - - [12/Jul/2026:18:57:59 +0200] "POST /wp-admin/update.php?action=upload-plugin HTTP/2.0" 301 - "https://verona.elettroservicegroup.it/wp-admin/update.php?action=upload-plugin" "Mozilla/5.0 (Windows NT 10.0; Win64; x64; rv:133.0) Gecko/20100101 Firefox/133.0"
104.207.41.189 - - [12/Jul/2026:18:57:58 +0200] "GET /wp-admin/plugins.php HTTP/2.0" 200 66729 "-" "Mozilla/5.0 (Windows NT 10.0; Win64; x64; rv:133.0) Gecko/20100101 Firefox/133.0"
104.207.44.73 - - [12/Jul/2026:18:58:01 +0200] "GET /wp-login.php HTTP/2.0" 200 3126 "-" "Mozilla/5.0 (Windows NT 10.0; Win64; x64) AppleWebKit/537.36 (KHTML, like Gecko) Chrome/124.0.0.0 Safari/537.36"
66.249.64.170 - - [12/Jul/2026:18:58:03 +0200] "GET /?h=38701227801100 HTTP/1.1" 301 313 "-" "Mozilla/5.0 (Linux; Android 6.0.1; Nexus 5X Build/MMB29P) AppleWebKit/537.36 (KHTML, like Gecko) Chrome/150.0.7871.46 Mobile Safari/537.36 (compatible; Googlebot/2.1; +http://www.google.com/bot.html)"
66.249.64.170 - - [12/Jul/2026:18:58:04 +0200] "GET /index.php/?h=38701227801100 HTTP/1.1" 301 - "-" "Mozilla/5.0 (Linux; Android 6.0.1; Nexus 5X Build/MMB29P) AppleWebKit/537.36 (KHTML, like Gecko) Chrome/150.0.7871.46 Mobile Safari/537.36 (compatible; Googlebot/2.1; +http://www.google.com/bot.html)"
104.207.44.73 - - [12/Jul/2026:18:58:03 +0200] "GET /wp-login.php?wp_lang=en_US HTTP/2.0" 200 2331 "-" "Mozilla/5.0 (Windows NT 10.0; Win64; x64; rv:133.0) Gecko/20100101 Firefox/133.0"
104.207.41.189 - - [12/Jul/2026:18:58:00 +0200] "GET /wp-admin/plugin-install.php HTTP/2.0" 200 61032 "-" "Mozilla/5.0 (Windows NT 10.0; Win64; x64; rv:133.0) Gecko/20100101 Firefox/133.0"
104.207.41.189 - - [12/Jul/2026:18:58:04 +0200] "POST /wp-admin/update.php?action=upload-plugin HTTP/2.0" 301 - "https://verona.elettroservicegroup.it/wp-admin/update.php?action=upload-plugin" "Mozilla/5.0 (Windows NT 10.0; Win64; x64; rv:133.0) Gecko/20100101 Firefox/133.0"
104.207.44.73 - - [12/Jul/2026:18:58:04 +0200] "POST /wp-login.php HTTP/2.0" 302 1 "https://verona.elettroservicegroup.it/wp-login.php" "Mozilla/5.0 (Windows NT 10.0; Win64; x64; rv:133.0) Gecko/20100101 Firefox/133.0"
65.111.12.112 - - [12/Jul/2026:18:58:05 +0200] "GET /wp-login.php HTTP/2.0" 200 3126 "-" "Mozilla/5.0 (Macintosh; Intel Mac OS X 10_15_7) AppleWebKit/605.1.15 (KHTML, like Gecko) Version/18.0 Safari/605.1.15"
104.207.44.73 - - [12/Jul/2026:18:58:05 +0200] "GET /wp-admin/ HTTP/2.0" 200 85659 "https://verona.elettroservicegroup.it/wp-login.php" "Mozilla/5.0 (Windows NT 10.0; Win64; x64; rv:133.0) Gecko/20100101 Firefox/133.0"
104.207.44.73 - - [12/Jul/2026:18:58:06 +0200] "GET /wp-admin/ HTTP/2.0" 200 85657 "-" "Mozilla/5.0 (Windows NT 10.0; Win64; x64; rv:133.0) Gecko/20100101 Firefox/133.0"
65.111.12.112 - - [12/Jul/2026:18:58:06 +0200] "GET /wp-login.php?wp_lang=en_US HTTP/2.0" 200 2331 "-" "Mozilla/5.0 (Macintosh; Intel Mac OS X 10_15_7) AppleWebKit/605.1.15 (KHTML, like Gecko) Version/18.0 Safari/605.1.15"
65.111.12.112 - - [12/Jul/2026:18:58:07 +0200] "POST /wp-login.php HTTP/2.0" 302 1 "https://verona.elettroservicegroup.it/wp-login.php" "Mozilla/5.0 (Macintosh; Intel Mac OS X 10_15_7) AppleWebKit/605.1.15 (KHTML, like Gecko) Version/18.0 Safari/605.1.15"
104.207.44.73 - - [12/Jul/2026:18:58:08 +0200] "GET /wp-admin/admin-ajax.php?action=rest-nonce HTTP/2.0" 400 5 "-" "Mozilla/5.0 (Windows NT 10.0; Win64; x64; rv:133.0) Gecko/20100101 Firefox/133.0"
65.111.12.112 - - [12/Jul/2026:18:58:09 +0200] "GET /wp-admin/ HTTP/2.0" 200 85689 "https://verona.elettroservicegroup.it/wp-login.php" "Mozilla/5.0 (Macintosh; Intel Mac OS X 10_15_7) AppleWebKit/605.1.15 (KHTML, like Gecko) Version/18.0 Safari/605.1.15"
104.207.44.73 - - [12/Jul/2026:18:58:10 +0200] "GET /wp-admin/plugins.php HTTP/2.0" 200 66747 "-" "Mozilla/5.0 (Windows NT 10.0; Win64; x64; rv:133.0) Gecko/20100101 Firefox/133.0"
65.111.12.112 - - [12/Jul/2026:18:58:13 +0200] "GET /wp-admin/ HTTP/2.0" 200 85686 "-" "Mozilla/5.0 (Macintosh; Intel Mac OS X 10_15_7) AppleWebKit/605.1.15 (KHTML, like Gecko) Version/18.0 Safari/605.1.15"
104.207.44.73 - - [12/Jul/2026:18:58:14 +0200] "GET /wp-admin/plugins.php HTTP/2.0" 200 66739 "-" "Mozilla/5.0 (Windows NT 10.0; Win64; x64; rv:133.0) Gecko/20100101 Firefox/133.0"
65.111.12.112 - - [12/Jul/2026:18:58:17 +0200] "GET /wp-admin/admin-ajax.php?action=rest-nonce HTTP/2.0" 400 5 "-" "Mozilla/5.0 (Macintosh; Intel Mac OS X 10_15_7) AppleWebKit/605.1.15 (KHTML, like Gecko) Version/18.0 Safari/605.1.15"
104.207.44.73 - - [12/Jul/2026:18:58:16 +0200] "GET /wp-admin/plugins.php HTTP/2.0" 200 66739 "-" "Mozilla/5.0 (Windows NT 10.0; Win64; x64; rv:133.0) Gecko/20100101 Firefox/133.0"
65.111.12.112 - - [12/Jul/2026:18:58:18 +0200] "GET /wp-admin/plugins.php HTTP/2.0" 200 66775 "-" "Mozilla/5.0 (Macintosh; Intel Mac OS X 10_15_7) AppleWebKit/605.1.15 (KHTML, like Gecko) Version/18.0 Safari/605.1.15"
104.207.44.73 - - [12/Jul/2026:18:58:20 +0200] "GET /wp-admin/plugin-install.php HTTP/2.0" 200 61026 "-" "Mozilla/5.0 (Windows NT 10.0; Win64; x64; rv:133.0) Gecko/20100101 Firefox/133.0"
104.207.44.73 - - [12/Jul/2026:18:58:23 +0200] "POST /wp-admin/update.php?action=upload-plugin HTTP/2.0" 301 - "https://verona.elettroservicegroup.it/wp-admin/update.php?action=upload-plugin" "Mozilla/5.0 (Windows NT 10.0; Win64; x64; rv:133.0) Gecko/20100101 Firefox/133.0"
65.111.12.112 - - [12/Jul/2026:18:58:21 +0200] "GET /wp-admin/plugins.php HTTP/2.0" 200 66774 "-" "Mozilla/5.0 (Macintosh; Intel Mac OS X 10_15_7) AppleWebKit/605.1.15 (KHTML, like Gecko) Version/18.0 Safari/605.1.15"
104.207.38.202 - - [12/Jul/2026:18:58:24 +0200] "GET /wp-login.php HTTP/2.0" 200 11952 "-" "Mozilla/5.0 (Windows NT 10.0; Win64; x64) AppleWebKit/537.36 (KHTML, like Gecko) Chrome/124.0.0.0 Safari/537.36"
104.207.38.202 - - [12/Jul/2026:18:58:25 +0200] "GET /wp-login.php?wp_lang=en_US HTTP/2.0" 200 11914 "-" "Mozilla/5.0 (Windows NT 10.0; Win64; x64) AppleWebKit/537.36 (KHTML, like Gecko) Chrome/124.0.0.0 Safari/537.36"
104.207.50.133 - - [12/Jul/2026:18:58:26 +0200] "GET /wp-login.php?wp_lang=en_US HTTP/2.0" 200 11944 "-" "Mozilla/5.0 (Windows NT 10.0; Win64; x64; rv:133.0) Gecko/20100101 Firefox/133.0"
65.108.235.243 - - [12/Jul/2026:18:58:27 +0200] "POST /wp-cron.php?doing_wp_cron=1783875507.6568810939788818359375 HTTP/1.1" 200 1 "-" "WordPress/7.0.1; https://verona.elettroservicegroup.it"
65.111.12.112 - - [12/Jul/2026:18:58:24 +0200] "GET /wp-admin/plugins.php HTTP/2.0" 200 66774 "-" "Mozilla/5.0 (Macintosh; Intel Mac OS X 10_15_7) AppleWebKit/605.1.15 (KHTML, like Gecko) Version/18.0 Safari/605.1.15"
45.3.50.128 - - [12/Jul/2026:18:58:27 +0200] "GET /wp-login.php?wp_lang=en_US HTTP/2.0" 200 2331 "-" "Mozilla/5.0 (Macintosh; Intel Mac OS X 10_15_7) AppleWebKit/605.1.15 (KHTML, like Gecko) Version/18.0 Safari/605.1.15"
45.3.50.128 - - [12/Jul/2026:18:58:28 +0200] "POST /wp-login.php HTTP/2.0" 302 1 "https://verona.elettroservicegroup.it/wp-login.php" "Mozilla/5.0 (Macintosh; Intel Mac OS X 10_15_7) AppleWebKit/605.1.15 (KHTML, like Gecko) Version/18.0 Safari/605.1.15"
65.111.12.112 - - [12/Jul/2026:18:58:28 +0200] "GET /wp-admin/plugin-install.php HTTP/2.0" 200 61038 "-" "Mozilla/5.0 (Macintosh; Intel Mac OS X 10_15_7) AppleWebKit/605.1.15 (KHTML, like Gecko) Version/18.0 Safari/605.1.15"
65.111.12.112 - - [12/Jul/2026:18:58:31 +0200] "POST /wp-admin/update.php?action=upload-plugin HTTP/2.0" 301 - "https://verona.elettroservicegroup.it/wp-admin/update.php?action=upload-plugin" "Mozilla/5.0 (Macintosh; Intel Mac OS X 10_15_7) AppleWebKit/605.1.15 (KHTML, like Gecko) Version/18.0 Safari/605.1.15"
45.3.50.128 - - [12/Jul/2026:18:58:30 +0200] "GET /wp-admin/ HTTP/2.0" 200 85699 "https://verona.elettroservicegroup.it/wp-login.php" "Mozilla/5.0 (Macintosh; Intel Mac OS X 10_15_7) AppleWebKit/605.1.15 (KHTML, like Gecko) Version/18.0 Safari/605.1.15"
216.26.252.191 - - [12/Jul/2026:18:58:32 +0200] "GET /wp-login.php HTTP/2.0" 200 3126 "-" "Mozilla/5.0 (Windows NT 10.0; Win64; x64; rv:133.0) Gecko/20100101 Firefox/133.0"
216.26.252.191 - - [12/Jul/2026:18:58:34 +0200] "GET /wp-login.php?wp_lang=en_US HTTP/2.0" 200 2331 "-" "Mozilla/5.0 (Macintosh; Intel Mac OS X 10_15_7) AppleWebKit/605.1.15 (KHTML, like Gecko) Version/18.0 Safari/605.1.15"
45.3.50.128 - - [12/Jul/2026:18:58:33 +0200] "GET /wp-admin/ HTTP/2.0" 200 85697 "-" "Mozilla/5.0 (Macintosh; Intel Mac OS X 10_15_7) AppleWebKit/605.1.15 (KHTML, like Gecko) Version/18.0 Safari/605.1.15"
216.26.252.191 - - [12/Jul/2026:18:58:35 +0200] "POST /wp-login.php HTTP/2.0" 302 1 "https://verona.elettroservicegroup.it/wp-login.php" "Mozilla/5.0 (Macintosh; Intel Mac OS X 10_15_7) AppleWebKit/605.1.15 (KHTML, like Gecko) Version/18.0 Safari/605.1.15"
45.3.50.128 - - [12/Jul/2026:18:58:37 +0200] "GET /wp-admin/admin-ajax.php?action=rest-nonce HTTP/2.0" 400 5 "-" "Mozilla/5.0 (Macintosh; Intel Mac OS X 10_15_7) AppleWebKit/605.1.15 (KHTML, like Gecko) Version/18.0 Safari/605.1.15"
216.26.252.191 - - [12/Jul/2026:18:58:36 +0200] "GET /wp-admin/ HTTP/2.0" 200 85695 "https://verona.elettroservicegroup.it/wp-login.php" "Mozilla/5.0 (Macintosh; Intel Mac OS X 10_15_7) AppleWebKit/605.1.15 (KHTML, like Gecko) Version/18.0 Safari/605.1.15"
65.108.235.243 - - [12/Jul/2026:18:58:41 +0200] "POST /wp-cron.php?doing_wp_cron=1783875521.4561328887939453125000 HTTP/1.1" 200 1 "-" "WordPress/7.0.1; https://verona.elettroservicegroup.it"
45.3.50.128 - - [12/Jul/2026:18:58:38 +0200] "GET /wp-admin/plugins.php HTTP/2.0" 200 66760 "-" "Mozilla/5.0 (Macintosh; Intel Mac OS X 10_15_7) AppleWebKit/605.1.15 (KHTML, like Gecko) Version/18.0 Safari/605.1.15"
216.26.252.191 - - [12/Jul/2026:18:58:39 +0200] "GET /wp-admin/ HTTP/2.0" 200 85688 "-" "Mozilla/5.0 (Macintosh; Intel Mac OS X 10_15_7) AppleWebKit/605.1.15 (KHTML, like Gecko) Version/18.0 Safari/605.1.15"
65.108.235.243 - - [12/Jul/2026:18:58:43 +0200] "GET / HTTP/1.1" 301 296 "-" "WP Fastest Cache Preload Bot"
65.108.235.243 - - [12/Jul/2026:18:58:43 +0200] "GET /index.php/ HTTP/1.1" 301 - "-" "WP Fastest Cache Preload Bot"
216.26.252.191 - - [12/Jul/2026:18:58:43 +0200] "GET /wp-admin/admin-ajax.php?action=rest-nonce HTTP/2.0" 400 5 "-" "Mozilla/5.0 (Macintosh; Intel Mac OS X 10_15_7) AppleWebKit/605.1.15 (KHTML, like Gecko) Version/18.0 Safari/605.1.15"
45.3.50.128 - - [12/Jul/2026:18:58:42 +0200] "GET /wp-admin/plugins.php HTTP/2.0" 200 66761 "-" "Mozilla/5.0 (Macintosh; Intel Mac OS X 10_15_7) AppleWebKit/605.1.15 (KHTML, like Gecko) Version/18.0 Safari/605.1.15"
216.26.252.191 - - [12/Jul/2026:18:58:44 +0200] "GET /wp-admin/plugins.php HTTP/2.0" 200 66770 "-" "Mozilla/5.0 (Macintosh; Intel Mac OS X 10_15_7) AppleWebKit/605.1.15 (KHTML, like Gecko) Version/18.0 Safari/605.1.15"
45.3.50.128 - - [12/Jul/2026:18:58:45 +0200] "GET /wp-admin/plugins.php HTTP/2.0" 200 66761 "-" "Mozilla/5.0 (Macintosh; Intel Mac OS X 10_15_7) AppleWebKit/605.1.15 (KHTML, like Gecko) Version/18.0 Safari/605.1.15"
216.26.252.191 - - [12/Jul/2026:18:58:47 +0200] "GET /wp-admin/plugins.php HTTP/2.0" 200 66768 "-" "Mozilla/5.0 (Macintosh; Intel Mac OS X 10_15_7) AppleWebKit/605.1.15 (KHTML, like Gecko) Version/18.0 Safari/605.1.15"
45.3.50.128 - - [12/Jul/2026:18:58:48 +0200] "GET /wp-admin/plugin-install.php HTTP/2.0" 200 61038 "-" "Mozilla/5.0 (Macintosh; Intel Mac OS X 10_15_7) AppleWebKit/605.1.15 (KHTML, like Gecko) Version/18.0 Safari/605.1.15"
45.3.50.128 - - [12/Jul/2026:18:58:52 +0200] "POST /wp-admin/update.php?action=upload-plugin HTTP/2.0" 301 - "https://verona.elettroservicegroup.it/wp-admin/update.php?action=upload-plugin" "Mozilla/5.0 (Macintosh; Intel Mac OS X 10_15_7) AppleWebKit/605.1.15 (KHTML, like Gecko) Version/18.0 Safari/605.1.15"
216.26.252.191 - - [12/Jul/2026:18:58:50 +0200] "GET /wp-admin/plugins.php HTTP/2.0" 200 66767 "-" "Mozilla/5.0 (Macintosh; Intel Mac OS X 10_15_7) AppleWebKit/605.1.15 (KHTML, like Gecko) Version/18.0 Safari/605.1.15"
45.3.47.199 - - [12/Jul/2026:18:58:53 +0200] "GET /wp-login.php HTTP/2.0" 200 11937 "-" "Mozilla/5.0 (Windows NT 10.0; Win64; x64) AppleWebKit/537.36 (KHTML, like Gecko) Chrome/124.0.0.0 Safari/537.36"
45.3.47.199 - - [12/Jul/2026:18:58:53 +0200] "GET /wp-login.php?wp_lang=en_US HTTP/2.0" 200 11830 "-" "Mozilla/5.0 (Macintosh; Intel Mac OS X 10_15_7) AppleWebKit/605.1.15 (KHTML, like Gecko) Version/18.0 Safari/605.1.15"
65.111.13.171 - - [12/Jul/2026:18:58:54 +0200] "GET /wp-login.php?wp_lang=en_US HTTP/2.0" 200 11868 "-" "Mozilla/5.0 (Windows NT 10.0; Win64; x64) AppleWebKit/537.36 (KHTML, like Gecko) Chrome/124.0.0.0 Safari/537.36"
45.3.44.74 - - [12/Jul/2026:18:58:54 +0200] "GET /wp-login.php?wp_lang=en_US HTTP/2.0" 200 11838 "-" "Mozilla/5.0 (Windows NT 10.0; Win64; x64) AppleWebKit/537.36 (KHTML, like Gecko) Chrome/124.0.0.0 Safari/537.36"
216.26.252.191 - - [12/Jul/2026:18:58:53 +0200] "GET /wp-admin/plugin-install.php HTTP/2.0" 200 61045 "-" "Mozilla/5.0 (Macintosh; Intel Mac OS X 10_15_7) AppleWebKit/605.1.15 (KHTML, like Gecko) Version/18.0 Safari/605.1.15"
216.26.252.191 - - [12/Jul/2026:18:58:55 +0200] "POST /wp-admin/update.php?action=upload-plugin HTTP/2.0" 301 - "https://verona.elettroservicegroup.it/wp-admin/update.php?action=upload-plugin" "Mozilla/5.0 (Macintosh; Intel Mac OS X 10_15_7) AppleWebKit/605.1.15 (KHTML, like Gecko) Version/18.0 Safari/605.1.15"
104.207.33.65 - - [12/Jul/2026:18:58:55 +0200] "GET /wp-login.php?wp_lang=en_US HTTP/2.0" 200 2331 "-" "Mozilla/5.0 (Windows NT 10.0; Win64; x64) AppleWebKit/537.36 (KHTML, like Gecko) Chrome/124.0.0.0 Safari/537.36"
65.111.4.165 - - [12/Jul/2026:18:58:56 +0200] "GET /wp-login.php HTTP/2.0" 200 3126 "-" "Mozilla/5.0 (Macintosh; Intel Mac OS X 10_15_7) AppleWebKit/605.1.15 (KHTML, like Gecko) Version/18.0 Safari/605.1.15"
104.207.33.65 - - [12/Jul/2026:18:58:57 +0200] "POST /wp-login.php HTTP/2.0" 302 1 "https://verona.elettroservicegroup.it/wp-login.php" "Mozilla/5.0 (Windows NT 10.0; Win64; x64) AppleWebKit/537.36 (KHTML, like Gecko) Chrome/124.0.0.0 Safari/537.36"
65.111.4.165 - - [12/Jul/2026:18:58:58 +0200] "GET /wp-login.php?wp_lang=en_US HTTP/2.0" 200 2331 "-" "Mozilla/5.0 (Windows NT 10.0; Win64; x64) AppleWebKit/537.36 (KHTML, like Gecko) Chrome/124.0.0.0 Safari/537.36"
65.111.4.165 - - [12/Jul/2026:18:59:00 +0200] "POST /wp-login.php HTTP/2.0" 302 1 "https://verona.elettroservicegroup.it/wp-login.php" "Mozilla/5.0 (Windows NT 10.0; Win64; x64) AppleWebKit/537.36 (KHTML, like Gecko) Chrome/124.0.0.0 Safari/537.36"
104.207.33.65 - - [12/Jul/2026:18:58:59 +0200] "GET /wp-admin/ HTTP/2.0" 200 85693 "https://verona.elettroservicegroup.it/wp-login.php" "Mozilla/5.0 (Windows NT 10.0; Win64; x64) AppleWebKit/537.36 (KHTML, like Gecko) Chrome/124.0.0.0 Safari/537.36"
65.111.4.165 - - [12/Jul/2026:18:59:01 +0200] "GET /wp-admin/ HTTP/2.0" 200 85694 "https://verona.elettroservicegroup.it/wp-login.php" "Mozilla/5.0 (Windows NT 10.0; Win64; x64) AppleWebKit/537.36 (KHTML, like Gecko) Chrome/124.0.0.0 Safari/537.36"
104.207.33.65 - - [12/Jul/2026:18:59:03 +0200] "GET /wp-admin/ HTTP/2.0" 200 85697 "-" "Mozilla/5.0 (Windows NT 10.0; Win64; x64) AppleWebKit/537.36 (KHTML, like Gecko) Chrome/124.0.0.0 Safari/537.36"
65.111.4.165 - - [12/Jul/2026:18:59:04 +0200] "GET /wp-admin/ HTTP/2.0" 200 85697 "-" "Mozilla/5.0 (Windows NT 10.0; Win64; x64) AppleWebKit/537.36 (KHTML, like Gecko) Chrome/124.0.0.0 Safari/537.36"
66.249.64.170 - - [12/Jul/2026:18:59:07 +0200] "GET /?h=4346286601100 HTTP/1.1" 301 312 "-" "Mozilla/5.0 (Linux; Android 6.0.1; Nexus 5X Build/MMB29P) AppleWebKit/537.36 (KHTML, like Gecko) Chrome/150.0.7871.46 Mobile Safari/537.36 (compatible; Googlebot/2.1; +http://www.google.com/bot.html)"
104.207.33.65 - - [12/Jul/2026:18:59:07 +0200] "GET /wp-admin/admin-ajax.php?action=rest-nonce HTTP/2.0" 400 5 "-" "Mozilla/5.0 (Windows NT 10.0; Win64; x64) AppleWebKit/537.36 (KHTML, like Gecko) Chrome/124.0.0.0 Safari/537.36"
66.249.64.169 - - [12/Jul/2026:18:59:08 +0200] "GET /index.php/?h=4346286601100 HTTP/1.1" 301 - "-" "Mozilla/5.0 (Linux; Android 6.0.1; Nexus 5X Build/MMB29P) AppleWebKit/537.36 (KHTML, like Gecko) Chrome/150.0.7871.46 Mobile Safari/537.36 (compatible; Googlebot/2.1; +http://www.google.com/bot.html)"
65.111.4.165 - - [12/Jul/2026:18:59:08 +0200] "GET /wp-admin/admin-ajax.php?action=rest-nonce HTTP/2.0" 400 5 "-" "Mozilla/5.0 (Windows NT 10.0; Win64; x64) AppleWebKit/537.36 (KHTML, like Gecko) Chrome/124.0.0.0 Safari/537.36"
104.207.33.65 - - [12/Jul/2026:18:59:08 +0200] "GET /wp-admin/plugins.php HTTP/2.0" 200 66773 "-" "Mozilla/5.0 (Windows NT 10.0; Win64; x64) AppleWebKit/537.36 (KHTML, like Gecko) Chrome/124.0.0.0 Safari/537.36"
65.111.4.165 - - [12/Jul/2026:18:59:10 +0200] "GET /wp-admin/plugins.php HTTP/2.0" 200 66765 "-" "Mozilla/5.0 (Windows NT 10.0; Win64; x64) AppleWebKit/537.36 (KHTML, like Gecko) Chrome/124.0.0.0 Safari/537.36"
104.207.33.65 - - [12/Jul/2026:18:59:11 +0200] "GET /wp-admin/plugins.php HTTP/2.0" 200 66772 "-" "Mozilla/5.0 (Windows NT 10.0; Win64; x64) AppleWebKit/537.36 (KHTML, like Gecko) Chrome/124.0.0.0 Safari/537.36"
65.111.4.165 - - [12/Jul/2026:18:59:13 +0200] "GET /wp-admin/plugins.php HTTP/2.0" 200 66768 "-" "Mozilla/5.0 (Windows NT 10.0; Win64; x64) AppleWebKit/537.36 (KHTML, like Gecko) Chrome/124.0.0.0 Safari/537.36"
104.207.33.65 - - [12/Jul/2026:18:59:14 +0200] "GET /wp-admin/plugins.php HTTP/2.0" 200 66767 "-" "Mozilla/5.0 (Windows NT 10.0; Win64; x64) AppleWebKit/537.36 (KHTML, like Gecko) Chrome/124.0.0.0 Safari/537.36"
65.111.4.165 - - [12/Jul/2026:18:59:16 +0200] "GET /wp-admin/plugins.php HTTP/2.0" 200 66765 "-" "Mozilla/5.0 (Windows NT 10.0; Win64; x64) AppleWebKit/537.36 (KHTML, like Gecko) Chrome/124.0.0.0 Safari/537.36"
104.207.33.65 - - [12/Jul/2026:18:59:18 +0200] "GET /wp-admin/plugin-install.php HTTP/2.0" 200 61051 "-" "Mozilla/5.0 (Windows NT 10.0; Win64; x64) AppleWebKit/537.36 (KHTML, like Gecko) Chrome/124.0.0.0 Safari/537.36"
104.207.33.65 - - [12/Jul/2026:18:59:21 +0200] "POST /wp-admin/update.php?action=upload-plugin HTTP/2.0" 301 - "https://verona.elettroservicegroup.it/wp-admin/update.php?action=upload-plugin" "Mozilla/5.0 (Windows NT 10.0; Win64; x64) AppleWebKit/537.36 (KHTML, like Gecko) Chrome/124.0.0.0 Safari/537.36"
65.111.4.165 - - [12/Jul/2026:18:59:19 +0200] "GET /wp-admin/plugin-install.php HTTP/2.0" 200 61049 "-" "Mozilla/5.0 (Windows NT 10.0; Win64; x64) AppleWebKit/537.36 (KHTML, like Gecko) Chrome/124.0.0.0 Safari/537.36"
65.111.4.165 - - [12/Jul/2026:18:59:22 +0200] "POST /wp-admin/update.php?action=upload-plugin HTTP/2.0" 301 - "https://verona.elettroservicegroup.it/wp-admin/update.php?action=upload-plugin" "Mozilla/5.0 (Windows NT 10.0; Win64; x64) AppleWebKit/537.36 (KHTML, like Gecko) Chrome/124.0.0.0 Safari/537.36"
45.3.52.252 - - [12/Jul/2026:18:59:22 +0200] "GET /wp-login.php HTTP/2.0" 200 3126 "-" "Mozilla/5.0 (Macintosh; Intel Mac OS X 10_15_7) AppleWebKit/605.1.15 (KHTML, like Gecko) Version/18.0 Safari/605.1.15"
104.207.44.204 - - [12/Jul/2026:18:59:23 +0200] "GET /wp-login.php HTTP/2.0" 200 3126 "-" "Mozilla/5.0 (Windows NT 10.0; Win64; x64) AppleWebKit/537.36 (KHTML, like Gecko) Chrome/124.0.0.0 Safari/537.36"
65.108.235.243 - - [12/Jul/2026:18:59:26 +0200] "POST /wp-cron.php?doing_wp_cron=1783875566.1539709568023681640625 HTTP/1.1" 200 1 "-" "WordPress/7.0.1; https://verona.elettroservicegroup.it"
45.3.52.252 - - [12/Jul/2026:18:59:24 +0200] "GET /wp-login.php?wp_lang=en_US HTTP/2.0" 200 2331 "-" "Mozilla/5.0 (Windows NT 10.0; Win64; x64) AppleWebKit/537.36 (KHTML, like Gecko) Chrome/124.0.0.0 Safari/537.36"
104.207.44.204 - - [12/Jul/2026:18:59:26 +0200] "GET /wp-login.php?wp_lang=en_US HTTP/2.0" 200 2331 "-" "Mozilla/5.0 (Windows NT 10.0; Win64; x64) AppleWebKit/537.36 (KHTML, like Gecko) Chrome/124.0.0.0 Safari/537.36"
45.3.52.252 - - [12/Jul/2026:18:59:26 +0200] "POST /wp-login.php HTTP/2.0" 302 1 "https://verona.elettroservicegroup.it/wp-login.php" "Mozilla/5.0 (Windows NT 10.0; Win64; x64) AppleWebKit/537.36 (KHTML, like Gecko) Chrome/124.0.0.0 Safari/537.36"
104.207.44.204 - - [12/Jul/2026:18:59:27 +0200] "POST /wp-login.php HTTP/2.0" 302 1 "https://verona.elettroservicegroup.it/wp-login.php" "Mozilla/5.0 (Windows NT 10.0; Win64; x64) AppleWebKit/537.36 (KHTML, like Gecko) Chrome/124.0.0.0 Safari/537.36"
45.3.52.252 - - [12/Jul/2026:18:59:28 +0200] "GET /wp-admin/ HTTP/2.0" 200 85690 "https://verona.elettroservicegroup.it/wp-login.php" "Mozilla/5.0 (Windows NT 10.0; Win64; x64) AppleWebKit/537.36 (KHTML, like Gecko) Chrome/124.0.0.0 Safari/537.36"
104.207.44.204 - - [12/Jul/2026:18:59:29 +0200] "GET /wp-admin/ HTTP/2.0" 200 85684 "https://verona.elettroservicegroup.it/wp-login.php" "Mozilla/5.0 (Windows NT 10.0; Win64; x64) AppleWebKit/537.36 (KHTML, like Gecko) Chrome/124.0.0.0 Safari/537.36"
45.3.52.252 - - [12/Jul/2026:18:59:31 +0200] "GET /wp-admin/ HTTP/2.0" 200 85691 "-" "Mozilla/5.0 (Windows NT 10.0; Win64; x64) AppleWebKit/537.36 (KHTML, like Gecko) Chrome/124.0.0.0 Safari/537.36"
188.133.24.11 - - [12/Jul/2026:18:59:34 +0200] "GET /?h=1142365801100 HTTP/1.1" 301 312 "-" "Mozilla/5.0 (iPad; CPU iPad OS 10_3_4 like Mac OS X) AppleWebKit/535.2 (KHTML, like Gecko) CriOS/41.0.891.0 Mobile/79A484 Safari/535.2"
104.207.44.204 - - [12/Jul/2026:18:59:32 +0200] "GET /wp-admin/ HTTP/2.0" 200 85688 "-" "Mozilla/5.0 (Windows NT 10.0; Win64; x64) AppleWebKit/537.36 (KHTML, like Gecko) Chrome/124.0.0.0 Safari/537.36"
45.3.52.252 - - [12/Jul/2026:18:59:35 +0200] "GET /wp-admin/admin-ajax.php?action=rest-nonce HTTP/2.0" 400 5 "-" "Mozilla/5.0 (Windows NT 10.0; Win64; x64) AppleWebKit/537.36 (KHTML, like Gecko) Chrome/124.0.0.0 Safari/537.36"
149.232.248.89 - - [12/Jul/2026:18:59:37 +0200] "GET /index.php/?h=1142365801100 HTTP/1.1" 301 - "-" "Mozilla/5.0 (iPod; U; CPU iPhone OS 3_1 like Mac OS X; bem-ZM) AppleWebKit/531.38.6 (KHTML, like Gecko) Version/3.0.5 Mobile/8B116 Safari/6531.38.6"
104.207.44.204 - - [12/Jul/2026:18:59:36 +0200] "GET /wp-admin/admin-ajax.php?action=rest-nonce HTTP/2.0" 400 5 "-" "Mozilla/5.0 (Windows NT 10.0; Win64; x64) AppleWebKit/537.36 (KHTML, like Gecko) Chrome/124.0.0.0 Safari/537.36"
45.3.52.252 - - [12/Jul/2026:18:59:37 +0200] "GET /wp-admin/plugins.php HTTP/2.0" 200 66778 "-" "Mozilla/5.0 (Windows NT 10.0; Win64; x64) AppleWebKit/537.36 (KHTML, like Gecko) Chrome/124.0.0.0 Safari/537.36"
104.207.44.204 - - [12/Jul/2026:18:59:38 +0200] "GET /wp-admin/plugins.php HTTP/2.0" 200 66777 "-" "Mozilla/5.0 (Windows NT 10.0; Win64; x64) AppleWebKit/537.36 (KHTML, like Gecko) Chrome/124.0.0.0 Safari/537.36"
45.3.52.252 - - [12/Jul/2026:18:59:41 +0200] "GET /wp-admin/plugins.php HTTP/2.0" 200 66776 "-" "Mozilla/5.0 (Windows NT 10.0; Win64; x64) AppleWebKit/537.36 (KHTML, like Gecko) Chrome/124.0.0.0 Safari/537.36"
104.207.44.204 - - [12/Jul/2026:18:59:41 +0200] "GET /wp-admin/plugins.php HTTP/2.0" 200 66778 "-" "Mozilla/5.0 (Windows NT 10.0; Win64; x64) AppleWebKit/537.36 (KHTML, like Gecko) Chrome/124.0.0.0 Safari/537.36"
66.249.64.169 - - [12/Jul/2026:18:59:44 +0200] "GET /?h=43827068401100 HTTP/1.1" 301 313 "-" "Mozilla/5.0 (compatible; Googlebot/2.1; +http://www.google.com/bot.html)"
66.249.64.169 - - [12/Jul/2026:18:59:45 +0200] "GET /index.php/?h=43827068401100 HTTP/1.1" 301 - "-" "Mozilla/5.0 (compatible; Googlebot/2.1; +http://www.google.com/bot.html)"
45.3.52.252 - - [12/Jul/2026:18:59:44 +0200] "GET /wp-admin/plugins.php HTTP/2.0" 200 66776 "-" "Mozilla/5.0 (Windows NT 10.0; Win64; x64) AppleWebKit/537.36 (KHTML, like Gecko) Chrome/124.0.0.0 Safari/537.36"
104.207.44.204 - - [12/Jul/2026:18:59:44 +0200] "GET /wp-admin/plugins.php HTTP/2.0" 200 66776 "-" "Mozilla/5.0 (Windows NT 10.0; Win64; x64) AppleWebKit/537.36 (KHTML, like Gecko) Chrome/124.0.0.0 Safari/537.36"
45.3.52.252 - - [12/Jul/2026:18:59:47 +0200] "GET /wp-admin/plugin-install.php HTTP/2.0" 200 61045 "-" "Mozilla/5.0 (Windows NT 10.0; Win64; x64) AppleWebKit/537.36 (KHTML, like Gecko) Chrome/124.0.0.0 Safari/537.36"
104.207.44.204 - - [12/Jul/2026:18:59:48 +0200] "GET /wp-admin/plugin-install.php HTTP/2.0" 200 61049 "-" "Mozilla/5.0 (Windows NT 10.0; Win64; x64) AppleWebKit/537.36 (KHTML, like Gecko) Chrome/124.0.0.0 Safari/537.36"
45.3.52.252 - - [12/Jul/2026:18:59:49 +0200] "POST /wp-admin/update.php?action=upload-plugin HTTP/2.0" 301 - "https://verona.elettroservicegroup.it/wp-admin/update.php?action=upload-plugin" "Mozilla/5.0 (Windows NT 10.0; Win64; x64) AppleWebKit/537.36 (KHTML, like Gecko) Chrome/124.0.0.0 Safari/537.36"
104.207.44.204 - - [12/Jul/2026:18:59:49 +0200] "POST /wp-admin/update.php?action=upload-plugin HTTP/2.0" 301 - "https://verona.elettroservicegroup.it/wp-admin/update.php?action=upload-plugin" "Mozilla/5.0 (Windows NT 10.0; Win64; x64) AppleWebKit/537.36 (KHTML, like Gecko) Chrome/124.0.0.0 Safari/537.36"
151.123.178.61 - - [12/Jul/2026:18:59:50 +0200] "GET /wp-login.php HTTP/2.0" 200 11952 "-" "Mozilla/5.0 (Macintosh; Intel Mac OS X 10_15_7) AppleWebKit/605.1.15 (KHTML, like Gecko) Version/18.0 Safari/605.1.15"
151.123.178.61 - - [12/Jul/2026:18:59:50 +0200] "GET /wp-login.php?wp_lang=en_US HTTP/2.0" 200 11970 "-" "Mozilla/5.0 (Macintosh; Intel Mac OS X 10_15_7) AppleWebKit/605.1.15 (KHTML, like Gecko) Version/18.0 Safari/605.1.15"
209.50.185.217 - - [12/Jul/2026:18:59:51 +0200] "GET /wp-login.php?wp_lang=en_US HTTP/2.0" 200 11879 "-" "Mozilla/5.0 (Macintosh; Intel Mac OS X 10_15_7) AppleWebKit/605.1.15 (KHTML, like Gecko) Version/18.0 Safari/605.1.15"
65.111.7.129 - - [12/Jul/2026:18:59:50 +0200] "GET /wp-login.php HTTP/2.0" 200 3126 "-" "Mozilla/5.0 (Macintosh; Intel Mac OS X 10_15_7) AppleWebKit/605.1.15 (KHTML, like Gecko) Version/18.0 Safari/605.1.15"
209.50.174.149 - - [12/Jul/2026:18:59:51 +0200] "GET /wp-login.php?wp_lang=en_US HTTP/2.0" 200 2331 "-" "Mozilla/5.0 (Macintosh; Intel Mac OS X 10_15_7) AppleWebKit/605.1.15 (KHTML, like Gecko) Version/18.0 Safari/605.1.15"
65.111.7.129 - - [12/Jul/2026:18:59:51 +0200] "GET /wp-login.php?wp_lang=en_US HTTP/2.0" 200 2331 "-" "Mozilla/5.0 (Macintosh; Intel Mac OS X 10_15_7) AppleWebKit/605.1.15 (KHTML, like Gecko) Version/18.0 Safari/605.1.15"
209.50.174.149 - - [12/Jul/2026:18:59:52 +0200] "POST /wp-login.php HTTP/2.0" 302 1 "https://verona.elettroservicegroup.it/wp-login.php" "Mozilla/5.0 (Macintosh; Intel Mac OS X 10_15_7) AppleWebKit/605.1.15 (KHTML, like Gecko) Version/18.0 Safari/605.1.15"
65.111.7.129 - - [12/Jul/2026:18:59:52 +0200] "POST /wp-login.php HTTP/2.0" 302 1 "https://verona.elettroservicegroup.it/wp-login.php" "Mozilla/5.0 (Macintosh; Intel Mac OS X 10_15_7) AppleWebKit/605.1.15 (KHTML, like Gecko) Version/18.0 Safari/605.1.15"
209.50.174.149 - - [12/Jul/2026:18:59:52 +0200] "GET /wp-admin/ HTTP/2.0" 200 85701 "https://verona.elettroservicegroup.it/wp-login.php" "Mozilla/5.0 (Macintosh; Intel Mac OS X 10_15_7) AppleWebKit/605.1.15 (KHTML, like Gecko) Version/18.0 Safari/605.1.15"
65.111.7.129 - - [12/Jul/2026:18:59:52 +0200] "GET /wp-admin/ HTTP/2.0" 200 85696 "https://verona.elettroservicegroup.it/wp-login.php" "Mozilla/5.0 (Macintosh; Intel Mac OS X 10_15_7) AppleWebKit/605.1.15 (KHTML, like Gecko) Version/18.0 Safari/605.1.15"
209.50.174.149 - - [12/Jul/2026:18:59:53 +0200] "GET /wp-admin/ HTTP/2.0" 200 85694 "-" "Mozilla/5.0 (Macintosh; Intel Mac OS X 10_15_7) AppleWebKit/605.1.15 (KHTML, like Gecko) Version/18.0 Safari/605.1.15"
65.111.7.129 - - [12/Jul/2026:18:59:53 +0200] "GET /wp-admin/ HTTP/2.0" 200 85685 "-" "Mozilla/5.0 (Macintosh; Intel Mac OS X 10_15_7) AppleWebKit/605.1.15 (KHTML, like Gecko) Version/18.0 Safari/605.1.15"
209.50.174.149 - - [12/Jul/2026:18:59:55 +0200] "GET /wp-admin/admin-ajax.php?action=rest-nonce HTTP/2.0" 400 5 "-" "Mozilla/5.0 (Macintosh; Intel Mac OS X 10_15_7) AppleWebKit/605.1.15 (KHTML, like Gecko) Version/18.0 Safari/605.1.15"
65.111.7.129 - - [12/Jul/2026:18:59:55 +0200] "GET /wp-admin/admin-ajax.php?action=rest-nonce HTTP/2.0" 400 5 "-" "Mozilla/5.0 (Macintosh; Intel Mac OS X 10_15_7) AppleWebKit/605.1.15 (KHTML, like Gecko) Version/18.0 Safari/605.1.15"
209.50.174.149 - - [12/Jul/2026:18:59:55 +0200] "GET /wp-admin/plugins.php HTTP/2.0" 200 66773 "-" "Mozilla/5.0 (Macintosh; Intel Mac OS X 10_15_7) AppleWebKit/605.1.15 (KHTML, like Gecko) Version/18.0 Safari/605.1.15"
65.111.7.129 - - [12/Jul/2026:18:59:55 +0200] "GET /wp-admin/plugins.php HTTP/2.0" 200 66763 "-" "Mozilla/5.0 (Macintosh; Intel Mac OS X 10_15_7) AppleWebKit/605.1.15 (KHTML, like Gecko) Version/18.0 Safari/605.1.15"
209.50.174.149 - - [12/Jul/2026:18:59:56 +0200] "GET /wp-admin/plugins.php HTTP/2.0" 200 66773 "-" "Mozilla/5.0 (Macintosh; Intel Mac OS X 10_15_7) AppleWebKit/605.1.15 (KHTML, like Gecko) Version/18.0 Safari/605.1.15"
65.111.7.129 - - [12/Jul/2026:18:59:56 +0200] "GET /wp-admin/plugins.php HTTP/2.0" 200 66764 "-" "Mozilla/5.0 (Macintosh; Intel Mac OS X 10_15_7) AppleWebKit/605.1.15 (KHTML, like Gecko) Version/18.0 Safari/605.1.15"
209.50.174.149 - - [12/Jul/2026:18:59:57 +0200] "GET /wp-admin/plugins.php HTTP/2.0" 200 66776 "-" "Mozilla/5.0 (Macintosh; Intel Mac OS X 10_15_7) AppleWebKit/605.1.15 (KHTML, like Gecko) Version/18.0 Safari/605.1.15"
65.111.7.129 - - [12/Jul/2026:18:59:57 +0200] "GET /wp-admin/plugins.php HTTP/2.0" 200 66768 "-" "Mozilla/5.0 (Macintosh; Intel Mac OS X 10_15_7) AppleWebKit/605.1.15 (KHTML, like Gecko) Version/18.0 Safari/605.1.15"
209.50.174.149 - - [12/Jul/2026:18:59:57 +0200] "GET /wp-admin/plugin-install.php HTTP/2.0" 200 61048 "-" "Mozilla/5.0 (Macintosh; Intel Mac OS X 10_15_7) AppleWebKit/605.1.15 (KHTML, like Gecko) Version/18.0 Safari/605.1.15"
65.111.7.129 - - [12/Jul/2026:18:59:58 +0200] "GET /wp-admin/plugin-install.php HTTP/2.0" 200 61045 "-" "Mozilla/5.0 (Macintosh; Intel Mac OS X 10_15_7) AppleWebKit/605.1.15 (KHTML, like Gecko) Version/18.0 Safari/605.1.15"
209.50.174.149 - - [12/Jul/2026:18:59:59 +0200] "POST /wp-admin/update.php?action=upload-plugin HTTP/2.0" 301 - "https://verona.elettroservicegroup.it/wp-admin/update.php?action=upload-plugin" "Mozilla/5.0 (Macintosh; Intel Mac OS X 10_15_7) AppleWebKit/605.1.15 (KHTML, like Gecko) Version/18.0 Safari/605.1.15"
65.111.7.129 - - [12/Jul/2026:18:59:59 +0200] "POST /wp-admin/update.php?action=upload-plugin HTTP/2.0" 301 - "https://verona.elettroservicegroup.it/wp-admin/update.php?action=upload-plugin" "Mozilla/5.0 (Macintosh; Intel Mac OS X 10_15_7) AppleWebKit/605.1.15 (KHTML, like Gecko) Version/18.0 Safari/605.1.15"
209.50.189.51 - - [12/Jul/2026:18:59:59 +0200] "GET /wp-login.php HTTP/2.0" 200 3126 "-" "Mozilla/5.0 (Windows NT 10.0; Win64; x64) AppleWebKit/537.36 (KHTML, like Gecko) Chrome/124.0.0.0 Safari/537.36"
209.50.189.51 - - [12/Jul/2026:19:00:00 +0200] "GET /wp-login.php?wp_lang=en_US HTTP/2.0" 200 2331 "-" "Mozilla/5.0 (Windows NT 10.0; Win64; x64) AppleWebKit/537.36 (KHTML, like Gecko) Chrome/124.0.0.0 Safari/537.36"
209.50.189.51 - - [12/Jul/2026:19:00:00 +0200] "POST /wp-login.php HTTP/2.0" 302 1 "https://verona.elettroservicegroup.it/wp-login.php" "Mozilla/5.0 (Windows NT 10.0; Win64; x64) AppleWebKit/537.36 (KHTML, like Gecko) Chrome/124.0.0.0 Safari/537.36"
216.26.239.10 - - [12/Jul/2026:19:00:00 +0200] "GET /wp-login.php HTTP/2.0" 200 11850 "-" "Mozilla/5.0 (Windows NT 10.0; Win64; x64; rv:133.0) Gecko/20100101 Firefox/133.0"
209.50.189.51 - - [12/Jul/2026:19:00:00 +0200] "GET /wp-admin/ HTTP/2.0" 200 85689 "https://verona.elettroservicegroup.it/wp-login.php" "Mozilla/5.0 (Windows NT 10.0; Win64; x64) AppleWebKit/537.36 (KHTML, like Gecko) Chrome/124.0.0.0 Safari/537.36"
209.50.189.51 - - [12/Jul/2026:19:00:01 +0200] "GET /wp-admin/ HTTP/2.0" 200 85689 "-" "Mozilla/5.0 (Windows NT 10.0; Win64; x64) AppleWebKit/537.36 (KHTML, like Gecko) Chrome/124.0.0.0 Safari/537.36"
216.26.239.10 - - [12/Jul/2026:19:00:01 +0200] "GET /wp-login.php?wp_lang=en_US HTTP/2.0" 200 11960 "-" "Mozilla/5.0 (Macintosh; Intel Mac OS X 10_15_7) AppleWebKit/605.1.15 (KHTML, like Gecko) Version/18.0 Safari/605.1.15"
209.50.189.51 - - [12/Jul/2026:19:00:01 +0200] "GET /wp-admin/admin-ajax.php?action=rest-nonce HTTP/2.0" 400 5 "-" "Mozilla/5.0 (Windows NT 10.0; Win64; x64) AppleWebKit/537.36 (KHTML, like Gecko) Chrome/124.0.0.0 Safari/537.36"
209.50.189.51 - - [12/Jul/2026:19:00:02 +0200] "GET /wp-admin/plugins.php HTTP/2.0" 200 66774 "-" "Mozilla/5.0 (Windows NT 10.0; Win64; x64) AppleWebKit/537.36 (KHTML, like Gecko) Chrome/124.0.0.0 Safari/537.36"
104.167.25.177 - - [12/Jul/2026:19:00:02 +0200] "GET /wp-login.php?wp_lang=en_US HTTP/2.0" 200 2331 "-" "Mozilla/5.0 (Windows NT 10.0; Win64; x64; rv:133.0) Gecko/20100101 Firefox/133.0"
209.50.189.51 - - [12/Jul/2026:19:00:02 +0200] "GET /wp-admin/plugins.php HTTP/2.0" 200 66775 "-" "Mozilla/5.0 (Windows NT 10.0; Win64; x64) AppleWebKit/537.36 (KHTML, like Gecko) Chrome/124.0.0.0 Safari/537.36"
104.167.25.177 - - [12/Jul/2026:19:00:03 +0200] "POST /wp-login.php HTTP/2.0" 302 1 "https://verona.elettroservicegroup.it/wp-login.php" "Mozilla/5.0 (Windows NT 10.0; Win64; x64; rv:133.0) Gecko/20100101 Firefox/133.0"
209.50.189.51 - - [12/Jul/2026:19:00:03 +0200] "GET /wp-admin/plugins.php HTTP/2.0" 200 66775 "-" "Mozilla/5.0 (Windows NT 10.0; Win64; x64) AppleWebKit/537.36 (KHTML, like Gecko) Chrome/124.0.0.0 Safari/537.36"
104.167.25.177 - - [12/Jul/2026:19:00:03 +0200] "GET /wp-admin/ HTTP/2.0" 200 85668 "https://verona.elettroservicegroup.it/wp-login.php" "Mozilla/5.0 (Windows NT 10.0; Win64; x64; rv:133.0) Gecko/20100101 Firefox/133.0"
209.50.189.51 - - [12/Jul/2026:19:00:04 +0200] "GET /wp-admin/plugin-install.php HTTP/2.0" 200 61056 "-" "Mozilla/5.0 (Windows NT 10.0; Win64; x64) AppleWebKit/537.36 (KHTML, like Gecko) Chrome/124.0.0.0 Safari/537.36"
104.167.25.177 - - [12/Jul/2026:19:00:04 +0200] "GET /wp-admin/ HTTP/2.0" 200 85666 "-" "Mozilla/5.0 (Windows NT 10.0; Win64; x64; rv:133.0) Gecko/20100101 Firefox/133.0"
209.50.189.51 - - [12/Jul/2026:19:00:05 +0200] "POST /wp-admin/update.php?action=upload-plugin HTTP/2.0" 301 - "https://verona.elettroservicegroup.it/wp-admin/update.php?action=upload-plugin" "Mozilla/5.0 (Windows NT 10.0; Win64; x64) AppleWebKit/537.36 (KHTML, like Gecko) Chrome/124.0.0.0 Safari/537.36"
104.207.63.215 - - [12/Jul/2026:19:00:07 +0200] "GET /wp-login.php HTTP/2.0" 200 3126 "-" "Mozilla/5.0 (Windows NT 10.0; Win64; x64; rv:133.0) Gecko/20100101 Firefox/133.0"
104.167.25.177 - - [12/Jul/2026:19:00:07 +0200] "GET /wp-admin/admin-ajax.php?action=rest-nonce HTTP/2.0" 400 5 "-" "Mozilla/5.0 (Windows NT 10.0; Win64; x64; rv:133.0) Gecko/20100101 Firefox/133.0"
104.167.25.177 - - [12/Jul/2026:19:00:10 +0200] "GET /wp-admin/plugins.php HTTP/2.0" 200 66733 "-" "Mozilla/5.0 (Windows NT 10.0; Win64; x64; rv:133.0) Gecko/20100101 Firefox/133.0"
104.167.25.177 - - [12/Jul/2026:19:00:11 +0200] "GET /wp-admin/plugins.php HTTP/2.0" 200 66732 "-" "Mozilla/5.0 (Windows NT 10.0; Win64; x64; rv:133.0) Gecko/20100101 Firefox/133.0"
104.167.25.177 - - [12/Jul/2026:19:00:12 +0200] "GET /wp-admin/plugins.php HTTP/2.0" 200 66732 "-" "Mozilla/5.0 (Windows NT 10.0; Win64; x64; rv:133.0) Gecko/20100101 Firefox/133.0"
104.167.25.177 - - [12/Jul/2026:19:00:12 +0200] "GET /wp-admin/plugin-install.php HTTP/2.0" 200 61031 "-" "Mozilla/5.0 (Windows NT 10.0; Win64; x64; rv:133.0) Gecko/20100101 Firefox/133.0"
104.167.25.177 - - [12/Jul/2026:19:00:14 +0200] "POST /wp-admin/update.php?action=upload-plugin HTTP/2.0" 301 - "https://verona.elettroservicegroup.it/wp-admin/update.php?action=upload-plugin" "Mozilla/5.0 (Windows NT 10.0; Win64; x64; rv:133.0) Gecko/20100101 Firefox/133.0"
45.3.44.89 - - [12/Jul/2026:19:00:15 +0200] "GET /wp-login.php HTTP/2.0" 200 11846 "-" "Mozilla/5.0 (Macintosh; Intel Mac OS X 10_15_7) AppleWebKit/605.1.15 (KHTML, like Gecko) Version/18.0 Safari/605.1.15"
66.249.64.170 - - [12/Jul/2026:19:00:42 +0200] "GET /?h=44457184761100 HTTP/1.1" 301 313 "-" "Mozilla/5.0 (Linux; Android 6.0.1; Nexus 5X Build/MMB29P) AppleWebKit/537.36 (KHTML, like Gecko) Chrome/150.0.7871.46 Mobile Safari/537.36 (compatible; Googlebot/2.1; +http://www.google.com/bot.html)"
