64.112.56.44 - - [13/Jul/2026:14:15:41 +0200] "GET /robots.txt HTTP/2.0" 200 11912 "-" "Mozilla/5.0 (Macintosh; Intel Mac OS X 10_15_7) AppleWebKit/537.36 (KHTML, like Gecko) Chrome/136.0.0.0 Safari/537.36"
64.112.57.168 - - [13/Jul/2026:14:15:41 +0200] "GET /sitemap.xml HTTP/2.0" 200 11792 "-" "Mozilla/5.0 (Macintosh; Intel Mac OS X 10_15_7) AppleWebKit/537.36 (KHTML, like Gecko) Chrome/136.0.0.0 Safari/537.36"
64.112.57.185 - - [13/Jul/2026:14:15:42 +0200] "GET / HTTP/2.0" 200 11949 "-" "Mozilla/5.0 (Macintosh; Intel Mac OS X 10_15_7) AppleWebKit/537.36 (KHTML, like Gecko) Chrome/136.0.0.0 Safari/537.36"
65.108.235.243 - - [13/Jul/2026:14:25:49 +0200] "POST /wp-cron.php?doing_wp_cron=1783945548.9818689823150634765625 HTTP/1.1" 200 1 "-" "WordPress/7.0.1; https://elettroservicegroup.it"
2.37.165.163 - - [13/Jul/2026:14:25:37 +0200] "GET /?ved=2ahUKEwi84Obl0s-VAxWH9rsIHdyRPYcQgU96BQiIARAM HTTP/2.0" 200 - "https://www.google.com/" "Mozilla/5.0 (Linux; Android 10; K) AppleWebKit/537.36 (KHTML, like Gecko) Chrome/150.0.0.0 Mobile Safari/537.36"
65.108.235.243 - - [13/Jul/2026:14:27:19 +0200] "POST /wp-cron.php?doing_wp_cron=1783945639.7684140205383300781250 HTTP/1.1" 200 1 "-" "WordPress/7.0.1; https://elettroservicegroup.it"
2.37.165.163 - - [13/Jul/2026:14:27:09 +0200] "GET /?ved=2ahUKEwi84Obl0s-VAxWH9rsIHdyRPYcQgU96BQiIARAM HTTP/2.0" 200 - "https://www.google.com/" "Mozilla/5.0 (Linux; Android 10; K) AppleWebKit/537.36 (KHTML, like Gecko) Chrome/150.0.0.0 Mobile Safari/537.36"
65.108.235.243 - - [13/Jul/2026:14:46:52 +0200] "POST /wp-cron.php?doing_wp_cron=1783946812.4767251014709472656250 HTTP/1.1" 200 1 "-" "WordPress/7.0.1; https://elettroservicegroup.it"
192.178.4.102 - - [13/Jul/2026:14:46:40 +0200] "GET /dichiarazione-sulla-privacy-ue/ HTTP/1.1" 200 20961 "-" "Mozilla/5.0 (Linux; Android 6.0.1; Nexus 5X Build/MMB29P) AppleWebKit/537.36 (KHTML, like Gecko) Chrome/150.0.7871.46 Mobile Safari/537.36 (compatible; Googlebot/2.1; +http://www.google.com/bot.html)"
65.108.235.243 - - [13/Jul/2026:14:46:55 +0200] "POST /wp-json/complianz/v1/wsc-scan HTTP/1.1" 400 88 "-" "WordPress/7.0.1; https://elettroservicegroup.it"
192.178.4.103 - - [13/Jul/2026:14:47:01 +0200] "GET /wp-content/plugins/complianz-gdpr-premium/DNSMPD/script.min.js?ver=1783097329 HTTP/1.1" 200 425 "https://elettroservicegroup.it/dichiarazione-sulla-privacy-ue/" "Mozilla/5.0 (Linux; Android 6.0.1; Nexus 5X Build/MMB29P) AppleWebKit/537.36 (KHTML, like Gecko) Chrome/150.0.7871.46 Mobile Safari/537.36 (compatible; Googlebot/2.1; +http://www.google.com/bot.html)"
192.178.4.103 - - [13/Jul/2026:14:47:02 +0200] "GET /wp-content/plugins/complianz-gdpr-premium/assets/css/document.min.css?ver=1783097327 HTTP/1.1" 200 2543 "https://elettroservicegroup.it/dichiarazione-sulla-privacy-ue/" "Mozilla/5.0 (Linux; Android 6.0.1; Nexus 5X Build/MMB29P) AppleWebKit/537.36 (KHTML, like Gecko) Chrome/150.0.7871.46 Mobile Safari/537.36 (compatible; Googlebot/2.1; +http://www.google.com/bot.html)"
192.178.4.101 - - [13/Jul/2026:14:47:02 +0200] "GET /wp-content/uploads/elementor/css/post-15090.css?ver=1783296000 HTTP/1.1" 200 91 "https://elettroservicegroup.it/dichiarazione-sulla-privacy-ue/" "Mozilla/5.0 (Linux; Android 6.0.1; Nexus 5X Build/MMB29P) AppleWebKit/537.36 (KHTML, like Gecko) Chrome/150.0.7871.46 Mobile Safari/537.36 (compatible; Googlebot/2.1; +http://www.google.com/bot.html)"
192.178.4.101 - - [13/Jul/2026:14:47:02 +0200] "GET /wp-content/plugins/elementor/assets/js/frontend-modules.min.js?ver=4.1.4 HTTP/1.1" 200 15454 "https://elettroservicegroup.it/dichiarazione-sulla-privacy-ue/" "Mozilla/5.0 (Linux; Android 6.0.1; Nexus 5X Build/MMB29P) AppleWebKit/537.36 (KHTML, like Gecko) Chrome/150.0.7871.46 Mobile Safari/537.36 (compatible; Googlebot/2.1; +http://www.google.com/bot.html)"
192.178.4.103 - - [13/Jul/2026:14:47:02 +0200] "GET /wp-content/plugins/elementor/assets/lib/font-awesome/css/fontawesome.css?ver=5.15.3 HTTP/1.1" 200 12535 "https://elettroservicegroup.it/dichiarazione-sulla-privacy-ue/" "Mozilla/5.0 (Linux; Android 6.0.1; Nexus 5X Build/MMB29P) AppleWebKit/537.36 (KHTML, like Gecko) Chrome/150.0.7871.46 Mobile Safari/537.36 (compatible; Googlebot/2.1; +http://www.google.com/bot.html)"
192.178.4.102 - - [13/Jul/2026:14:47:05 +0200] "GET /wp-content/plugins/complianz-gdpr-premium/assets/images/chevron-down.svg HTTP/1.1" 200 262 "https://elettroservicegroup.it/wp-content/plugins/complianz-gdpr-premium/assets/css/document.min.css?ver=1783097327" "Mozilla/5.0 (Linux; Android 6.0.1; Nexus 5X Build/MMB29P) AppleWebKit/537.36 (KHTML, like Gecko) Chrome/150.0.7871.46 Mobile Safari/537.36 (compatible; Googlebot/2.1; +http://www.google.com/bot.html)"
65.108.235.243 - - [13/Jul/2026:14:47:06 +0200] "POST /wp-cron.php?doing_wp_cron=1783946826.3610548973083496093750 HTTP/1.1" 200 1 "-" "WordPress/7.0.1; https://elettroservicegroup.it"
192.178.4.102 - - [13/Jul/2026:14:47:04 +0200] "GET /wp-json/complianz/v1/banner?lang=it&locale=it_IT&token=lcps HTTP/1.1" 200 82 "https://elettroservicegroup.it/dichiarazione-sulla-privacy-ue/" "Mozilla/5.0 (Linux; Android 6.0.1; Nexus 5X Build/MMB29P) AppleWebKit/537.36 (KHTML, like Gecko) Chrome/150.0.7871.46 Mobile Safari/537.36 (compatible; Googlebot/2.1; +http://www.google.com/bot.html)"
65.108.235.243 - - [13/Jul/2026:14:49:44 +0200] "POST /wp-cron.php?doing_wp_cron=1783946984.3667359352111816406250 HTTP/1.1" 200 1 "-" "WordPress/7.0.1; https://elettroservicegroup.it"
104.210.140.142 - - [13/Jul/2026:14:49:34 +0200] "GET /robots.txt HTTP/2.0" 200 99 "-" "Mozilla/5.0 (Macintosh; Intel Mac OS X 10_15_7) AppleWebKit/537.36 (KHTML, like Gecko) Chrome/131.0.0.0 Safari/537.36; compatible; OAI-SearchBot/1.0; +https://openai.com/searchbot"
31.70.82.190 - - [13/Jul/2026:14:49:47 +0200] "GET /feed/atom/ HTTP/2.0" 200 11906 "-" "Mozilla/5.0 (Windows NT 10.0; Win64; x64) AppleWebKit/537.36 (KHTML, like Gecko) Chrome/150.0.0.0 Safari/537.36"
113.160.142.119 - - [13/Jul/2026:14:49:48 +0200] "GET /?author=4&feed=rss2 HTTP/2.0" 200 11955 "-" "Mozilla/5.0 (Windows NT 10.0; Win64; x64) AppleWebKit/537.36 (KHTML, like Gecko) Chrome/150.0.0.0 Safari/537.36"
154.61.75.100 - - [13/Jul/2026:14:49:58 +0200] "GET /?author=4&feed=rss2 HTTP/2.0" 200 11889 "-" "Mozilla/5.0 (X11; Linux x86_64) AppleWebKit/537.36 (KHTML, like Gecko) Chrome/143.0.0.0 Safari/537.36"
192.46.221.70 - - [13/Jul/2026:14:50:06 +0200] "GET /wp-json/rankmath/v1/getHead?url=https://elettroservicegroup.it HTTP/2.0" 200 11964 "-" "Mozilla/5.0 (X11; Linux x86_64) AppleWebKit/537.36 (KHTML, like Gecko) Chrome/150.0.0.0 Safari/537.36"
152.42.137.70 - - [13/Jul/2026:14:50:32 +0200] "GET /?author=1 HTTP/2.0" 200 11856 "-" "Mozilla/5.0 (Windows NT 10.0; Win64; x64) AppleWebKit/537.36 (KHTML, like Gecko) Chrome/143.0.0.0 Safari/537.36"
124.156.212.23 - - [13/Jul/2026:14:51:12 +0200] "GET /index.php?rest_route=/wp/v2/users&per_page=100&_fields=slug HTTP/2.0" 200 11938 "-" "Mozilla/5.0 (Linux; Android 10; K) AppleWebKit/537.36 (KHTML, like Gecko) Chrome/146.0.0.0 Mobile Safari/537.36"
217.113.60.80 - - [13/Jul/2026:14:51:13 +0200] "POST /api/graphql HTTP/2.0" 404 17605 "-" "Mozilla/5.0 (Linux; Android 10; K) AppleWebKit/537.36 (KHTML, like Gecko) Chrome/148.0.0.0 Mobile Safari/537.36"
65.108.235.243 - - [13/Jul/2026:14:51:23 +0200] "POST /wp-cron.php?doing_wp_cron=1783947083.4683899879455566406250 HTTP/1.1" 200 1 "-" "WordPress/7.0.1; https://elettroservicegroup.it"
51.91.9.146 - - [13/Jul/2026:14:51:11 +0200] "POST /api/graphql HTTP/2.0" 404 17605 "-" "Mozilla/5.0 (iPhone; CPU iPhone OS 26_4_2 like Mac OS X) AppleWebKit/605.1.15 (KHTML, like Gecko) CriOS/148.0.7778.47 Mobile/15E148 Safari/604.1"
34.233.208.81 - - [13/Jul/2026:14:51:30 +0200] "GET /wp/wp-json/wp/v2/users?per_page=100&_fields=slug HTTP/2.0" 200 11881 "-" "Mozilla/5.0 (Linux; Android 10; K) AppleWebKit/537.36 (KHTML, like Gecko) Chrome/148.0.0.0 Mobile Safari/537.36"
65.108.235.243 - - [13/Jul/2026:16:14:33 +0200] "POST /wp-admin/admin-ajax.php?action=wordfence_testAjax HTTP/1.1" 200 16 "-" "WordPress/7.0.1; https://elettroservicegroup.it"
43.165.65.117 - - [13/Jul/2026:16:14:34 +0200] "GET / HTTP/1.1" 200 23481 "http://elettroservicegroup.it" "Mozilla/5.0 (iPhone; CPU iPhone OS 13_2_3 like Mac OS X) AppleWebKit/605.1.15 (KHTML, like Gecko) Version/13.0.3 Mobile/15E148 Safari/604.1"
65.108.235.243 - - [13/Jul/2026:16:14:35 +0200] "GET /wp-admin/admin-ajax.php?action=wordfence_doScan&isFork=0&scanMode=quick&cronKey=9254947fd703627b58a3efb8663c2701&signature=24744a9cabe62b919171495b52ba78676b8d15bb974138a261bb3d5a6c7586eb HTTP/1.1" 200 1 "-" "WordPress/7.0.1; https://elettroservicegroup.it"
65.108.235.243 - - [13/Jul/2026:16:14:37 +0200] "POST /wp-json/complianz/v1/wsc-scan HTTP/1.1" 400 88 "-" "WordPress/7.0.1; https://elettroservicegroup.it"
65.108.235.243 - - [13/Jul/2026:16:22:26 +0200] "POST /wp-cron.php?doing_wp_cron=1783952546.2670669555664062500000 HTTP/1.1" 200 1 "-" "WordPress/7.0.1; https://elettroservicegroup.it"
192.178.4.102 - - [13/Jul/2026:16:22:15 +0200] "GET /robots.txt HTTP/1.1" 200 99 "-" "Mozilla/5.0 (compatible; Googlebot/2.1; +http://www.google.com/bot.html)"
65.108.235.243 - - [13/Jul/2026:16:22:49 +0200] "POST /wp-cron.php?doing_wp_cron=1783952569.3659949302673339843750 HTTP/1.1" 200 1 "-" "WordPress/7.0.1; https://elettroservicegroup.it"
192.178.4.102 - - [13/Jul/2026:16:22:46 +0200] "GET /2026/05/31/app-casino/ HTTP/1.1" 404 17597 "-" "Mozilla/5.0 (Linux; Android 6.0.1; Nexus 5X Build/MMB29P) AppleWebKit/537.36 (KHTML, like Gecko) Chrome/150.0.7871.46 Mobile Safari/537.36 (compatible; Googlebot/2.1; +http://www.google.com/bot.html)"
149.28.225.231 - - [13/Jul/2026:16:23:39 +0200] "GET /wp-content/plugins/fix/up.php HTTP/2.0" 200 11952 "-" "Mozilla/5.0"
65.108.235.243 - - [13/Jul/2026:16:48:11 +0200] "POST /wp-cron.php?doing_wp_cron=1783954090.9882330894470214843750 HTTP/1.1" 200 1 "-" "WordPress/7.0.1; https://elettroservicegroup.it"
40.77.167.23 - - [13/Jul/2026:16:48:02 +0200] "GET /sitemap.xml.gz HTTP/2.0" 200 310 "-" "Mozilla/5.0 AppleWebKit/537.36 (KHTML, like Gecko; compatible; bingbot/2.0; +http://www.bing.com/bingbot.htm) Chrome/116.0.1938.76 Safari/537.36"
65.108.235.243 - - [13/Jul/2026:16:56:23 +0200] "POST /wp-cron.php?doing_wp_cron=1783954583.7686240673065185546875 HTTP/1.1" 200 1 "-" "WordPress/7.0.1; https://elettroservicegroup.it"
2.224.17.121 - - [13/Jul/2026:16:56:12 +0200] "GET /chi-siamo/ HTTP/2.0" 200 22352 "https://parma.elettroservicegroup.it/" "Mozilla/5.0 (iPhone; CPU iPhone OS 18_7 like Mac OS X) AppleWebKit/605.1.15 (KHTML, like Gecko) Version/26.5 Mobile/15E148 Safari/604.1"
2.224.17.121 - - [13/Jul/2026:16:56:24 +0200] "GET /wp-content/plugins/all-in-one-seo-pack/dist/Lite/assets/css/table-of-contents/global.e90f6d47.css?ver=4.9.10 HTTP/2.0" 200 420 "https://elettroservicegroup.it/chi-siamo/" "Mozilla/5.0 (iPhone; CPU iPhone OS 18_7 like Mac OS X) AppleWebKit/605.1.15 (KHTML, like Gecko) Version/26.5 Mobile/15E148 Safari/604.1"
2.224.17.121 - - [13/Jul/2026:16:56:24 +0200] "GET /wp-content/plugins/complianz-gdpr-premium/assets/css/cookieblocker.min.css?ver=1783097327 HTTP/2.0" 200 615 "https://elettroservicegroup.it/chi-siamo/" "Mozilla/5.0 (iPhone; CPU iPhone OS 18_7 like Mac OS X) AppleWebKit/605.1.15 (KHTML, like Gecko) Version/26.5 Mobile/15E148 Safari/604.1"
2.224.17.121 - - [13/Jul/2026:16:56:24 +0200] "GET /wp-content/plugins/elementor/assets/css/widget-google_maps.min.css?ver=4.1.4 HTTP/2.0" 200 94 "https://elettroservicegroup.it/chi-siamo/" "Mozilla/5.0 (iPhone; CPU iPhone OS 18_7 like Mac OS X) AppleWebKit/605.1.15 (KHTML, like Gecko) Version/26.5 Mobile/15E148 Safari/604.1"
2.224.17.121 - - [13/Jul/2026:16:56:24 +0200] "GET /wp-content/uploads/elementor/css/post-14146.css?ver=1783740314 HTTP/2.0" 200 428 "https://elettroservicegroup.it/chi-siamo/" "Mozilla/5.0 (iPhone; CPU iPhone OS 18_7 like Mac OS X) AppleWebKit/605.1.15 (KHTML, like Gecko) Version/26.5 Mobile/15E148 Safari/604.1"
2.224.17.121 - - [13/Jul/2026:16:56:24 +0200] "GET /wp-content/plugins/elementor/assets/css/widget-heading.min.css?ver=4.1.4 HTTP/2.0" 200 127 "https://elettroservicegroup.it/chi-siamo/" "Mozilla/5.0 (iPhone; CPU iPhone OS 18_7 like Mac OS X) AppleWebKit/605.1.15 (KHTML, like Gecko) Version/26.5 Mobile/15E148 Safari/604.1"
2.224.17.121 - - [13/Jul/2026:16:56:24 +0200] "GET /wp-content/plugins/header-footer-elementor/assets/css/header-footer-elementor.css?ver=2.9.1 HTTP/2.0" 200 260 "https://elettroservicegroup.it/chi-siamo/" "Mozilla/5.0 (iPhone; CPU iPhone OS 18_7 like Mac OS X) AppleWebKit/605.1.15 (KHTML, like Gecko) Version/26.5 Mobile/15E148 Safari/604.1"
2.224.17.121 - - [13/Jul/2026:16:56:24 +0200] "GET /wp-includes/css/dist/block-library/style.min.css?ver=7.0.1 HTTP/2.0" 200 15998 "https://elettroservicegroup.it/chi-siamo/" "Mozilla/5.0 (iPhone; CPU iPhone OS 18_7 like Mac OS X) AppleWebKit/605.1.15 (KHTML, like Gecko) Version/26.5 Mobile/15E148 Safari/604.1"
2.224.17.121 - - [13/Jul/2026:16:56:24 +0200] "GET /wp-content/plugins/elementor/assets/lib/eicons/css/elementor-icons.min.css?ver=5.50.0 HTTP/2.0" 200 4125 "https://elettroservicegroup.it/chi-siamo/" "Mozilla/5.0 (iPhone; CPU iPhone OS 18_7 like Mac OS X) AppleWebKit/605.1.15 (KHTML, like Gecko) Version/26.5 Mobile/15E148 Safari/604.1"
2.224.17.121 - - [13/Jul/2026:16:56:24 +0200] "GET /wp-content/plugins/elementor/assets/lib/font-awesome/css/all.min.css?ver=4.1.4 HTTP/2.0" 200 12402 "https://elettroservicegroup.it/chi-siamo/" "Mozilla/5.0 (iPhone; CPU iPhone OS 18_7 like Mac OS X) AppleWebKit/605.1.15 (KHTML, like Gecko) Version/26.5 Mobile/15E148 Safari/604.1"
2.224.17.121 - - [13/Jul/2026:16:56:24 +0200] "GET /wp-content/plugins/elementor/assets/css/widget-image.min.css?ver=4.1.4 HTTP/2.0" 200 96 "https://elettroservicegroup.it/chi-siamo/" "Mozilla/5.0 (iPhone; CPU iPhone OS 18_7 like Mac OS X) AppleWebKit/605.1.15 (KHTML, like Gecko) Version/26.5 Mobile/15E148 Safari/604.1"
2.224.17.121 - - [13/Jul/2026:16:56:24 +0200] "GET /wp-content/plugins/elementor/assets/lib/font-awesome/css/solid.css?ver=5.15.3 HTTP/2.0" 200 299 "https://elettroservicegroup.it/chi-siamo/" "Mozilla/5.0 (iPhone; CPU iPhone OS 18_7 like Mac OS X) AppleWebKit/605.1.15 (KHTML, like Gecko) Version/26.5 Mobile/15E148 Safari/604.1"
2.224.17.121 - - [13/Jul/2026:16:56:24 +0200] "GET /wp-content/plugins/elementor/assets/lib/animations/styles/zoomIn.min.css?ver=4.1.4 HTTP/2.0" 200 87 "https://elettroservicegroup.it/chi-siamo/" "Mozilla/5.0 (iPhone; CPU iPhone OS 18_7 like Mac OS X) AppleWebKit/605.1.15 (KHTML, like Gecko) Version/26.5 Mobile/15E148 Safari/604.1"
2.224.17.121 - - [13/Jul/2026:16:56:24 +0200] "GET /wp-content/uploads/elementor/css/post-15145.css?ver=1783802857 HTTP/2.0" 200 704 "https://elettroservicegroup.it/chi-siamo/" "Mozilla/5.0 (iPhone; CPU iPhone OS 18_7 like Mac OS X) AppleWebKit/605.1.15 (KHTML, like Gecko) Version/26.5 Mobile/15E148 Safari/604.1"
2.224.17.121 - - [13/Jul/2026:16:56:24 +0200] "GET /wp-content/plugins/elementor/assets/css/widget-social-icons.min.css?ver=3.24.0 HTTP/2.0" 200 1039 "https://elettroservicegroup.it/chi-siamo/" "Mozilla/5.0 (iPhone; CPU iPhone OS 18_7 like Mac OS X) AppleWebKit/605.1.15 (KHTML, like Gecko) Version/26.5 Mobile/15E148 Safari/604.1"
2.224.17.121 - - [13/Jul/2026:16:56:24 +0200] "GET /wp-content/plugins/elementor/assets/lib/font-awesome/css/regular.min.css?ver=5.15.3 HTTP/2.0" 200 282 "https://elettroservicegroup.it/chi-siamo/" "Mozilla/5.0 (iPhone; CPU iPhone OS 18_7 like Mac OS X) AppleWebKit/605.1.15 (KHTML, like Gecko) Version/26.5 Mobile/15E148 Safari/604.1"
2.224.17.121 - - [13/Jul/2026:16:56:24 +0200] "GET /wp-content/plugins/header-footer-elementor/inc/widgets-css/frontend.css?ver=2.9.1 HTTP/2.0" 200 8711 "https://elettroservicegroup.it/chi-siamo/" "Mozilla/5.0 (iPhone; CPU iPhone OS 18_7 like Mac OS X) AppleWebKit/605.1.15 (KHTML, like Gecko) Version/26.5 Mobile/15E148 Safari/604.1"
2.224.17.121 - - [13/Jul/2026:16:56:24 +0200] "GET /wp-content/plugins/elementor/assets/css/frontend.min.css?ver=4.1.4 HTTP/2.0" 200 6618 "https://elettroservicegroup.it/chi-siamo/" "Mozilla/5.0 (iPhone; CPU iPhone OS 18_7 like Mac OS X) AppleWebKit/605.1.15 (KHTML, like Gecko) Version/26.5 Mobile/15E148 Safari/604.1"
2.224.17.121 - - [13/Jul/2026:16:56:24 +0200] "GET /wp-content/plugins/elementor/assets/css/widget-icon-list.min.css?ver=3.24.3 HTTP/2.0" 200 928 "https://elettroservicegroup.it/chi-siamo/" "Mozilla/5.0 (iPhone; CPU iPhone OS 18_7 like Mac OS X) AppleWebKit/605.1.15 (KHTML, like Gecko) Version/26.5 Mobile/15E148 Safari/604.1"
2.224.17.121 - - [13/Jul/2026:16:56:24 +0200] "GET /wp-content/uploads/elementor/google-fonts/css/robotoslab.css?ver=1742274091 HTTP/2.0" 200 708 "https://elettroservicegroup.it/chi-siamo/" "Mozilla/5.0 (iPhone; CPU iPhone OS 18_7 like Mac OS X) AppleWebKit/605.1.15 (KHTML, like Gecko) Version/26.5 Mobile/15E148 Safari/604.1"
2.224.17.121 - - [13/Jul/2026:16:56:24 +0200] "GET /wp-content/plugins/elementor/assets/lib/font-awesome/css/solid.min.css?ver=5.15.3 HTTP/2.0" 200 286 "https://elettroservicegroup.it/chi-siamo/" "Mozilla/5.0 (iPhone; CPU iPhone OS 18_7 like Mac OS X) AppleWebKit/605.1.15 (KHTML, like Gecko) Version/26.5 Mobile/15E148 Safari/604.1"
2.224.17.121 - - [13/Jul/2026:16:56:24 +0200] "GET /wp-content/plugins/elementor/assets/lib/font-awesome/css/brands.css?ver=5.15.3 HTTP/2.0" 200 298 "https://elettroservicegroup.it/chi-siamo/" "Mozilla/5.0 (iPhone; CPU iPhone OS 18_7 like Mac OS X) AppleWebKit/605.1.15 (KHTML, like Gecko) Version/26.5 Mobile/15E148 Safari/604.1"
2.224.17.121 - - [13/Jul/2026:16:56:24 +0200] "GET /wp-content/plugins/elementor/assets/lib/font-awesome/css/v4-shims.min.css?ver=4.1.4 HTTP/2.0" 200 3986 "https://elettroservicegroup.it/chi-siamo/" "Mozilla/5.0 (iPhone; CPU iPhone OS 18_7 like Mac OS X) AppleWebKit/605.1.15 (KHTML, like Gecko) Version/26.5 Mobile/15E148 Safari/604.1"
2.224.17.121 - - [13/Jul/2026:16:56:24 +0200] "GET /wp-content/uploads/elementor/css/post-14366.css?ver=1783740314 HTTP/2.0" 200 310 "https://elettroservicegroup.it/chi-siamo/" "Mozilla/5.0 (iPhone; CPU iPhone OS 18_7 like Mac OS X) AppleWebKit/605.1.15 (KHTML, like Gecko) Version/26.5 Mobile/15E148 Safari/604.1"
2.224.17.121 - - [13/Jul/2026:16:56:24 +0200] "GET /wp-content/uploads/elementor/google-fonts/css/roboto.css?ver=1742274089 HTTP/2.0" 200 1874 "https://elettroservicegroup.it/chi-siamo/" "Mozilla/5.0 (iPhone; CPU iPhone OS 18_7 like Mac OS X) AppleWebKit/605.1.15 (KHTML, like Gecko) Version/26.5 Mobile/15E148 Safari/604.1"
2.224.17.121 - - [13/Jul/2026:16:56:24 +0200] "GET /wp-content/plugins/elementor/assets/lib/eicons/css/elementor-icons.min.css?ver=5.34.0 HTTP/2.0" 200 4125 "https://elettroservicegroup.it/chi-siamo/" "Mozilla/5.0 (iPhone; CPU iPhone OS 18_7 like Mac OS X) AppleWebKit/605.1.15 (KHTML, like Gecko) Version/26.5 Mobile/15E148 Safari/604.1"
2.224.17.121 - - [13/Jul/2026:16:56:24 +0200] "GET /wp-content/plugins/google-analytics-for-wordpress/assets/js/frontend-gtag.min.js?ver=10.2.2 HTTP/2.0" 200 3075 "https://elettroservicegroup.it/chi-siamo/" "Mozilla/5.0 (iPhone; CPU iPhone OS 18_7 like Mac OS X) AppleWebKit/605.1.15 (KHTML, like Gecko) Version/26.5 Mobile/15E148 Safari/604.1"
2.224.17.121 - - [13/Jul/2026:16:56:24 +0200] "GET /wp-content/plugins/gp-premium/menu-plus/functions/css/navigation-branding-flex.min.css?ver=2.5.5 HTTP/2.0" 200 542 "https://elettroservicegroup.it/chi-siamo/" "Mozilla/5.0 (iPhone; CPU iPhone OS 18_7 like Mac OS X) AppleWebKit/605.1.15 (KHTML, like Gecko) Version/26.5 Mobile/15E148 Safari/604.1"
2.224.17.121 - - [13/Jul/2026:16:56:24 +0200] "GET /wp-content/themes/generatepress/assets/css/main.min.css?ver=3.6.1 HTTP/2.0" 200 4410 "https://elettroservicegroup.it/chi-siamo/" "Mozilla/5.0 (iPhone; CPU iPhone OS 18_7 like Mac OS X) AppleWebKit/605.1.15 (KHTML, like Gecko) Version/26.5 Mobile/15E148 Safari/604.1"
2.224.17.121 - - [13/Jul/2026:16:56:24 +0200] "GET /wp-content/plugins/elementor/assets/lib/font-awesome/css/fontawesome.css?ver=5.15.3 HTTP/2.0" 200 12535 "https://elettroservicegroup.it/chi-siamo/" "Mozilla/5.0 (iPhone; CPU iPhone OS 18_7 like Mac OS X) AppleWebKit/605.1.15 (KHTML, like Gecko) Version/26.5 Mobile/15E148 Safari/604.1"
2.224.17.121 - - [13/Jul/2026:16:56:24 +0200] "GET /wp-includes/js/jquery/jquery-migrate.min.js?ver=3.4.1 HTTP/2.0" 200 4685 "https://elettroservicegroup.it/chi-siamo/" "Mozilla/5.0 (iPhone; CPU iPhone OS 18_7 like Mac OS X) AppleWebKit/605.1.15 (KHTML, like Gecko) Version/26.5 Mobile/15E148 Safari/604.1"
2.224.17.121 - - [13/Jul/2026:16:56:24 +0200] "GET /wp-content/plugins/elementor/assets/lib/font-awesome/css/fontawesome.min.css?ver=5.15.3 HTTP/2.0" 200 12179 "https://elettroservicegroup.it/chi-siamo/" "Mozilla/5.0 (iPhone; CPU iPhone OS 18_7 like Mac OS X) AppleWebKit/605.1.15 (KHTML, like Gecko) Version/26.5 Mobile/15E148 Safari/604.1"
2.224.17.121 - - [13/Jul/2026:16:56:24 +0200] "GET /wp-content/plugins/elementor/assets/lib/font-awesome/js/v4-shims.min.js?ver=4.1.4 HTTP/2.0" 200 4043 "https://elettroservicegroup.it/chi-siamo/" "Mozilla/5.0 (iPhone; CPU iPhone OS 18_7 like Mac OS X) AppleWebKit/605.1.15 (KHTML, like Gecko) Version/26.5 Mobile/15E148 Safari/604.1"
2.224.17.121 - - [13/Jul/2026:16:56:24 +0200] "GET /wp-content/plugins/gp-premium/menu-plus/functions/js/sticky.min.js?ver=2.5.5 HTTP/2.0" 200 2670 "https://elettroservicegroup.it/chi-siamo/" "Mozilla/5.0 (iPhone; CPU iPhone OS 18_7 like Mac OS X) AppleWebKit/605.1.15 (KHTML, like Gecko) Version/26.5 Mobile/15E148 Safari/604.1"
2.224.17.121 - - [13/Jul/2026:16:56:24 +0200] "GET /wp-content/plugins/elementor/assets/js/webpack.runtime.min.js?ver=4.1.4 HTTP/2.0" 200 2340 "https://elettroservicegroup.it/chi-siamo/" "Mozilla/5.0 (iPhone; CPU iPhone OS 18_7 like Mac OS X) AppleWebKit/605.1.15 (KHTML, like Gecko) Version/26.5 Mobile/15E148 Safari/604.1"
2.224.17.121 - - [13/Jul/2026:16:56:24 +0200] "GET /wp-content/plugins/elementor/assets/js/frontend-modules.min.js?ver=4.1.4 HTTP/2.0" 200 15454 "https://elettroservicegroup.it/chi-siamo/" "Mozilla/5.0 (iPhone; CPU iPhone OS 18_7 like Mac OS X) AppleWebKit/605.1.15 (KHTML, like Gecko) Version/26.5 Mobile/15E148 Safari/604.1"
2.224.17.121 - - [13/Jul/2026:16:56:24 +0200] "GET /wp-includes/js/jquery/ui/core.min.js?ver=1.13.3 HTTP/2.0" 200 6820 "https://elettroservicegroup.it/chi-siamo/" "Mozilla/5.0 (iPhone; CPU iPhone OS 18_7 like Mac OS X) AppleWebKit/605.1.15 (KHTML, like Gecko) Version/26.5 Mobile/15E148 Safari/604.1"
2.224.17.121 - - [13/Jul/2026:16:56:24 +0200] "GET /wp-content/plugins/elementor/assets/js/frontend.min.js?ver=4.1.4 HTTP/2.0" 200 10140 "https://elettroservicegroup.it/chi-siamo/" "Mozilla/5.0 (iPhone; CPU iPhone OS 18_7 like Mac OS X) AppleWebKit/605.1.15 (KHTML, like Gecko) Version/26.5 Mobile/15E148 Safari/604.1"
2.224.17.121 - - [13/Jul/2026:16:56:24 +0200] "GET /wp-content/themes/generatepress/assets/js/menu.min.js?ver=3.6.1 HTTP/2.0" 200 1688 "https://elettroservicegroup.it/chi-siamo/" "Mozilla/5.0 (iPhone; CPU iPhone OS 18_7 like Mac OS X) AppleWebKit/605.1.15 (KHTML, like Gecko) Version/26.5 Mobile/15E148 Safari/604.1"
2.224.17.121 - - [13/Jul/2026:16:56:24 +0200] "GET /wp-content/themes/generatepress/assets/js/back-to-top.min.js?ver=3.6.1 HTTP/2.0" 200 336 "https://elettroservicegroup.it/chi-siamo/" "Mozilla/5.0 (iPhone; CPU iPhone OS 18_7 like Mac OS X) AppleWebKit/605.1.15 (KHTML, like Gecko) Version/26.5 Mobile/15E148 Safari/604.1"
2.224.17.121 - - [13/Jul/2026:16:56:24 +0200] "GET /wp-content/plugins/complianz-gdpr-premium/cookiebanner/js/complianz.min.js?ver=1783097327 HTTP/2.0" 200 10762 "https://elettroservicegroup.it/chi-siamo/" "Mozilla/5.0 (iPhone; CPU iPhone OS 18_7 like Mac OS X) AppleWebKit/605.1.15 (KHTML, like Gecko) Version/26.5 Mobile/15E148 Safari/604.1"
2.224.17.121 - - [13/Jul/2026:16:56:24 +0200] "GET /wp-includes/js/jquery/jquery.min.js?ver=3.7.1 HTTP/2.0" 200 29769 "https://elettroservicegroup.it/chi-siamo/" "Mozilla/5.0 (iPhone; CPU iPhone OS 18_7 like Mac OS X) AppleWebKit/605.1.15 (KHTML, like Gecko) Version/26.5 Mobile/15E148 Safari/604.1"
2.224.17.121 - - [13/Jul/2026:16:56:24 +0200] "GET /wp-content/uploads/2021/10/cropped-cropped-cropped-logo_white_background.png HTTP/2.0" 200 38971 "https://elettroservicegroup.it/chi-siamo/" "Mozilla/5.0 (iPhone; CPU iPhone OS 18_7 like Mac OS X) AppleWebKit/605.1.15 (KHTML, like Gecko) Version/26.5 Mobile/15E148 Safari/604.1"
2.224.17.121 - - [13/Jul/2026:16:56:24 +0200] "GET /wp-content/uploads/2026/05/COPERTINA-11-300x150-1.png HTTP/2.0" 200 30285 "https://elettroservicegroup.it/chi-siamo/" "Mozilla/5.0 (iPhone; CPU iPhone OS 18_7 like Mac OS X) AppleWebKit/605.1.15 (KHTML, like Gecko) Version/26.5 Mobile/15E148 Safari/604.1"
2.224.17.121 - - [13/Jul/2026:16:56:24 +0200] "GET /wp-content/plugins/elementor/assets/lib/font-awesome/webfonts/fa-solid-900.woff2 HTTP/2.0" 200 78201 "https://elettroservicegroup.it/chi-siamo/" "Mozilla/5.0 (iPhone; CPU iPhone OS 18_7 like Mac OS X) AppleWebKit/605.1.15 (KHTML, like Gecko) Version/26.5 Mobile/15E148 Safari/604.1"
2.224.17.121 - - [13/Jul/2026:16:56:24 +0200] "GET /wp-content/uploads/elementor/google-fonts/fonts/robotoslab-bngmuxzytxpivibgjjsb6ufn5qu.woff2 HTTP/2.0" 200 34328 "https://elettroservicegroup.it/chi-siamo/" "Mozilla/5.0 (iPhone; CPU iPhone OS 18_7 like Mac OS X) AppleWebKit/605.1.15 (KHTML, like Gecko) Version/26.5 Mobile/15E148 Safari/604.1"
2.224.17.121 - - [13/Jul/2026:16:56:24 +0200] "GET /wp-content/plugins/elementor/assets/lib/font-awesome/webfonts/fa-regular-400.woff2 HTTP/2.0" 200 13277 "https://elettroservicegroup.it/chi-siamo/" "Mozilla/5.0 (iPhone; CPU iPhone OS 18_7 like Mac OS X) AppleWebKit/605.1.15 (KHTML, like Gecko) Version/26.5 Mobile/15E148 Safari/604.1"
2.224.17.121 - - [13/Jul/2026:16:56:24 +0200] "GET /wp-content/plugins/elementor/assets/js/section-frontend-handlers.d85ab872da118940910d.bundle.min.js HTTP/2.0" 200 230 "https://elettroservicegroup.it/chi-siamo/" "Mozilla/5.0 (iPhone; CPU iPhone OS 18_7 like Mac OS X) AppleWebKit/605.1.15 (KHTML, like Gecko) Version/26.5 Mobile/15E148 Safari/604.1"
2.224.17.121 - - [13/Jul/2026:16:56:24 +0200] "GET /wp-content/plugins/elementor/assets/js/text-editor.45609661e409413f1cef.bundle.min.js HTTP/2.0" 200 592 "https://elettroservicegroup.it/chi-siamo/" "Mozilla/5.0 (iPhone; CPU iPhone OS 18_7 like Mac OS X) AppleWebKit/605.1.15 (KHTML, like Gecko) Version/26.5 Mobile/15E148 Safari/604.1"
2.224.17.121 - - [13/Jul/2026:16:56:24 +0200] "GET /wp-content/plugins/elementor/assets/js/shared-frontend-handlers.03caa53373b56d3bab67.bundle.min.js HTTP/2.0" 200 2515 "https://elettroservicegroup.it/chi-siamo/" "Mozilla/5.0 (iPhone; CPU iPhone OS 18_7 like Mac OS X) AppleWebKit/605.1.15 (KHTML, like Gecko) Version/26.5 Mobile/15E148 Safari/604.1"
2.224.17.121 - - [13/Jul/2026:16:56:24 +0200] "GET /wp-json/complianz/v1/banner?lang=it&locale=it_IT&token=zhbdt HTTP/2.0" 200 - "https://elettroservicegroup.it/chi-siamo/" "Mozilla/5.0 (iPhone; CPU iPhone OS 18_7 like Mac OS X) AppleWebKit/605.1.15 (KHTML, like Gecko) Version/26.5 Mobile/15E148 Safari/604.1"
43.153.96.233 - - [13/Jul/2026:16:56:56 +0200] "GET / HTTP/1.1" 200 23471 "http://www.elettroservicegroup.it" "Mozilla/5.0 (iPhone; CPU iPhone OS 13_2_3 like Mac OS X) AppleWebKit/605.1.15 (KHTML, like Gecko) Version/13.0.3 Mobile/15E148 Safari/604.1"
65.108.235.243 - - [13/Jul/2026:17:12:37 +0200] "POST /wp-cron.php?doing_wp_cron=1783955557.2646720409393310546875 HTTP/1.1" 200 1 "-" "WordPress/7.0.1; https://elettroservicegroup.it"
185.117.225.52 - - [13/Jul/2026:17:12:32 +0200] "GET /robots.txt HTTP/1.1" 415 177 "-" "python-requests/2.31.0"
185.117.225.52 - - [13/Jul/2026:17:12:38 +0200] "GET / HTTP/2.0" 200 11935 "-" "Mozilla/5.0 AppleWebKit/537.36 (KHTML, like Gecko) Chrome/123.0.6312.86 Safari/537.36 BitSightBot/1.0"
185.117.225.52 - - [13/Jul/2026:17:12:39 +0200] "GET /z0f76a1d14fd21a8fb5fd0d03e0fdc3d3cedae52f?id=a6105c0a611b41b08f1209506350279e&ts=1783955558&wsidchk=7369113&pdata=https%253A%252F%252Felettroservicegroup.it&failedChecks=webdriverCheck&failedChecks=userAgentCheck&failedChecks=appVersionCheck HTTP/2.0" 404 - "https://elettroservicegroup.it/" "Mozilla/5.0 (X11; Linux x86_64) AppleWebKit/537.36 (KHTML, like Gecko) HeadlessChrome/123.0.6312.86 Safari/537.36"
65.108.235.243 - - [13/Jul/2026:17:21:44 +0200] "POST /wp-cron.php?doing_wp_cron=1783956104.6721251010894775390625 HTTP/1.1" 200 1 "-" "WordPress/7.0.1; https://elettroservicegroup.it"
104.28.159.11 - - [13/Jul/2026:17:21:32 +0200] "POST /wp-admin/admin-ajax.php HTTP/1.1" 400 1 "-" "Mozilla/5.0"
104.28.159.11 - - [13/Jul/2026:17:21:39 +0200] "POST / HTTP/1.1" 200 23471 "-" "Mozilla/5.0"
104.28.159.11 - - [13/Jul/2026:17:21:46 +0200] "POST /wp-admin/admin-ajax.php HTTP/1.1" 400 1 "-" "Mozilla/5.0"
65.108.235.243 - - [13/Jul/2026:17:21:47 +0200] "POST /wp-json/complianz/v1/wsc-scan HTTP/1.1" 400 88 "-" "WordPress/7.0.1; https://elettroservicegroup.it"
65.108.235.243 - - [13/Jul/2026:17:21:43 +0200] "POST /wp-admin/admin-ajax.php?action=as_async_request_queue_runner&nonce=76d6cc6f65 HTTP/1.1" 200 1 "-" "WordPress/7.0.1; https://elettroservicegroup.it"
104.28.159.11 - - [13/Jul/2026:17:21:49 +0200] "POST / HTTP/1.1" 200 23471 "-" "Mozilla/5.0"
104.28.159.11 - - [13/Jul/2026:17:21:54 +0200] "POST /wp-admin/admin-ajax.php HTTP/1.1" 400 1 "-" "Mozilla/5.0"
104.28.159.11 - - [13/Jul/2026:17:21:56 +0200] "POST / HTTP/1.1" 200 23471 "-" "Mozilla/5.0"
65.108.235.243 - - [13/Jul/2026:17:22:01 +0200] "POST /wp-cron.php?doing_wp_cron=1783956121.7659389972686767578125 HTTP/1.1" 200 1 "-" "WordPress/7.0.1; https://elettroservicegroup.it"
104.28.159.11 - - [13/Jul/2026:17:22:00 +0200] "POST /wp-admin/admin-ajax.php HTTP/1.1" 400 1 "-" "Mozilla/5.0"
104.28.159.11 - - [13/Jul/2026:17:22:02 +0200] "POST / HTTP/1.1" 200 23471 "-" "Mozilla/5.0"
65.108.235.243 - - [13/Jul/2026:17:34:33 +0200] "POST /wp-cron.php?doing_wp_cron=1783956873.3716449737548828125000 HTTP/1.1" 200 1 "-" "WordPress/7.0.1; https://elettroservicegroup.it"
3.213.16.195 - - [13/Jul/2026:17:34:24 +0200] "GET /robots.txt HTTP/1.1" 200 126 "-" "Mozilla/5.0 (Macintosh; Intel Mac OS X 10_10_1) AppleWebKit/600.2.5 (KHTML, like Gecko) Version/8.0.2 Safari/600.2.5 (Gort)"