66.249.64.70 - - [13/Jul/2026:14:35:29 +0200] "GET /wp-json/complianz/v1/banner?lang=it&locale=it_IT&token=gmsni HTTP/1.1" 200 81 "https://parma.elettroservicegroup.it/assistenza-siemens-fidenza/" "Mozilla/5.0 (Linux; Android 6.0.1; Nexus 5X Build/MMB29P) AppleWebKit/537.36 (KHTML, like Gecko) Chrome/150.0.7871.46 Mobile Safari/537.36 (compatible; Googlebot/2.1; +http://www.google.com/bot.html)"
66.249.64.69 - - [13/Jul/2026:14:35:47 +0200] "GET /wp-content/plugins/elementor/assets/js/section-frontend-handlers.d85ab872da118940910d.bundle.min.js HTTP/1.1" 200 230 "https://parma.elettroservicegroup.it/assistenza-siemens-fidenza/" "Mozilla/5.0 (Linux; Android 6.0.1; Nexus 5X Build/MMB29P) AppleWebKit/537.36 (KHTML, like Gecko) Chrome/150.0.7871.46 Mobile Safari/537.36 (compatible; Googlebot/2.1; +http://www.google.com/bot.html)"
65.108.235.243 - - [13/Jul/2026:14:36:26 +0200] "POST /wp-cron.php?doing_wp_cron=1783946185.9630939960479736328125 HTTP/1.1" 200 1 "-" "WordPress/7.0.1; https://parma.elettroservicegroup.it"
66.249.64.71 - - [13/Jul/2026:14:36:15 +0200] "GET /assistenza-candy-parma/ HTTP/1.1" 200 22746 "-" "Mozilla/5.0 (Linux; Android 6.0.1; Nexus 5X Build/MMB29P) AppleWebKit/537.36 (KHTML, like Gecko) Chrome/150.0.7871.46 Mobile Safari/537.36 (compatible; Googlebot/2.1; +http://www.google.com/bot.html)"
66.249.64.69 - - [13/Jul/2026:14:36:28 +0200] "GET /wp-content/uploads/elementor/css/post-17278.css?ver=1783296000 HTTP/1.1" 200 2143 "https://parma.elettroservicegroup.it/assistenza-candy-parma/" "Mozilla/5.0 (Linux; Android 6.0.1; Nexus 5X Build/MMB29P) AppleWebKit/537.36 (KHTML, like Gecko) Chrome/150.0.7871.46 Mobile Safari/537.36 (compatible; Googlebot/2.1; +http://www.google.com/bot.html)"
65.108.235.243 - - [13/Jul/2026:14:43:32 +0200] "POST /wp-cron.php?doing_wp_cron=1783946612.2728970050811767578125 HTTP/1.1" 200 1 "-" "WordPress/7.0.1; https://parma.elettroservicegroup.it"
138.16.21.28 - - [13/Jul/2026:14:43:23 +0200] "GET /?feed=xmlsitemap27 HTTP/1.1" 404 268 "-" "Mozilla/5.0 (X11; Linux x86_64; rv:121.0) Gecko/20100101 Firefox/121.0"
45.83.11.235 - - [13/Jul/2026:14:43:35 +0200] "GET /?feed=xmlsitemap27 HTTP/1.1" 404 268 "-" "Mozilla/5.0 (X11; Linux x86_64; rv:121.0) Gecko/20100101 Firefox/121.0"
138.16.21.28 - - [13/Jul/2026:14:43:37 +0200] "GET /?feed=xmlsitemap27 HTTP/1.1" 404 268 "-" "Mozilla/5.0 (X11; Linux x86_64; rv:121.0) Gecko/20100101 Firefox/121.0"
157.22.112.36 - - [13/Jul/2026:14:43:38 +0200] "GET /post-sitemap2.xml HTTP/1.1" 404 420 "-" "Mozilla/5.0 (Macintosh; Intel Mac OS X 14_1) AppleWebKit/537.36 Chrome/121.0.0.0 Safari/537.36 Edg/121.0.0.0"
177.203.53.131 - - [13/Jul/2026:14:43:39 +0200] "GET /?feed=xmlsitemap27 HTTP/1.1" 404 268 "-" "Mozilla/5.0 (X11; Linux x86_64; rv:121.0) Gecko/20100101 Firefox/121.0"
138.16.21.28 - - [13/Jul/2026:14:43:42 +0200] "GET /post-sitemap2.xml HTTP/1.1" 404 420 "-" "Mozilla/5.0 (Macintosh; Intel Mac OS X 14_1) AppleWebKit/537.36 Chrome/121.0.0.0 Safari/537.36 Edg/121.0.0.0"
65.108.235.243 - - [13/Jul/2026:14:43:46 +0200] "POST /wp-cron.php?doing_wp_cron=1783946626.1663970947265625000000 HTTP/1.1" 200 1 "-" "WordPress/7.0.1; https://parma.elettroservicegroup.it"
138.16.21.28 - - [13/Jul/2026:14:43:44 +0200] "GET /post-sitemap2.xml HTTP/1.1" 404 420 "-" "Mozilla/5.0 (Macintosh; Intel Mac OS X 14_1) AppleWebKit/537.36 Chrome/121.0.0.0 Safari/537.36 Edg/121.0.0.0"
138.16.21.28 - - [13/Jul/2026:14:43:47 +0200] "GET /sitemap30.xml HTTP/1.1" 302 - "-" "Mozilla/5.0 (X11; Linux x86_64) AppleWebKit/537.36 Chrome/120.0.0.0 Safari/537.36"
65.108.235.243 - - [13/Jul/2026:14:43:51 +0200] "POST /wp-cron.php?doing_wp_cron=1783946631.3732519149780273437500 HTTP/1.1" 200 1 "-" "WordPress/7.0.1; https://parma.elettroservicegroup.it"
138.16.21.28 - - [13/Jul/2026:14:43:49 +0200] "GET /sitemap.xml HTTP/1.1" 200 547 "-" "Mozilla/5.0 (X11; Linux x86_64) AppleWebKit/537.36 Chrome/120.0.0.0 Safari/537.36"
138.16.21.28 - - [13/Jul/2026:14:43:50 +0200] "GET /sitemap25.xml HTTP/1.1" 302 - "-" "Mozilla/5.0 (Windows NT 10.0; Win64; x64) AppleWebKit/537.36 Chrome/122.0.0.0 Safari/537.36 Edg/122.0.0.0"
45.83.11.235 - - [13/Jul/2026:14:43:51 +0200] "GET /post-sitemap2.xml HTTP/1.1" 404 420 "-" "Mozilla/5.0 (Macintosh; Intel Mac OS X 14_1) AppleWebKit/537.36 Chrome/121.0.0.0 Safari/537.36 Edg/121.0.0.0"
138.16.21.28 - - [13/Jul/2026:14:43:52 +0200] "GET /sitemap.xml HTTP/1.1" 200 547 "-" "Mozilla/5.0 (Windows NT 10.0; Win64; x64) AppleWebKit/537.36 Chrome/122.0.0.0 Safari/537.36 Edg/122.0.0.0"
157.22.112.36 - - [13/Jul/2026:14:44:24 +0200] "GET /sitemap27.xml HTTP/1.1" 302 - "-" "Mozilla/5.0 (X11; Linux x86_64) AppleWebKit/537.36 Chrome/120.0.0.0 Safari/537.36"
157.22.112.36 - - [13/Jul/2026:14:44:28 +0200] "GET /sitemap.xml HTTP/1.1" 200 547 "-" "Mozilla/5.0 (X11; Linux x86_64) AppleWebKit/537.36 Chrome/120.0.0.0 Safari/537.36"
65.108.235.243 - - [13/Jul/2026:14:44:58 +0200] "POST /wp-cron.php?doing_wp_cron=1783946698.5721559524536132812500 HTTP/1.1" 200 1 "-" "WordPress/7.0.1; https://parma.elettroservicegroup.it"
45.83.11.235 - - [13/Jul/2026:14:44:57 +0200] "GET /sitemap30.xml HTTP/1.1" 302 - "-" "Mozilla/5.0 (Macintosh; Intel Mac OS X 14_1) AppleWebKit/537.36 Chrome/121.0.0.0 Safari/537.36"
45.83.11.235 - - [13/Jul/2026:14:45:00 +0200] "GET /sitemap.xml HTTP/1.1" 200 547 "-" "Mozilla/5.0 (Macintosh; Intel Mac OS X 14_1) AppleWebKit/537.36 Chrome/121.0.0.0 Safari/537.36"
45.83.11.235 - - [13/Jul/2026:14:45:25 +0200] "GET /?feed=xmlsitemap25 HTTP/1.1" 404 268 "-" "Mozilla/5.0 (Linux; Android 14; Pixel 7) AppleWebKit/537.36 Chrome/122.0.0.0 Mobile Safari/537.36"
45.83.11.235 - - [13/Jul/2026:14:45:26 +0200] "GET /?feed=xmlsitemap25 HTTP/1.1" 404 268 "-" "Mozilla/5.0 (Linux; Android 14; Pixel 7) AppleWebKit/537.36 Chrome/122.0.0.0 Mobile Safari/537.36"
65.108.235.243 - - [13/Jul/2026:14:45:48 +0200] "POST /wp-cron.php?doing_wp_cron=1783946748.1636960506439208984375 HTTP/1.1" 200 1 "-" "WordPress/7.0.1; https://parma.elettroservicegroup.it"
177.203.53.131 - - [13/Jul/2026:14:45:46 +0200] "GET /?feed=xmlsitemap25 HTTP/1.1" 301 - "-" "Mozilla/5.0 (Macintosh; Intel Mac OS X 14_1) AppleWebKit/537.36 Chrome/121.0.0.0 Safari/537.36 Edg/121.0.0.0"
45.83.11.235 - - [13/Jul/2026:14:45:49 +0200] "GET /?feed=xmlsitemap29 HTTP/1.1" 301 - "-" "Mozilla/5.0 (Macintosh; Intel Mac OS X 13_5) AppleWebKit/537.36 Chrome/122.0.0.0 Safari/537.36"
188.130.197.26 - - [13/Jul/2026:14:45:49 +0200] "GET /sitemap23.xml HTTP/1.1" 302 - "-" "Mozilla/5.0 (Macintosh; Intel Mac OS X 14_1) AppleWebKit/537.36 Chrome/121.0.0.0 Safari/537.36 Edg/121.0.0.0"
65.108.235.243 - - [13/Jul/2026:14:45:51 +0200] "POST /wp-cron.php?doing_wp_cron=1783946751.3678979873657226562500 HTTP/1.1" 200 1 "-" "WordPress/7.0.1; https://parma.elettroservicegroup.it"
177.203.53.131 - - [13/Jul/2026:14:45:49 +0200] "GET /?feed=xmlsitemap25 HTTP/1.1" 404 268 "-" "Mozilla/5.0 (Macintosh; Intel Mac OS X 14_1) AppleWebKit/537.36 Chrome/121.0.0.0 Safari/537.36 Edg/121.0.0.0"
45.83.11.235 - - [13/Jul/2026:14:45:51 +0200] "GET /?feed=xmlsitemap29 HTTP/1.1" 404 268 "-" "Mozilla/5.0 (Macintosh; Intel Mac OS X 13_5) AppleWebKit/537.36 Chrome/122.0.0.0 Safari/537.36"
177.203.53.131 - - [13/Jul/2026:14:45:51 +0200] "GET /?feed=xmlsitemap25 HTTP/1.1" 301 - "-" "Mozilla/5.0 (Macintosh; Intel Mac OS X 14_1) AppleWebKit/537.36 Chrome/121.0.0.0 Safari/537.36 Edg/121.0.0.0"
177.203.53.131 - - [13/Jul/2026:14:45:53 +0200] "GET /?feed=xmlsitemap29 HTTP/1.1" 301 - "-" "Mozilla/5.0 (Macintosh; Intel Mac OS X 13_5) AppleWebKit/537.36 Chrome/122.0.0.0 Safari/537.36"
177.203.53.131 - - [13/Jul/2026:14:45:53 +0200] "GET /?feed=xmlsitemap25 HTTP/1.1" 404 268 "-" "Mozilla/5.0 (Macintosh; Intel Mac OS X 14_1) AppleWebKit/537.36 Chrome/121.0.0.0 Safari/537.36 Edg/121.0.0.0"
177.203.53.131 - - [13/Jul/2026:14:45:56 +0200] "GET /?feed=xmlsitemap29 HTTP/1.1" 404 268 "-" "Mozilla/5.0 (Macintosh; Intel Mac OS X 13_5) AppleWebKit/537.36 Chrome/122.0.0.0 Safari/537.36"
188.130.197.26 - - [13/Jul/2026:14:46:05 +0200] "GET /?feed=xmlsitemap26 HTTP/1.1" 404 268 "-" "Mozilla/5.0 (Macintosh; Intel Mac OS X 14_1) AppleWebKit/537.36 Chrome/121.0.0.0 Safari/537.36 Edg/121.0.0.0"
138.16.21.28 - - [13/Jul/2026:14:46:07 +0200] "GET /?feed=xmlsitemap26 HTTP/1.1" 404 268 "-" "Mozilla/5.0 (Macintosh; Intel Mac OS X 14_1) AppleWebKit/537.36 Chrome/121.0.0.0 Safari/537.36 Edg/121.0.0.0"
188.130.197.26 - - [13/Jul/2026:14:46:11 +0200] "GET /sitemap.xml HTTP/1.1" 200 547 "-" "Mozilla/5.0 (Macintosh; Intel Mac OS X 14_1) AppleWebKit/537.36 Chrome/121.0.0.0 Safari/537.36 Edg/121.0.0.0"
177.203.53.131 - - [13/Jul/2026:14:46:12 +0200] "GET /?feed=xmlsitemap30 HTTP/1.1" 404 268 "-" "Mozilla/5.0 (Macintosh; Intel Mac OS X 14_1) AppleWebKit/537.36 Chrome/121.0.0.0 Safari/537.36"
177.203.53.131 - - [13/Jul/2026:14:46:13 +0200] "GET /?feed=xmlsitemap30 HTTP/1.1" 404 268 "-" "Mozilla/5.0 (Macintosh; Intel Mac OS X 14_1) AppleWebKit/537.36 Chrome/121.0.0.0 Safari/537.36"
157.22.112.36 - - [13/Jul/2026:14:46:16 +0200] "GET /sitemap29.xml HTTP/1.1" 302 - "-" "Mozilla/5.0 (Windows NT 10.0; Win64; x64; rv:123.0) Gecko/20100101 Firefox/123.0"
177.203.53.131 - - [13/Jul/2026:14:46:18 +0200] "GET /sitemap29.xml HTTP/1.1" 302 - "-" "Mozilla/5.0 (Windows NT 10.0; Win64; x64) AppleWebKit/537.36 Chrome/122.0.0.0 Safari/537.36 Edg/122.0.0.0"
195.158.194.15 - - [13/Jul/2026:14:46:20 +0200] "GET /sitemap29.xml HTTP/1.1" 302 - "-" "Mozilla/5.0 (Windows NT 10.0; Win64; x64; rv:123.0) Gecko/20100101 Firefox/123.0"
177.203.53.131 - - [13/Jul/2026:14:46:21 +0200] "GET /sitemap.xml HTTP/1.1" 200 547 "-" "Mozilla/5.0 (Windows NT 10.0; Win64; x64) AppleWebKit/537.36 Chrome/122.0.0.0 Safari/537.36 Edg/122.0.0.0"
195.158.194.15 - - [13/Jul/2026:14:46:24 +0200] "GET /sitemap.xml HTTP/1.1" 200 547 "-" "Mozilla/5.0 (Windows NT 10.0; Win64; x64; rv:123.0) Gecko/20100101 Firefox/123.0"
65.108.235.243 - - [13/Jul/2026:15:02:54 +0200] "POST /wp-cron.php?doing_wp_cron=1783947774.3616590499877929687500 HTTP/1.1" 200 1 "-" "WordPress/7.0.1; https://parma.elettroservicegroup.it"
79.52.44.16 - - [13/Jul/2026:15:02:41 +0200] "GET /assistenza-lavastoviglie/ HTTP/2.0" 200 20750 "https://www.google.com/" "Mozilla/5.0 (iPhone; CPU iPhone OS 26_5_1 like Mac OS X) AppleWebKit/605.1.15 (KHTML, like Gecko) CriOS/150.0.7871.113 Mobile/15E148 Safari/604.1"
79.52.44.16 - - [13/Jul/2026:15:02:55 +0200] "GET /wp-content/plugins/elementor/assets/css/widget-heading.min.css?ver=4.1.4 HTTP/2.0" 200 127 "https://parma.elettroservicegroup.it/assistenza-lavastoviglie/" "Mozilla/5.0 (iPhone; CPU iPhone OS 26_5_1 like Mac OS X) AppleWebKit/605.1.15 (KHTML, like Gecko) CriOS/150.0.7871.113 Mobile/15E148 Safari/604.1"
79.52.44.16 - - [13/Jul/2026:15:02:55 +0200] "GET /wp-content/plugins/all-in-one-seo-pack/dist/Lite/assets/css/table-of-contents/global.e90f6d47.css?ver=4.9.10 HTTP/2.0" 200 420 "https://parma.elettroservicegroup.it/assistenza-lavastoviglie/" "Mozilla/5.0 (iPhone; CPU iPhone OS 26_5_1 like Mac OS X) AppleWebKit/605.1.15 (KHTML, like Gecko) CriOS/150.0.7871.113 Mobile/15E148 Safari/604.1"
79.52.44.16 - - [13/Jul/2026:15:02:55 +0200] "GET /wp-content/plugins/complianz-gdpr-premium/assets/css/cookieblocker.min.css?ver=1783097331 HTTP/2.0" 200 615 "https://parma.elettroservicegroup.it/assistenza-lavastoviglie/" "Mozilla/5.0 (iPhone; CPU iPhone OS 26_5_1 like Mac OS X) AppleWebKit/605.1.15 (KHTML, like Gecko) CriOS/150.0.7871.113 Mobile/15E148 Safari/604.1"
79.52.44.16 - - [13/Jul/2026:15:02:55 +0200] "GET /wp-content/plugins/header-footer-elementor/assets/css/header-footer-elementor.css?ver=2.9.1 HTTP/2.0" 200 260 "https://parma.elettroservicegroup.it/assistenza-lavastoviglie/" "Mozilla/5.0 (iPhone; CPU iPhone OS 26_5_1 like Mac OS X) AppleWebKit/605.1.15 (KHTML, like Gecko) CriOS/150.0.7871.113 Mobile/15E148 Safari/604.1"
79.52.44.16 - - [13/Jul/2026:15:02:55 +0200] "GET /wp-content/uploads/elementor/css/post-14146.css?ver=1783696393 HTTP/2.0" 200 428 "https://parma.elettroservicegroup.it/assistenza-lavastoviglie/" "Mozilla/5.0 (iPhone; CPU iPhone OS 26_5_1 like Mac OS X) AppleWebKit/605.1.15 (KHTML, like Gecko) CriOS/150.0.7871.113 Mobile/15E148 Safari/604.1"
79.52.44.16 - - [13/Jul/2026:15:02:55 +0200] "GET /wp-content/plugins/elementor/assets/lib/eicons/css/elementor-icons.min.css?ver=5.50.0 HTTP/2.0" 200 4125 "https://parma.elettroservicegroup.it/assistenza-lavastoviglie/" "Mozilla/5.0 (iPhone; CPU iPhone OS 26_5_1 like Mac OS X) AppleWebKit/605.1.15 (KHTML, like Gecko) CriOS/150.0.7871.113 Mobile/15E148 Safari/604.1"
79.52.44.16 - - [13/Jul/2026:15:02:55 +0200] "GET /wp-content/plugins/elementor/assets/lib/font-awesome/css/v4-shims.min.css?ver=4.1.4 HTTP/2.0" 200 3986 "https://parma.elettroservicegroup.it/assistenza-lavastoviglie/" "Mozilla/5.0 (iPhone; CPU iPhone OS 26_5_1 like Mac OS X) AppleWebKit/605.1.15 (KHTML, like Gecko) CriOS/150.0.7871.113 Mobile/15E148 Safari/604.1"
79.52.44.16 - - [13/Jul/2026:15:02:55 +0200] "GET /wp-content/plugins/header-footer-elementor/inc/widgets-css/frontend.css?ver=2.9.1 HTTP/2.0" 200 8711 "https://parma.elettroservicegroup.it/assistenza-lavastoviglie/" "Mozilla/5.0 (iPhone; CPU iPhone OS 26_5_1 like Mac OS X) AppleWebKit/605.1.15 (KHTML, like Gecko) CriOS/150.0.7871.113 Mobile/15E148 Safari/604.1"
79.52.44.16 - - [13/Jul/2026:15:02:55 +0200] "GET /wp-content/plugins/elementor/assets/css/widget-spacer.min.css?ver=4.1.4 HTTP/2.0" 200 287 "https://parma.elettroservicegroup.it/assistenza-lavastoviglie/" "Mozilla/5.0 (iPhone; CPU iPhone OS 26_5_1 like Mac OS X) AppleWebKit/605.1.15 (KHTML, like Gecko) CriOS/150.0.7871.113 Mobile/15E148 Safari/604.1"
79.52.44.16 - - [13/Jul/2026:15:02:55 +0200] "GET /wp-content/plugins/elementor/assets/css/widget-image.min.css?ver=4.1.4 HTTP/2.0" 200 96 "https://parma.elettroservicegroup.it/assistenza-lavastoviglie/" "Mozilla/5.0 (iPhone; CPU iPhone OS 26_5_1 like Mac OS X) AppleWebKit/605.1.15 (KHTML, like Gecko) CriOS/150.0.7871.113 Mobile/15E148 Safari/604.1"
79.52.44.16 - - [13/Jul/2026:15:02:55 +0200] "GET /wp-content/plugins/elementor/assets/lib/animations/styles/bounceIn.min.css?ver=4.1.4 HTTP/2.0" 200 186 "https://parma.elettroservicegroup.it/assistenza-lavastoviglie/" "Mozilla/5.0 (iPhone; CPU iPhone OS 26_5_1 like Mac OS X) AppleWebKit/605.1.15 (KHTML, like Gecko) CriOS/150.0.7871.113 Mobile/15E148 Safari/604.1"
79.52.44.16 - - [13/Jul/2026:15:02:55 +0200] "GET /wp-content/uploads/elementor/css/post-14366.css?ver=1783696395 HTTP/2.0" 200 302 "https://parma.elettroservicegroup.it/assistenza-lavastoviglie/" "Mozilla/5.0 (iPhone; CPU iPhone OS 26_5_1 like Mac OS X) AppleWebKit/605.1.15 (KHTML, like Gecko) CriOS/150.0.7871.113 Mobile/15E148 Safari/604.1"
79.52.44.16 - - [13/Jul/2026:15:02:55 +0200] "GET /wp-content/plugins/elementor/assets/css/frontend.min.css?ver=4.1.4 HTTP/2.0" 200 6618 "https://parma.elettroservicegroup.it/assistenza-lavastoviglie/" "Mozilla/5.0 (iPhone; CPU iPhone OS 26_5_1 like Mac OS X) AppleWebKit/605.1.15 (KHTML, like Gecko) CriOS/150.0.7871.113 Mobile/15E148 Safari/604.1"
79.52.44.16 - - [13/Jul/2026:15:02:55 +0200] "GET /wp-content/plugins/elementor/assets/lib/font-awesome/css/all.min.css?ver=4.1.4 HTTP/2.0" 200 12402 "https://parma.elettroservicegroup.it/assistenza-lavastoviglie/" "Mozilla/5.0 (iPhone; CPU iPhone OS 26_5_1 like Mac OS X) AppleWebKit/605.1.15 (KHTML, like Gecko) CriOS/150.0.7871.113 Mobile/15E148 Safari/604.1"
79.52.44.16 - - [13/Jul/2026:15:02:55 +0200] "GET /wp-content/plugins/elementor/assets/lib/animations/styles/zoomIn.min.css?ver=4.1.4 HTTP/2.0" 200 87 "https://parma.elettroservicegroup.it/assistenza-lavastoviglie/" "Mozilla/5.0 (iPhone; CPU iPhone OS 26_5_1 like Mac OS X) AppleWebKit/605.1.15 (KHTML, like Gecko) CriOS/150.0.7871.113 Mobile/15E148 Safari/604.1"
79.52.44.16 - - [13/Jul/2026:15:02:55 +0200] "GET /wp-content/plugins/elementor/assets/css/widget-icon-list.min.css?ver=3.24.3 HTTP/2.0" 200 928 "https://parma.elettroservicegroup.it/assistenza-lavastoviglie/" "Mozilla/5.0 (iPhone; CPU iPhone OS 26_5_1 like Mac OS X) AppleWebKit/605.1.15 (KHTML, like Gecko) CriOS/150.0.7871.113 Mobile/15E148 Safari/604.1"
79.52.44.16 - - [13/Jul/2026:15:02:55 +0200] "GET /wp-content/plugins/elementor/assets/css/widget-social-icons.min.css?ver=3.24.0 HTTP/2.0" 200 1039 "https://parma.elettroservicegroup.it/assistenza-lavastoviglie/" "Mozilla/5.0 (iPhone; CPU iPhone OS 26_5_1 like Mac OS X) AppleWebKit/605.1.15 (KHTML, like Gecko) CriOS/150.0.7871.113 Mobile/15E148 Safari/604.1"
79.52.44.16 - - [13/Jul/2026:15:02:55 +0200] "GET /wp-content/plugins/elementor/assets/lib/font-awesome/css/brands.css?ver=5.15.3 HTTP/2.0" 200 298 "https://parma.elettroservicegroup.it/assistenza-lavastoviglie/" "Mozilla/5.0 (iPhone; CPU iPhone OS 26_5_1 like Mac OS X) AppleWebKit/605.1.15 (KHTML, like Gecko) CriOS/150.0.7871.113 Mobile/15E148 Safari/604.1"
79.52.44.16 - - [13/Jul/2026:15:02:55 +0200] "GET /wp-content/plugins/elementor/assets/lib/font-awesome/css/solid.css?ver=5.15.3 HTTP/2.0" 200 299 "https://parma.elettroservicegroup.it/assistenza-lavastoviglie/" "Mozilla/5.0 (iPhone; CPU iPhone OS 26_5_1 like Mac OS X) AppleWebKit/605.1.15 (KHTML, like Gecko) CriOS/150.0.7871.113 Mobile/15E148 Safari/604.1"
79.52.44.16 - - [13/Jul/2026:15:02:55 +0200] "GET /wp-content/uploads/elementor/css/post-15286.css?ver=1783761478 HTTP/2.0" 200 1977 "https://parma.elettroservicegroup.it/assistenza-lavastoviglie/" "Mozilla/5.0 (iPhone; CPU iPhone OS 26_5_1 like Mac OS X) AppleWebKit/605.1.15 (KHTML, like Gecko) CriOS/150.0.7871.113 Mobile/15E148 Safari/604.1"
79.52.44.16 - - [13/Jul/2026:15:02:55 +0200] "GET /wp-content/themes/generatepress/assets/css/main.min.css?ver=3.6.1 HTTP/2.0" 200 4410 "https://parma.elettroservicegroup.it/assistenza-lavastoviglie/" "Mozilla/5.0 (iPhone; CPU iPhone OS 26_5_1 like Mac OS X) AppleWebKit/605.1.15 (KHTML, like Gecko) CriOS/150.0.7871.113 Mobile/15E148 Safari/604.1"
79.52.44.16 - - [13/Jul/2026:15:02:55 +0200] "GET /wp-content/plugins/elementor/assets/lib/eicons/css/elementor-icons.min.css?ver=5.34.0 HTTP/2.0" 200 4125 "https://parma.elettroservicegroup.it/assistenza-lavastoviglie/" "Mozilla/5.0 (iPhone; CPU iPhone OS 26_5_1 like Mac OS X) AppleWebKit/605.1.15 (KHTML, like Gecko) CriOS/150.0.7871.113 Mobile/15E148 Safari/604.1"
79.52.44.16 - - [13/Jul/2026:15:02:55 +0200] "GET /wp-content/plugins/gp-premium/menu-plus/functions/css/navigation-branding-flex.min.css?ver=2.5.5 HTTP/2.0" 200 542 "https://parma.elettroservicegroup.it/assistenza-lavastoviglie/" "Mozilla/5.0 (iPhone; CPU iPhone OS 26_5_1 like Mac OS X) AppleWebKit/605.1.15 (KHTML, like Gecko) CriOS/150.0.7871.113 Mobile/15E148 Safari/604.1"
79.52.44.16 - - [13/Jul/2026:15:02:55 +0200] "GET /wp-content/plugins/elementor/assets/lib/font-awesome/css/solid.min.css?ver=5.15.3 HTTP/2.0" 200 286 "https://parma.elettroservicegroup.it/assistenza-lavastoviglie/" "Mozilla/5.0 (iPhone; CPU iPhone OS 26_5_1 like Mac OS X) AppleWebKit/605.1.15 (KHTML, like Gecko) CriOS/150.0.7871.113 Mobile/15E148 Safari/604.1"
79.52.44.16 - - [13/Jul/2026:15:02:55 +0200] "GET /wp-content/plugins/elementor/assets/lib/font-awesome/css/regular.min.css?ver=5.15.3 HTTP/2.0" 200 282 "https://parma.elettroservicegroup.it/assistenza-lavastoviglie/" "Mozilla/5.0 (iPhone; CPU iPhone OS 26_5_1 like Mac OS X) AppleWebKit/605.1.15 (KHTML, like Gecko) CriOS/150.0.7871.113 Mobile/15E148 Safari/604.1"
79.52.44.16 - - [13/Jul/2026:15:02:55 +0200] "GET /wp-content/uploads/elementor/google-fonts/css/robotoslab.css?ver=1742280362 HTTP/2.0" 200 715 "https://parma.elettroservicegroup.it/assistenza-lavastoviglie/" "Mozilla/5.0 (iPhone; CPU iPhone OS 26_5_1 like Mac OS X) AppleWebKit/605.1.15 (KHTML, like Gecko) CriOS/150.0.7871.113 Mobile/15E148 Safari/604.1"
79.52.44.16 - - [13/Jul/2026:15:02:55 +0200] "GET /wp-content/uploads/2021/10/cropped-cropped-cropped-logo_white_background.png HTTP/2.0" 200 38971 "https://parma.elettroservicegroup.it/assistenza-lavastoviglie/" "Mozilla/5.0 (iPhone; CPU iPhone OS 26_5_1 like Mac OS X) AppleWebKit/605.1.15 (KHTML, like Gecko) CriOS/150.0.7871.113 Mobile/15E148 Safari/604.1"
79.52.44.16 - - [13/Jul/2026:15:02:55 +0200] "GET /wp-includes/js/jquery/jquery-migrate.min.js?ver=3.4.1 HTTP/2.0" 200 4685 "https://parma.elettroservicegroup.it/assistenza-lavastoviglie/" "Mozilla/5.0 (iPhone; CPU iPhone OS 26_5_1 like Mac OS X) AppleWebKit/605.1.15 (KHTML, like Gecko) CriOS/150.0.7871.113 Mobile/15E148 Safari/604.1"
79.52.44.16 - - [13/Jul/2026:15:02:55 +0200] "GET /wp-content/plugins/burst-statistics/assets/js/timeme/timeme.min.js?ver=1783097275 HTTP/2.0" 200 1835 "https://parma.elettroservicegroup.it/assistenza-lavastoviglie/" "Mozilla/5.0 (iPhone; CPU iPhone OS 26_5_1 like Mac OS X) AppleWebKit/605.1.15 (KHTML, like Gecko) CriOS/150.0.7871.113 Mobile/15E148 Safari/604.1"
79.52.44.16 - - [13/Jul/2026:15:02:55 +0200] "GET /wp-content/plugins/elementor/assets/lib/font-awesome/css/fontawesome.css?ver=5.15.3 HTTP/2.0" 200 12535 "https://parma.elettroservicegroup.it/assistenza-lavastoviglie/" "Mozilla/5.0 (iPhone; CPU iPhone OS 26_5_1 like Mac OS X) AppleWebKit/605.1.15 (KHTML, like Gecko) CriOS/150.0.7871.113 Mobile/15E148 Safari/604.1"
79.52.44.16 - - [13/Jul/2026:15:02:55 +0200] "GET /wp-content/uploads/elementor/google-fonts/css/roboto.css?ver=1742280360 HTTP/2.0" 200 1880 "https://parma.elettroservicegroup.it/assistenza-lavastoviglie/" "Mozilla/5.0 (iPhone; CPU iPhone OS 26_5_1 like Mac OS X) AppleWebKit/605.1.15 (KHTML, like Gecko) CriOS/150.0.7871.113 Mobile/15E148 Safari/604.1"
79.52.44.16 - - [13/Jul/2026:15:02:55 +0200] "GET /wp-content/plugins/elementor/assets/lib/font-awesome/css/fontawesome.min.css?ver=5.15.3 HTTP/2.0" 200 12179 "https://parma.elettroservicegroup.it/assistenza-lavastoviglie/" "Mozilla/5.0 (iPhone; CPU iPhone OS 26_5_1 like Mac OS X) AppleWebKit/605.1.15 (KHTML, like Gecko) CriOS/150.0.7871.113 Mobile/15E148 Safari/604.1"
79.52.44.16 - - [13/Jul/2026:15:02:55 +0200] "GET /wp-content/plugins/elementor/assets/lib/font-awesome/js/v4-shims.min.js?ver=4.1.4 HTTP/2.0" 200 4043 "https://parma.elettroservicegroup.it/assistenza-lavastoviglie/" "Mozilla/5.0 (iPhone; CPU iPhone OS 26_5_1 like Mac OS X) AppleWebKit/605.1.15 (KHTML, like Gecko) CriOS/150.0.7871.113 Mobile/15E148 Safari/604.1"
79.52.44.16 - - [13/Jul/2026:15:02:55 +0200] "GET /wp-content/plugins/gp-premium/menu-plus/functions/js/sticky.min.js?ver=2.5.5 HTTP/2.0" 200 2670 "https://parma.elettroservicegroup.it/assistenza-lavastoviglie/" "Mozilla/5.0 (iPhone; CPU iPhone OS 26_5_1 like Mac OS X) AppleWebKit/605.1.15 (KHTML, like Gecko) CriOS/150.0.7871.113 Mobile/15E148 Safari/604.1"
79.52.44.16 - - [13/Jul/2026:15:02:55 +0200] "GET /wp-content/plugins/elementor/assets/js/webpack.runtime.min.js?ver=4.1.4 HTTP/2.0" 200 2340 "https://parma.elettroservicegroup.it/assistenza-lavastoviglie/" "Mozilla/5.0 (iPhone; CPU iPhone OS 26_5_1 like Mac OS X) AppleWebKit/605.1.15 (KHTML, like Gecko) CriOS/150.0.7871.113 Mobile/15E148 Safari/604.1"
79.52.44.16 - - [13/Jul/2026:15:02:55 +0200] "GET /wp-content/plugins/elementor/assets/js/frontend-modules.min.js?ver=4.1.4 HTTP/2.0" 200 15454 "https://parma.elettroservicegroup.it/assistenza-lavastoviglie/" "Mozilla/5.0 (iPhone; CPU iPhone OS 26_5_1 like Mac OS X) AppleWebKit/605.1.15 (KHTML, like Gecko) CriOS/150.0.7871.113 Mobile/15E148 Safari/604.1"
79.52.44.16 - - [13/Jul/2026:15:02:55 +0200] "GET /wp-includes/js/jquery/ui/core.min.js?ver=1.13.3 HTTP/2.0" 200 6820 "https://parma.elettroservicegroup.it/assistenza-lavastoviglie/" "Mozilla/5.0 (iPhone; CPU iPhone OS 26_5_1 like Mac OS X) AppleWebKit/605.1.15 (KHTML, like Gecko) CriOS/150.0.7871.113 Mobile/15E148 Safari/604.1"
79.52.44.16 - - [13/Jul/2026:15:02:55 +0200] "GET /wp-content/plugins/elementor/assets/js/frontend.min.js?ver=4.1.4 HTTP/2.0" 200 10140 "https://parma.elettroservicegroup.it/assistenza-lavastoviglie/" "Mozilla/5.0 (iPhone; CPU iPhone OS 26_5_1 like Mac OS X) AppleWebKit/605.1.15 (KHTML, like Gecko) CriOS/150.0.7871.113 Mobile/15E148 Safari/604.1"
79.52.44.16 - - [13/Jul/2026:15:02:55 +0200] "GET /wp-content/themes/generatepress/assets/js/menu.min.js?ver=3.6.1 HTTP/2.0" 200 1688 "https://parma.elettroservicegroup.it/assistenza-lavastoviglie/" "Mozilla/5.0 (iPhone; CPU iPhone OS 26_5_1 like Mac OS X) AppleWebKit/605.1.15 (KHTML, like Gecko) CriOS/150.0.7871.113 Mobile/15E148 Safari/604.1"
79.52.44.16 - - [13/Jul/2026:15:02:55 +0200] "GET /wp-content/themes/generatepress/assets/js/back-to-top.min.js?ver=3.6.1 HTTP/2.0" 200 336 "https://parma.elettroservicegroup.it/assistenza-lavastoviglie/" "Mozilla/5.0 (iPhone; CPU iPhone OS 26_5_1 like Mac OS X) AppleWebKit/605.1.15 (KHTML, like Gecko) CriOS/150.0.7871.113 Mobile/15E148 Safari/604.1"
79.52.44.16 - - [13/Jul/2026:15:02:55 +0200] "GET /wp-content/plugins/complianz-gdpr-premium/cookiebanner/js/complianz.min.js?ver=1783097331 HTTP/2.0" 200 10762 "https://parma.elettroservicegroup.it/assistenza-lavastoviglie/" "Mozilla/5.0 (iPhone; CPU iPhone OS 26_5_1 like Mac OS X) AppleWebKit/605.1.15 (KHTML, like Gecko) CriOS/150.0.7871.113 Mobile/15E148 Safari/604.1"
79.52.44.16 - - [13/Jul/2026:15:02:55 +0200] "GET /wp-includes/js/jquery/jquery.min.js?ver=3.7.1 HTTP/2.0" 200 29769 "https://parma.elettroservicegroup.it/assistenza-lavastoviglie/" "Mozilla/5.0 (iPhone; CPU iPhone OS 26_5_1 like Mac OS X) AppleWebKit/605.1.15 (KHTML, like Gecko) CriOS/150.0.7871.113 Mobile/15E148 Safari/604.1"
79.52.44.16 - - [13/Jul/2026:15:02:55 +0200] "GET /wp-content/uploads/burst/js/burst.min.js?ver=1783936361 HTTP/2.0" 200 3411 "https://parma.elettroservicegroup.it/assistenza-lavastoviglie/" "Mozilla/5.0 (iPhone; CPU iPhone OS 26_5_1 like Mac OS X) AppleWebKit/605.1.15 (KHTML, like Gecko) CriOS/150.0.7871.113 Mobile/15E148 Safari/604.1"
79.52.44.16 - - [13/Jul/2026:15:02:55 +0200] "GET /wp-content/uploads/2021/10/cropped-logo_white_background.png HTTP/2.0" 200 16623 "https://parma.elettroservicegroup.it/assistenza-lavastoviglie/" "Mozilla/5.0 (iPhone; CPU iPhone OS 26_5_1 like Mac OS X) AppleWebKit/605.1.15 (KHTML, like Gecko) CriOS/150.0.7871.113 Mobile/15E148 Safari/604.1"
79.52.44.16 - - [13/Jul/2026:15:02:55 +0200] "GET /wp-content/plugins/elementor/assets/lib/font-awesome/webfonts/fa-regular-400.woff2 HTTP/2.0" 200 13277 "https://parma.elettroservicegroup.it/assistenza-lavastoviglie/" "Mozilla/5.0 (iPhone; CPU iPhone OS 26_5_1 like Mac OS X) AppleWebKit/605.1.15 (KHTML, like Gecko) CriOS/150.0.7871.113 Mobile/15E148 Safari/604.1"
79.52.44.16 - - [13/Jul/2026:15:02:55 +0200] "GET /wp-content/plugins/elementor/assets/lib/font-awesome/webfonts/fa-solid-900.woff2 HTTP/2.0" 200 78201 "https://parma.elettroservicegroup.it/assistenza-lavastoviglie/" "Mozilla/5.0 (iPhone; CPU iPhone OS 26_5_1 like Mac OS X) AppleWebKit/605.1.15 (KHTML, like Gecko) CriOS/150.0.7871.113 Mobile/15E148 Safari/604.1"
79.52.44.16 - - [13/Jul/2026:15:02:55 +0200] "GET /wp-content/uploads/elementor/google-fonts/fonts/roboto-kfo7cnqeu92fr1me7ksn66agldtyluama3yuba.woff2 HTTP/2.0" 200 40132 "https://parma.elettroservicegroup.it/assistenza-lavastoviglie/" "Mozilla/5.0 (iPhone; CPU iPhone OS 26_5_1 like Mac OS X) AppleWebKit/605.1.15 (KHTML, like Gecko) CriOS/150.0.7871.113 Mobile/15E148 Safari/604.1"
79.52.44.16 - - [13/Jul/2026:15:02:55 +0200] "GET /wp-content/uploads/2022/01/copertina-Riparazione_Lavastoviglie-1-4.jpg HTTP/2.0" 200 35425 "https://parma.elettroservicegroup.it/assistenza-lavastoviglie/" "Mozilla/5.0 (iPhone; CPU iPhone OS 26_5_1 like Mac OS X) AppleWebKit/605.1.15 (KHTML, like Gecko) CriOS/150.0.7871.113 Mobile/15E148 Safari/604.1"
79.52.44.16 - - [13/Jul/2026:15:02:55 +0200] "GET /wp-content/plugins/elementor/assets/js/section-frontend-handlers.d85ab872da118940910d.bundle.min.js HTTP/2.0" 200 230 "https://parma.elettroservicegroup.it/assistenza-lavastoviglie/" "Mozilla/5.0 (iPhone; CPU iPhone OS 26_5_1 like Mac OS X) AppleWebKit/605.1.15 (KHTML, like Gecko) CriOS/150.0.7871.113 Mobile/15E148 Safari/604.1"
79.52.44.16 - - [13/Jul/2026:15:02:55 +0200] "GET /wp-content/plugins/elementor/assets/js/shared-frontend-handlers.03caa53373b56d3bab67.bundle.min.js HTTP/2.0" 200 2515 "https://parma.elettroservicegroup.it/assistenza-lavastoviglie/" "Mozilla/5.0 (iPhone; CPU iPhone OS 26_5_1 like Mac OS X) AppleWebKit/605.1.15 (KHTML, like Gecko) CriOS/150.0.7871.113 Mobile/15E148 Safari/604.1"
79.52.44.16 - - [13/Jul/2026:15:02:55 +0200] "GET /wp-content/plugins/elementor/assets/js/text-editor.45609661e409413f1cef.bundle.min.js HTTP/2.0" 200 592 "https://parma.elettroservicegroup.it/assistenza-lavastoviglie/" "Mozilla/5.0 (iPhone; CPU iPhone OS 26_5_1 like Mac OS X) AppleWebKit/605.1.15 (KHTML, like Gecko) CriOS/150.0.7871.113 Mobile/15E148 Safari/604.1"
79.52.44.16 - - [13/Jul/2026:15:02:55 +0200] "GET /wp-content/uploads/2021/10/cropped-cropped-cropped-cropped-logo_white_background-180x180.png HTTP/2.0" 200 21353 "-" "Mozilla/5.0 (iPhone; CPU iPhone OS 26_5_1 like Mac OS X) AppleWebKit/605.1.15 (KHTML, like Gecko) CriOS/150.0.7871.113 Mobile/15E148 Safari/604.1"
79.52.44.16 - - [13/Jul/2026:15:02:55 +0200] "GET /wp-content/uploads/2021/10/cropped-cropped-cropped-cropped-logo_white_background-192x192.png HTTP/2.0" 200 19089 "-" "Mozilla/5.0 (iPhone; CPU iPhone OS 26_5_1 like Mac OS X) AppleWebKit/605.1.15 (KHTML, like Gecko) CriOS/150.0.7871.113 Mobile/15E148 Safari/604.1"
79.52.44.16 - - [13/Jul/2026:15:02:55 +0200] "POST /wp-content/plugins/burst-statistics/endpoint.php HTTP/2.0" 200 1 "https://parma.elettroservicegroup.it/assistenza-lavastoviglie/" "Mozilla/5.0 (iPhone; CPU iPhone OS 26_5_1 like Mac OS X) AppleWebKit/605.1.15 (KHTML, like Gecko) CriOS/150.0.7871.113 Mobile/15E148 Safari/604.1"
79.52.44.16 - - [13/Jul/2026:15:02:57 +0200] "GET /wp-content/uploads/2021/11/804_lavastoviglie.jpg HTTP/2.0" 200 111183 "https://parma.elettroservicegroup.it/assistenza-lavastoviglie/" "Mozilla/5.0 (iPhone; CPU iPhone OS 26_5_1 like Mac OS X) AppleWebKit/605.1.15 (KHTML, like Gecko) CriOS/150.0.7871.113 Mobile/15E148 Safari/604.1"
66.249.64.69 - - [13/Jul/2026:15:02:56 +0200] "GET /assistenza-lavastoviglie/ HTTP/1.1" 200 20615 "-" "Mozilla/5.0 (compatible; Googlebot/2.1; +http://www.google.com/bot.html)"
79.52.44.16 - - [13/Jul/2026:15:02:55 +0200] "GET /wp-json/complianz/v1/banner?lang=it&locale=it_IT&token=iryuf HTTP/2.0" 200 81 "https://parma.elettroservicegroup.it/assistenza-lavastoviglie/" "Mozilla/5.0 (iPhone; CPU iPhone OS 26_5_1 like Mac OS X) AppleWebKit/605.1.15 (KHTML, like Gecko) CriOS/150.0.7871.113 Mobile/15E148 Safari/604.1"
79.52.44.16 - - [13/Jul/2026:15:02:58 +0200] "GET /wp-content/uploads/complianz/css/banner-1-optin.css?v=46 HTTP/2.0" 200 2857 "https://parma.elettroservicegroup.it/assistenza-lavastoviglie/" "Mozilla/5.0 (iPhone; CPU iPhone OS 26_5_1 like Mac OS X) AppleWebKit/605.1.15 (KHTML, like Gecko) CriOS/150.0.7871.113 Mobile/15E148 Safari/604.1"
66.249.64.69 - - [13/Jul/2026:15:02:56 +0200] "GET /assistenza-lavastoviglie/ HTTP/1.1" 200 20750 "-" "Mozilla/5.0 (Linux; Android 6.0.1; Nexus 5X Build/MMB29P) AppleWebKit/537.36 (KHTML, like Gecko) Chrome/99.0.4844.84 Mobile Safari/537.36 (compatible; Googlebot/2.1; +http://www.google.com/bot.html)"
79.52.44.16 - - [13/Jul/2026:15:02:58 +0200] "GET /wp-json/complianz/v1/cookie_data HTTP/2.0" 200 81 "https://parma.elettroservicegroup.it/assistenza-lavastoviglie/" "Mozilla/5.0 (iPhone; CPU iPhone OS 26_5_1 like Mac OS X) AppleWebKit/605.1.15 (KHTML, like Gecko) CriOS/150.0.7871.113 Mobile/15E148 Safari/604.1"
65.108.235.243 - - [13/Jul/2026:15:02:59 +0200] "POST /wp-json/complianz/v1/wsc-scan HTTP/1.1" 400 88 "-" "WordPress/7.0.1; https://parma.elettroservicegroup.it"
66.249.64.70 - - [13/Jul/2026:15:03:01 +0200] "GET /wp-content/uploads/elementor/css/post-15286.css?ver=1783296000 HTTP/1.1" 200 1977 "https://parma.elettroservicegroup.it/assistenza-lavastoviglie/" "Mozilla/5.0 AppleWebKit/537.36 (KHTML, like Gecko; compatible; Googlebot/2.1; +http://www.google.com/bot.html) Chrome/150.0.7871.46 Safari/537.36"
66.249.64.70 - - [13/Jul/2026:15:03:01 +0200] "GET /wp-content/cache/wpfc-minified/eqzpooq2/w4u5.css HTTP/1.1" 200 4410 "https://parma.elettroservicegroup.it/assistenza-lavastoviglie/" "Mozilla/5.0 AppleWebKit/537.36 (KHTML, like Gecko; compatible; Googlebot/2.1; +http://www.google.com/bot.html) Chrome/150.0.7871.46 Safari/537.36"
66.249.64.70 - - [13/Jul/2026:15:03:02 +0200] "GET /wp-content/cache/wpfc-minified/f4mpgdct/w4u5.css HTTP/1.1" 200 7521 "https://parma.elettroservicegroup.it/assistenza-lavastoviglie/" "Mozilla/5.0 AppleWebKit/537.36 (KHTML, like Gecko; compatible; Googlebot/2.1; +http://www.google.com/bot.html) Chrome/150.0.7871.46 Safari/537.36"
66.249.64.69 - - [13/Jul/2026:15:03:02 +0200] "GET /wp-content/cache/wpfc-minified/bwue548/w4u5.css HTTP/1.1" 200 19037 "https://parma.elettroservicegroup.it/assistenza-lavastoviglie/" "Mozilla/5.0 AppleWebKit/537.36 (KHTML, like Gecko; compatible; Googlebot/2.1; +http://www.google.com/bot.html) Chrome/150.0.7871.46 Safari/537.36"
66.249.64.70 - - [13/Jul/2026:15:03:02 +0200] "GET /wp-content/cache/wpfc-minified/9aoba38s/w4u5.css HTTP/1.1" 200 418 "https://parma.elettroservicegroup.it/assistenza-lavastoviglie/" "Mozilla/5.0 AppleWebKit/537.36 (KHTML, like Gecko; compatible; Googlebot/2.1; +http://www.google.com/bot.html) Chrome/150.0.7871.46 Safari/537.36"
66.249.64.70 - - [13/Jul/2026:15:03:02 +0200] "GET /wp-content/cache/wpfc-minified/6x0aa0gs/w4u5.js HTTP/1.1" 200 42443 "https://parma.elettroservicegroup.it/assistenza-lavastoviglie/" "Mozilla/5.0 AppleWebKit/537.36 (KHTML, like Gecko; compatible; Googlebot/2.1; +http://www.google.com/bot.html) Chrome/150.0.7871.46 Safari/537.36"
66.249.64.69 - - [13/Jul/2026:15:03:03 +0200] "GET /wp-content/cache/wpfc-minified/dvg77qlx/40qn0.css HTTP/1.1" 200 16435 "https://parma.elettroservicegroup.it/assistenza-lavastoviglie/" "Mozilla/5.0 AppleWebKit/537.36 (KHTML, like Gecko; compatible; Googlebot/2.1; +http://www.google.com/bot.html) Chrome/150.0.7871.46 Safari/537.36"
79.52.44.16 - - [13/Jul/2026:15:03:00 +0200] "POST /wp-json/complianz/v1/track HTTP/2.0" 200 20 "https://parma.elettroservicegroup.it/assistenza-lavastoviglie/" "Mozilla/5.0 (iPhone; CPU iPhone OS 26_5_1 like Mac OS X) AppleWebKit/605.1.15 (KHTML, like Gecko) CriOS/150.0.7871.113 Mobile/15E148 Safari/604.1"
66.249.64.69 - - [13/Jul/2026:15:03:03 +0200] "GET /wp-content/cache/wpfc-minified/fpvwzn7j/w4u5.css HTTP/1.1" 200 14485 "https://parma.elettroservicegroup.it/assistenza-lavastoviglie/" "Mozilla/5.0 AppleWebKit/537.36 (KHTML, like Gecko; compatible; Googlebot/2.1; +http://www.google.com/bot.html) Chrome/150.0.7871.46 Safari/537.36"
66.249.64.69 - - [13/Jul/2026:15:03:03 +0200] "GET /wp-content/cache/wpfc-minified/mbb024jo/w4u5.css HTTP/1.1" 200 11341 "https://parma.elettroservicegroup.it/assistenza-lavastoviglie/" "Mozilla/5.0 AppleWebKit/537.36 (KHTML, like Gecko; compatible; Googlebot/2.1; +http://www.google.com/bot.html) Chrome/150.0.7871.46 Safari/537.36"
66.249.64.69 - - [13/Jul/2026:15:03:04 +0200] "GET /wp-content/uploads/elementor/css/post-15286.css?ver=1783296000 HTTP/1.1" 200 1977 "https://parma.elettroservicegroup.it/assistenza-lavastoviglie/" "Mozilla/5.0 (Linux; Android 6.0.1; Nexus 5X Build/MMB29P) AppleWebKit/537.36 (KHTML, like Gecko) Chrome/150.0.7871.46 Mobile Safari/537.36 (compatible; Googlebot/2.1; +http://www.google.com/bot.html)"
79.52.44.16 - - [13/Jul/2026:15:03:11 +0200] "POST /wp-content/plugins/burst-statistics/endpoint.php HTTP/2.0" 200 1 "https://parma.elettroservicegroup.it/assistenza-lavastoviglie/" "Mozilla/5.0 (iPhone; CPU iPhone OS 26_5_1 like Mac OS X) AppleWebKit/605.1.15 (KHTML, like Gecko) CriOS/150.0.7871.113 Mobile/15E148 Safari/604.1"
47.128.23.36 - - [13/Jul/2026:15:08:45 +0200] "GET /robots.txt HTTP/1.1" 200 11914 "-" "Mozilla/5.0 (Linux; Android 5.0) AppleWebKit/537.36 (KHTML, like Gecko) Mobile Safari/537.36 (compatible; Bytespider; spider-feedback@bytedance.com)"
72.14.201.21 - - [13/Jul/2026:15:11:44 +0200] "GET /assistenza-whirlpool-parma/?gad_source=1&gad_campaignid=23795906066&gbraid=0AAAABDgs-LSC7VNdTwbU-dvz85SomFoR2&gclid=CjwKCAjwmdLSBhANEiwAkREMN6hdrsRSljrBcLD_iC5TsFqfQNxoeu0zSFUmUQtBrjLZIi0shjQUUhoCuC8QAvD_BwE HTTP/2.0" 200 - "https://www.google.com/" "Mozilla/5.0 (Windows NT 10.0; Win64; x64) AppleWebKit/537.36 (KHTML, like Gecko) Chrome/149.0.0.0 Safari/537.36"
65.108.235.243 - - [13/Jul/2026:15:11:58 +0200] "POST /wp-cron.php?doing_wp_cron=1783948318.1669418811798095703125 HTTP/1.1" 200 1 "-" "WordPress/7.0.1; https://parma.elettroservicegroup.it"
142.250.32.101 - - [13/Jul/2026:15:11:44 +0200] "GET /.well-known/traffic-advice HTTP/1.1" 404 17004 "-" "Chrome Privacy Preserving Prefetch Proxy"
65.108.235.243 - - [13/Jul/2026:15:12:49 +0200] "POST /wp-cron.php?doing_wp_cron=1783948369.5689558982849121093750 HTTP/1.1" 200 1 "-" "WordPress/7.0.1; https://parma.elettroservicegroup.it"
79.52.44.16 - - [13/Jul/2026:15:12:35 +0200] "GET / HTTP/2.0" 200 22536 "https://www.google.com/" "Mozilla/5.0 (iPhone; CPU iPhone OS 26_5_1 like Mac OS X) AppleWebKit/605.1.15 (KHTML, like Gecko) CriOS/150.0.7871.113 Mobile/15E148 Safari/604.1"
79.52.44.16 - - [13/Jul/2026:15:12:50 +0200] "GET /wp-content/uploads/elementor/css/post-14227.css?ver=1783696395 HTTP/2.0" 200 2305 "https://parma.elettroservicegroup.it/" "Mozilla/5.0 (iPhone; CPU iPhone OS 26_5_1 like Mac OS X) AppleWebKit/605.1.15 (KHTML, like Gecko) CriOS/150.0.7871.113 Mobile/15E148 Safari/604.1"
79.52.44.16 - - [13/Jul/2026:15:12:50 +0200] "GET /wp-content/uploads/2021/10/TECNICO-ELETTRODOMESTICI.jpg HTTP/2.0" 200 24210 "https://parma.elettroservicegroup.it/" "Mozilla/5.0 (iPhone; CPU iPhone OS 26_5_1 like Mac OS X) AppleWebKit/605.1.15 (KHTML, like Gecko) CriOS/150.0.7871.113 Mobile/15E148 Safari/604.1"
79.52.44.16 - - [13/Jul/2026:15:12:50 +0200] "GET /wp-content/uploads/2021/11/asko-e1634463631713.jpg HTTP/2.0" 200 110182 "https://parma.elettroservicegroup.it/" "Mozilla/5.0 (iPhone; CPU iPhone OS 26_5_1 like Mac OS X) AppleWebKit/605.1.15 (KHTML, like Gecko) CriOS/150.0.7871.113 Mobile/15E148 Safari/604.1"
79.52.44.16 - - [13/Jul/2026:15:12:50 +0200] "POST /wp-content/plugins/burst-statistics/endpoint.php HTTP/2.0" 200 1 "https://parma.elettroservicegroup.it/" "Mozilla/5.0 (iPhone; CPU iPhone OS 26_5_1 like Mac OS X) AppleWebKit/605.1.15 (KHTML, like Gecko) CriOS/150.0.7871.113 Mobile/15E148 Safari/604.1"
79.52.44.16 - - [13/Jul/2026:15:12:51 +0200] "GET /wp-content/uploads/2021/11/copertina-washing-machine-2668472_1920-1536x1024.jpg HTTP/2.0" 200 204103 "https://parma.elettroservicegroup.it/" "Mozilla/5.0 (iPhone; CPU iPhone OS 26_5_1 like Mac OS X) AppleWebKit/605.1.15 (KHTML, like Gecko) CriOS/150.0.7871.113 Mobile/15E148 Safari/604.1"
79.52.44.16 - - [13/Jul/2026:15:12:56 +0200] "GET /wp-content/uploads/2021/10/copertina-Riparazione_Lavastoviglie-.jpg HTTP/2.0" 200 35425 "https://parma.elettroservicegroup.it/" "Mozilla/5.0 (iPhone; CPU iPhone OS 26_5_1 like Mac OS X) AppleWebKit/605.1.15 (KHTML, like Gecko) CriOS/150.0.7871.113 Mobile/15E148 Safari/604.1"
79.52.44.16 - - [13/Jul/2026:15:12:57 +0200] "GET /wp-content/uploads/2021/11/Frigorifero-combinato-e1634459015932.jpg HTTP/2.0" 200 84397 "https://parma.elettroservicegroup.it/" "Mozilla/5.0 (iPhone; CPU iPhone OS 26_5_1 like Mac OS X) AppleWebKit/605.1.15 (KHTML, like Gecko) CriOS/150.0.7871.113 Mobile/15E148 Safari/604.1"
79.52.44.16 - - [13/Jul/2026:15:12:57 +0200] "GET /wp-content/uploads/2021/11/forno-c.jpg HTTP/2.0" 200 109229 "https://parma.elettroservicegroup.it/" "Mozilla/5.0 (iPhone; CPU iPhone OS 26_5_1 like Mac OS X) AppleWebKit/605.1.15 (KHTML, like Gecko) CriOS/150.0.7871.113 Mobile/15E148 Safari/604.1"
79.52.44.16 - - [13/Jul/2026:15:12:57 +0200] "GET /wp-content/uploads/2021/11/condizionatore-bonus.jpg HTTP/2.0" 200 438763 "https://parma.elettroservicegroup.it/" "Mozilla/5.0 (iPhone; CPU iPhone OS 26_5_1 like Mac OS X) AppleWebKit/605.1.15 (KHTML, like Gecko) CriOS/150.0.7871.113 Mobile/15E148 Safari/604.1"
79.52.44.16 - - [13/Jul/2026:15:12:58 +0200] "GET /wp-content/uploads/2022/01/TECNIC-LAVATRICE-5.jpg HTTP/2.0" 200 66105 "https://parma.elettroservicegroup.it/" "Mozilla/5.0 (iPhone; CPU iPhone OS 26_5_1 like Mac OS X) AppleWebKit/605.1.15 (KHTML, like Gecko) CriOS/150.0.7871.113 Mobile/15E148 Safari/604.1"
79.52.44.16 - - [13/Jul/2026:15:12:58 +0200] "POST /wp-content/plugins/burst-statistics/endpoint.php HTTP/2.0" 200 1 "https://parma.elettroservicegroup.it/" "Mozilla/5.0 (iPhone; CPU iPhone OS 26_5_1 like Mac OS X) AppleWebKit/605.1.15 (KHTML, like Gecko) CriOS/150.0.7871.113 Mobile/15E148 Safari/604.1"
65.108.235.243 - - [13/Jul/2026:15:18:34 +0200] "POST /wp-cron.php?doing_wp_cron=1783948713.9730780124664306640625 HTTP/1.1" 200 1 "-" "WordPress/7.0.1; https://parma.elettroservicegroup.it"
162.120.187.143 - - [13/Jul/2026:15:18:22 +0200] "GET /?gad_source=1&gad_campaignid=23795906066&gbraid=0AAAABDgs-LRnZ6CShkC99VHNEABdSl8mi&gclid=CjwKCAjwmdLSBhANEiwAkREMNwXuBWPmp19cDcz7DR9Rd2cZB6yeRmOnp6-W9feOHN8EO30r8dBnKhoC_m0QAvD_BwE HTTP/2.0" 200 - "https://www.google.com/" "Mozilla/5.0 (Linux; Android 10; K) AppleWebKit/537.36 (KHTML, like Gecko) Chrome/150.0.0.0 Mobile Safari/537.36"
65.108.235.243 - - [13/Jul/2026:15:25:07 +0200] "POST /wp-cron.php?doing_wp_cron=1783949107.4660499095916748046875 HTTP/1.1" 200 1 "-" "WordPress/7.0.1; https://parma.elettroservicegroup.it"
162.120.188.141 - - [13/Jul/2026:15:24:58 +0200] "GET / HTTP/2.0" 200 - "https://www.google.com/" "Mozilla/5.0 (Linux; Android 10; K) AppleWebKit/537.36 (KHTML, like Gecko) Chrome/150.0.0.0 Mobile Safari/537.36"
65.108.235.243 - - [13/Jul/2026:15:33:13 +0200] "POST /wp-cron.php?doing_wp_cron=1783949593.5614769458770751953125 HTTP/1.1" 200 1 "-" "WordPress/7.0.1; https://parma.elettroservicegroup.it"
52.167.144.231 - - [13/Jul/2026:15:33:03 +0200] "GET /sitemap.rss HTTP/2.0" 200 1349 "-" "Mozilla/5.0 AppleWebKit/537.36 (KHTML, like Gecko; compatible; bingbot/2.0; +http://www.bing.com/bingbot.htm) Chrome/116.0.1938.76 Safari/537.36"
86.62.2.25 - - [13/Jul/2026:15:37:14 +0200] "POST /wp-trackback.php?page_id=15287/15287 HTTP/1.1" 200 11945 "-" "Mozilla/5.0 (X11; Linux x86_64) AppleWebKit/537.36 (KHTML, like Gecko) Chrome/143.0.0.0 Safari/537.36"
65.108.235.243 - - [13/Jul/2026:15:39:22 +0200] "POST /wp-cron.php?doing_wp_cron=1783949962.2676670551300048828125 HTTP/1.1" 200 1 "-" "WordPress/7.0.1; https://parma.elettroservicegroup.it"
157.22.102.91 - - [13/Jul/2026:15:39:12 +0200] "POST /wp-trackback.php?page_id=14253/14253 HTTP/1.1" 404 89 "-" "Mozilla/5.0 (X11; Linux x86_64) AppleWebKit/537.36 (KHTML, like Gecko) Chrome/143.0.0.0 Safari/537.36"
140.99.255.52 - - [13/Jul/2026:15:41:21 +0200] "POST /wp-trackback.php?page_id=14227/14227 HTTP/1.1" 200 11930 "-" "Mozilla/5.0 (X11; Linux x86_64) AppleWebKit/537.36 (KHTML, like Gecko) Chrome/143.0.0.0 Safari/537.36"
147.45.66.117 - - [13/Jul/2026:15:41:22 +0200] "POST /wp-trackback.php?page_id=15287/15287 HTTP/1.1" 200 12010 "-" "Mozilla/5.0 (X11; Linux x86_64) AppleWebKit/537.36 (KHTML, like Gecko) Chrome/143.0.0.0 Safari/537.36"
140.99.255.52 - - [13/Jul/2026:15:42:17 +0200] "POST /wp-trackback.php?page_id=14253/14253 HTTP/1.1" 200 11890 "-" "Mozilla/5.0 (X11; Linux x86_64) AppleWebKit/537.36 (KHTML, like Gecko) Chrome/143.0.0.0 Safari/537.36"
65.108.235.243 - - [13/Jul/2026:15:43:00 +0200] "POST /wp-cron.php?doing_wp_cron=1783950180.9619948863983154296875 HTTP/1.1" 200 1 "-" "WordPress/7.0.1; https://parma.elettroservicegroup.it"
170.246.199.82 - - [13/Jul/2026:15:42:50 +0200] "POST /wp-trackback.php?page_id=15285/15285 HTTP/1.1" 404 89 "-" "Mozilla/5.0 (X11; Linux x86_64) AppleWebKit/537.36 (KHTML, like Gecko) Chrome/143.0.0.0 Safari/537.36"
47.79.253.110 - - [13/Jul/2026:15:44:05 +0200] "POST /wp-trackback.php?page_id=15285/15285 HTTP/1.1" 200 11899 "-" "Mozilla/5.0 (X11; Linux x86_64) AppleWebKit/537.36 (KHTML, like Gecko) Chrome/143.0.0.0 Safari/537.36"
65.108.235.243 - - [13/Jul/2026:15:44:14 +0200] "POST /wp-cron.php?doing_wp_cron=1783950254.3776469230651855468750 HTTP/1.1" 200 1 "-" "WordPress/7.0.1; https://parma.elettroservicegroup.it"
154.54.100.177 - - [13/Jul/2026:15:44:05 +0200] "GET /.git/config HTTP/1.1" 301 - "-" "Mozilla/5.0 (X11; Linux x86_64) AppleWebKit/537.36 (KHTML, like Gecko) Chrome/69.0.3497.92 Safari/537.36"
65.108.235.243 - - [13/Jul/2026:15:46:58 +0200] "POST /wp-cron.php?doing_wp_cron=1783950417.8750000000000000000000 HTTP/1.1" 200 1 "-" "WordPress/7.0.1; https://parma.elettroservicegroup.it"
66.249.89.134 - - [13/Jul/2026:15:46:51 +0200] "GET /assistenza-frigoriferi HTTP/1.1" 301 1 "-" "Mozilla/5.0 (Linux; Android 6.0.1; Nexus 5X Build/MMB29P) AppleWebKit/537.36 (KHTML, like Gecko) Chrome/150.0.7871.46 Mobile Safari/537.36 (compatible; AdsBot-Google-Mobile; +http://www.google.com/mobile/adsbot.html)"
66.249.89.135 - - [13/Jul/2026:15:47:05 +0200] "GET /assistenza-frigoriferi/ HTTP/1.1" 200 20813 "-" "Mozilla/5.0 (Linux; Android 6.0.1; Nexus 5X Build/MMB29P) AppleWebKit/537.36 (KHTML, like Gecko) Chrome/150.0.7871.46 Mobile Safari/537.36 (compatible; AdsBot-Google-Mobile; +http://www.google.com/mobile/adsbot.html)"
66.249.89.135 - - [13/Jul/2026:15:48:50 +0200] "GET /wp-content/plugins/complianz-gdpr-premium/assets/css/cookieblocker.min.css?ver=1783097331 HTTP/1.1" 200 615 "https://parma.elettroservicegroup.it/assistenza-frigoriferi/" "AdsBot-Google (+http://www.google.com/adsbot.html)"
66.249.89.134 - - [13/Jul/2026:15:48:50 +0200] "GET /wp-content/plugins/all-in-one-seo-pack/dist/Lite/assets/css/table-of-contents/global.e90f6d47.css?ver=4.9.10 HTTP/1.1" 200 420 "https://parma.elettroservicegroup.it/assistenza-frigoriferi/" "AdsBot-Google (+http://www.google.com/adsbot.html)"
66.249.89.135 - - [13/Jul/2026:15:48:50 +0200] "GET /wp-content/plugins/elementor/assets/lib/font-awesome/js/v4-shims.min.js?ver=4.1.4 HTTP/1.1" 200 4043 "https://parma.elettroservicegroup.it/assistenza-frigoriferi/" "AdsBot-Google (+http://www.google.com/adsbot.html)"
66.249.89.135 - - [13/Jul/2026:15:48:50 +0200] "GET /wp-content/plugins/elementor/assets/lib/font-awesome/css/fontawesome.css?ver=5.15.3 HTTP/1.1" 200 12535 "https://parma.elettroservicegroup.it/assistenza-frigoriferi/" "AdsBot-Google (+http://www.google.com/adsbot.html)"
66.249.89.135 - - [13/Jul/2026:15:48:50 +0200] "GET /wp-content/plugins/header-footer-elementor/inc/widgets-css/frontend.css?ver=2.9.1 HTTP/1.1" 200 8711 "https://parma.elettroservicegroup.it/assistenza-frigoriferi/" "AdsBot-Google (+http://www.google.com/adsbot.html)"
66.249.89.133 - - [13/Jul/2026:15:48:51 +0200] "GET /wp-content/plugins/elementor/assets/lib/animations/styles/bounceIn.min.css?ver=4.1.4 HTTP/1.1" 200 186 "https://parma.elettroservicegroup.it/assistenza-frigoriferi/" "AdsBot-Google (+http://www.google.com/adsbot.html)"
66.249.89.133 - - [13/Jul/2026:15:48:51 +0200] "GET /wp-content/plugins/elementor/assets/lib/animations/styles/zoomIn.min.css?ver=4.1.4 HTTP/1.1" 200 87 "https://parma.elettroservicegroup.it/assistenza-frigoriferi/" "AdsBot-Google (+http://www.google.com/adsbot.html)"
66.249.89.134 - - [13/Jul/2026:15:48:51 +0200] "GET /wp-content/plugins/elementor/assets/css/widget-icon-list.min.css?ver=3.24.3 HTTP/1.1" 200 928 "https://parma.elettroservicegroup.it/assistenza-frigoriferi/" "AdsBot-Google (+http://www.google.com/adsbot.html)"
66.249.89.133 - - [13/Jul/2026:15:48:51 +0200] "GET /wp-content/plugins/elementor/assets/css/widget-image.min.css?ver=4.1.4 HTTP/1.1" 200 96 "https://parma.elettroservicegroup.it/assistenza-frigoriferi/" "AdsBot-Google (+http://www.google.com/adsbot.html)"
66.249.89.133 - - [13/Jul/2026:15:48:51 +0200] "GET /wp-content/plugins/elementor/assets/css/widget-social-icons.min.css?ver=3.24.0 HTTP/1.1" 200 1039 "https://parma.elettroservicegroup.it/assistenza-frigoriferi/" "AdsBot-Google (+http://www.google.com/adsbot.html)"
66.249.89.133 - - [13/Jul/2026:15:48:51 +0200] "GET /wp-content/plugins/elementor/assets/lib/font-awesome/css/fontawesome.min.css?ver=5.15.3 HTTP/1.1" 200 12179 "https://parma.elettroservicegroup.it/assistenza-frigoriferi/" "AdsBot-Google (+http://www.google.com/adsbot.html)"
66.249.89.135 - - [13/Jul/2026:15:48:52 +0200] "GET /wp-content/uploads/elementor/google-fonts/css/roboto.css?ver=1742280360 HTTP/1.1" 200 1880 "https://parma.elettroservicegroup.it/assistenza-frigoriferi/" "AdsBot-Google (+http://www.google.com/adsbot.html)"
66.249.89.135 - - [13/Jul/2026:15:48:52 +0200] "GET /wp-includes/js/jquery/jquery.min.js?ver=3.7.1 HTTP/1.1" 200 29769 "https://parma.elettroservicegroup.it/assistenza-frigoriferi/" "AdsBot-Google (+http://www.google.com/adsbot.html)"
66.249.89.134 - - [13/Jul/2026:15:48:52 +0200] "GET /wp-content/plugins/elementor/assets/js/webpack.runtime.min.js?ver=4.1.4 HTTP/1.1" 200 2340 "https://parma.elettroservicegroup.it/assistenza-frigoriferi/" "AdsBot-Google (+http://www.google.com/adsbot.html)"
66.249.89.135 - - [13/Jul/2026:15:48:52 +0200] "GET /wp-content/plugins/elementor/assets/lib/font-awesome/css/regular.min.css?ver=5.15.3 HTTP/1.1" 200 282 "https://parma.elettroservicegroup.it/assistenza-frigoriferi/" "AdsBot-Google (+http://www.google.com/adsbot.html)"
66.249.89.133 - - [13/Jul/2026:15:48:53 +0200] "GET /wp-content/plugins/gp-premium/menu-plus/functions/css/navigation-branding-flex.min.css?ver=2.5.5 HTTP/1.1" 200 542 "https://parma.elettroservicegroup.it/assistenza-frigoriferi/" "AdsBot-Google (+http://www.google.com/adsbot.html)"
66.249.89.133 - - [13/Jul/2026:15:48:53 +0200] "GET /wp-includes/js/jquery/jquery-migrate.min.js?ver=3.4.1 HTTP/1.1" 200 4685 "https://parma.elettroservicegroup.it/assistenza-frigoriferi/" "AdsBot-Google (+http://www.google.com/adsbot.html)"
66.249.89.134 - - [13/Jul/2026:15:48:54 +0200] "GET /wp-content/uploads/burst/js/burst.min.js?ver=1783936361 HTTP/1.1" 200 3411 "https://parma.elettroservicegroup.it/assistenza-frigoriferi/" "AdsBot-Google (+http://www.google.com/adsbot.html)"
