91.132.197.192 - - [15/Jul/2026:16:07:01 +0200] "GET /wp-content/plugins/complianz-gdpr-premium/cookiebanner/js/complianz.min.js?ver=1783097770 HTTP/2.0" 200 10762 "https://mantova.elettroservicegroup.it/play-live-roulette-free-a-comprehensive-overview-to-enjoying-the-video-game-without-investing-a-dollar/" "Mozilla/5.0 (Windows NT 10.0; Win64; x64) AppleWebKit/537.36 (KHTML, like Gecko) Chrome/149.0.0.0 Safari/537.36"
91.132.197.192 - - [15/Jul/2026:16:07:01 +0200] "GET /wp-content/uploads/elementor/google-fonts/fonts/robotoslab-bngmuxzytxpivibgjjsb6ufn5qu.woff2 HTTP/2.0" 200 34328 "https://mantova.elettroservicegroup.it/wp-content/uploads/elementor/google-fonts/css/robotoslab.css?ver=1742253597" "Mozilla/5.0 (Windows NT 10.0; Win64; x64) AppleWebKit/537.36 (KHTML, like Gecko) Chrome/149.0.0.0 Safari/537.36"
91.132.197.192 - - [15/Jul/2026:16:07:01 +0200] "GET /wp-content/plugins/all-in-one-seo-pack/dist/Lite/assets/js/Pencil.8f53e16a.js HTTP/2.0" 200 1087 "https://mantova.elettroservicegroup.it/wp-content/plugins/all-in-one-seo-pack/dist/Lite/assets/seo-preview.86599afb.js?ver=4.9.10" "Mozilla/5.0 (Windows NT 10.0; Win64; x64) AppleWebKit/537.36 (KHTML, like Gecko) Chrome/149.0.0.0 Safari/537.36"
91.132.197.192 - - [15/Jul/2026:16:07:01 +0200] "GET /wp-content/plugins/all-in-one-seo-pack/dist/Lite/assets/js/FacebookPreview.33cb69dd.js HTTP/2.0" 200 971 "https://mantova.elettroservicegroup.it/wp-content/plugins/all-in-one-seo-pack/dist/Lite/assets/seo-preview.86599afb.js?ver=4.9.10" "Mozilla/5.0 (Windows NT 10.0; Win64; x64) AppleWebKit/537.36 (KHTML, like Gecko) Chrome/149.0.0.0 Safari/537.36"
91.132.197.192 - - [15/Jul/2026:16:07:01 +0200] "GET /wp-content/plugins/all-in-one-seo-pack/dist/Lite/assets/js/Information.891eea3b.js HTTP/2.0" 200 397 "https://mantova.elettroservicegroup.it/wp-content/plugins/all-in-one-seo-pack/dist/Lite/assets/seo-preview.86599afb.js?ver=4.9.10" "Mozilla/5.0 (Windows NT 10.0; Win64; x64) AppleWebKit/537.36 (KHTML, like Gecko) Chrome/149.0.0.0 Safari/537.36"
91.132.197.192 - - [15/Jul/2026:16:07:01 +0200] "GET /wp-content/plugins/all-in-one-seo-pack/dist/Lite/assets/js/ProBadge.f78ad48f.js HTTP/2.0" 200 231 "https://mantova.elettroservicegroup.it/wp-content/plugins/all-in-one-seo-pack/dist/Lite/assets/seo-preview.86599afb.js?ver=4.9.10" "Mozilla/5.0 (Windows NT 10.0; Win64; x64) AppleWebKit/537.36 (KHTML, like Gecko) Chrome/149.0.0.0 Safari/537.36"
91.132.197.192 - - [15/Jul/2026:16:07:01 +0200] "GET /wp-content/plugins/all-in-one-seo-pack/dist/Lite/assets/js/Settings.b4265c39.js HTTP/2.0" 200 1303 "https://mantova.elettroservicegroup.it/wp-content/plugins/all-in-one-seo-pack/dist/Lite/assets/seo-preview.86599afb.js?ver=4.9.10" "Mozilla/5.0 (Windows NT 10.0; Win64; x64) AppleWebKit/537.36 (KHTML, like Gecko) Chrome/149.0.0.0 Safari/537.36"
91.132.197.192 - - [15/Jul/2026:16:07:01 +0200] "GET /wp-content/plugins/all-in-one-seo-pack/dist/Lite/assets/js/Button.aa421c00.js HTTP/2.0" 200 870 "https://mantova.elettroservicegroup.it/wp-content/plugins/all-in-one-seo-pack/dist/Lite/assets/seo-preview.86599afb.js?ver=4.9.10" "Mozilla/5.0 (Windows NT 10.0; Win64; x64) AppleWebKit/537.36 (KHTML, like Gecko) Chrome/149.0.0.0 Safari/537.36"
91.132.197.192 - - [15/Jul/2026:16:07:01 +0200] "GET /wp-content/plugins/all-in-one-seo-pack/dist/Lite/assets/js/Mobile.76fb7506.js HTTP/2.0" 200 601 "https://mantova.elettroservicegroup.it/wp-content/plugins/all-in-one-seo-pack/dist/Lite/assets/seo-preview.86599afb.js?ver=4.9.10" "Mozilla/5.0 (Windows NT 10.0; Win64; x64) AppleWebKit/537.36 (KHTML, like Gecko) Chrome/149.0.0.0 Safari/537.36"
91.132.197.192 - - [15/Jul/2026:16:07:01 +0200] "GET /wp-content/plugins/all-in-one-seo-pack/dist/Lite/assets/js/Facebook.aeba6942.js HTTP/2.0" 200 443 "https://mantova.elettroservicegroup.it/wp-content/plugins/all-in-one-seo-pack/dist/Lite/assets/seo-preview.86599afb.js?ver=4.9.10" "Mozilla/5.0 (Windows NT 10.0; Win64; x64) AppleWebKit/537.36 (KHTML, like Gecko) Chrome/149.0.0.0 Safari/537.36"
91.132.197.192 - - [15/Jul/2026:16:07:01 +0200] "GET /wp-content/plugins/all-in-one-seo-pack/dist/Lite/assets/js/_plugin-vue_export-helper.eefbdd86.js HTTP/2.0" 200 85 "https://mantova.elettroservicegroup.it/wp-content/plugins/all-in-one-seo-pack/dist/Lite/assets/seo-preview.86599afb.js?ver=4.9.10" "Mozilla/5.0 (Windows NT 10.0; Win64; x64) AppleWebKit/537.36 (KHTML, like Gecko) Chrome/149.0.0.0 Safari/537.36"
91.132.197.192 - - [15/Jul/2026:16:07:01 +0200] "GET /wp-content/plugins/all-in-one-seo-pack/dist/Lite/assets/js/GoogleSearchPreview.095a6039.js HTTP/2.0" 200 2356 "https://mantova.elettroservicegroup.it/wp-content/plugins/all-in-one-seo-pack/dist/Lite/assets/seo-preview.86599afb.js?ver=4.9.10" "Mozilla/5.0 (Windows NT 10.0; Win64; x64) AppleWebKit/537.36 (KHTML, like Gecko) Chrome/149.0.0.0 Safari/537.36"
91.132.197.192 - - [15/Jul/2026:16:07:01 +0200] "GET /wp-content/plugins/all-in-one-seo-pack/dist/Lite/assets/js/Twitter.c182d347.js HTTP/2.0" 200 484 "https://mantova.elettroservicegroup.it/wp-content/plugins/all-in-one-seo-pack/dist/Lite/assets/seo-preview.86599afb.js?ver=4.9.10" "Mozilla/5.0 (Windows NT 10.0; Win64; x64) AppleWebKit/537.36 (KHTML, like Gecko) Chrome/149.0.0.0 Safari/537.36"
91.132.197.192 - - [15/Jul/2026:16:07:01 +0200] "GET /wp-content/plugins/all-in-one-seo-pack/dist/Lite/assets/js/Url.4c4a862a.js HTTP/2.0" 200 577 "https://mantova.elettroservicegroup.it/wp-content/plugins/all-in-one-seo-pack/dist/Lite/assets/seo-preview.86599afb.js?ver=4.9.10" "Mozilla/5.0 (Windows NT 10.0; Win64; x64) AppleWebKit/537.36 (KHTML, like Gecko) Chrome/149.0.0.0 Safari/537.36"
91.132.197.192 - - [15/Jul/2026:16:07:01 +0200] "GET /wp-content/plugins/all-in-one-seo-pack/dist/Lite/assets/js/Slide.bdb08a3f.js HTTP/2.0" 200 715 "https://mantova.elettroservicegroup.it/wp-content/plugins/all-in-one-seo-pack/dist/Lite/assets/seo-preview.86599afb.js?ver=4.9.10" "Mozilla/5.0 (Windows NT 10.0; Win64; x64) AppleWebKit/537.36 (KHTML, like Gecko) Chrome/149.0.0.0 Safari/537.36"
91.132.197.192 - - [15/Jul/2026:16:07:01 +0200] "GET /wp-content/plugins/all-in-one-seo-pack/dist/Lite/assets/js/Google.b2130578.js HTTP/2.0" 200 1202 "https://mantova.elettroservicegroup.it/wp-content/plugins/all-in-one-seo-pack/dist/Lite/assets/seo-preview.86599afb.js?ver=4.9.10" "Mozilla/5.0 (Windows NT 10.0; Win64; x64) AppleWebKit/537.36 (KHTML, like Gecko) Chrome/149.0.0.0 Safari/537.36"
91.132.197.192 - - [15/Jul/2026:16:07:01 +0200] "GET /wp-content/plugins/all-in-one-seo-pack/dist/Lite/assets/js/Exclamation.dcc79491.js HTTP/2.0" 200 434 "https://mantova.elettroservicegroup.it/wp-content/plugins/all-in-one-seo-pack/dist/Lite/assets/seo-preview.86599afb.js?ver=4.9.10" "Mozilla/5.0 (Windows NT 10.0; Win64; x64) AppleWebKit/537.36 (KHTML, like Gecko) Chrome/149.0.0.0 Safari/537.36"
91.132.197.192 - - [15/Jul/2026:16:07:01 +0200] "GET /wp-content/plugins/all-in-one-seo-pack/dist/Lite/assets/js/TruSeoScore.98e8d6f6.js HTTP/2.0" 200 369 "https://mantova.elettroservicegroup.it/wp-content/plugins/all-in-one-seo-pack/dist/Lite/assets/seo-preview.86599afb.js?ver=4.9.10" "Mozilla/5.0 (Windows NT 10.0; Win64; x64) AppleWebKit/537.36 (KHTML, like Gecko) Chrome/149.0.0.0 Safari/537.36"
91.132.197.192 - - [15/Jul/2026:16:07:01 +0200] "GET /wp-content/plugins/all-in-one-seo-pack/dist/Lite/assets/js/Tabs.0ad5fea6.js HTTP/2.0" 200 2608 "https://mantova.elettroservicegroup.it/wp-content/plugins/all-in-one-seo-pack/dist/Lite/assets/seo-preview.86599afb.js?ver=4.9.10" "Mozilla/5.0 (Windows NT 10.0; Win64; x64) AppleWebKit/537.36 (KHTML, like Gecko) Chrome/149.0.0.0 Safari/537.36"
91.132.197.192 - - [15/Jul/2026:16:07:01 +0200] "GET /wp-content/plugins/all-in-one-seo-pack/dist/Lite/assets/js/Index.10560bb6.js HTTP/2.0" 200 1263 "https://mantova.elettroservicegroup.it/wp-content/plugins/all-in-one-seo-pack/dist/Lite/assets/seo-preview.86599afb.js?ver=4.9.10" "Mozilla/5.0 (Windows NT 10.0; Win64; x64) AppleWebKit/537.36 (KHTML, like Gecko) Chrome/149.0.0.0 Safari/537.36"
91.132.197.192 - - [15/Jul/2026:16:07:01 +0200] "GET /wp-content/plugins/all-in-one-seo-pack/dist/Lite/assets/js/Index.3b124722.js HTTP/2.0" 200 401 "https://mantova.elettroservicegroup.it/wp-content/plugins/all-in-one-seo-pack/dist/Lite/assets/seo-preview.86599afb.js?ver=4.9.10" "Mozilla/5.0 (Windows NT 10.0; Win64; x64) AppleWebKit/537.36 (KHTML, like Gecko) Chrome/149.0.0.0 Safari/537.36"
91.132.197.192 - - [15/Jul/2026:16:07:01 +0200] "GET /wp-content/plugins/all-in-one-seo-pack/dist/Lite/assets/js/TwitterPreview.28f2095a.js HTTP/2.0" 200 1066 "https://mantova.elettroservicegroup.it/wp-content/plugins/all-in-one-seo-pack/dist/Lite/assets/seo-preview.86599afb.js?ver=4.9.10" "Mozilla/5.0 (Windows NT 10.0; Win64; x64) AppleWebKit/537.36 (KHTML, like Gecko) Chrome/149.0.0.0 Safari/537.36"
91.132.197.192 - - [15/Jul/2026:16:07:01 +0200] "GET /wp-content/plugins/all-in-one-seo-pack/dist/Lite/assets/js/Caret.d3343e56.js HTTP/2.0" 200 306 "https://mantova.elettroservicegroup.it/wp-content/plugins/all-in-one-seo-pack/dist/Lite/assets/seo-preview.86599afb.js?ver=4.9.10" "Mozilla/5.0 (Windows NT 10.0; Win64; x64) AppleWebKit/537.36 (KHTML, like Gecko) Chrome/149.0.0.0 Safari/537.36"
91.132.197.192 - - [15/Jul/2026:16:07:01 +0200] "GET /wp-content/plugins/all-in-one-seo-pack/dist/Lite/assets/js/Profile.a3d2ac6e.js HTTP/2.0" 200 7000 "https://mantova.elettroservicegroup.it/wp-content/plugins/all-in-one-seo-pack/dist/Lite/assets/seo-preview.86599afb.js?ver=4.9.10" "Mozilla/5.0 (Windows NT 10.0; Win64; x64) AppleWebKit/537.36 (KHTML, like Gecko) Chrome/149.0.0.0 Safari/537.36"
91.132.197.192 - - [15/Jul/2026:16:07:01 +0200] "GET /wp-content/plugins/all-in-one-seo-pack/dist/Lite/assets/js/Img.93307c5c.js HTTP/2.0" 200 532 "https://mantova.elettroservicegroup.it/wp-content/plugins/all-in-one-seo-pack/dist/Lite/assets/seo-preview.86599afb.js?ver=4.9.10" "Mozilla/5.0 (Windows NT 10.0; Win64; x64) AppleWebKit/537.36 (KHTML, like Gecko) Chrome/149.0.0.0 Safari/537.36"
91.132.197.192 - - [15/Jul/2026:16:07:01 +0200] "GET /wp-content/plugins/all-in-one-seo-pack/dist/Lite/assets/js/Close.8e99996b.js HTTP/2.0" 200 359 "https://mantova.elettroservicegroup.it/wp-content/plugins/all-in-one-seo-pack/dist/Lite/assets/seo-preview.86599afb.js?ver=4.9.10" "Mozilla/5.0 (Windows NT 10.0; Win64; x64) AppleWebKit/537.36 (KHTML, like Gecko) Chrome/149.0.0.0 Safari/537.36"
91.132.197.192 - - [15/Jul/2026:16:07:01 +0200] "GET /wp-content/plugins/all-in-one-seo-pack/dist/Lite/assets/js/Book.5dff65dc.js HTTP/2.0" 200 1001 "https://mantova.elettroservicegroup.it/wp-content/plugins/all-in-one-seo-pack/dist/Lite/assets/seo-preview.86599afb.js?ver=4.9.10" "Mozilla/5.0 (Windows NT 10.0; Win64; x64) AppleWebKit/537.36 (KHTML, like Gecko) Chrome/149.0.0.0 Safari/537.36"
91.132.197.192 - - [15/Jul/2026:16:07:01 +0200] "GET /wp-content/plugins/all-in-one-seo-pack/dist/Lite/assets/js/Globe.8c74686a.js HTTP/2.0" 200 447 "https://mantova.elettroservicegroup.it/wp-content/plugins/all-in-one-seo-pack/dist/Lite/assets/seo-preview.86599afb.js?ver=4.9.10" "Mozilla/5.0 (Windows NT 10.0; Win64; x64) AppleWebKit/537.36 (KHTML, like Gecko) Chrome/149.0.0.0 Safari/537.36"
91.132.197.192 - - [15/Jul/2026:16:07:01 +0200] "GET /wp-content/plugins/all-in-one-seo-pack/dist/Lite/assets/js/vendor-lodash.45e85310.js HTTP/2.0" 200 18298 "https://mantova.elettroservicegroup.it/wp-content/plugins/all-in-one-seo-pack/dist/Lite/assets/seo-preview.86599afb.js?ver=4.9.10" "Mozilla/5.0 (Windows NT 10.0; Win64; x64) AppleWebKit/537.36 (KHTML, like Gecko) Chrome/149.0.0.0 Safari/537.36"
91.132.197.192 - - [15/Jul/2026:16:07:01 +0200] "GET /wp-content/plugins/all-in-one-seo-pack/dist/Lite/assets/js/app-core.fa86622d.js HTTP/2.0" 200 64673 "https://mantova.elettroservicegroup.it/wp-content/plugins/all-in-one-seo-pack/dist/Lite/assets/seo-preview.86599afb.js?ver=4.9.10" "Mozilla/5.0 (Windows NT 10.0; Win64; x64) AppleWebKit/537.36 (KHTML, like Gecko) Chrome/149.0.0.0 Safari/537.36"
91.132.197.192 - - [15/Jul/2026:16:07:01 +0200] "GET /wp-content/plugins/all-in-one-seo-pack/dist/Lite/assets/js/vendor-vue-ui.ad4935f9.js HTTP/2.0" 200 95922 "https://mantova.elettroservicegroup.it/wp-content/plugins/all-in-one-seo-pack/dist/Lite/assets/seo-preview.86599afb.js?ver=4.9.10" "Mozilla/5.0 (Windows NT 10.0; Win64; x64) AppleWebKit/537.36 (KHTML, like Gecko) Chrome/149.0.0.0 Safari/537.36"
91.132.197.192 - - [15/Jul/2026:16:07:01 +0200] "GET /wp-content/plugins/all-in-one-seo-pack/dist/Lite/assets/js/vendor-other.835e467b.js HTTP/2.0" 200 183872 "https://mantova.elettroservicegroup.it/wp-content/plugins/all-in-one-seo-pack/dist/Lite/assets/seo-preview.86599afb.js?ver=4.9.10" "Mozilla/5.0 (Windows NT 10.0; Win64; x64) AppleWebKit/537.36 (KHTML, like Gecko) Chrome/149.0.0.0 Safari/537.36"
91.132.197.192 - - [15/Jul/2026:16:07:02 +0200] "GET /wp-content/plugins/all-in-one-seo-pack/dist/Lite/assets/css/ProBadge.6500bcec.css HTTP/2.0" 200 123 "https://mantova.elettroservicegroup.it/play-live-roulette-free-a-comprehensive-overview-to-enjoying-the-video-game-without-investing-a-dollar/" "Mozilla/5.0 (Windows NT 10.0; Win64; x64) AppleWebKit/537.36 (KHTML, like Gecko) Chrome/149.0.0.0 Safari/537.36"
91.132.197.192 - - [15/Jul/2026:16:07:02 +0200] "GET /wp-content/plugins/all-in-one-seo-pack/dist/Lite/assets/css/Button.2bf1deff.css HTTP/2.0" 200 1043 "https://mantova.elettroservicegroup.it/play-live-roulette-free-a-comprehensive-overview-to-enjoying-the-video-game-without-investing-a-dollar/" "Mozilla/5.0 (Windows NT 10.0; Win64; x64) AppleWebKit/537.36 (KHTML, like Gecko) Chrome/149.0.0.0 Safari/537.36"
91.132.197.192 - - [15/Jul/2026:16:07:02 +0200] "GET /wp-content/plugins/all-in-one-seo-pack/dist/Lite/assets/css/Tabs.d9e8b805.css HTTP/2.0" 200 1652 "https://mantova.elettroservicegroup.it/play-live-roulette-free-a-comprehensive-overview-to-enjoying-the-video-game-without-investing-a-dollar/" "Mozilla/5.0 (Windows NT 10.0; Win64; x64) AppleWebKit/537.36 (KHTML, like Gecko) Chrome/149.0.0.0 Safari/537.36"
91.132.197.192 - - [15/Jul/2026:16:07:02 +0200] "GET /wp-content/plugins/all-in-one-seo-pack/dist/Lite/assets/css/FacebookPreview.5eceea33.css HTTP/2.0" 200 810 "https://mantova.elettroservicegroup.it/play-live-roulette-free-a-comprehensive-overview-to-enjoying-the-video-game-without-investing-a-dollar/" "Mozilla/5.0 (Windows NT 10.0; Win64; x64) AppleWebKit/537.36 (KHTML, like Gecko) Chrome/149.0.0.0 Safari/537.36"
91.132.197.192 - - [15/Jul/2026:16:07:02 +0200] "GET /wp-content/plugins/all-in-one-seo-pack/dist/Lite/assets/css/Index.74bb20a6.css HTTP/2.0" 200 403 "https://mantova.elettroservicegroup.it/play-live-roulette-free-a-comprehensive-overview-to-enjoying-the-video-game-without-investing-a-dollar/" "Mozilla/5.0 (Windows NT 10.0; Win64; x64) AppleWebKit/537.36 (KHTML, like Gecko) Chrome/149.0.0.0 Safari/537.36"
91.132.197.192 - - [15/Jul/2026:16:07:02 +0200] "GET /wp-content/plugins/all-in-one-seo-pack/dist/Lite/assets/css/Index.2bdb640f.css HTTP/2.0" 200 1000 "https://mantova.elettroservicegroup.it/play-live-roulette-free-a-comprehensive-overview-to-enjoying-the-video-game-without-investing-a-dollar/" "Mozilla/5.0 (Windows NT 10.0; Win64; x64) AppleWebKit/537.36 (KHTML, like Gecko) Chrome/149.0.0.0 Safari/537.36"
91.132.197.192 - - [15/Jul/2026:16:07:02 +0200] "GET /wp-content/plugins/all-in-one-seo-pack/dist/Lite/assets/css/GoogleSearchPreview.6f47cdaf.css HTTP/2.0" 200 1213 "https://mantova.elettroservicegroup.it/play-live-roulette-free-a-comprehensive-overview-to-enjoying-the-video-game-without-investing-a-dollar/" "Mozilla/5.0 (Windows NT 10.0; Win64; x64) AppleWebKit/537.36 (KHTML, like Gecko) Chrome/149.0.0.0 Safari/537.36"
91.132.197.192 - - [15/Jul/2026:16:07:02 +0200] "GET /wp-content/plugins/all-in-one-seo-pack/dist/Lite/assets/css/TwitterPreview.171ce642.css HTTP/2.0" 200 844 "https://mantova.elettroservicegroup.it/play-live-roulette-free-a-comprehensive-overview-to-enjoying-the-video-game-without-investing-a-dollar/" "Mozilla/5.0 (Windows NT 10.0; Win64; x64) AppleWebKit/537.36 (KHTML, like Gecko) Chrome/149.0.0.0 Safari/537.36"
91.132.197.192 - - [15/Jul/2026:16:07:02 +0200] "GET /wp-content/plugins/all-in-one-seo-pack/dist/Lite/assets/css/seo-preview.ffe9b821.css HTTP/2.0" 200 2538 "https://mantova.elettroservicegroup.it/play-live-roulette-free-a-comprehensive-overview-to-enjoying-the-video-game-without-investing-a-dollar/" "Mozilla/5.0 (Windows NT 10.0; Win64; x64) AppleWebKit/537.36 (KHTML, like Gecko) Chrome/149.0.0.0 Safari/537.36"
91.132.197.192 - - [15/Jul/2026:16:07:02 +0200] "GET /wp-content/plugins/all-in-one-seo-pack/dist/Lite/assets/css/vendor-vue-ui.dbee72c8.css HTTP/2.0" 200 1718 "https://mantova.elettroservicegroup.it/play-live-roulette-free-a-comprehensive-overview-to-enjoying-the-video-game-without-investing-a-dollar/" "Mozilla/5.0 (Windows NT 10.0; Win64; x64) AppleWebKit/537.36 (KHTML, like Gecko) Chrome/149.0.0.0 Safari/537.36"
91.132.197.192 - - [15/Jul/2026:16:07:00 +0200] "GET /wp-json/wp/v2/categories?context=edit&_locale=user HTTP/2.0" 200 1979 "https://mantova.elettroservicegroup.it/wp-admin/post-new.php" "Mozilla/5.0 (Windows NT 10.0; Win64; x64) AppleWebKit/537.36 (KHTML, like Gecko) Chrome/148.0.0.0 Safari/537.36"
91.132.197.192 - - [15/Jul/2026:16:07:02 +0200] "GET /wp-content/plugins/elementor/assets/js/section-frontend-handlers.d85ab872da118940910d.bundle.min.js HTTP/2.0" 200 230 "https://mantova.elettroservicegroup.it/play-live-roulette-free-a-comprehensive-overview-to-enjoying-the-video-game-without-investing-a-dollar/" "Mozilla/5.0 (Windows NT 10.0; Win64; x64) AppleWebKit/537.36 (KHTML, like Gecko) Chrome/149.0.0.0 Safari/537.36"
91.132.197.192 - - [15/Jul/2026:16:07:02 +0200] "GET /wp-content/plugins/elementor/assets/js/text-editor.45609661e409413f1cef.bundle.min.js HTTP/2.0" 200 592 "https://mantova.elettroservicegroup.it/play-live-roulette-free-a-comprehensive-overview-to-enjoying-the-video-game-without-investing-a-dollar/" "Mozilla/5.0 (Windows NT 10.0; Win64; x64) AppleWebKit/537.36 (KHTML, like Gecko) Chrome/149.0.0.0 Safari/537.36"
91.132.197.192 - - [15/Jul/2026:16:07:02 +0200] "GET /wp-content/plugins/elementor/assets/js/shared-frontend-handlers.03caa53373b56d3bab67.bundle.min.js HTTP/2.0" 200 2515 "https://mantova.elettroservicegroup.it/play-live-roulette-free-a-comprehensive-overview-to-enjoying-the-video-game-without-investing-a-dollar/" "Mozilla/5.0 (Windows NT 10.0; Win64; x64) AppleWebKit/537.36 (KHTML, like Gecko) Chrome/149.0.0.0 Safari/537.36"
91.132.197.192 - - [15/Jul/2026:16:07:02 +0200] "GET /wp-includes/js/wp-emoji-release.min.js?ver=7.0.1 HTTP/2.0" 200 4964 "https://mantova.elettroservicegroup.it/play-live-roulette-free-a-comprehensive-overview-to-enjoying-the-video-game-without-investing-a-dollar/" "Mozilla/5.0 (Windows NT 10.0; Win64; x64) AppleWebKit/537.36 (KHTML, like Gecko) Chrome/149.0.0.0 Safari/537.36"
91.132.197.192 - - [15/Jul/2026:16:07:02 +0200] "GET /wp-content/uploads/2021/10/cropped-cropped-cropped-cropped-logo_white_background-192x192.png HTTP/2.0" 200 19089 "https://mantova.elettroservicegroup.it/play-live-roulette-free-a-comprehensive-overview-to-enjoying-the-video-game-without-investing-a-dollar/" "Mozilla/5.0 (Windows NT 10.0; Win64; x64) AppleWebKit/537.36 (KHTML, like Gecko) Chrome/149.0.0.0 Safari/537.36"
91.132.197.192 - - [15/Jul/2026:16:07:01 +0200] "GET /wp-json/complianz/v1/banner?lang=it&locale=it_IT&token=fzxsb HTTP/2.0" 200 81 "https://mantova.elettroservicegroup.it/play-live-roulette-free-a-comprehensive-overview-to-enjoying-the-video-game-without-investing-a-dollar/" "Mozilla/5.0 (Windows NT 10.0; Win64; x64) AppleWebKit/537.36 (KHTML, like Gecko) Chrome/149.0.0.0 Safari/537.36"
91.132.197.192 - - [15/Jul/2026:16:07:03 +0200] "GET /wp-content/plugins/all-in-one-seo-pack/dist/Lite/assets/main-DomrRop6.js HTTP/2.0" 200 375141 "https://mantova.elettroservicegroup.it/wp-admin/post-new.php" "Mozilla/5.0 (Windows NT 10.0; Win64; x64) AppleWebKit/537.36 (KHTML, like Gecko) Chrome/148.0.0.0 Safari/537.36"
91.132.197.192 - - [15/Jul/2026:16:07:03 +0200] "GET /wp-content/uploads/complianz/css/banner-1-optin.css?v=22 HTTP/2.0" 200 2860 "https://mantova.elettroservicegroup.it/play-live-roulette-free-a-comprehensive-overview-to-enjoying-the-video-game-without-investing-a-dollar/" "Mozilla/5.0 (Windows NT 10.0; Win64; x64) AppleWebKit/537.36 (KHTML, like Gecko) Chrome/149.0.0.0 Safari/537.36"
91.132.197.192 - - [15/Jul/2026:16:07:02 +0200] "POST /wp-admin/admin-ajax.php HTTP/2.0" 200 77 "https://mantova.elettroservicegroup.it/wp-admin/post-new.php" "Mozilla/5.0 (Windows NT 10.0; Win64; x64) AppleWebKit/537.36 (KHTML, like Gecko) Chrome/148.0.0.0 Safari/537.36"
65.108.235.243 - - [15/Jul/2026:16:07:03 +0200] "POST /wp-cron.php?doing_wp_cron=1784124423.4774179458618164062500 HTTP/1.1" 200 1 "-" "WordPress/7.0.1; https://mantova.elettroservicegroup.it"
91.132.197.192 - - [15/Jul/2026:16:07:02 +0200] "POST /wp-json/wp/v2/posts/15721?_locale=user HTTP/2.0" 200 4900 "https://mantova.elettroservicegroup.it/wp-admin/post-new.php" "Mozilla/5.0 (Windows NT 10.0; Win64; x64) AppleWebKit/537.36 (KHTML, like Gecko) Chrome/148.0.0.0 Safari/537.36"
91.132.197.192 - - [15/Jul/2026:16:07:03 +0200] "GET /wp-content/uploads/2021/10/cropped-cropped-cropped-cropped-logo_white_background-192x192.png HTTP/2.0" 200 19089 "https://mantova.elettroservicegroup.it/wp-admin/post.php?post=15721&action=edit" "Mozilla/5.0 (Windows NT 10.0; Win64; x64) AppleWebKit/537.36 (KHTML, like Gecko) Chrome/148.0.0.0 Safari/537.36"
91.132.197.192 - - [15/Jul/2026:16:07:03 +0200] "POST /wp-admin/post.php?post=15721&action=edit&meta-box-loader=1&meta-box-loader-nonce=4747a6b735&_locale=user HTTP/2.0" 302 1 "https://mantova.elettroservicegroup.it/wp-admin/post.php?post=15721&action=edit" "Mozilla/5.0 (Windows NT 10.0; Win64; x64) AppleWebKit/537.36 (KHTML, like Gecko) Chrome/148.0.0.0 Safari/537.36"
91.132.197.192 - - [15/Jul/2026:16:07:04 +0200] "GET /wp-content/plugins/all-in-one-seo-pack/dist/Lite/assets/main-DomrRop6.js HTTP/2.0" 200 375141 "https://mantova.elettroservicegroup.it/wp-admin/post.php?post=15721&action=edit" "Mozilla/5.0 (Windows NT 10.0; Win64; x64) AppleWebKit/537.36 (KHTML, like Gecko) Chrome/148.0.0.0 Safari/537.36"
91.132.197.192 - - [15/Jul/2026:16:07:04 +0200] "GET /wp-admin/post.php?post=15721&action=edit&message=4 HTTP/2.0" 200 600197 "https://mantova.elettroservicegroup.it/wp-admin/post.php?post=15721&action=edit" "Mozilla/5.0 (Windows NT 10.0; Win64; x64) AppleWebKit/537.36 (KHTML, like Gecko) Chrome/148.0.0.0 Safari/537.36"
91.132.197.192 - - [15/Jul/2026:16:07:06 +0200] "GET /wp-content/plugins/all-in-one-seo-pack/dist/Lite/assets/main-DomrRop6.js HTTP/2.0" 200 375141 "https://mantova.elettroservicegroup.it/wp-admin/post.php?post=15721&action=edit" "Mozilla/5.0 (Windows NT 10.0; Win64; x64) AppleWebKit/537.36 (KHTML, like Gecko) Chrome/148.0.0.0 Safari/537.36"
91.132.197.192 - - [15/Jul/2026:16:07:08 +0200] "GET /wp-content/plugins/all-in-one-seo-pack/dist/Lite/assets/main-DomrRop6.js HTTP/2.0" 200 375141 "https://mantova.elettroservicegroup.it/wp-admin/post.php?post=15721&action=edit" "Mozilla/5.0 (Windows NT 10.0; Win64; x64) AppleWebKit/537.36 (KHTML, like Gecko) Chrome/148.0.0.0 Safari/537.36"
65.108.235.243 - - [15/Jul/2026:16:07:08 +0200] "POST /wp-cron.php?doing_wp_cron=1784124428.4806969165802001953125 HTTP/1.1" 200 1 "-" "WordPress/7.0.1; https://mantova.elettroservicegroup.it"
91.132.197.192 - - [15/Jul/2026:16:07:07 +0200] "POST /wp-json/wp/v2/posts/15721?_locale=user HTTP/2.0" 200 5480 "https://mantova.elettroservicegroup.it/wp-admin/post.php?post=15721&action=edit" "Mozilla/5.0 (Windows NT 10.0; Win64; x64) AppleWebKit/537.36 (KHTML, like Gecko) Chrome/148.0.0.0 Safari/537.36"
91.132.197.192 - - [15/Jul/2026:16:07:08 +0200] "POST /wp-admin/post.php?post=15721&action=edit&meta-box-loader=1&meta-box-loader-nonce=4747a6b735&_locale=user HTTP/2.0" 302 1 "https://mantova.elettroservicegroup.it/wp-admin/post.php?post=15721&action=edit" "Mozilla/5.0 (Windows NT 10.0; Win64; x64) AppleWebKit/537.36 (KHTML, like Gecko) Chrome/148.0.0.0 Safari/537.36"
91.132.197.192 - - [15/Jul/2026:16:07:09 +0200] "GET /wp-content/plugins/all-in-one-seo-pack/dist/Lite/assets/main-DomrRop6.js HTTP/2.0" 200 375141 "https://mantova.elettroservicegroup.it/wp-admin/post.php?post=15721&action=edit" "Mozilla/5.0 (Windows NT 10.0; Win64; x64) AppleWebKit/537.36 (KHTML, like Gecko) Chrome/148.0.0.0 Safari/537.36"
91.132.197.192 - - [15/Jul/2026:16:07:11 +0200] "GET /wp-json/aioseo/v1/redirects/post/15721/ HTTP/2.0" 404 115 "https://mantova.elettroservicegroup.it/wp-admin/post.php?post=15721&action=edit" "Mozilla/5.0 (Windows NT 10.0; Win64; x64) AppleWebKit/537.36 (KHTML, like Gecko) Chrome/148.0.0.0 Safari/537.36"
91.132.197.192 - - [15/Jul/2026:16:07:12 +0200] "POST /wp-admin/admin-ajax.php HTTP/2.0" 200 77 "https://mantova.elettroservicegroup.it/wp-admin/post.php?post=15721&action=edit" "Mozilla/5.0 (Windows NT 10.0; Win64; x64) AppleWebKit/537.36 (KHTML, like Gecko) Chrome/148.0.0.0 Safari/537.36"
91.132.197.192 - - [15/Jul/2026:16:07:14 +0200] "GET /wp-content/plugins/all-in-one-seo-pack/dist/Lite/assets/main-DomrRop6.js HTTP/2.0" 200 375141 "https://mantova.elettroservicegroup.it/wp-admin/post.php?post=15721&action=edit" "Mozilla/5.0 (Windows NT 10.0; Win64; x64) AppleWebKit/537.36 (KHTML, like Gecko) Chrome/148.0.0.0 Safari/537.36"
91.132.197.192 - - [15/Jul/2026:16:07:26 +0200] "GET /wp-content/plugins/all-in-one-seo-pack/dist/Lite/assets/main-DomrRop6.js HTTP/2.0" 200 375141 "https://mantova.elettroservicegroup.it/wp-admin/post.php?post=15721&action=edit" "Mozilla/5.0 (Windows NT 10.0; Win64; x64) AppleWebKit/537.36 (KHTML, like Gecko) Chrome/148.0.0.0 Safari/537.36"
91.132.197.192 - - [15/Jul/2026:16:07:26 +0200] "POST /wp-admin/admin-ajax.php HTTP/2.0" 200 77 "https://mantova.elettroservicegroup.it/wp-admin/post.php?post=15721&action=edit" "Mozilla/5.0 (Windows NT 10.0; Win64; x64) AppleWebKit/537.36 (KHTML, like Gecko) Chrome/148.0.0.0 Safari/537.36"
91.132.197.192 - - [15/Jul/2026:16:07:28 +0200] "GET /wp-content/plugins/all-in-one-seo-pack/dist/Lite/assets/main-DomrRop6.js HTTP/2.0" 200 375141 "https://mantova.elettroservicegroup.it/wp-admin/post.php?post=15721&action=edit" "Mozilla/5.0 (Windows NT 10.0; Win64; x64) AppleWebKit/537.36 (KHTML, like Gecko) Chrome/148.0.0.0 Safari/537.36"
91.132.197.192 - - [15/Jul/2026:16:07:28 +0200] "POST /xmlrpc.php HTTP/1.1" 403 52 "-" "Mozilla/5.0 (Windows NT 10.0; Win64; x64) AppleWebKit/537.36 (KHTML, like Gecko) Chrome/148.0.0.0 Safari/537.36"
91.132.197.192 - - [15/Jul/2026:16:07:25 +0200] "GET /wp-admin/post.php?post=15721&action=edit&message=4 HTTP/2.0" 200 600159 "https://mantova.elettroservicegroup.it/wp-admin/post.php?post=15721&action=edit" "Mozilla/5.0 (Windows NT 10.0; Win64; x64) AppleWebKit/537.36 (KHTML, like Gecko) Chrome/148.0.0.0 Safari/537.36"
91.132.197.192 - - [15/Jul/2026:16:07:29 +0200] "GET /wp-content/plugins/all-in-one-seo-pack/dist/Lite/assets/main-DomrRop6.js HTTP/2.0" 200 375141 "https://mantova.elettroservicegroup.it/wp-admin/post.php?post=15721&action=edit" "Mozilla/5.0 (Windows NT 10.0; Win64; x64) AppleWebKit/537.36 (KHTML, like Gecko) Chrome/148.0.0.0 Safari/537.36"
91.132.197.192 - - [15/Jul/2026:16:07:30 +0200] "POST /wp-admin/admin-ajax.php HTTP/2.0" 404 - "https://mantova.elettroservicegroup.it/wp-admin/post.php?post=15721&action=edit" "Mozilla/5.0 (Windows NT 10.0; Win64; x64) AppleWebKit/537.36 (KHTML, like Gecko) Chrome/148.0.0.0 Safari/537.36"
65.108.235.243 - - [15/Jul/2026:16:41:25 +0200] "POST /wp-cron.php?doing_wp_cron=1784126485.3790359497070312500000 HTTP/1.1" 200 1 "-" "WordPress/7.0.1; https://mantova.elettroservicegroup.it"
47.128.23.231 - - [15/Jul/2026:16:41:11 +0200] "GET /post-10-2/ HTTP/2.0" 403 18865 "-" "Mozilla/5.0 (Linux; Android 5.0) AppleWebKit/537.36 (KHTML, like Gecko) Mobile Safari/537.36 (compatible; Bytespider; spider-feedback@bytedance.com)"
65.108.235.243 - - [15/Jul/2026:16:41:28 +0200] "POST /wp-json/complianz/v1/wsc-scan HTTP/1.1" 400 88 "-" "WordPress/7.0.1; https://mantova.elettroservicegroup.it"
47.128.23.231 - - [15/Jul/2026:16:41:26 +0200] "GET /wp-includes/css/dist/block-library/style.min.css?ver=7.0.1 HTTP/2.0" 404 18171 "https://mantova.elettroservicegroup.it/post-10-2/" "Mozilla/5.0 (Linux; Android 5.0) AppleWebKit/537.36 (KHTML, like Gecko) Mobile Safari/537.36 (compatible; Bytespider; spider-feedback@bytedance.com)"
47.128.23.231 - - [15/Jul/2026:16:41:26 +0200] "GET /wp-content/plugins/header-footer-elementor/assets/css/header-footer-elementor.css?ver=2.9.1 HTTP/2.0" 404 18175 "https://mantova.elettroservicegroup.it/post-10-2/" "Mozilla/5.0 (Linux; Android 5.0) AppleWebKit/537.36 (KHTML, like Gecko) Mobile Safari/537.36 (compatible; Bytespider; spider-feedback@bytedance.com)"
47.128.23.231 - - [15/Jul/2026:16:41:27 +0200] "GET /wp-content/plugins/elementor/assets/css/widget-social-icons.min.css?ver=3.24.0 HTTP/2.0" 507 - "https://mantova.elettroservicegroup.it/post-10-2/" "Mozilla/5.0 (Linux; Android 5.0) AppleWebKit/537.36 (KHTML, like Gecko) Mobile Safari/537.36 (compatible; Bytespider; spider-feedback@bytedance.com)"
47.128.23.231 - - [15/Jul/2026:16:41:27 +0200] "GET /wp-content/plugins/essential-addons-for-elementor-lite/assets/front-end/css/view/general.min.css?ver=6.6.11 HTTP/2.0" 507 - "https://mantova.elettroservicegroup.it/post-10-2/" "Mozilla/5.0 (Linux; Android 5.0) AppleWebKit/537.36 (KHTML, like Gecko) Mobile Safari/537.36 (compatible; Bytespider; spider-feedback@bytedance.com)"
47.128.23.231 - - [15/Jul/2026:16:41:27 +0200] "GET /wp-content/uploads/elementor/google-fonts/css/robotoslab.css?ver=1742253597 HTTP/2.0" 507 - "https://mantova.elettroservicegroup.it/post-10-2/" "Mozilla/5.0 (Linux; Android 5.0) AppleWebKit/537.36 (KHTML, like Gecko) Mobile Safari/537.36 (compatible; Bytespider; spider-feedback@bytedance.com)"
47.128.23.231 - - [15/Jul/2026:16:41:27 +0200] "GET /wp-content/plugins/elementor/assets/css/frontend.min.css?ver=4.1.4 HTTP/2.0" 404 18164 "https://mantova.elettroservicegroup.it/post-10-2/" "Mozilla/5.0 (Linux; Android 5.0) AppleWebKit/537.36 (KHTML, like Gecko) Mobile Safari/537.36 (compatible; Bytespider; spider-feedback@bytedance.com)"
47.128.23.231 - - [15/Jul/2026:16:41:26 +0200] "GET /wp-content/plugins/complianz-gdpr-premium/assets/css/cookieblocker.min.css?ver=1783097770 HTTP/2.0" 404 18172 "https://mantova.elettroservicegroup.it/post-10-2/" "Mozilla/5.0 (Linux; Android 5.0) AppleWebKit/537.36 (KHTML, like Gecko) Mobile Safari/537.36 (compatible; Bytespider; spider-feedback@bytedance.com)"
47.128.23.231 - - [15/Jul/2026:16:41:26 +0200] "GET /wp-content/plugins/header-footer-elementor/inc/widgets-css/frontend.css?ver=2.9.1 HTTP/2.0" 404 18166 "https://mantova.elettroservicegroup.it/post-10-2/" "Mozilla/5.0 (Linux; Android 5.0) AppleWebKit/537.36 (KHTML, like Gecko) Mobile Safari/537.36 (compatible; Bytespider; spider-feedback@bytedance.com)"
47.128.23.231 - - [15/Jul/2026:16:41:26 +0200] "GET /wp-content/plugins/all-in-one-seo-pack/dist/Lite/assets/css/table-of-contents/global.e90f6d47.css?ver=4.9.10 HTTP/2.0" 404 18180 "https://mantova.elettroservicegroup.it/post-10-2/" "Mozilla/5.0 (Linux; Android 5.0) AppleWebKit/537.36 (KHTML, like Gecko) Mobile Safari/537.36 (compatible; Bytespider; spider-feedback@bytedance.com)"
47.128.23.231 - - [15/Jul/2026:16:41:27 +0200] "GET /wp-content/uploads/elementor/css/post-14366.css?ver=1784093484 HTTP/2.0" 404 18166 "https://mantova.elettroservicegroup.it/post-10-2/" "Mozilla/5.0 (Linux; Android 5.0) AppleWebKit/537.36 (KHTML, like Gecko) Mobile Safari/537.36 (compatible; Bytespider; spider-feedback@bytedance.com)"
47.128.23.231 - - [15/Jul/2026:16:41:27 +0200] "GET /wp-content/themes/generatepress/assets/css/components/comments.min.css?ver=3.6.1 HTTP/2.0" 404 18181 "https://mantova.elettroservicegroup.it/post-10-2/" "Mozilla/5.0 (Linux; Android 5.0) AppleWebKit/537.36 (KHTML, like Gecko) Mobile Safari/537.36 (compatible; Bytespider; spider-feedback@bytedance.com)"
47.128.23.231 - - [15/Jul/2026:16:41:27 +0200] "GET /wp-content/plugins/elementor/assets/lib/font-awesome/css/all.min.css?ver=4.1.4 HTTP/2.0" 404 18178 "https://mantova.elettroservicegroup.it/post-10-2/" "Mozilla/5.0 (Linux; Android 5.0) AppleWebKit/537.36 (KHTML, like Gecko) Mobile Safari/537.36 (compatible; Bytespider; spider-feedback@bytedance.com)"
47.128.23.231 - - [15/Jul/2026:16:41:27 +0200] "GET /wp-content/uploads/elementor/css/post-14146.css?ver=1784093483 HTTP/2.0" 404 18164 "https://mantova.elettroservicegroup.it/post-10-2/" "Mozilla/5.0 (Linux; Android 5.0) AppleWebKit/537.36 (KHTML, like Gecko) Mobile Safari/537.36 (compatible; Bytespider; spider-feedback@bytedance.com)"
47.128.23.231 - - [15/Jul/2026:16:41:27 +0200] "GET /wp-content/plugins/elementor/assets/lib/eicons/css/elementor-icons.min.css?ver=5.50.0 HTTP/2.0" 404 18176 "https://mantova.elettroservicegroup.it/post-10-2/" "Mozilla/5.0 (Linux; Android 5.0) AppleWebKit/537.36 (KHTML, like Gecko) Mobile Safari/537.36 (compatible; Bytespider; spider-feedback@bytedance.com)"
47.128.23.231 - - [15/Jul/2026:16:41:27 +0200] "GET /wp-content/plugins/elementor/assets/lib/font-awesome/css/v4-shims.min.css?ver=4.1.4 HTTP/2.0" 404 18183 "https://mantova.elettroservicegroup.it/post-10-2/" "Mozilla/5.0 (Linux; Android 5.0) AppleWebKit/537.36 (KHTML, like Gecko) Mobile Safari/537.36 (compatible; Bytespider; spider-feedback@bytedance.com)"
47.128.23.231 - - [15/Jul/2026:16:41:27 +0200] "GET /wp-content/uploads/elementor/google-fonts/css/roboto.css?ver=1742253595 HTTP/2.0" 404 18166 "https://mantova.elettroservicegroup.it/post-10-2/" "Mozilla/5.0 (Linux; Android 5.0) AppleWebKit/537.36 (KHTML, like Gecko) Mobile Safari/537.36 (compatible; Bytespider; spider-feedback@bytedance.com)"
47.128.23.231 - - [15/Jul/2026:16:41:27 +0200] "GET /wp-content/plugins/elementor/assets/lib/font-awesome/css/fontawesome.css?ver=5.15.3 HTTP/2.0" 404 18176 "https://mantova.elettroservicegroup.it/post-10-2/" "Mozilla/5.0 (Linux; Android 5.0) AppleWebKit/537.36 (KHTML, like Gecko) Mobile Safari/537.36 (compatible; Bytespider; spider-feedback@bytedance.com)"
47.128.23.231 - - [15/Jul/2026:16:41:27 +0200] "GET /wp-content/plugins/wpfront-notification-bar/css/wpfront-notification-bar.min.css?ver=3.5.1.05102 HTTP/2.0" 404 18166 "https://mantova.elettroservicegroup.it/post-10-2/" "Mozilla/5.0 (Linux; Android 5.0) AppleWebKit/537.36 (KHTML, like Gecko) Mobile Safari/537.36 (compatible; Bytespider; spider-feedback@bytedance.com)"
47.128.23.231 - - [15/Jul/2026:16:41:27 +0200] "GET /wp-content/plugins/elementor/assets/lib/eicons/css/elementor-icons.min.css?ver=5.34.0 HTTP/2.0" 404 18176 "https://mantova.elettroservicegroup.it/post-10-2/" "Mozilla/5.0 (Linux; Android 5.0) AppleWebKit/537.36 (KHTML, like Gecko) Mobile Safari/537.36 (compatible; Bytespider; spider-feedback@bytedance.com)"
47.128.23.231 - - [15/Jul/2026:16:41:27 +0200] "GET /wp-content/plugins/elementor/assets/lib/font-awesome/css/solid.css?ver=5.15.3 HTTP/2.0" 404 18179 "https://mantova.elettroservicegroup.it/post-10-2/" "Mozilla/5.0 (Linux; Android 5.0) AppleWebKit/537.36 (KHTML, like Gecko) Mobile Safari/537.36 (compatible; Bytespider; spider-feedback@bytedance.com)"
47.128.23.231 - - [15/Jul/2026:16:41:27 +0200] "GET /wp-content/plugins/elementor/assets/lib/font-awesome/css/brands.css?ver=5.15.3 HTTP/2.0" 404 18181 "https://mantova.elettroservicegroup.it/post-10-2/" "Mozilla/5.0 (Linux; Android 5.0) AppleWebKit/537.36 (KHTML, like Gecko) Mobile Safari/537.36 (compatible; Bytespider; spider-feedback@bytedance.com)"
65.108.235.243 - - [15/Jul/2026:16:41:37 +0200] "POST /wp-cron.php?doing_wp_cron=1784126497.4901559352874755859375 HTTP/1.1" 200 1 "-" "WordPress/7.0.1; https://mantova.elettroservicegroup.it"
47.128.23.231 - - [15/Jul/2026:16:41:27 +0200] "GET /wp-content/uploads/2021/10/cropped-cropped-cropped-logo_white_background.png HTTP/2.0" 404 93912 "https://mantova.elettroservicegroup.it/post-10-2/" "Mozilla/5.0 (Linux; Android 5.0) AppleWebKit/537.36 (KHTML, like Gecko) Mobile Safari/537.36 (compatible; Bytespider; spider-feedback@bytedance.com)"
47.128.23.231 - - [15/Jul/2026:16:41:27 +0200] "GET /wp-content/plugins/elementor/assets/css/widget-icon-list.min.css?ver=3.24.3 HTTP/2.0" 404 18174 "https://mantova.elettroservicegroup.it/post-10-2/" "Mozilla/5.0 (Linux; Android 5.0) AppleWebKit/537.36 (KHTML, like Gecko) Mobile Safari/537.36 (compatible; Bytespider; spider-feedback@bytedance.com)"
47.128.23.231 - - [15/Jul/2026:16:41:27 +0200] "GET /wp-content/plugins/gp-premium/menu-plus/functions/css/navigation-branding-flex.min.css?ver=2.5.6 HTTP/2.0" 404 18192 "https://mantova.elettroservicegroup.it/post-10-2/" "Mozilla/5.0 (Linux; Android 5.0) AppleWebKit/537.36 (KHTML, like Gecko) Mobile Safari/537.36 (compatible; Bytespider; spider-feedback@bytedance.com)"
47.128.23.231 - - [15/Jul/2026:16:41:27 +0200] "GET /wp-content/themes/generatepress/assets/css/main.min.css?ver=3.6.1 HTTP/2.0" 404 18169 "https://mantova.elettroservicegroup.it/post-10-2/" "Mozilla/5.0 (Linux; Android 5.0) AppleWebKit/537.36 (KHTML, like Gecko) Mobile Safari/537.36 (compatible; Bytespider; spider-feedback@bytedance.com)"
47.128.23.231 - - [15/Jul/2026:16:41:39 +0200] "GET /wp-content/uploads/2018/02/post-10-300x200.jpg HTTP/2.0" 404 93732 "https://mantova.elettroservicegroup.it/post-10-2/" "Mozilla/5.0 (Linux; Android 5.0) AppleWebKit/537.36 (KHTML, like Gecko) Mobile Safari/537.36 (compatible; Bytespider; spider-feedback@bytedance.com)"
47.128.23.231 - - [15/Jul/2026:16:41:40 +0200] "GET /wp-content/uploads/2018/02/post-10-150x150.jpg HTTP/2.0" 404 93732 "https://mantova.elettroservicegroup.it/post-10-2/" "Mozilla/5.0 (Linux; Android 5.0) AppleWebKit/537.36 (KHTML, like Gecko) Mobile Safari/537.36 (compatible; Bytespider; spider-feedback@bytedance.com)"
47.128.23.231 - - [15/Jul/2026:16:41:41 +0200] "GET /wp-content/uploads/2018/02/post-9-150x150.jpg HTTP/2.0" 404 93726 "https://mantova.elettroservicegroup.it/post-10-2/" "Mozilla/5.0 (Linux; Android 5.0) AppleWebKit/537.36 (KHTML, like Gecko) Mobile Safari/537.36 (compatible; Bytespider; spider-feedback@bytedance.com)"
47.128.23.231 - - [15/Jul/2026:16:41:41 +0200] "GET /wp-content/uploads/2018/02/post-7-150x150.jpg HTTP/2.0" 404 93726 "https://mantova.elettroservicegroup.it/post-10-2/" "Mozilla/5.0 (Linux; Android 5.0) AppleWebKit/537.36 (KHTML, like Gecko) Mobile Safari/537.36 (compatible; Bytespider; spider-feedback@bytedance.com)"
47.128.23.231 - - [15/Jul/2026:16:41:40 +0200] "GET /wp-content/uploads/2018/02/post-8-150x150.jpg HTTP/2.0" 404 93726 "https://mantova.elettroservicegroup.it/post-10-2/" "Mozilla/5.0 (Linux; Android 5.0) AppleWebKit/537.36 (KHTML, like Gecko) Mobile Safari/537.36 (compatible; Bytespider; spider-feedback@bytedance.com)"
47.128.23.231 - - [15/Jul/2026:16:41:41 +0200] "GET /wp-content/uploads/2021/10/cropped-cropped-cropped-logo_white_background.png HTTP/2.0" 404 93912 "https://mantova.elettroservicegroup.it/post-10-2/" "Mozilla/5.0 (Linux; Android 5.0) AppleWebKit/537.36 (KHTML, like Gecko) Mobile Safari/537.36 (compatible; Bytespider; spider-feedback@bytedance.com)"
47.128.23.231 - - [15/Jul/2026:16:41:41 +0200] "GET /wp-content/uploads/2018/02/post-4-150x150.jpg HTTP/2.0" 404 93726 "https://mantova.elettroservicegroup.it/post-10-2/" "Mozilla/5.0 (Linux; Android 5.0) AppleWebKit/537.36 (KHTML, like Gecko) Mobile Safari/537.36 (compatible; Bytespider; spider-feedback@bytedance.com)"
47.128.23.231 - - [15/Jul/2026:16:41:45 +0200] "GET /wp-content/uploads/2018/02/post-3-150x150.jpg HTTP/2.0" 404 93726 "https://mantova.elettroservicegroup.it/post-10-2/" "Mozilla/5.0 (Linux; Android 5.0) AppleWebKit/537.36 (KHTML, like Gecko) Mobile Safari/537.36 (compatible; Bytespider; spider-feedback@bytedance.com)"
47.128.23.231 - - [15/Jul/2026:16:41:45 +0200] "GET /wp-content/uploads/2018/02/post-6-150x150.jpg HTTP/2.0" 404 93726 "https://mantova.elettroservicegroup.it/post-10-2/" "Mozilla/5.0 (Linux; Android 5.0) AppleWebKit/537.36 (KHTML, like Gecko) Mobile Safari/537.36 (compatible; Bytespider; spider-feedback@bytedance.com)"
47.128.23.231 - - [15/Jul/2026:16:41:47 +0200] "GET /wp-content/uploads/2018/02/post-2-150x150.jpg HTTP/2.0" 404 93726 "https://mantova.elettroservicegroup.it/post-10-2/" "Mozilla/5.0 (Linux; Android 5.0) AppleWebKit/537.36 (KHTML, like Gecko) Mobile Safari/537.36 (compatible; Bytespider; spider-feedback@bytedance.com)"
47.128.23.231 - - [15/Jul/2026:16:41:47 +0200] "GET /wp-content/uploads/2018/02/post-5-150x150.jpg HTTP/2.0" 404 93726 "https://mantova.elettroservicegroup.it/post-10-2/" "Mozilla/5.0 (Linux; Android 5.0) AppleWebKit/537.36 (KHTML, like Gecko) Mobile Safari/537.36 (compatible; Bytespider; spider-feedback@bytedance.com)"
47.128.23.231 - - [15/Jul/2026:16:41:48 +0200] "GET /wp-content/plugins/wpfront-notification-bar/images/arrow_up.png HTTP/2.0" 404 93834 "https://mantova.elettroservicegroup.it/post-10-2/" "Mozilla/5.0 (Linux; Android 5.0) AppleWebKit/537.36 (KHTML, like Gecko) Mobile Safari/537.36 (compatible; Bytespider; spider-feedback@bytedance.com)"
65.108.235.243 - - [15/Jul/2026:16:54:40 +0200] "POST /wp-cron.php?doing_wp_cron=1784127280.1417589187622070312500 HTTP/1.1" 200 1 "-" "WordPress/7.0.1; https://mantova.elettroservicegroup.it"
216.73.217.65 - - [15/Jul/2026:16:54:38 +0200] "GET /robots.txt HTTP/2.0" 200 107 "-" "Mozilla/5.0 AppleWebKit/537.36 (KHTML, like Gecko; compatible; ClaudeBot/1.0; +claudebot@anthropic.com)"
216.73.217.65 - - [15/Jul/2026:16:54:41 +0200] "GET /sitemap.rss HTTP/2.0" 404 386 "-" "Mozilla/5.0 AppleWebKit/537.36 (KHTML, like Gecko; compatible; ClaudeBot/1.0; +claudebot@anthropic.com)"
47.128.23.231 - - [15/Jul/2026:17:41:52 +0200] "GET /post-6-2/ HTTP/2.0" 200 11942 "-" "Mozilla/5.0 (Linux; Android 5.0) AppleWebKit/537.36 (KHTML, like Gecko) Mobile Safari/537.36 (compatible; Bytespider; spider-feedback@bytedance.com)"
65.108.235.243 - - [15/Jul/2026:17:48:16 +0200] "POST /wp-cron.php?doing_wp_cron=1784130496.0869379043579101562500 HTTP/1.1" 200 1 "-" "WordPress/7.0.1; https://mantova.elettroservicegroup.it"
216.73.217.65 - - [15/Jul/2026:17:48:14 +0200] "GET /sitemap.xml HTTP/2.0" 200 340 "-" "Mozilla/5.0 AppleWebKit/537.36 (KHTML, like Gecko; compatible; ClaudeBot/1.0; +claudebot@anthropic.com)"
65.108.235.243 - - [15/Jul/2026:17:48:17 +0200] "POST /wp-json/complianz/v1/wsc-scan HTTP/1.1" 400 88 "-" "WordPress/7.0.1; https://mantova.elettroservicegroup.it"
65.108.235.243 - - [15/Jul/2026:17:48:38 +0200] "POST /wp-admin/admin-ajax.php?action=elementor_1_elementor_updater&nonce=2904e149d9 HTTP/1.1" 503 587 "-" "WordPress/7.0.1; https://mantova.elettroservicegroup.it"
65.108.235.243 - - [15/Jul/2026:17:48:36 +0200] "GET /?wp_scrape_key=409fa7aa3fee349448383adde8686eba&wp_scrape_nonce=1784130514 HTTP/1.1" 200 22001 "-" "WordPress/7.0.1; https://mantova.elettroservicegroup.it"
45.133.192.234 - - [15/Jul/2026:17:58:05 +0200] "GET /wp-login.php HTTP/2.0" 200 11923 "https://mantova.elettroservicegroup.it/" "Mozilla/5.0 (Windows NT 10.0; Win64; x64) AppleWebKit/537.36 (KHTML, like Gecko) Chrome/149.0.0.0 Safari/537.36"
45.133.192.234 - - [15/Jul/2026:17:58:07 +0200] "GET /z0f76a1d14fd21a8fb5fd0d03e0fdc3d3cedae52f?wsidchk=6842012&pdata=https%253A%252F%252Fmantova.elettroservicegroup.it%252Fwp-login.php&id=7fa3b767c460b54a2be4d49030b349c7&ts=1784131085 HTTP/2.0" 302 275 "https://mantova.elettroservicegroup.it/wp-login.php" "Mozilla/5.0 (Windows NT 10.0; Win64; x64) AppleWebKit/537.36 (KHTML, like Gecko) Chrome/149.0.0.0 Safari/537.36"
65.108.235.243 - - [15/Jul/2026:17:58:15 +0200] "POST /wp-cron.php?doing_wp_cron=1784131095.1906650066375732421875 HTTP/1.1" 200 1 "-" "WordPress/7.0.1; https://mantova.elettroservicegroup.it"
45.133.192.234 - - [15/Jul/2026:17:58:07 +0200] "GET /wp-login.php HTTP/2.0" 200 - "https://mantova.elettroservicegroup.it/wp-login.php" "Mozilla/5.0 (Windows NT 10.0; Win64; x64) AppleWebKit/537.36 (KHTML, like Gecko) Chrome/149.0.0.0 Safari/537.36"
65.108.235.243 - - [15/Jul/2026:17:58:15 +0200] "POST /wp-cron.php?doing_wp_cron=1784131095.1906650066375732421875 HTTP/1.1" 200 1 "-" "WordPress/7.0.1; https://mantova.elettroservicegroup.it"
45.133.192.234 - - [15/Jul/2026:17:58:11 +0200] "GET /wp-login.php HTTP/2.0" 200 2699 "https://mantova.elettroservicegroup.it/wp-login.php" "Mozilla/5.0 (Windows NT 10.0; Win64; x64) AppleWebKit/537.36 (KHTML, like Gecko) Chrome/149.0.0.0 Safari/537.36"
45.133.192.234 - - [15/Jul/2026:17:58:18 +0200] "GET /wp-includes/js/dist/dom-ready.min.js?ver=a06281ae5cf5500e9317 HTTP/2.0" 200 421 "https://mantova.elettroservicegroup.it/wp-login.php" "Mozilla/5.0 (Windows NT 10.0; Win64; x64) AppleWebKit/537.36 (KHTML, like Gecko) Chrome/149.0.0.0 Safari/537.36"
45.133.192.234 - - [15/Jul/2026:17:58:18 +0200] "GET /wp-admin/js/password-strength-meter.min.js?ver=7.0.1 HTTP/2.0" 200 560 "https://mantova.elettroservicegroup.it/wp-login.php" "Mozilla/5.0 (Windows NT 10.0; Win64; x64) AppleWebKit/537.36 (KHTML, like Gecko) Chrome/149.0.0.0 Safari/537.36"
45.133.192.234 - - [15/Jul/2026:17:58:18 +0200] "GET /wp-includes/js/wp-util.min.js?ver=7.0.1 HTTP/2.0" 200 693 "https://mantova.elettroservicegroup.it/wp-login.php" "Mozilla/5.0 (Windows NT 10.0; Win64; x64) AppleWebKit/537.36 (KHTML, like Gecko) Chrome/149.0.0.0 Safari/537.36"
45.133.192.234 - - [15/Jul/2026:17:58:18 +0200] "GET /wp-includes/js/dist/i18n.min.js?ver=781d11515ad3d91786ec HTTP/2.0" 200 2357 "https://mantova.elettroservicegroup.it/wp-login.php" "Mozilla/5.0 (Windows NT 10.0; Win64; x64) AppleWebKit/537.36 (KHTML, like Gecko) Chrome/149.0.0.0 Safari/537.36"
45.133.192.234 - - [15/Jul/2026:17:58:18 +0200] "GET /wp-includes/js/dist/a11y.min.js?ver=af934e5259bc51b8718e HTTP/2.0" 200 937 "https://mantova.elettroservicegroup.it/wp-login.php" "Mozilla/5.0 (Windows NT 10.0; Win64; x64) AppleWebKit/537.36 (KHTML, like Gecko) Chrome/149.0.0.0 Safari/537.36"
45.133.192.234 - - [15/Jul/2026:17:58:18 +0200] "GET /wp-includes/js/underscore.min.js?ver=1.13.8 HTTP/2.0" 200 7243 "https://mantova.elettroservicegroup.it/wp-login.php" "Mozilla/5.0 (Windows NT 10.0; Win64; x64) AppleWebKit/537.36 (KHTML, like Gecko) Chrome/149.0.0.0 Safari/537.36"
45.133.192.234 - - [15/Jul/2026:17:58:18 +0200] "GET /wp-admin/js/user-profile.min.js?ver=7.0.1 HTTP/2.0" 200 2891 "https://mantova.elettroservicegroup.it/wp-login.php" "Mozilla/5.0 (Windows NT 10.0; Win64; x64) AppleWebKit/537.36 (KHTML, like Gecko) Chrome/149.0.0.0 Safari/537.36"
45.133.192.234 - - [15/Jul/2026:17:58:18 +0200] "GET /wp-admin/load-styles.php?c=1&dir=ltr&load%5Bchunk_0%5D=dashicons,buttons,forms,l10n,wp-base-styles,login&ver=7.0.1 HTTP/2.0" 200 45788 "https://mantova.elettroservicegroup.it/wp-login.php" "Mozilla/5.0 (Windows NT 10.0; Win64; x64) AppleWebKit/537.36 (KHTML, like Gecko) Chrome/149.0.0.0 Safari/537.36"
45.133.192.234 - - [15/Jul/2026:17:58:18 +0200] "GET /wp-admin/load-scripts.php?c=1&load%5Bchunk_0%5D=clipboard,jquery-core,jquery-migrate,zxcvbn-async,wp-hooks&ver=7.0.1 HTTP/2.0" 200 37669 "https://mantova.elettroservicegroup.it/wp-login.php" "Mozilla/5.0 (Windows NT 10.0; Win64; x64) AppleWebKit/537.36 (KHTML, like Gecko) Chrome/149.0.0.0 Safari/537.36"
45.133.192.234 - - [15/Jul/2026:17:58:18 +0200] "GET /wp-admin/images/wordpress-logo-gray.svg?ver=20260303 HTTP/2.0" 200 765 "https://mantova.elettroservicegroup.it/wp-admin/load-styles.php?c=1&dir=ltr&load%5Bchunk_0%5D=dashicons,buttons,forms,l10n,wp-base-styles,login&ver=7.0.1" "Mozilla/5.0 (Windows NT 10.0; Win64; x64) AppleWebKit/537.36 (KHTML, like Gecko) Chrome/149.0.0.0 Safari/537.36"
45.133.192.234 - - [15/Jul/2026:17:58:18 +0200] "GET /wp-content/uploads/2021/10/cropped-cropped-cropped-cropped-logo_white_background-192x192.png HTTP/2.0" 200 19089 "https://mantova.elettroservicegroup.it/wp-login.php" "Mozilla/5.0 (Windows NT 10.0; Win64; x64) AppleWebKit/537.36 (KHTML, like Gecko) Chrome/149.0.0.0 Safari/537.36"
45.133.192.234 - - [15/Jul/2026:17:58:18 +0200] "GET /wp-includes/js/zxcvbn.min.js HTTP/2.0" 200 387992 "https://mantova.elettroservicegroup.it/wp-login.php" "Mozilla/5.0 (Windows NT 10.0; Win64; x64) AppleWebKit/537.36 (KHTML, like Gecko) Chrome/149.0.0.0 Safari/537.36"
45.133.192.234 - - [15/Jul/2026:17:58:21 +0200] "POST /wp-login.php HTTP/2.0" 302 1 "https://mantova.elettroservicegroup.it/wp-login.php" "Mozilla/5.0 (Windows NT 10.0; Win64; x64) AppleWebKit/537.36 (KHTML, like Gecko) Chrome/149.0.0.0 Safari/537.36"
45.133.192.234 - - [15/Jul/2026:17:58:24 +0200] "GET /wp-admin/ HTTP/2.0" 200 377521 "https://mantova.elettroservicegroup.it/wp-login.php" "Mozilla/5.0 (Windows NT 10.0; Win64; x64) AppleWebKit/537.36 (KHTML, like Gecko) Chrome/149.0.0.0 Safari/537.36"
45.133.192.234 - - [15/Jul/2026:17:58:28 +0200] "GET /wp-content/plugins/wordfence/css/wf-global.1778685035.css?ver=8.2.2 HTTP/2.0" 200 426 "https://mantova.elettroservicegroup.it/wp-admin/" "Mozilla/5.0 (Windows NT 10.0; Win64; x64) AppleWebKit/537.36 (KHTML, like Gecko) Chrome/149.0.0.0 Safari/537.36"
45.133.192.234 - - [15/Jul/2026:17:58:28 +0200] "GET /wp-includes/js/thickbox/thickbox.css?ver=7.0.1 HTTP/2.0" 200 826 "https://mantova.elettroservicegroup.it/wp-admin/" "Mozilla/5.0 (Windows NT 10.0; Win64; x64) AppleWebKit/537.36 (KHTML, like Gecko) Chrome/149.0.0.0 Safari/537.36"
45.133.192.234 - - [15/Jul/2026:17:58:28 +0200] "GET /wp-content/plugins/wordfence/css/activity-report-widget.1778685035.css?ver=8.2.2 HTTP/2.0" 200 527 "https://mantova.elettroservicegroup.it/wp-admin/" "Mozilla/5.0 (Windows NT 10.0; Win64; x64) AppleWebKit/537.36 (KHTML, like Gecko) Chrome/149.0.0.0 Safari/537.36"
