216.73.216.138 - - [07/Jul/2026:14:47:32 +0200] "GET /3D%22https:/click.mlsend2.com/wp-admin/href=%22https:/www.userFeedback.com/3D%22http:/touli.smtptrack.com/'%20.%20$i['tmplData']['vulnerabilityLink']%20.%20'?file=%2Fhome%2Fcosta4%2Fpiacenza.elettroservicegroup.it%2Fwp-includes%2Fimages%2Fw-logo-blue.png HTTP/2.0" 200 237 "-" "Mozilla/5.0 AppleWebKit/537.36 (KHTML, like Gecko; compatible; ClaudeBot/1.0; +claudebot@anthropic.com)"
216.73.216.138 - - [07/Jul/2026:14:47:32 +0200] "GET /3D%22https:/www.avast.com/wp-admin/%7Bsitemap:loc%7D?file=%2Fhome%2Fcosta4%2Fcremona.elettroservicegroup.it%2Fwp-includes%2Fjs%2Fdist%2Fvendor%2Fwp-polyfill-inert.min.js HTTP/2.0" 200 251 "-" "Mozilla/5.0 AppleWebKit/537.36 (KHTML, like Gecko; compatible; ClaudeBot/1.0; +claudebot@anthropic.com)"
216.73.216.138 - - [07/Jul/2026:14:47:33 +0200] "GET /=3D%22https:/blogerfrechloginfr.blogspot.com/link-manager.php?view=%2Fhome%2Fcosta4%2Fcremona.elettroservicegroup.it%2Fwp-content%2Fplugins%2Fgp-premium%2Flangs%2Fgp-premium-es_AR.mo HTTP/2.0" 200 9905 "-" "Mozilla/5.0 AppleWebKit/537.36 (KHTML, like Gecko; compatible; ClaudeBot/1.0; +claudebot@anthropic.com)"
216.73.216.138 - - [07/Jul/2026:14:47:32 +0200] "GET /3D%22https:/click.mlsend2.com/wp-admin/href=%22https:/www.userFeedback.com/3D%22http:/touli.smtptrack.com/'%20.%20$i['tmplData']['vulnerabilityLink']%20.%20'?rename=%2Fhome%2Fcosta4%2Fpiacenza.elettroservicegroup.it%2Fwp-includes%2Fimages%2Fwpicons.png HTTP/2.0" 200 907 "-" "Mozilla/5.0 AppleWebKit/537.36 (KHTML, like Gecko; compatible; ClaudeBot/1.0; +claudebot@anthropic.com)"
216.73.216.138 - - [07/Jul/2026:14:47:32 +0200] "GET /3D%22https:/l.tenaroc.makeup/spagetlink20/link-manager.php?edit=%2Fhome%2Fcosta4%2Fcremona.elettroservicegroup.it%2Fwp-admin%2Fimages%2Fstars.png HTTP/2.0" 200 19606 "-" "Mozilla/5.0 AppleWebKit/537.36 (KHTML, like Gecko; compatible; ClaudeBot/1.0; +claudebot@anthropic.com)"
216.73.216.138 - - [07/Jul/2026:14:47:32 +0200] "GET /=3D%22https:/blogerfrechloginfr.blogspot.com/admin.php?edit=%2Fhome%2Fcosta4%2Ftmp%2Fawstats%2Fawstats052026.vicenza.elettroservicegroup.it.txt HTTP/2.0" 200 18497 "-" "Mozilla/5.0 AppleWebKit/537.36 (KHTML, like Gecko; compatible; ClaudeBot/1.0; +claudebot@anthropic.com)"
216.73.216.138 - - [07/Jul/2026:14:47:33 +0200] "GET /css/user-new.php?view=%2Fhome%2Fcosta4%2Fcremona.elettroservicegroup.it%2Fwp-content%2Fthemes%2Fgeneratepress%2Findex.php HTTP/2.0" 200 593 "-" "Mozilla/5.0 AppleWebKit/537.36 (KHTML, like Gecko; compatible; ClaudeBot/1.0; +claudebot@anthropic.com)"
216.73.216.138 - - [07/Jul/2026:14:47:32 +0200] "GET /=3D%22https:/blogerfrechloginfr.blogspot.com/admin.php?rename=%2Fhome%2Fcosta4%2Fpublic_html%2Fwp-content%2Fplugins%2Fwordfence%2Fvendor%2Fcomposer%2FLICENSE HTTP/2.0" 200 18600 "-" "Mozilla/5.0 AppleWebKit/537.36 (KHTML, like Gecko; compatible; ClaudeBot/1.0; +claudebot@anthropic.com)"
216.73.216.138 - - [07/Jul/2026:14:47:33 +0200] "GET /sitemap.rss?rename=%2Fhome%2Fcosta4%2Fwww%2Fwp-content%2Fplugins%2Felementor%2Fcore%2Fadmin%2Fcanary-deployment.php HTTP/2.0" 200 1265 "-" "Mozilla/5.0 AppleWebKit/537.36 (KHTML, like Gecko; compatible; ClaudeBot/1.0; +claudebot@anthropic.com)"
216.73.216.138 - - [07/Jul/2026:14:47:33 +0200] "GET /sitemap.rss?edit=%2Fhome%2Fcosta4%2Fparma.elettroservicegroup.it%2Fwp-includes%2Fblocks%2Fmath%2Fstyle.min.css HTTP/2.0" 200 1299 "-" "Mozilla/5.0 AppleWebKit/537.36 (KHTML, like Gecko; compatible; ClaudeBot/1.0; +claudebot@anthropic.com)"
216.73.216.138 - - [07/Jul/2026:14:47:33 +0200] "GET /3D%22https:/hosting.aruba.it/en/wp-admin/'%20.%20esc_url(admin_url('admin.php?edit=%2Fhome%2Fcosta4%2Fcremona.elettroservicegroup.it%2Fwp-content%2Fthemes%2Fgeneratepress%2Freadme.txt HTTP/2.0" 200 24322 "-" "Mozilla/5.0 AppleWebKit/537.36 (KHTML, like Gecko; compatible; ClaudeBot/1.0; +claudebot@anthropic.com)"
216.73.216.138 - - [07/Jul/2026:14:47:33 +0200] "GET /3D=22http:/'%20.%20admin_url('admin.php?view=%2Fhome%2Fcosta4%2Fcremona.elettroservicegroup.it%2Fwp-content%2Fthemes%2Fgeneratepress%2Fsingle.php HTTP/2.0" 200 382 "-" "Mozilla/5.0 AppleWebKit/537.36 (KHTML, like Gecko; compatible; ClaudeBot/1.0; +claudebot@anthropic.com)"
216.73.216.138 - - [07/Jul/2026:14:47:33 +0200] "GET /3D%22https:/go.eu.sparkpostmail2.com/q/wp-admin/%7Bsitemap:loc%7D?edit=%2Fhome%2Fcosta4%2Fwww%2Fwp-content%2Fplugins%2Fwordfence%2Fimages%2Ficons%2FajaxScan.gif HTTP/2.0" 200 1488 "-" "Mozilla/5.0 AppleWebKit/537.36 (KHTML, like Gecko; compatible; ClaudeBot/1.0; +claudebot@anthropic.com)"
216.73.216.138 - - [07/Jul/2026:14:47:33 +0200] "GET /3D%22https:/www.avast.com/wp-admin/update-core.php?view=%2Fhome%2Fcosta4%2Fcremona.elettroservicegroup.it%2Fwp-content%2Fuploads%2F2018%2F02%2Fpost-5-300x200.jpg HTTP/2.0" 200 15558 "-" "Mozilla/5.0 AppleWebKit/537.36 (KHTML, like Gecko; compatible; ClaudeBot/1.0; +claudebot@anthropic.com)"
216.73.216.138 - - [07/Jul/2026:14:47:33 +0200] "GET /3D%22https:/static.mdirector.com/files/campanias/'%20.%20esc_url('https:/font-awesome/css/theme-install.php?view=%2Fhome%2Fcosta4%2Fpiacenza.elettroservicegroup.it%2Fwp-content%2Fuploads%2F2022%2F01%2Fmarche-350x100.jpg HTTP/2.0" 200 10353 "-" "Mozilla/5.0 AppleWebKit/537.36 (KHTML, like Gecko; compatible; ClaudeBot/1.0; +claudebot@anthropic.com)"
216.73.216.138 - - [07/Jul/2026:14:47:34 +0200] "GET /3D%22https:/click.mlsend2.com/wp-admin/href=%22https:/www.userFeedback.com/=3D%22http:/click.ernesto.it/wf/'%20.%20$url%20.%20'?view=%2Fhome%2Fcosta4%2Fcremona.elettroservicegroup.it%2Fwp-content%2Fuploads%2F2021%2F10%2Fcandy-300x67.png HTTP/2.0" 200 11261 "-" "Mozilla/5.0 AppleWebKit/537.36 (KHTML, like Gecko; compatible; ClaudeBot/1.0; +claudebot@anthropic.com)"
216.73.216.138 - - [07/Jul/2026:14:47:33 +0200] "GET /3D%22https:/www.avast.com/font-awesome/css/%22http:/codecanyon.net/item/maintenance-wordpress-plugin/'%20.%20$path%20.%20'?file=%2Fhome%2Fcosta4%2Fcremona.elettroservicegroup.it%2Fwp-content%2Fplugins%2Fwordfence%2Fviews%2Ftours HTTP/2.0" 200 330 "-" "Mozilla/5.0 AppleWebKit/537.36 (KHTML, like Gecko; compatible; ClaudeBot/1.0; +claudebot@anthropic.com)"
216.73.216.138 - - [07/Jul/2026:14:47:34 +0200] "GET /3D%22https:/hosting.aruba.it/en/wp-admin/%7Bsitemap:loc%7D?view=%2Fhome%2Fcosta4%2Fmantova.elettroservicegroup.it%2Fwp-content%2Fplugins%2Fwordfence%2Flib%2Fnoc1.key HTTP/2.0" 200 1242 "-" "Mozilla/5.0 AppleWebKit/537.36 (KHTML, like Gecko; compatible; ClaudeBot/1.0; +claudebot@anthropic.com)"
216.73.216.138 - - [07/Jul/2026:14:47:34 +0200] "GET /3D%22https:/click.mlsend2.com/wp-admin/href=%22https:/www.userFeedback.com/3D%22=?edit=%2Fhome%2Fcosta4%2Fcremona.elettroservicegroup.it%2Fwp-content%2Fuploads%2F2021%2F10%2Friparazione-1-1024x1020.jpg HTTP/2.0" 200 76190 "-" "Mozilla/5.0 AppleWebKit/537.36 (KHTML, like Gecko; compatible; ClaudeBot/1.0; +claudebot@anthropic.com)"
216.73.216.138 - - [07/Jul/2026:14:47:34 +0200] "GET /?rename=%2Flib64%2Fruby%2Fpathname.so HTTP/2.0" 200 20789 "-" "Mozilla/5.0 AppleWebKit/537.36 (KHTML, like Gecko; compatible; ClaudeBot/1.0; +claudebot@anthropic.com)"
216.73.216.138 - - [07/Jul/2026:14:47:34 +0200] "GET /3D%22https:/static.mdirector.com/files/campanias/'%20.%20esc_url('https:/'%20.%20$urltwo%20.%20'?rename=%2Fhome%2Fcosta4%2Fcremona.elettroservicegroup.it%2Fwp-content%2Fthemes%2Fgeneratepress%2Fpage.php HTTP/2.0" 200 887 "-" "Mozilla/5.0 AppleWebKit/537.36 (KHTML, like Gecko; compatible; ClaudeBot/1.0; +claudebot@anthropic.com)"
216.73.216.138 - - [07/Jul/2026:14:47:34 +0200] "GET /3D%22https:/www.avast.com/wp-admin/about.php?view=%2Fhome%2Fcosta4%2Fcremona.elettroservicegroup.it%2Fwp-content%2Fuploads%2F2021%2F10%2FCOPERTINA-1-300x150.png HTTP/2.0" 200 29441 "-" "Mozilla/5.0 AppleWebKit/537.36 (KHTML, like Gecko; compatible; ClaudeBot/1.0; +claudebot@anthropic.com)"
216.73.216.138 - - [07/Jul/2026:14:47:34 +0200] "GET /sitemap.rss?rename=%2Fhome%2Fcosta4%2Fwww%2Fwp-content%2Fplugins%2Felementor%2Fmodules%2Fusage%2Felement-usage-calculator-registry.php HTTP/2.0" 200 1272 "-" "Mozilla/5.0 AppleWebKit/537.36 (KHTML, like Gecko; compatible; ClaudeBot/1.0; +claudebot@anthropic.com)"
216.73.216.138 - - [07/Jul/2026:14:47:34 +0200] "GET /3D%22https:/www.wildhorizon.mu/css/js/wp-admin/'%20+%20href%20+%20'?view=%2Fhome%2Fcosta4%2Fcremona.elettroservicegroup.it%2Fwp-content%2Fthemes%2Fgeneratepress%2Fcontent.php HTTP/2.0" 200 697 "-" "Mozilla/5.0 AppleWebKit/537.36 (KHTML, like Gecko; compatible; ClaudeBot/1.0; +claudebot@anthropic.com)"
216.73.216.138 - - [07/Jul/2026:14:47:34 +0200] "GET /?rename=%2Fopt%2Fcpanel%2Fea-wappspector%2Fsrc%2FMatchers%2FPrestashop.php HTTP/2.0" 200 20812 "-" "Mozilla/5.0 AppleWebKit/537.36 (KHTML, like Gecko; compatible; ClaudeBot/1.0; +claudebot@anthropic.com)"
216.73.216.138 - - [07/Jul/2026:14:47:34 +0200] "GET /3D%22https:/cc.gigaven.life/th1/%7B$submenu[$item[2]][0][2]%7D?rename=%2Fhome%2Fcosta4%2Fparma.elettroservicegroup.it%2Fwp-includes%2Fimages%2Ficon-library%2Fnavigation-overlay.svg HTTP/2.0" 200 920 "-" "Mozilla/5.0 AppleWebKit/537.36 (KHTML, like Gecko; compatible; ClaudeBot/1.0; +claudebot@anthropic.com)"
216.73.216.138 - - [07/Jul/2026:14:47:34 +0200] "GET /=3D%22https:/blogerfrechloginfr.blogspot.com/user-new.php?view=%2Fhome%2Fcosta4%2Fcremona.elettroservicegroup.it%2Fwp-content%2Fthemes%2Fgeneratepress%2Ffooter-min.php HTTP/2.0" 200 184 "-" "Mozilla/5.0 AppleWebKit/537.36 (KHTML, like Gecko; compatible; ClaudeBot/1.0; +claudebot@anthropic.com)"
65.108.235.243 - - [07/Jul/2026:14:47:47 +0200] "POST /wp-cron.php?doing_wp_cron=1783428467.2315719127655029296875 HTTP/1.1" 200 1 "-" "WordPress/7.0; https://cremona.elettroservicegroup.it"
217.113.194.87 - - [07/Jul/2026:14:47:45 +0200] "GET /post-3-2/?file=/home/costa4/cremona.elettroservicegroup.it/wp-content/themes/generatepress/comments.php HTTP/1.1" 200 92264 "-" "Mozilla/5.0 (compatible; Barkrowler/0.9; +https://babbar.tech/crawler)"
217.113.194.88 - - [07/Jul/2026:14:48:02 +0200] "GET /post-3-2/?file=/home/costa4/cremona.elettroservicegroup.it/wp-content/themes/generatepress/inc HTTP/1.1" 200 103489 "-" "Mozilla/5.0 (compatible; Barkrowler/0.9; +https://babbar.tech/crawler)"
217.113.194.88 - - [07/Jul/2026:14:48:19 +0200] "GET /?file=/home/costa4/cremona.elettroservicegroup.it/wp-content/themes/generatepress/readme.txt HTTP/1.1" 200 100492 "-" "Mozilla/5.0 (compatible; Barkrowler/0.9; +https://babbar.tech/crawler)"
65.108.235.243 - - [07/Jul/2026:14:48:37 +0200] "POST /wp-cron.php?doing_wp_cron=1783428517.5381429195404052734375 HTTP/1.1" 200 1 "-" "WordPress/7.0; https://cremona.elettroservicegroup.it"
217.113.194.85 - - [07/Jul/2026:14:48:36 +0200] "GET /?file=/home/costa4/cremona.elettroservicegroup.it/wp-content/themes/generatepress/footer-min.php HTTP/1.1" 200 100496 "-" "Mozilla/5.0 (compatible; Barkrowler/0.9; +https://babbar.tech/crawler)"
217.113.194.220 - - [07/Jul/2026:14:48:52 +0200] "GET /cookie-policy/?view=/home/costa4/cremona.elettroservicegroup.it/wp-content/themes/generatepress/functions.php HTTP/1.1" 200 6942 "-" "Mozilla/5.0 (compatible; Barkrowler/0.9; +https://babbar.tech/crawler)"
65.108.235.243 - - [07/Jul/2026:14:49:09 +0200] "POST /wp-cron.php?doing_wp_cron=1783428549.5439190864562988281250 HTTP/1.1" 200 1 "-" "WordPress/7.0; https://cremona.elettroservicegroup.it"
217.113.194.84 - - [07/Jul/2026:14:49:08 +0200] "GET /cookie-policy/?file=/home/costa4/cremona.elettroservicegroup.it/wp-content/themes/generatepress/single.php HTTP/1.1" 200 88445 "-" "Mozilla/5.0 (compatible; Barkrowler/0.9; +https://babbar.tech/crawler)"
217.113.194.88 - - [07/Jul/2026:14:49:24 +0200] "GET /?edit=/home/costa4/cremona.elettroservicegroup.it/wp-content/themes/generatepress/content-link.php HTTP/1.1" 200 116665 "-" "Mozilla/5.0 (compatible; Barkrowler/0.9; +https://babbar.tech/crawler)"
217.113.194.91 - - [07/Jul/2026:14:49:41 +0200] "GET /post-4-2/?view=/home/costa4/cremona.elettroservicegroup.it/wp-content/themes/generatepress/content-single.php HTTP/1.1" 200 1963 "-" "Mozilla/5.0 (compatible; Barkrowler/0.9; +https://babbar.tech/crawler)"
65.108.235.243 - - [07/Jul/2026:14:49:59 +0200] "POST /wp-cron.php?doing_wp_cron=1783428599.0268399715423583984375 HTTP/1.1" 200 1 "-" "WordPress/7.0; https://cremona.elettroservicegroup.it"
217.113.194.90 - - [07/Jul/2026:14:49:56 +0200] "GET /post-4-2/?rename=/home/costa4/cremona.elettroservicegroup.it/wp-content/themes/generatepress/content.php HTTP/1.1" 200 105844 "-" "Mozilla/5.0 (compatible; Barkrowler/0.9; +https://babbar.tech/crawler)"
217.113.194.86 - - [07/Jul/2026:14:50:14 +0200] "GET /post-4-2/?rename=/home/costa4/cremona.elettroservicegroup.it/wp-content/themes/generatepress/comments.php HTTP/1.1" 200 105847 "-" "Mozilla/5.0 (compatible; Barkrowler/0.9; +https://babbar.tech/crawler)"
217.113.194.87 - - [07/Jul/2026:14:50:31 +0200] "GET /post-7-2/?view=/home/costa4/cremona.elettroservicegroup.it/wp-content/themes/generatepress/functions.php HTTP/1.1" 200 6942 "-" "Mozilla/5.0 (compatible; Barkrowler/0.9; +https://babbar.tech/crawler)"
65.108.235.243 - - [07/Jul/2026:14:50:48 +0200] "POST /wp-cron.php?doing_wp_cron=1783428648.3376030921936035156250 HTTP/1.1" 200 1 "-" "WordPress/7.0; https://cremona.elettroservicegroup.it"
217.113.194.89 - - [07/Jul/2026:14:50:46 +0200] "GET /post-2-2/?rename=/home/costa4/cremona.elettroservicegroup.it/wp-content/themes/generatepress/header.php HTTP/1.1" 200 105841 "-" "Mozilla/5.0 (compatible; Barkrowler/0.9; +https://babbar.tech/crawler)"
217.113.194.87 - - [07/Jul/2026:14:51:04 +0200] "GET /post-2-2/?file=/home/costa4/cremona.elettroservicegroup.it/wp-content/themes/generatepress/page.php HTTP/1.1" 200 92260 "-" "Mozilla/5.0 (compatible; Barkrowler/0.9; +https://babbar.tech/crawler)"
217.113.194.85 - - [07/Jul/2026:14:51:19 +0200] "GET /post-3-2/?view=/home/costa4/cremona.elettroservicegroup.it/wp-content/themes/generatepress/no-results.php HTTP/1.1" 200 1700 "-" "Mozilla/5.0 (compatible; Barkrowler/0.9; +https://babbar.tech/crawler)"
217.113.194.219 - - [07/Jul/2026:14:51:35 +0200] "GET /post-3-2/?view=/home/costa4/cremona.elettroservicegroup.it/wp-content/themes/generatepress/content-link.php HTTP/1.1" 200 2178 "-" "Mozilla/5.0 (compatible; Barkrowler/0.9; +https://babbar.tech/crawler)"
65.108.235.243 - - [07/Jul/2026:14:51:52 +0200] "POST /wp-cron.php?doing_wp_cron=1783428712.4343090057373046875000 HTTP/1.1" 200 1 "-" "WordPress/7.0; https://cremona.elettroservicegroup.it"
217.113.194.82 - - [07/Jul/2026:14:51:50 +0200] "GET /post-3-2/?rename=/home/costa4/cremona.elettroservicegroup.it/wp-content/themes/generatepress/search.php HTTP/1.1" 200 105841 "-" "Mozilla/5.0 (compatible; Barkrowler/0.9; +https://babbar.tech/crawler)"
217.113.194.246 - - [07/Jul/2026:14:52:07 +0200] "GET /post-3-2/?file=/home/costa4/cremona.elettroservicegroup.it/wp-content/themes/generatepress/header.php HTTP/1.1" 200 92262 "-" "Mozilla/5.0 (compatible; Barkrowler/0.9; +https://babbar.tech/crawler)"
217.113.194.84 - - [07/Jul/2026:14:52:24 +0200] "GET /post-9-2/?rename=/home/costa4/cremona.elettroservicegroup.it/wp-content/themes/generatepress/index.php HTTP/1.1" 200 105838 "-" "Mozilla/5.0 (compatible; Barkrowler/0.9; +https://babbar.tech/crawler)"
217.113.194.88 - - [07/Jul/2026:14:52:41 +0200] "GET /post-9-2/?rename=/home/costa4/cremona.elettroservicegroup.it/wp-content/themes/generatepress/page.php HTTP/1.1" 200 105835 "-" "Mozilla/5.0 (compatible; Barkrowler/0.9; +https://babbar.tech/crawler)"
65.108.235.243 - - [07/Jul/2026:14:52:59 +0200] "POST /wp-cron.php?doing_wp_cron=1783428779.6240189075469970703125 HTTP/1.1" 200 1 "-" "WordPress/7.0; https://cremona.elettroservicegroup.it"
217.113.194.82 - - [07/Jul/2026:14:52:58 +0200] "GET /post-9-2/?rename=/home/costa4/cremona.elettroservicegroup.it/wp-content/themes/generatepress/content.php HTTP/1.1" 200 105844 "-" "Mozilla/5.0 (compatible; Barkrowler/0.9; +https://babbar.tech/crawler)"
217.113.194.82 - - [07/Jul/2026:14:53:14 +0200] "GET /post-9-2/?rename=/home/costa4/cremona.elettroservicegroup.it/wp-content/themes/generatepress/comments.php HTTP/1.1" 200 105847 "-" "Mozilla/5.0 (compatible; Barkrowler/0.9; +https://babbar.tech/crawler)"
65.108.235.243 - - [07/Jul/2026:14:53:34 +0200] "POST /wp-cron.php?doing_wp_cron=1783428813.9319410324096679687500 HTTP/1.1" 200 1 "-" "WordPress/7.0; https://cremona.elettroservicegroup.it"
217.113.194.84 - - [07/Jul/2026:14:53:32 +0200] "GET /post-9-2/?rename=/home/costa4/cremona.elettroservicegroup.it/wp-content/themes/generatepress/footer.php HTTP/1.1" 200 105841 "-" "Mozilla/5.0 (compatible; Barkrowler/0.9; +https://babbar.tech/crawler)"
65.108.235.243 - - [07/Jul/2026:14:53:51 +0200] "POST /wp-cron.php?doing_wp_cron=1783428831.4404759407043457031250 HTTP/1.1" 200 1 "-" "WordPress/7.0; https://cremona.elettroservicegroup.it"
217.113.194.91 - - [07/Jul/2026:14:53:49 +0200] "GET /post-9-2/?file=/home/costa4/cremona.elettroservicegroup.it/wp-content/themes/generatepress/content.php HTTP/1.1" 200 92263 "-" "Mozilla/5.0 (compatible; Barkrowler/0.9; +https://babbar.tech/crawler)"
217.113.194.91 - - [07/Jul/2026:14:54:06 +0200] "GET /post-10-2/?rename=/home/costa4/cremona.elettroservicegroup.it/wp-content/themes/generatepress/index.php HTTP/1.1" 200 105866 "-" "Mozilla/5.0 (compatible; Barkrowler/0.9; +https://babbar.tech/crawler)"
217.113.194.87 - - [07/Jul/2026:14:54:23 +0200] "GET /post-10-2/?rename=/home/costa4/cremona.elettroservicegroup.it/wp-content/themes/generatepress/page.php HTTP/1.1" 200 105863 "-" "Mozilla/5.0 (compatible; Barkrowler/0.9; +https://babbar.tech/crawler)"
217.113.194.83 - - [07/Jul/2026:14:54:40 +0200] "GET /post-10-2/?rename=/home/costa4/cremona.elettroservicegroup.it/wp-content/themes/generatepress/content.php HTTP/1.1" 200 105872 "-" "Mozilla/5.0 (compatible; Barkrowler/0.9; +https://babbar.tech/crawler)"
65.108.235.243 - - [07/Jul/2026:14:54:59 +0200] "POST /wp-cron.php?doing_wp_cron=1783428899.6199040412902832031250 HTTP/1.1" 200 1 "-" "WordPress/7.0; https://cremona.elettroservicegroup.it"
217.113.194.90 - - [07/Jul/2026:14:54:57 +0200] "GET /post-10-2/?rename=/home/costa4/cremona.elettroservicegroup.it/wp-content/themes/generatepress/search.php HTTP/1.1" 200 105869 "-" "Mozilla/5.0 (compatible; Barkrowler/0.9; +https://babbar.tech/crawler)"
217.113.194.90 - - [07/Jul/2026:14:55:14 +0200] "GET /post-6-2/?view=/home/costa4/cremona.elettroservicegroup.it/wp-content/themes/generatepress/style.css HTTP/1.1" 200 1959 "-" "Mozilla/5.0 (compatible; Barkrowler/0.9; +https://babbar.tech/crawler)"
217.113.194.90 - - [07/Jul/2026:14:55:30 +0200] "GET /post-6-2/?rename=/home/costa4/cremona.elettroservicegroup.it/wp-content/themes/generatepress/page.php HTTP/1.1" 200 105835 "-" "Mozilla/5.0 (compatible; Barkrowler/0.9; +https://babbar.tech/crawler)"
65.108.235.243 - - [07/Jul/2026:14:55:48 +0200] "POST /wp-cron.php?doing_wp_cron=1783428948.6197829246520996093750 HTTP/1.1" 200 1 "-" "WordPress/7.0; https://cremona.elettroservicegroup.it"
217.113.194.219 - - [07/Jul/2026:14:55:47 +0200] "GET /post-6-2/?rename=/home/costa4/cremona.elettroservicegroup.it/wp-content/themes/generatepress/footer.php HTTP/1.1" 200 105841 "-" "Mozilla/5.0 (compatible; Barkrowler/0.9; +https://babbar.tech/crawler)"
217.113.194.86 - - [07/Jul/2026:14:56:03 +0200] "GET /post-6-2/?file=/home/costa4/cremona.elettroservicegroup.it/wp-content/themes/generatepress/search.php HTTP/1.1" 200 92262 "-" "Mozilla/5.0 (compatible; Barkrowler/0.9; +https://babbar.tech/crawler)"
217.113.194.90 - - [07/Jul/2026:14:56:21 +0200] "GET /post-6-2/?file=/home/costa4/cremona.elettroservicegroup.it/wp-content/themes/generatepress/archive.php HTTP/1.1" 200 92253 "-" "Mozilla/5.0 (compatible; Barkrowler/0.9; +https://babbar.tech/crawler)"
217.113.194.88 - - [07/Jul/2026:14:56:38 +0200] "GET /?rename=/home/costa4/cremona.elettroservicegroup.it/wp-content/themes/generatepress/sidebar-left.php HTTP/1.1" 200 114079 "-" "Mozilla/5.0 (compatible; Barkrowler/0.9; +https://babbar.tech/crawler)"
217.113.194.91 - - [07/Jul/2026:14:56:55 +0200] "GET /cookie-policy/?view=/home/costa4/cremona.elettroservicegroup.it/wp-content/themes/generatepress/readme.txt HTTP/1.1" 200 17930 "-" "Mozilla/5.0 (compatible; Barkrowler/0.9; +https://babbar.tech/crawler)"
65.108.235.243 - - [07/Jul/2026:14:57:13 +0200] "POST /wp-cron.php?doing_wp_cron=1783429033.4244720935821533203125 HTTP/1.1" 200 1 "-" "WordPress/7.0; https://cremona.elettroservicegroup.it"
217.113.194.89 - - [07/Jul/2026:14:57:11 +0200] "GET /?edit=/home/costa4/cremona.elettroservicegroup.it/wp-content/themes/generatepress/content-page.php HTTP/1.1" 200 116193 "-" "Mozilla/5.0 (compatible; Barkrowler/0.9; +https://babbar.tech/crawler)"
217.113.194.85 - - [07/Jul/2026:14:57:28 +0200] "GET /?edit=/home/costa4/cremona.elettroservicegroup.it/wp-content/themes/generatepress/header-min.php HTTP/1.1" 200 114737 "-" "Mozilla/5.0 (compatible; Barkrowler/0.9; +https://babbar.tech/crawler)"
216.73.216.138 - - [07/Jul/2026:14:57:29 +0200] "GET /=3D%22https:/blogerfrechloginfr.blogspot.com/edit-comments.php?edit=%2Fhome%2Fcosta4%2Fvicenza.elettroservicegroup.it%2Fwp-content%2Fai1wm-backups%2Findex.php HTTP/2.0" 200 18605 "-" "Mozilla/5.0 AppleWebKit/537.36 (KHTML, like Gecko; compatible; ClaudeBot/1.0; +claudebot@anthropic.com)"
65.108.235.243 - - [07/Jul/2026:14:58:11 +0200] "POST /wp-cron.php?doing_wp_cron=1783429091.0395920276641845703125 HTTP/1.1" 200 1 "-" "WordPress/7.0; https://cremona.elettroservicegroup.it"
217.113.194.246 - - [07/Jul/2026:14:58:03 +0200] "GET /post-7-2/?rename=/home/costa4/cremona.elettroservicegroup.it/wp-content/themes/generatepress/footer.php HTTP/1.1" 200 105831 "-" "Mozilla/5.0 (compatible; Barkrowler/0.9; +https://babbar.tech/crawler)"
217.113.194.91 - - [07/Jul/2026:14:59:15 +0200] "GET /post-7-2/?view=/home/costa4/cremona.elettroservicegroup.it/wp-content/themes/generatepress/style.css HTTP/1.1" 200 1959 "-" "Mozilla/5.0 (compatible; Barkrowler/0.9; +https://babbar.tech/crawler)"
65.108.235.243 - - [07/Jul/2026:15:00:43 +0200] "POST /wp-cron.php?doing_wp_cron=1783429243.8204569816589355468750 HTTP/1.1" 200 1 "-" "WordPress/7.0; https://cremona.elettroservicegroup.it"
94.154.43.185 - - [07/Jul/2026:15:00:34 +0200] "GET /.env HTTP/1.1" 403 13681 "-" "Mozilla/5.0 (Windows NT 10.0; Win64; x64) AppleWebKit/537.36 (KHTML, like Gecko) Chrome/147.0.0.0 Safari/537.36"
217.113.194.89 - - [07/Jul/2026:15:02:03 +0200] "GET /post-2-2/?view=/home/costa4/cremona.elettroservicegroup.it/wp-content/themes/generatepress/screenshot.png HTTP/1.1" 200 70674 "-" "Mozilla/5.0 (compatible; Barkrowler/0.9; +https://babbar.tech/crawler)"
65.108.235.243 - - [07/Jul/2026:15:02:04 +0200] "POST /wp-cron.php?doing_wp_cron=1783429324.1524460315704345703125 HTTP/1.1" 200 1 "-" "WordPress/7.0; https://cremona.elettroservicegroup.it"
216.73.216.138 - - [07/Jul/2026:15:02:02 +0200] "GET /=3D%22https:/blogerfrechloginfr.blogspot.com/edit-comments.php?edit=%2Fhome%2Fcosta4%2Fvicenza.elettroservicegroup.it%2Fwp-content%2Fai1wm-backups%2Fweb.config HTTP/2.0" 200 18767 "-" "Mozilla/5.0 AppleWebKit/537.36 (KHTML, like Gecko; compatible; ClaudeBot/1.0; +claudebot@anthropic.com)"
216.73.216.138 - - [07/Jul/2026:15:04:06 +0200] "GET /sitemap.rss?view=%2Fhome%2Fcosta4%2Fpublic_html%2Fwp-content%2Fplugins%2Felementor%2Fassets%2Fcss%2Fmodules%2Fai%2Flayout-preview.min.css HTTP/2.0" 200 989 "-" "Mozilla/5.0 AppleWebKit/537.36 (KHTML, like Gecko; compatible; ClaudeBot/1.0; +claudebot@anthropic.com)"
216.73.216.138 - - [07/Jul/2026:15:04:07 +0200] "GET /%7Burl%7D?view=%2Fhome%2Fcosta4%2Fcremona.elettroservicegroup.it%2Fwp-content%2Fwflogs%2Fconfig-synced.php HTTP/2.0" 200 5376 "-" "Mozilla/5.0 AppleWebKit/537.36 (KHTML, like Gecko; compatible; ClaudeBot/1.0; +claudebot@anthropic.com)"
216.73.216.138 - - [07/Jul/2026:15:04:07 +0200] "GET /sitemap.rss?edit=%2Fhome%2Fcosta4%2Fparma.elettroservicegroup.it%2Fwp-includes%2Fblocks%2Fcomment-template%2Fstyle.css HTTP/2.0" 200 1409 "-" "Mozilla/5.0 AppleWebKit/537.36 (KHTML, like Gecko; compatible; ClaudeBot/1.0; +claudebot@anthropic.com)"
216.73.216.138 - - [07/Jul/2026:15:04:06 +0200] "GET /sitemap.rss?file=%2Fhome%2Fcosta4%2Fwww%2Fwp-content%2Fplugins%2Felementor%2Fmodules%2Fdesign-system-sync HTTP/2.0" 200 692 "-" "Mozilla/5.0 AppleWebKit/537.36 (KHTML, like Gecko; compatible; ClaudeBot/1.0; +claudebot@anthropic.com)"
216.73.216.138 - - [07/Jul/2026:15:04:06 +0200] "GET /sitemap.rss?edit=%2Fhome%2Fcosta4%2Fpublic_html%2Fwp-content%2Fplugins%2Felementor%2Fcore%2Ffiles%2Ffonts%2Fgoogle-font.php HTTP/2.0" 200 3340 "-" "Mozilla/5.0 AppleWebKit/537.36 (KHTML, like Gecko; compatible; ClaudeBot/1.0; +claudebot@anthropic.com)"
216.73.216.138 - - [07/Jul/2026:15:04:06 +0200] "GET /sitemap.rss?edit=%2Fhome%2Fcosta4%2Fwww%2Fwp-includes%2Fjs%2Fjquery%2Fui%2Fcore.min.js HTTP/2.0" 200 8400 "-" "Mozilla/5.0 AppleWebKit/537.36 (KHTML, like Gecko; compatible; ClaudeBot/1.0; +claudebot@anthropic.com)"
216.73.216.138 - - [07/Jul/2026:15:04:07 +0200] "GET /css//%22?edit=%2Fhome%2Fcosta4%2Fcremona.elettroservicegroup.it%2Fwp-content%2Fthemes%2Fgeneratepress%2Fheader.php HTTP/2.0" 200 1452 "-" "Mozilla/5.0 AppleWebKit/537.36 (KHTML, like Gecko; compatible; ClaudeBot/1.0; +claudebot@anthropic.com)"
65.108.235.243 - - [07/Jul/2026:15:04:08 +0200] "POST /wp-cron.php?doing_wp_cron=1783429448.6258959770202636718750 HTTP/1.1" 200 1 "-" "WordPress/7.0; https://cremona.elettroservicegroup.it"
216.73.216.138 - - [07/Jul/2026:15:04:07 +0200] "GET /sitemap.rss?rename=%2Fhome%2Fcosta4%2Fwww%2Fwp-content%2Fplugins%2Fwordfence%2Fwaf%2FwfWAFUserIPRange.php HTTP/2.0" 200 1271 "-" "Mozilla/5.0 AppleWebKit/537.36 (KHTML, like Gecko; compatible; ClaudeBot/1.0; +claudebot@anthropic.com)"
216.73.216.138 - - [07/Jul/2026:15:04:07 +0200] "GET /sitemap.rss?edit=%2Fhome%2Fcosta4%2Fpublic_html%2Fwp-admin%2Fcss%2Fcolors%2Focean%2Fcolors-rtl.css HTTP/2.0" 200 5173 "-" "Mozilla/5.0 AppleWebKit/537.36 (KHTML, like Gecko; compatible; ClaudeBot/1.0; +claudebot@anthropic.com)"
65.108.235.243 - - [07/Jul/2026:15:04:08 +0200] "POST /wp-cron.php?doing_wp_cron=1783429448.6259191036224365234375 HTTP/1.1" 200 1 "-" "WordPress/7.0; https://cremona.elettroservicegroup.it"
216.73.216.138 - - [07/Jul/2026:15:04:07 +0200] "GET /sitemap.rss?edit=%2Fhome%2Fcosta4%2Fwww%2Fwp-includes%2Fcss%2Fdist%2Fformat-library%2Fstyle-rtl.min.css HTTP/2.0" 200 1528 "-" "Mozilla/5.0 AppleWebKit/537.36 (KHTML, like Gecko; compatible; ClaudeBot/1.0; +claudebot@anthropic.com)"
216.73.216.138 - - [07/Jul/2026:15:04:08 +0200] "GET /sitemap.rss?file=%2Fhome%2Fcosta4%2Fparma.elettroservicegroup.it%2Fwp-includes%2FSimplePie%2Flibrary%2FSimplePie%2FCache%2FRedis.php HTTP/2.0" 200 575 "-" "Mozilla/5.0 AppleWebKit/537.36 (KHTML, like Gecko; compatible; ClaudeBot/1.0; +claudebot@anthropic.com)"
216.73.216.138 - - [07/Jul/2026:15:04:08 +0200] "GET /sitemap.rss?view=%2Fhome%2Fcosta4%2Fparma.elettroservicegroup.it%2Fwp-content%2Fplugins%2Felementor%2Fincludes%2Fcontrols%2Furl.php HTTP/2.0" 200 1484 "-" "Mozilla/5.0 AppleWebKit/537.36 (KHTML, like Gecko; compatible; ClaudeBot/1.0; +claudebot@anthropic.com)"
216.73.216.138 - - [07/Jul/2026:15:04:08 +0200] "GET /sitemap.rss?edit=%2Fhome%2Fcosta4%2Fparma.elettroservicegroup.it%2Fwp-content%2Fplugins%2Felementor%2Fincludes%2Fcontrols%2Fnumber.php HTTP/2.0" 200 2290 "-" "Mozilla/5.0 AppleWebKit/537.36 (KHTML, like Gecko; compatible; ClaudeBot/1.0; +claudebot@anthropic.com)"
216.73.216.138 - - [07/Jul/2026:15:04:09 +0200] "GET /=3D%22https:/blogerfrechloginfr.blogspot.com/edit-comments.php?view=%2Fhome%2Fcosta4%2Fvicenza.elettroservicegroup.it%2Fwp-content%2Fai1wm-backups%2Fweb.config HTTP/2.0" 200 166 "-" "Mozilla/5.0 AppleWebKit/537.36 (KHTML, like Gecko; compatible; ClaudeBot/1.0; +claudebot@anthropic.com)"
216.73.216.138 - - [07/Jul/2026:15:04:08 +0200] "GET /sitemap.rss?rename=%2Fhome%2Fcosta4%2Fwww%2Fwp-content%2Fplugins%2Fwp-fastest-cache%2Fcss%2Findex.html HTTP/2.0" 200 1260 "-" "Mozilla/5.0 AppleWebKit/537.36 (KHTML, like Gecko; compatible; ClaudeBot/1.0; +claudebot@anthropic.com)"
216.73.216.138 - - [07/Jul/2026:15:04:09 +0200] "GET /%7B%7B%7B%20data.theme.actions.activate%20%7D%7D%7D?edit=%2Fhome%2Fcosta4%2Fcremona.elettroservicegroup.it%2Fwp-content%2Fthemes%2Fgeneratepress%2Fcontent-single.php HTTP/2.0" 200 1607 "-" "Mozilla/5.0 AppleWebKit/537.36 (KHTML, like Gecko; compatible; ClaudeBot/1.0; +claudebot@anthropic.com)"
216.73.216.138 - - [07/Jul/2026:15:04:09 +0200] "GET /css/admin.php?view=%2Fhome%2Fcosta4%2Fcremona.elettroservicegroup.it%2Fwp-content%2Fthemes%2Fgeneratepress%2Ffooter-min.php HTTP/2.0" 200 184 "-" "Mozilla/5.0 AppleWebKit/537.36 (KHTML, like Gecko; compatible; ClaudeBot/1.0; +claudebot@anthropic.com)"
216.73.216.138 - - [07/Jul/2026:15:04:06 +0200] "GET /css/user-new.php?rename=%2Fhome%2Fcosta4%2Fcremona.elettroservicegroup.it%2Fwp-content%2Fthemes%2Fgeneratepress%2Fcontent-single.php HTTP/2.0" 200 18471 "-" "Mozilla/5.0 AppleWebKit/537.36 (KHTML, like Gecko; compatible; ClaudeBot/1.0; +claudebot@anthropic.com)"
65.108.235.243 - - [07/Jul/2026:15:04:10 +0200] "POST /wp-cron.php?doing_wp_cron=1783429449.9577980041503906250000 HTTP/1.1" 200 1 "-" "WordPress/7.0; https://cremona.elettroservicegroup.it"
216.73.216.138 - - [07/Jul/2026:15:04:06 +0200] "GET /options-general.php?edit=%2Fhome%2Fcosta4%2Fcremona.elettroservicegroup.it%2Fwp-content%2Fthemes%2Fgeneratepress%2Fcontent-single.php HTTP/2.0" 200 19135 "-" "Mozilla/5.0 AppleWebKit/537.36 (KHTML, like Gecko; compatible; ClaudeBot/1.0; +claudebot@anthropic.com)"
216.73.216.138 - - [07/Jul/2026:15:04:09 +0200] "GET /css/user-new.php?file=%2Fhome%2Fcosta4%2Fcremona.elettroservicegroup.it%2Fwp-content%2Fthemes%2Fgeneratepress%2Fcontent-link.php HTTP/2.0" 200 17707 "-" "Mozilla/5.0 AppleWebKit/537.36 (KHTML, like Gecko; compatible; ClaudeBot/1.0; +claudebot@anthropic.com)"
216.73.216.138 - - [07/Jul/2026:15:04:09 +0200] "GET /=3D%22https:/blogerfrechloginfr.blogspot.com/'%20.%20admin_url('admin.php?rename=%2Fhome%2Fcosta4%2Fcremona.elettroservicegroup.it%2Fwp-content%2Fthemes%2Fgeneratepress%2Fcontent-page.php HTTP/2.0" 200 18594 "-" "Mozilla/5.0 AppleWebKit/537.36 (KHTML, like Gecko; compatible; ClaudeBot/1.0; +claudebot@anthropic.com)"
216.73.216.138 - - [07/Jul/2026:15:04:09 +0200] "GET /=3D%22https:/blogerfrechloginfr.blogspot.com/edit-comments.php?rename=%2Fhome%2Fcosta4%2Fcremona.elettroservicegroup.it%2Fwp-content%2Fplugins%2Fall-in-one-seo-pack%2Freadme.txt HTTP/2.0" 200 18576 "-" "Mozilla/5.0 AppleWebKit/537.36 (KHTML, like Gecko; compatible; ClaudeBot/1.0; +claudebot@anthropic.com)"
216.73.216.138 - - [07/Jul/2026:15:04:11 +0200] "GET /=3D%22https:/blogerfrechloginfr.blogspot.com/'%20.%20esc_url('https:/themes.wpmaintenancemode.com/%3C?rename=%2Fhome%2Fcosta4%2Fcremona.elettroservicegroup.it%2Fwp-content%2Fthemes%2Fgeneratepress%2Fno-results.php HTTP/2.0" 200 18603 "-" "Mozilla/5.0 AppleWebKit/537.36 (KHTML, like Gecko; compatible; ClaudeBot/1.0; +claudebot@anthropic.com)"
216.73.216.138 - - [07/Jul/2026:15:05:23 +0200] "GET /=3D%22https:/blogerfrechloginfr.blogspot.com/'%20.%20esc_url(admin_url('admin.php?view=%2Fhome%2Fcosta4%2Fcremona.elettroservicegroup.it%2Fwp-content%2Fthemes%2Fgeneratepress%2Fpage.php HTTP/2.0" 200 448 "-" "Mozilla/5.0 AppleWebKit/537.36 (KHTML, like Gecko; compatible; ClaudeBot/1.0; +claudebot@anthropic.com)"
216.73.216.138 - - [07/Jul/2026:15:05:23 +0200] "GET /=3D%22https:/blogerfrechloginfr.blogspot.com/dir.png?view=%2Fhome%2Fcosta4%2Fcremona.elettroservicegroup.it%2Fwp-content%2Fthemes%2Fgeneratepress%2Fcontent.php HTTP/2.0" 200 697 "-" "Mozilla/5.0 AppleWebKit/537.36 (KHTML, like Gecko; compatible; ClaudeBot/1.0; +claudebot@anthropic.com)"
216.73.216.138 - - [07/Jul/2026:15:05:23 +0200] "GET /=3D%22https:/blogerfrechloginfr.blogspot.com/code.png?view=%2Fhome%2Fcosta4%2Fcremona.elettroservicegroup.it%2Fwp-content%2Fthemes%2Fgeneratepress%2Fno-results.php HTTP/2.0" 200 651 "-" "Mozilla/5.0 AppleWebKit/537.36 (KHTML, like Gecko; compatible; ClaudeBot/1.0; +claudebot@anthropic.com)"
216.73.216.138 - - [07/Jul/2026:15:05:24 +0200] "GET /=3D%22https:/blogerfrechloginfr.blogspot.com/%7B$sub_item[2]%7D?view=%2Fhome%2Fcosta4%2Fcremona.elettroservicegroup.it%2Fwp-content%2Fthemes%2Fgeneratepress%2Fcontent-page.php HTTP/2.0" 200 646 "-" "Mozilla/5.0 AppleWebKit/537.36 (KHTML, like Gecko; compatible; ClaudeBot/1.0; +claudebot@anthropic.com)"
216.73.216.138 - - [07/Jul/2026:15:05:24 +0200] "GET /=3D%22https:/blogerfrechloginfr.blogspot.com//%22mailto:mail@fruitfulcode.com?view=%2Fhome%2Fcosta4%2Freggio-emilia.elettroservicegroup.it%2Fwp-admin%2Fimages%2Fno.png HTTP/2.0" 200 711 "-" "Mozilla/5.0 AppleWebKit/537.36 (KHTML, like Gecko; compatible; ClaudeBot/1.0; +claudebot@anthropic.com)"
65.108.235.243 - - [07/Jul/2026:15:05:26 +0200] "POST /wp-cron.php?doing_wp_cron=1783429526.6244170665740966796875 HTTP/1.1" 200 1 "-" "WordPress/7.0; https://cremona.elettroservicegroup.it"
65.108.235.243 - - [07/Jul/2026:15:05:26 +0200] "POST /wp-cron.php?doing_wp_cron=1783429526.6243948936462402343750 HTTP/1.1" 200 1 "-" "WordPress/7.0; https://cremona.elettroservicegroup.it"
65.108.235.243 - - [07/Jul/2026:15:05:26 +0200] "POST /wp-cron.php?doing_wp_cron=1783429526.6346559524536132812500 HTTP/1.1" 200 1 "-" "WordPress/7.0; https://cremona.elettroservicegroup.it"
216.73.216.138 - - [07/Jul/2026:15:05:23 +0200] "GET /=3D%22https:/blogerfrechloginfr.blogspot.com/%7B$sub_item[2]%7D?edit=%2Fhome%2Fcosta4%2Fcremona.elettroservicegroup.it%2Fwp-content%2Fthemes%2Fgeneratepress%2Fstyle.css HTTP/2.0" 200 1837 "-" "Mozilla/5.0 AppleWebKit/537.36 (KHTML, like Gecko; compatible; ClaudeBot/1.0; +claudebot@anthropic.com)"
216.73.216.138 - - [07/Jul/2026:15:05:24 +0200] "GET /=3D%22https:/blogerfrechloginfr.blogspot.com//%22mailto:mail@fruitfulcode.com?file=%2Fhome%2Fcosta4%2Freggio-emilia.elettroservicegroup.it%2Fwp-admin%2Fimages%2Fabout-texture.png HTTP/2.0" 200 243 "-" "Mozilla/5.0 AppleWebKit/537.36 (KHTML, like Gecko; compatible; ClaudeBot/1.0; +claudebot@anthropic.com)"
216.73.216.138 - - [07/Jul/2026:15:05:26 +0200] "GET /=3D%22https:/blogerfrechloginfr.blogspot.com/%7Bsitemap:loc%7D?rename=%2Fhome%2Fcosta4%2Fcremona.elettroservicegroup.it%2Fwp-content%2Fthemes%2Fgeneratepress%2Fheader.php HTTP/2.0" 200 890 "-" "Mozilla/5.0 AppleWebKit/537.36 (KHTML, like Gecko; compatible; ClaudeBot/1.0; +claudebot@anthropic.com)"
216.73.216.138 - - [07/Jul/2026:15:05:26 +0200] "GET /=3D%22https:/blogerfrechloginfr.blogspot.com/dir.png?view=%2Fhome%2Fcosta4%2Fcremona.elettroservicegroup.it%2Fwp-content%2Fthemes%2Fgeneratepress%2Fsingle.php HTTP/2.0" 200 382 "-" "Mozilla/5.0 AppleWebKit/537.36 (KHTML, like Gecko; compatible; ClaudeBot/1.0; +claudebot@anthropic.com)"
65.108.235.243 - - [07/Jul/2026:15:05:27 +0200] "POST /wp-cron.php?doing_wp_cron=1783429527.6318409442901611328125 HTTP/1.1" 200 1 "-" "WordPress/7.0; https://cremona.elettroservicegroup.it"
216.73.216.138 - - [07/Jul/2026:15:05:24 +0200] "GET /=3D%22https:/blogerfrechloginfr.blogspot.com/admin.php?file=%2Fhome%2Fcosta4%2Ftmp%2Fwebalizer%2Fbrescia.elettroservicegroup.it%2Fhourly_usage_202605.png HTTP/2.0" 200 17834 "-" "Mozilla/5.0 AppleWebKit/537.36 (KHTML, like Gecko; compatible; ClaudeBot/1.0; +claudebot@anthropic.com)"
65.108.235.243 - - [07/Jul/2026:15:05:27 +0200] "POST /wp-cron.php?doing_wp_cron=1783429527.6329689025878906250000 HTTP/1.1" 200 1 "-" "WordPress/7.0; https://cremona.elettroservicegroup.it"
216.73.216.138 - - [07/Jul/2026:15:05:24 +0200] "GET /=3D%22https:/blogerfrechloginfr.blogspot.com/admin.php?file=%2Fhome%2Fcosta4%2Ftmp%2Fwebalizer%2Fbrescia.elettroservicegroup.it%2Fdaily_usage_202606.png HTTP/2.0" 200 17835 "-" "Mozilla/5.0 AppleWebKit/537.36 (KHTML, like Gecko; compatible; ClaudeBot/1.0; +claudebot@anthropic.com)"
65.108.235.243 - - [07/Jul/2026:15:05:27 +0200] "POST /wp-cron.php?doing_wp_cron=1783429527.7337429523468017578125 HTTP/1.1" 200 1 "-" "WordPress/7.0; https://cremona.elettroservicegroup.it"
216.73.216.138 - - [07/Jul/2026:15:05:23 +0200] "GET /=3D%22https:/blogerfrechloginfr.blogspot.com/redirref.png?edit=%2Fhome%2Fcosta4%2Fcremona.elettroservicegroup.it%2Fwp-content%2Fthemes%2Fgeneratepress%2Fheader.php HTTP/2.0" 200 19081 "-" "Mozilla/5.0 AppleWebKit/537.36 (KHTML, like Gecko; compatible; ClaudeBot/1.0; +claudebot@anthropic.com)"
65.108.235.243 - - [07/Jul/2026:15:05:28 +0200] "POST /wp-cron.php?doing_wp_cron=1783429528.7272329330444335937500 HTTP/1.1" 200 1 "-" "WordPress/7.0; https://cremona.elettroservicegroup.it"
216.73.216.138 - - [07/Jul/2026:15:05:23 +0200] "GET /=3D%22https:/blogerfrechloginfr.blogspot.com/admin.php?edit=%2Fhome%2Fcosta4%2Freggio-emilia.elettroservicegroup.it%2Fwp-content%2Fwflogs%2Fgeoip.mmdb HTTP/2.0" 200 2684622 "-" "Mozilla/5.0 AppleWebKit/537.36 (KHTML, like Gecko; compatible; ClaudeBot/1.0; +claudebot@anthropic.com)"
65.108.235.243 - - [07/Jul/2026:15:08:40 +0200] "POST /wp-cron.php?doing_wp_cron=1783429720.7338418960571289062500 HTTP/1.1" 200 1 "-" "WordPress/7.0; https://cremona.elettroservicegroup.it"
217.113.194.87 - - [07/Jul/2026:15:08:38 +0200] "GET /post-2-2/?edit=/home/costa4/cremona.elettroservicegroup.it/wp-content/themes/generatepress/content.php HTTP/1.1" 200 108419 "-" "Mozilla/5.0 (compatible; Barkrowler/0.9; +https://babbar.tech/crawler)"
216.73.216.138 - - [07/Jul/2026:15:10:58 +0200] "GET /=3D%22https:/blogerfrechloginfr.blogspot.com/'%20.%20wfUtils::wpAdminURL('admin.php?view=%2Fhome%2Fcosta4%2Fcremona.elettroservicegroup.it%2Fwp-content%2Fthemes%2Fgeneratepress%2Finc%2Ftheme-functions.php HTTP/2.0" 200 6761 "-" "Mozilla/5.0 AppleWebKit/537.36 (KHTML, like Gecko; compatible; ClaudeBot/1.0; +claudebot@anthropic.com)"
216.73.216.138 - - [07/Jul/2026:15:10:58 +0200] "GET /=3D%22https:/blogerfrechloginfr.blogspot.com/link-manager.php?view=%2Fhome%2Fcosta4%2Fcremona.elettroservicegroup.it%2Fwp-content%2Fplugins%2Fcomplianz-gdpr-premium%2Ffunctions.php HTTP/2.0" 200 19585 "-" "Mozilla/5.0 AppleWebKit/537.36 (KHTML, like Gecko; compatible; ClaudeBot/1.0; +claudebot@anthropic.com)"
216.73.216.138 - - [07/Jul/2026:15:10:59 +0200] "GET /=3D%22https:/blogerfrechloginfr.blogspot.com/'%20.%20wfUtils::wpAdminURL('admin.php?view=%2Fhome%2Fcosta4%2Fcremona.elettroservicegroup.it%2Fwp-content%2Fthemes%2Fgeneratepress%2Finc%2Fblock-editor.php HTTP/2.0" 200 3207 "-" "Mozilla/5.0 AppleWebKit/537.36 (KHTML, like Gecko; compatible; ClaudeBot/1.0; +claudebot@anthropic.com)"
216.73.216.138 - - [07/Jul/2026:15:10:59 +0200] "GET /=3D%22https:/blogerfrechloginfr.blogspot.com/'%20.%20wfUtils::wpAdminURL('admin.php?view=%2Fhome%2Fcosta4%2Fcremona.elettroservicegroup.it%2Fwp-content%2Fthemes%2Fgeneratepress%2Finc%2Fplugin-compat.php HTTP/2.0" 200 5584 "-" "Mozilla/5.0 AppleWebKit/537.36 (KHTML, like Gecko; compatible; ClaudeBot/1.0; +claudebot@anthropic.com)"
216.73.216.138 - - [07/Jul/2026:15:10:58 +0200] "GET /=3D%22https:/blogerfrechloginfr.blogspot.com/'%20.%20wfUtils::wpAdminURL('admin.php?file=%2Fhome%2Fcosta4%2Fcremona.elettroservicegroup.it%2Fwp-content%2Fthemes%2Fgeneratepress%2Finc%2Fplugin-compat.php HTTP/2.0" 200 17853 "-" "Mozilla/5.0 AppleWebKit/537.36 (KHTML, like Gecko; compatible; ClaudeBot/1.0; +claudebot@anthropic.com)"
216.73.216.138 - - [07/Jul/2026:15:10:58 +0200] "GET /=3D%22https:/blogerfrechloginfr.blogspot.com/link-manager.php?rename=%2Fhome%2Fcosta4%2Fcremona.elettroservicegroup.it%2Fwp-content%2Fplugins%2Fcomplianz-gdpr-premium%2Funinstall.php HTTP/2.0" 200 18581 "-" "Mozilla/5.0 AppleWebKit/537.36 (KHTML, like Gecko; compatible; ClaudeBot/1.0; +claudebot@anthropic.com)"
216.73.216.138 - - [07/Jul/2026:15:10:59 +0200] "GET /=3D%22https:/blogerfrechloginfr.blogspot.com/'%20.%20wfUtils::wpAdminURL('admin.php?edit=%2Fhome%2Fcosta4%2Fcremona.elettroservicegroup.it%2Fwp-content%2Fthemes%2Fgeneratepress%2Finc%2Ftheme-functions.php HTTP/2.0" 200 24929 "-" "Mozilla/5.0 AppleWebKit/537.36 (KHTML, like Gecko; compatible; ClaudeBot/1.0; +claudebot@anthropic.com)"
216.73.216.138 - - [07/Jul/2026:15:10:58 +0200] "GET /=3D%22https:/blogerfrechloginfr.blogspot.com/'%20.%20wfUtils::wpAdminURL('admin.php?edit=%2Fhome%2Fcosta4%2Fcremona.elettroservicegroup.it%2Fwp-content%2Fthemes%2Fgeneratepress%2Finc%2Fdefaults.php HTTP/2.0" 200 21080 "-" "Mozilla/5.0 AppleWebKit/537.36 (KHTML, like Gecko; compatible; ClaudeBot/1.0; +claudebot@anthropic.com)"
65.108.235.243 - - [07/Jul/2026:15:11:02 +0200] "POST /wp-cron.php?doing_wp_cron=1783429862.2291169166564941406250 HTTP/1.1" 200 1 "-" "WordPress/7.0; https://cremona.elettroservicegroup.it"
216.73.216.138 - - [07/Jul/2026:15:11:00 +0200] "GET /=3D%22https:/blogerfrechloginfr.blogspot.com/'%20.%20wfUtils::wpAdminURL('admin.php?edit=%2Fhome%2Fcosta4%2Fcremona.elettroservicegroup.it%2Fwp-content%2Fthemes%2Fgeneratepress%2Finc%2Fblock-editor.php HTTP/2.0" 200 21921 "-" "Mozilla/5.0 AppleWebKit/537.36 (KHTML, like Gecko; compatible; ClaudeBot/1.0; +claudebot@anthropic.com)"
216.73.216.138 - - [07/Jul/2026:15:10:58 +0200] "GET /=3D%22https:/blogerfrechloginfr.blogspot.com/'%20.%20wfUtils::wpAdminURL('admin.php?edit=%2Fhome%2Fcosta4%2Fcremona.elettroservicegroup.it%2Fwp-content%2Fthemes%2Fgeneratepress%2Finc%2Fcustomizer.php HTTP/2.0" 200 24804 "-" "Mozilla/5.0 AppleWebKit/537.36 (KHTML, like Gecko; compatible; ClaudeBot/1.0; +claudebot@anthropic.com)"
216.73.216.138 - - [07/Jul/2026:15:10:58 +0200] "GET /=3D%22https:/blogerfrechloginfr.blogspot.com/'%20.%20wfUtils::wpAdminURL('admin.php?rename=%2Fhome%2Fcosta4%2Fcremona.elettroservicegroup.it%2Fwp-content%2Fthemes%2Fgeneratepress%2Finc%2Fclass-css.php HTTP/2.0" 200 18612 "-" "Mozilla/5.0 AppleWebKit/537.36 (KHTML, like Gecko; compatible; ClaudeBot/1.0; +claudebot@anthropic.com)"
216.73.216.138 - - [07/Jul/2026:15:10:58 +0200] "GET /=3D%22https:/blogerfrechloginfr.blogspot.com/'%20.%20wfUtils::wpAdminURL('admin.php?edit=%2Fhome%2Fcosta4%2Fcremona.elettroservicegroup.it%2Fwp-content%2Fthemes%2Fgeneratepress%2Finc%2Fcss-output.php HTTP/2.0" 200 26808 "-" "Mozilla/5.0 AppleWebKit/537.36 (KHTML, like Gecko; compatible; ClaudeBot/1.0; +claudebot@anthropic.com)"
216.73.216.138 - - [07/Jul/2026:15:10:59 +0200] "GET /=3D%22https:/blogerfrechloginfr.blogspot.com/link-manager.php?edit=%2Fhome%2Fcosta4%2Fcremona.elettroservicegroup.it%2Fwp-content%2Fplugins%2Fcomplianz-gdpr-premium%2Ffunctions.php HTTP/2.0" 200 38864 "-" "Mozilla/5.0 AppleWebKit/537.36 (KHTML, like Gecko; compatible; ClaudeBot/1.0; +claudebot@anthropic.com)"
216.73.216.138 - - [07/Jul/2026:15:10:59 +0200] "GET /=3D%22https:/blogerfrechloginfr.blogspot.com/link-manager.php?file=%2Fhome%2Fcosta4%2Fcremona.elettroservicegroup.it%2Fwp-content%2Fplugins%2Fcomplianz-gdpr-premium%2Funinstall.php HTTP/2.0" 200 17822 "-" "Mozilla/5.0 AppleWebKit/537.36 (KHTML, like Gecko; compatible; ClaudeBot/1.0; +claudebot@anthropic.com)"
216.73.216.138 - - [07/Jul/2026:15:11:00 +0200] "GET /=3D%22https:/blogerfrechloginfr.blogspot.com/'%20.%20wfUtils::wpAdminURL('admin.php?file=%2Fhome%2Fcosta4%2Fcremona.elettroservicegroup.it%2Fwp-content%2Fthemes%2Fgeneratepress%2Finc%2Fclass-css.php HTTP/2.0" 200 17848 "-" "Mozilla/5.0 AppleWebKit/537.36 (KHTML, like Gecko; compatible; ClaudeBot/1.0; +claudebot@anthropic.com)"
216.73.216.138 - - [07/Jul/2026:15:12:06 +0200] "GET /=3D%22https:/blogerfrechloginfr.blogspot.com/'%20.%20wfUtils::wpAdminURL('admin.php?view=%2Fhome%2Fcosta4%2Fcremona.elettroservicegroup.it%2Fwp-content%2Fthemes%2Fgeneratepress%2Finc%2Fmarkup.php HTTP/2.0" 200 2311 "-" "Mozilla/5.0 AppleWebKit/537.36 (KHTML, like Gecko; compatible; ClaudeBot/1.0; +claudebot@anthropic.com)"
216.73.216.138 - - [07/Jul/2026:15:12:06 +0200] "GET /=3D%22https:/blogerfrechloginfr.blogspot.com/'%20.%20wfUtils::wpAdminURL('admin.php?view=%2Fhome%2Fcosta4%2Fcremona.elettroservicegroup.it%2Fwp-content%2Fthemes%2Fgeneratepress%2Finc%2Fdashboard.php HTTP/2.0" 200 3061 "-" "Mozilla/5.0 AppleWebKit/537.36 (KHTML, like Gecko; compatible; ClaudeBot/1.0; +claudebot@anthropic.com)"
216.73.216.138 - - [07/Jul/2026:15:12:06 +0200] "GET /=3D%22https:/blogerfrechloginfr.blogspot.com/'%20.%20wfUtils::wpAdminURL('admin.php?view=%2Fhome%2Fcosta4%2Fcremona.elettroservicegroup.it%2Fwp-content%2Fthemes%2Fgeneratepress%2Finc%2Fclass-dashboard.php HTTP/2.0" 200 2341 "-" "Mozilla/5.0 AppleWebKit/537.36 (KHTML, like Gecko; compatible; ClaudeBot/1.0; +claudebot@anthropic.com)"
216.73.216.138 - - [07/Jul/2026:15:12:07 +0200] "GET /=3D%22https:/blogerfrechloginfr.blogspot.com/'%20.%20wfUtils::wpAdminURL('admin.php?view=%2Fhome%2Fcosta4%2Fcremona.elettroservicegroup.it%2Fwp-content%2Fthemes%2Fgeneratepress%2Finc%2Fgeneral.php HTTP/2.0" 200 3920 "-" "Mozilla/5.0 AppleWebKit/537.36 (KHTML, like Gecko; compatible; ClaudeBot/1.0; +claudebot@anthropic.com)"
216.73.216.138 - - [07/Jul/2026:15:12:07 +0200] "GET /=3D%22https:/blogerfrechloginfr.blogspot.com/'%20.%20wfUtils::wpAdminURL('admin.php?view=%2Fhome%2Fcosta4%2Fcremona.elettroservicegroup.it%2Fwp-content%2Fthemes%2Fgeneratepress%2Finc%2Fdeprecated.php HTTP/2.0" 200 2918 "-" "Mozilla/5.0 AppleWebKit/537.36 (KHTML, like Gecko; compatible; ClaudeBot/1.0; +claudebot@anthropic.com)"
216.73.216.138 - - [07/Jul/2026:15:12:06 +0200] "GET /=3D%22https:/blogerfrechloginfr.blogspot.com/'%20.%20wfUtils::wpAdminURL('admin.php?view=%2Fhome%2Fcosta4%2Fcremona.elettroservicegroup.it%2Fwp-content%2Fthemes%2Fgeneratepress%2Finc%2Ftypography.php HTTP/2.0" 200 12178 "-" "Mozilla/5.0 AppleWebKit/537.36 (KHTML, like Gecko; compatible; ClaudeBot/1.0; +claudebot@anthropic.com)"
216.73.216.138 - - [07/Jul/2026:15:12:08 +0200] "GET /=3D%22https:/blogerfrechloginfr.blogspot.com/'%20.%20wfUtils::wpAdminURL('admin.php?view=%2Fhome%2Fcosta4%2Fcremona.elettroservicegroup.it%2Fwp-content%2Fthemes%2Fgeneratepress%2Finc%2Fclass-rest.php HTTP/2.0" 200 792 "-" "Mozilla/5.0 AppleWebKit/537.36 (KHTML, like Gecko; compatible; ClaudeBot/1.0; +claudebot@anthropic.com)"
216.73.216.138 - - [07/Jul/2026:15:12:09 +0200] "GET /=3D%22https:/blogerfrechloginfr.blogspot.com/'%20.%20wfUtils::wpAdminURL('admin.php?rename=%2Fhome%2Fcosta4%2Fcremona.elettroservicegroup.it%2Fwp-content%2Fthemes%2Fgeneratepress%2Finc%2Ftheme-functions.php HTTP/2.0" 200 18609 "-" "Mozilla/5.0 AppleWebKit/537.36 (KHTML, like Gecko; compatible; ClaudeBot/1.0; +claudebot@anthropic.com)"
216.73.216.138 - - [07/Jul/2026:15:12:06 +0200] "GET /=3D%22https:/blogerfrechloginfr.blogspot.com/'%20.%20wfUtils::wpAdminURL('admin.php?rename=%2Fhome%2Fcosta4%2Fcremona.elettroservicegroup.it%2Fwp-content%2Fthemes%2Fgeneratepress%2Finc%2Fcss-output.php HTTP/2.0" 200 18610 "-" "Mozilla/5.0 AppleWebKit/537.36 (KHTML, like Gecko; compatible; ClaudeBot/1.0; +claudebot@anthropic.com)"
216.73.216.138 - - [07/Jul/2026:15:12:06 +0200] "GET /=3D%22https:/blogerfrechloginfr.blogspot.com/edit-comments.php?edit=%2Fhome%2Fcosta4%2Fmantova.elettroservicegroup.it%2Fwp-includes%2Fbuild%2Fpages%2Foptions-connectors%2Fpage.php HTTP/2.0" 200 21674 "-" "Mozilla/5.0 AppleWebKit/537.36 (KHTML, like Gecko; compatible; ClaudeBot/1.0; +claudebot@anthropic.com)"
216.73.216.138 - - [07/Jul/2026:15:12:09 +0200] "GET /=3D%22https:/blogerfrechloginfr.blogspot.com/'%20.%20wfUtils::wpAdminURL('admin.php?edit=%2Fhome%2Fcosta4%2Fcremona.elettroservicegroup.it%2Fwp-content%2Fthemes%2Fgeneratepress%2Finc%2Fmarkup.php HTTP/2.0" 200 20967 "-" "Mozilla/5.0 AppleWebKit/537.36 (KHTML, like Gecko; compatible; ClaudeBot/1.0; +claudebot@anthropic.com)"
216.73.216.138 - - [07/Jul/2026:15:12:09 +0200] "GET /=3D%22https:/blogerfrechloginfr.blogspot.com/'%20.%20wfUtils::wpAdminURL('admin.php?file=%2Fhome%2Fcosta4%2Fcremona.elettroservicegroup.it%2Fwp-content%2Fthemes%2Fgeneratepress%2Finc%2Fcustomizer.php HTTP/2.0" 200 17845 "-" "Mozilla/5.0 AppleWebKit/537.36 (KHTML, like Gecko; compatible; ClaudeBot/1.0; +claudebot@anthropic.com)"
65.108.235.243 - - [07/Jul/2026:15:12:11 +0200] "POST /wp-cron.php?doing_wp_cron=1783429931.3306651115417480468750 HTTP/1.1" 200 1 "-" "WordPress/7.0; https://cremona.elettroservicegroup.it"
65.108.235.243 - - [07/Jul/2026:15:12:11 +0200] "POST /wp-cron.php?doing_wp_cron=1783429931.3306639194488525390625 HTTP/1.1" 200 1 "-" "WordPress/7.0; https://cremona.elettroservicegroup.it"
65.108.235.243 - - [07/Jul/2026:15:12:11 +0200] "POST /wp-cron.php?doing_wp_cron=1783429931.3309168815612792968750 HTTP/1.1" 200 1 "-" "WordPress/7.0; https://cremona.elettroservicegroup.it"
216.73.216.138 - - [07/Jul/2026:15:12:06 +0200] "GET /=3D%22https:/blogerfrechloginfr.blogspot.com/'%20.%20wfUtils::wpAdminURL('admin.php?edit=%2Fhome%2Fcosta4%2Fcremona.elettroservicegroup.it%2Fwp-content%2Fthemes%2Fgeneratepress%2Finc%2Fmeta-box.php HTTP/2.0" 200 21439 "-" "Mozilla/5.0 AppleWebKit/537.36 (KHTML, like Gecko; compatible; ClaudeBot/1.0; +claudebot@anthropic.com)"
216.73.216.138 - - [07/Jul/2026:15:12:09 +0200] "GET /=3D%22https:/blogerfrechloginfr.blogspot.com/'%20.%20wfUtils::wpAdminURL('admin.php?file=%2Fhome%2Fcosta4%2Fcremona.elettroservicegroup.it%2Fwp-content%2Fthemes%2Fgeneratepress%2Finc%2Fdefaults.php HTTP/2.0" 200 17846 "-" "Mozilla/5.0 AppleWebKit/537.36 (KHTML, like Gecko; compatible; ClaudeBot/1.0; +claudebot@anthropic.com)"
216.73.216.138 - - [07/Jul/2026:15:12:06 +0200] "GET /=3D%22https:/blogerfrechloginfr.blogspot.com/link-manager.php?rename=%2Fhome%2Fcosta4%2Fcremona.elettroservicegroup.it%2Fwp-content%2Fplugins%2Fcomplianz-gdpr-premium%2Ffunctions.php HTTP/2.0" 200 18582 "-" "Mozilla/5.0 AppleWebKit/537.36 (KHTML, like Gecko; compatible; ClaudeBot/1.0; +claudebot@anthropic.com)"
216.73.216.138 - - [07/Jul/2026:15:12:06 +0200] "GET /=3D%22https:/blogerfrechloginfr.blogspot.com/link-manager.php?edit=%2Fhome%2Fcosta4%2Fcremona.elettroservicegroup.it%2Fwp-content%2Fplugins%2Fcomplianz-gdpr-premium%2Floco.xml HTTP/2.0" 200 18737 "-" "Mozilla/5.0 AppleWebKit/537.36 (KHTML, like Gecko; compatible; ClaudeBot/1.0; +claudebot@anthropic.com)"
