216.73.216.138 - - [07/Jul/2026:15:48:06 +0200] "GET /category/uncategorized/feed/?file=%2Fhome%2Fcosta4%2Fcremona.elettroservicegroup.it%2Fwp-content%2Fplugins%2Fmaintenance%2Fload%2Fall.css HTTP/2.0" 200 10995 "-" "Mozilla/5.0 AppleWebKit/537.36 (KHTML, like Gecko; compatible; ClaudeBot/1.0; +claudebot@anthropic.com)"
216.73.216.138 - - [07/Jul/2026:15:48:06 +0200] "GET /sitemap.rss?file=%2Fhome%2Fcosta4%2Fparma.elettroservicegroup.it%2Fwp-includes%2Fblocks%2Fmath%2Feditor-rtl.css HTTP/2.0" 200 563 "-" "Mozilla/5.0 AppleWebKit/537.36 (KHTML, like Gecko; compatible; ClaudeBot/1.0; +claudebot@anthropic.com)"
216.73.216.138 - - [07/Jul/2026:15:48:06 +0200] "GET /sitemap.rss?file=%2Fhome%2Fcosta4%2Fpublic_html%2Fwp-content%2Fplugins%2Felementor%2Fassets%2Fcss%2Fmodules%2Fai%2Flayout-preview.css HTTP/2.0" 200 574 "-" "Mozilla/5.0 AppleWebKit/537.36 (KHTML, like Gecko; compatible; ClaudeBot/1.0; +claudebot@anthropic.com)"
216.73.216.138 - - [07/Jul/2026:15:48:06 +0200] "GET /css/business-casual.css?rename=%2Fhome%2Fcosta4%2Fpublic_html%2Fwp-cron.php HTTP/2.0" 200 18473 "-" "Mozilla/5.0 AppleWebKit/537.36 (KHTML, like Gecko; compatible; ClaudeBot/1.0; +claudebot@anthropic.com)"
216.73.216.138 - - [07/Jul/2026:15:48:06 +0200] "GET /?file=%2Fproc%2Fsys%2Fnet%2Fipv4%2Fconf%2Fenp41s0%2Fproxy_arp_pvlan HTTP/2.0" 200 20001 "-" "Mozilla/5.0 AppleWebKit/537.36 (KHTML, like Gecko; compatible; ClaudeBot/1.0; +claudebot@anthropic.com)"
217.113.194.87 - - [07/Jul/2026:15:48:21 +0200] "GET /assistenza-lavastoviglie-cremona/?rename=/home/costa4/cremona.elettroservicegroup.it/wp-settings.php HTTP/1.1" 200 102022 "-" "Mozilla/5.0 (compatible; Barkrowler/0.9; +https://babbar.tech/crawler)"
65.108.235.243 - - [07/Jul/2026:15:48:39 +0200] "POST /wp-cron.php?doing_wp_cron=1783432119.6346058845520019531250 HTTP/1.1" 200 1 "-" "WordPress/7.0; https://cremona.elettroservicegroup.it"
217.113.194.84 - - [07/Jul/2026:15:48:38 +0200] "GET /post-7-2/?edit=/home/costa4/cremona.elettroservicegroup.it/wp-content/themes/generatepress/footer-min.php HTTP/1.1" 200 106059 "-" "Mozilla/5.0 (compatible; Barkrowler/0.9; +https://babbar.tech/crawler)"
217.113.194.86 - - [07/Jul/2026:15:48:55 +0200] "GET /post-2-2/?view=/home/costa4/cremona.elettroservicegroup.it/wp-content/themes/generatepress/inc/class-typography.php HTTP/1.1" 200 11275 "-" "Mozilla/5.0 (compatible; Barkrowler/0.9; +https://babbar.tech/crawler)"
65.108.235.243 - - [07/Jul/2026:15:49:13 +0200] "POST /wp-cron.php?doing_wp_cron=1783432153.2291939258575439453125 HTTP/1.1" 200 1 "-" "WordPress/7.0; https://cremona.elettroservicegroup.it"
217.113.194.91 - - [07/Jul/2026:15:49:11 +0200] "GET /post-2-2/?edit=/home/costa4/cremona.elettroservicegroup.it/wp-content/themes/generatepress/header-min.php HTTP/1.1" 200 106418 "-" "Mozilla/5.0 (compatible; Barkrowler/0.9; +https://babbar.tech/crawler)"
217.113.194.220 - - [07/Jul/2026:15:49:28 +0200] "GET /post-2-2/?file=/home/costa4/cremona.elettroservicegroup.it/wp-content/themes/generatepress/assets/css/all.css HTTP/1.1" 200 92182 "-" "Mozilla/5.0 (compatible; Barkrowler/0.9; +https://babbar.tech/crawler)"
217.113.194.86 - - [07/Jul/2026:15:49:44 +0200] "GET /post-2-2/?file=/home/costa4/cremona.elettroservicegroup.it/wp-content/themes/generatepress/inc/class-theme-update.php HTTP/1.1" 200 92272 "-" "Mozilla/5.0 (compatible; Barkrowler/0.9; +https://babbar.tech/crawler)"
216.73.216.138 - - [07/Jul/2026:15:49:49 +0200] "GET /?view=%2Fproc%2Fsys%2Fnet%2Fipv4%2Fconf%2Fenp41s0%2Farp_accept HTTP/2.0" 200 6 "-" "Mozilla/5.0 AppleWebKit/537.36 (KHTML, like Gecko; compatible; ClaudeBot/1.0; +claudebot@anthropic.com)"
216.73.216.138 - - [07/Jul/2026:15:49:49 +0200] "GET /?file=%2Fopt%2Fcpanel%2Fea-wappspector%2Fsrc%2FMatchers%2FLaravel.php HTTP/2.0" 200 20018 "-" "Mozilla/5.0 AppleWebKit/537.36 (KHTML, like Gecko; compatible; ClaudeBot/1.0; +claudebot@anthropic.com)"
216.73.216.138 - - [07/Jul/2026:15:49:49 +0200] "GET /=3D%22https:/blogerfrechloginfr.blogspot.com/type.png?file=%2Fhome%2Fcosta4%2Fcremona.elettroservicegroup.it%2Fwp-content%2Fthemes%2Fgeneratepress%2Ffunctions.php HTTP/2.0" 200 17799 "-" "Mozilla/5.0 AppleWebKit/537.36 (KHTML, like Gecko; compatible; ClaudeBot/1.0; +claudebot@anthropic.com)"
65.108.235.243 - - [07/Jul/2026:15:49:49 +0200] "POST /wp-cron.php?doing_wp_cron=1783432189.5406279563903808593750 HTTP/1.1" 200 1 "-" "WordPress/7.0; https://cremona.elettroservicegroup.it"
216.73.216.138 - - [07/Jul/2026:15:49:49 +0200] "GET /=3D%22https:/blogerfrechloginfr.blogspot.com/code.png?edit=%2Fhome%2Fcosta4%2Fcremona.elettroservicegroup.it%2Fwp-content%2Fthemes%2Fgeneratepress%2Ffooter-min.php HTTP/2.0" 200 18741 "-" "Mozilla/5.0 AppleWebKit/537.36 (KHTML, like Gecko; compatible; ClaudeBot/1.0; +claudebot@anthropic.com)"
217.113.194.220 - - [07/Jul/2026:15:50:00 +0200] "GET /post-10-2/?view=/home/costa4/cremona.elettroservicegroup.it/wp-content/themes/generatepress/inc/class-dashboard.php HTTP/1.1" 200 7553 "-" "Mozilla/5.0 (compatible; Barkrowler/0.9; +https://babbar.tech/crawler)"
216.73.216.138 - - [07/Jul/2026:15:50:03 +0200] "GET /=3D%22https:/blogerfrechloginfr.blogspot.com//%22mailto:mail@fruitfulcode.com?file=%2Fhome%2Fcosta4%2Freggio-emilia.elettroservicegroup.it%2Fwp-content%2Fuploads%2Fcomplianz%2Fsnapshots HTTP/2.0" 200 873 "-" "Mozilla/5.0 AppleWebKit/537.36 (KHTML, like Gecko; compatible; ClaudeBot/1.0; +claudebot@anthropic.com)"
216.73.216.138 - - [07/Jul/2026:15:50:03 +0200] "GET /=3D%22https:/blogerfrechloginfr.blogspot.com/edit-comments.php?file=%2Fhome%2Fcosta4%2Fcremona.elettroservicegroup.it%2Fwp-content%2Fthemes%2Fgeneratepress%2Fassets%2Fdist%2Fmodal.js HTTP/2.0" 200 17822 "-" "Mozilla/5.0 AppleWebKit/537.36 (KHTML, like Gecko; compatible; ClaudeBot/1.0; +claudebot@anthropic.com)"
216.73.216.138 - - [07/Jul/2026:15:50:03 +0200] "GET /?file=%2Fproc%2Fsys%2Fnet%2Fipv4%2Ftcp_pacing_ss_ratio HTTP/2.0" 200 20006 "-" "Mozilla/5.0 AppleWebKit/537.36 (KHTML, like Gecko; compatible; ClaudeBot/1.0; +claudebot@anthropic.com)"
216.73.216.138 - - [07/Jul/2026:15:50:04 +0200] "GET /?edit=%2Fproc%2Fsys%2Fnet%2Fipv4%2Fconf%2Fenp41s0%2Fdrop_gratuitous_arp HTTP/2.0" 200 20820 "-" "Mozilla/5.0 AppleWebKit/537.36 (KHTML, like Gecko; compatible; ClaudeBot/1.0; +claudebot@anthropic.com)"
216.73.216.138 - - [07/Jul/2026:15:50:03 +0200] "GET /?file=%2Fproc%2Fsys%2Fnet%2Fipv4%2Fconf%2Fenp41s0%2Fforwarding HTTP/2.0" 200 20008 "-" "Mozilla/5.0 AppleWebKit/537.36 (KHTML, like Gecko; compatible; ClaudeBot/1.0; +claudebot@anthropic.com)"
217.113.194.90 - - [07/Jul/2026:15:50:15 +0200] "GET /post-10-2/?file=/home/costa4/cremona.elettroservicegroup.it/wp-content/themes/generatepress/sidebar-left.php HTTP/1.1" 200 92286 "-" "Mozilla/5.0 (compatible; Barkrowler/0.9; +https://babbar.tech/crawler)"
217.113.194.89 - - [07/Jul/2026:15:50:31 +0200] "GET /post-10-2/?edit=/home/costa4/cremona.elettroservicegroup.it/wp-content/themes/generatepress/footer-min.php HTTP/1.1" 200 106176 "-" "Mozilla/5.0 (compatible; Barkrowler/0.9; +https://babbar.tech/crawler)"
65.108.235.243 - - [07/Jul/2026:15:50:49 +0200] "POST /wp-cron.php?doing_wp_cron=1783432248.9325830936431884765625 HTTP/1.1" 200 1 "-" "WordPress/7.0; https://cremona.elettroservicegroup.it"
217.113.194.91 - - [07/Jul/2026:15:50:47 +0200] "GET /post-10-2/?rename=/home/costa4/cremona.elettroservicegroup.it/wp-content/themes/generatepress/inc/markup.php HTTP/1.1" 200 105863 "-" "Mozilla/5.0 (compatible; Barkrowler/0.9; +https://babbar.tech/crawler)"
217.113.194.90 - - [07/Jul/2026:15:51:04 +0200] "GET /post-10-2/?rename=/home/costa4/cremona.elettroservicegroup.it/wp-content/themes/generatepress/inc/class-rest.php HTTP/1.1" 200 105875 "-" "Mozilla/5.0 (compatible; Barkrowler/0.9; +https://babbar.tech/crawler)"
216.73.216.138 - - [07/Jul/2026:15:51:21 +0200] "GET /?view=%2Fproc%2Fsys%2Fnet%2Fipv4%2Fconf%2Fenp41s0%2Farp_accept HTTP/2.0" 200 6 "-" "Mozilla/5.0 AppleWebKit/537.36 (KHTML, like Gecko; compatible; ClaudeBot/1.0; +claudebot@anthropic.com)"
217.113.194.88 - - [07/Jul/2026:15:51:22 +0200] "GET /post-10-2/?rename=/home/costa4/cremona.elettroservicegroup.it/wp-content/themes/generatepress/inc/structure/archives.php HTTP/1.1" 200 105879 "-" "Mozilla/5.0 (compatible; Barkrowler/0.9; +https://babbar.tech/crawler)"
217.113.194.90 - - [07/Jul/2026:15:51:37 +0200] "GET /post-10-2/?rename=/home/costa4/cremona.elettroservicegroup.it/wp-content/themes/generatepress/inc/typography.php HTTP/1.1" 200 105875 "-" "Mozilla/5.0 (compatible; Barkrowler/0.9; +https://babbar.tech/crawler)"
65.108.235.243 - - [07/Jul/2026:15:51:54 +0200] "POST /wp-cron.php?doing_wp_cron=1783432314.1399860382080078125000 HTTP/1.1" 200 1 "-" "WordPress/7.0; https://cremona.elettroservicegroup.it"
217.113.194.87 - - [07/Jul/2026:15:51:53 +0200] "GET /informativa-privacy/?rename=/home/costa4/cremona.elettroservicegroup.it/wp-content/themes/generatepress/screenshot.png HTTP/1.1" 200 102062 "-" "Mozilla/5.0 (compatible; Barkrowler/0.9; +https://babbar.tech/crawler)"
217.113.194.85 - - [07/Jul/2026:15:52:09 +0200] "GET /informativa-privacy/?file=/home/costa4/cremona.elettroservicegroup.it/wp-content/themes/generatepress/screenshot.png HTTP/1.1" 200 88475 "-" "Mozilla/5.0 (compatible; Barkrowler/0.9; +https://babbar.tech/crawler)"
217.113.194.85 - - [07/Jul/2026:15:52:25 +0200] "GET /informativa-privacy/?edit=/home/costa4/cremona.elettroservicegroup.it/wp-content/themes/generatepress/content-404.php HTTP/1.1" 200 103876 "-" "Mozilla/5.0 (compatible; Barkrowler/0.9; +https://babbar.tech/crawler)"
217.113.194.90 - - [07/Jul/2026:15:52:42 +0200] "GET /cookie-policy-ue/?edit=/home/costa4/cremona.elettroservicegroup.it/wp-content/themes/generatepress/searchform.php HTTP/1.1" 200 103963 "-" "Mozilla/5.0 (compatible; Barkrowler/0.9; +https://babbar.tech/crawler)"
65.108.235.243 - - [07/Jul/2026:15:53:01 +0200] "POST /wp-cron.php?doing_wp_cron=1783432381.3350648880004882812500 HTTP/1.1" 200 1 "-" "WordPress/7.0; https://cremona.elettroservicegroup.it"
217.113.194.87 - - [07/Jul/2026:15:52:59 +0200] "GET /cookie-policy-ue/?rename=/home/costa4/cremona.elettroservicegroup.it/wp-content/themes/generatepress/inc/defaults.php HTTP/1.1" 200 102042 "-" "Mozilla/5.0 (compatible; Barkrowler/0.9; +https://babbar.tech/crawler)"
217.113.194.246 - - [07/Jul/2026:15:53:17 +0200] "GET /cookie-policy-ue/?rename=/home/costa4/cremona.elettroservicegroup.it/wp-content/themes/generatepress/header-min.php HTTP/1.1" 200 102044 "-" "Mozilla/5.0 (compatible; Barkrowler/0.9; +https://babbar.tech/crawler)"
217.113.194.220 - - [07/Jul/2026:15:53:33 +0200] "GET /cookie-policy-ue/?view=/home/costa4/cremona.elettroservicegroup.it/wp-content/themes/generatepress/inc/meta-box.php HTTP/1.1" 200 12425 "-" "Mozilla/5.0 (compatible; Barkrowler/0.9; +https://babbar.tech/crawler)"
216.73.216.138 - - [07/Jul/2026:15:53:49 +0200] "GET /3D%22https:/www.wildhorizon.mu/css/js/wp-admin/'%20+%20dataUrl%20+%20'?view=%2Fhome%2Fcosta4%2Fcremona.elettroservicegroup.it%2Fwp-content%2Fthemes%2Fgeneratepress%2Fcontent-single.php HTTP/2.0" 200 661 "-" "Mozilla/5.0 AppleWebKit/537.36 (KHTML, like Gecko; compatible; ClaudeBot/1.0; +claudebot@anthropic.com)"
216.73.216.138 - - [07/Jul/2026:15:53:49 +0200] "GET /3D%22https:/sites.ziftsolutions.com/'%20.%20admin_url('admin.php?view=%2Fhome%2Fcosta4%2Fcremona.elettroservicegroup.it%2Fwp-content%2Fuploads%2F2018%2F02%2Fpost-3.jpg HTTP/2.0" 200 63738 "-" "Mozilla/5.0 AppleWebKit/537.36 (KHTML, like Gecko; compatible; ClaudeBot/1.0; +claudebot@anthropic.com)"
65.108.235.243 - - [07/Jul/2026:15:53:49 +0200] "POST /wp-cron.php?doing_wp_cron=1783432429.4339261054992675781250 HTTP/1.1" 200 1 "-" "WordPress/7.0; https://cremona.elettroservicegroup.it"
65.108.235.243 - - [07/Jul/2026:15:53:49 +0200] "POST /wp-cron.php?doing_wp_cron=1783432429.4339249134063720703125 HTTP/1.1" 200 1 "-" "WordPress/7.0; https://cremona.elettroservicegroup.it"
216.73.216.138 - - [07/Jul/2026:15:53:49 +0200] "GET /3D%22https:/sites.ziftsolutions.com/%7Bsitemap:loc%7D?rename=%2Fhome%2Fcosta4%2Fcremona.elettroservicegroup.it%2Fwp-includes%2Fimages%2Ficon-library%2Fbug.svg HTTP/2.0" 200 907 "-" "Mozilla/5.0 AppleWebKit/537.36 (KHTML, like Gecko; compatible; ClaudeBot/1.0; +claudebot@anthropic.com)"
216.73.216.138 - - [07/Jul/2026:15:53:49 +0200] "GET /3D%22https:/track.mdrctr.com/track/open/%7Bsitemap:loc%7D?view=%2Fhome%2Fcosta4%2Freggio-emilia.elettroservicegroup.it%2Fwp-includes%2Fjs%2Fswfupload%2Fswfupload.js HTTP/2.0" 200 1 "-" "Mozilla/5.0 AppleWebKit/537.36 (KHTML, like Gecko; compatible; ClaudeBot/1.0; +claudebot@anthropic.com)"
216.73.216.138 - - [07/Jul/2026:15:53:49 +0200] "GET /3D%22https:/hosting.aruba.it/en/'%20.%20cmplz_admin_url()%20.%20'?edit=%2Fhome%2Fcosta4%2Fcremona.elettroservicegroup.it%2Fwp-content%2Fthemes%2Fgeneratepress%2Fcontent-404.php HTTP/2.0" 200 1568 "-" "Mozilla/5.0 AppleWebKit/537.36 (KHTML, like Gecko; compatible; ClaudeBot/1.0; +claudebot@anthropic.com)"
216.73.216.138 - - [07/Jul/2026:15:53:49 +0200] "GET /sitemap.rss?file=%2Fhome%2Fcosta4%2Fwww%2Fwp-content%2Fplugins%2Felementor%2Fmodules%2Fpro-install%2Fpro-install-menu-item.php HTTP/2.0" 200 568 "-" "Mozilla/5.0 AppleWebKit/537.36 (KHTML, like Gecko; compatible; ClaudeBot/1.0; +claudebot@anthropic.com)"
216.73.216.138 - - [07/Jul/2026:15:53:49 +0200] "GET /?view=%2Flib%2Fudev%2Frules.d%2F69-dm-lvm.rules HTTP/2.0" 200 1486 "-" "Mozilla/5.0 AppleWebKit/537.36 (KHTML, like Gecko; compatible; ClaudeBot/1.0; +claudebot@anthropic.com)"
216.73.216.138 - - [07/Jul/2026:15:53:49 +0200] "GET /=3D%22https:/blogerfrechloginfr.blogspot.com/%7B$contrib_profile%7D?rename=%2Fhome%2Fcosta4%2Fcremona.elettroservicegroup.it%2Fwp-content%2Fthemes%2Fgeneratepress%2F404.php HTTP/2.0" 200 886 "-" "Mozilla/5.0 AppleWebKit/537.36 (KHTML, like Gecko; compatible; ClaudeBot/1.0; +claudebot@anthropic.com)"
216.73.216.138 - - [07/Jul/2026:15:53:49 +0200] "GET /=3D%22https:/blogerfrechloginfr.blogspot.com//%22mailto:mail@fruitfulcode.com?file=%2Fhome%2Fcosta4%2Fpiacenza.elettroservicegroup.it%2Fwp-content%2Fuploads%2Fwpo%2Frewrite%2F0.txt HTTP/2.0" 200 239 "-" "Mozilla/5.0 AppleWebKit/537.36 (KHTML, like Gecko; compatible; ClaudeBot/1.0; +claudebot@anthropic.com)"
216.73.216.138 - - [07/Jul/2026:15:53:49 +0200] "GET /3D%22https:/click.mlsend2.com/wp-admin/href=%22https:/www.userFeedback.com/3D%22http:/touli.smtptrack.com/'%20.%20$i['tmplData']['vulnerabilityLink']%20.%20'?rename=%2Fhome%2Fcosta4%2Fpiacenza.elettroservicegroup.it%2Fwp-admin%2Fimages%2Fwpspin_light.gif HTTP/2.0" 200 910 "-" "Mozilla/5.0 AppleWebKit/537.36 (KHTML, like Gecko; compatible; ClaudeBot/1.0; +claudebot@anthropic.com)"
216.73.216.138 - - [07/Jul/2026:15:53:49 +0200] "GET /3D%22https:/www.wildhorizon.mu/css/%7Bsitemap:loc%7D?file=%2Fhome%2Fcosta4%2Fpublic_html%2Fwp-includes%2Fimages%2Ficon-library%2Fformat-indent-rtl.svg HTTP/2.0" 200 247 "-" "Mozilla/5.0 AppleWebKit/537.36 (KHTML, like Gecko; compatible; ClaudeBot/1.0; +claudebot@anthropic.com)"
216.73.216.138 - - [07/Jul/2026:15:53:50 +0200] "GET /sitemap.rss?file=%2Fhome%2Fcosta4%2Fwww%2Fwp-content%2Fplugins%2Felementor%2Fmodules%2Fcloud-kit-library HTTP/2.0" 200 690 "-" "Mozilla/5.0 AppleWebKit/537.36 (KHTML, like Gecko; compatible; ClaudeBot/1.0; +claudebot@anthropic.com)"
217.113.194.88 - - [07/Jul/2026:15:53:49 +0200] "GET /cookie-policy-ue/?file=/home/costa4/cremona.elettroservicegroup.it/wp-content/themes/generatepress/header-min.php HTTP/1.1" 200 88457 "-" "Mozilla/5.0 (compatible; Barkrowler/0.9; +https://babbar.tech/crawler)"
216.73.216.138 - - [07/Jul/2026:15:53:50 +0200] "GET /3D%22https:/'%20.%20esc_url(admin_url('plugin-install.php?view=%2Fhome%2Fcosta4%2Fwww%2Fwp-content%2Fuploads%2F2021%2F10%2Flavatrice11.jpg HTTP/2.0" 200 97711 "-" "Mozilla/5.0 AppleWebKit/537.36 (KHTML, like Gecko; compatible; ClaudeBot/1.0; +claudebot@anthropic.com)"
216.73.216.138 - - [07/Jul/2026:15:53:50 +0200] "GET /3D%22https:/static.mdirector.com/files/campanias/'%20.%20esc_url('https:/%7Bsitemap:loc%7D?view=%2Fhome%2Fcosta4%2Fparma.elettroservicegroup.it%2Fwp-content%2Fuploads%2F2022%2F01%2Felett7-2-768x312.png HTTP/2.0" 200 130003 "-" "Mozilla/5.0 AppleWebKit/537.36 (KHTML, like Gecko; compatible; ClaudeBot/1.0; +claudebot@anthropic.com)"
216.73.216.138 - - [07/Jul/2026:15:53:50 +0200] "GET /3D%22https:/www.avast.com/wp-admin/%7B$contrib_profile%7D?rename=%2Fhome%2Fcosta4%2Fcremona.elettroservicegroup.it%2Fwp-includes%2Fjs%2Fcrop%2FmarqueeHoriz.gif HTTP/2.0" 200 911 "-" "Mozilla/5.0 AppleWebKit/537.36 (KHTML, like Gecko; compatible; ClaudeBot/1.0; +claudebot@anthropic.com)"
216.73.216.138 - - [07/Jul/2026:15:53:50 +0200] "GET /3D%22https:/cc.gigaven.life/th1/%7B%7B%20data.theme.screenshot[0]%20%7D%7D?rename=%2Fhome%2Fcosta4%2Fcremona.elettroservicegroup.it%2Fwp-includes%2Fjs%2Fwp-emoji.js HTTP/2.0" 200 900 "-" "Mozilla/5.0 AppleWebKit/537.36 (KHTML, like Gecko; compatible; ClaudeBot/1.0; +claudebot@anthropic.com)"
216.73.216.138 - - [07/Jul/2026:15:53:51 +0200] "GET /3D%22https:/go.eu.sparkpostmail2.com/q/wp-admin/%7Bsitemap:loc%7D?view=%2Fhome%2Fcosta4%2Fparma.elettroservicegroup.it%2Fwp-includes%2Fimages%2Ficon-library%2Fbrush.svg HTTP/2.0" 200 263 "-" "Mozilla/5.0 AppleWebKit/537.36 (KHTML, like Gecko; compatible; ClaudeBot/1.0; +claudebot@anthropic.com)"
216.73.216.138 - - [07/Jul/2026:15:53:50 +0200] "GET /3D%22https:/static.mdirector.com/files/campanias/'.admin_url('edit-comments.php?file=%2Fhome%2Fcosta4%2Fcremona.elettroservicegroup.it%2Fwp-content%2Fuploads%2F2018%2F02%2Fpost-2-150x150.jpg HTTP/2.0" 200 17836 "-" "Mozilla/5.0 AppleWebKit/537.36 (KHTML, like Gecko; compatible; ClaudeBot/1.0; +claudebot@anthropic.com)"
216.73.216.138 - - [07/Jul/2026:15:53:50 +0200] "GET /3D%22https:/www.wildhorizon.mu/css/%7Bsitemap:loc%7D?file=%2Fhome%2Fcosta4%2Fbrescia.elettroservicegroup.it%2Fwp-includes%2Fjs%2Fwp-emoji-loader.min.js HTTP/2.0" 200 243 "-" "Mozilla/5.0 AppleWebKit/537.36 (KHTML, like Gecko; compatible; ClaudeBot/1.0; +claudebot@anthropic.com)"
216.73.216.138 - - [07/Jul/2026:15:53:50 +0200] "GET /3D%22https:/go.eu.sparkpostmail2.com/q//%22%22.concat((_elementorAppConfig3?rename=%2Fhome%2Fcosta4%2Fcremona.elettroservicegroup.it%2Fwp-includes%2Fimages%2Ficon-library%2Fterm-description.svg HTTP/2.0" 200 919 "-" "Mozilla/5.0 AppleWebKit/537.36 (KHTML, like Gecko; compatible; ClaudeBot/1.0; +claudebot@anthropic.com)"
216.73.216.138 - - [07/Jul/2026:15:53:50 +0200] "GET /3D%22https:/www.arubacloud.com/%22https:/gmpg.org/xfn/'%20.%20$plugin_data['AuthorURI']%20.%20'?rename=%2Fhome%2Fcosta4%2Fcremona.elettroservicegroup.it%2Fwp-content%2Fplugins%2Fwordfence%2Fimages%2Floading.gif HTTP/2.0" 200 906 "-" "Mozilla/5.0 AppleWebKit/537.36 (KHTML, like Gecko; compatible; ClaudeBot/1.0; +claudebot@anthropic.com)"
216.73.216.138 - - [07/Jul/2026:15:53:51 +0200] "GET /sitemap.rss?edit=%2Fhome%2Fcosta4%2Fpublic_html%2Fwp-admin%2Fcss%2Fcolors%2Fcoffee%2Fcolors.min.css HTTP/2.0" 200 4522 "-" "Mozilla/5.0 AppleWebKit/537.36 (KHTML, like Gecko; compatible; ClaudeBot/1.0; +claudebot@anthropic.com)"
216.73.216.138 - - [07/Jul/2026:15:53:50 +0200] "GET /=3D%22https:/blogerfrechloginfr.blogspot.com/edit-comments.php?edit=%2Fhome%2Fcosta4%2Fbrescia.elettroservicegroup.it%2Fwp-admin%2Fimages%2Fabout-header-freedoms.webp HTTP/2.0" 200 51208 "-" "Mozilla/5.0 AppleWebKit/537.36 (KHTML, like Gecko; compatible; ClaudeBot/1.0; +claudebot@anthropic.com)"
216.73.216.138 - - [07/Jul/2026:15:53:50 +0200] "GET /3D%22https:/go.eu.sparkpostmail2.com/q/themes.php?rename=%2Fhome%2Fcosta4%2Fmantova.elettroservicegroup.it%2Fwp-includes%2Fimages%2Ficon-library%2Fadd-template.svg HTTP/2.0" 200 18588 "-" "Mozilla/5.0 AppleWebKit/537.36 (KHTML, like Gecko; compatible; ClaudeBot/1.0; +claudebot@anthropic.com)"
216.73.216.138 - - [07/Jul/2026:15:53:51 +0200] "GET /3D%22https:/www.rhenus.group/font-awesome/css/upload.php?rename=%2Fhome%2Fcosta4%2Freggio-emilia.elettroservicegroup.it%2Fwp-includes%2Fjs%2Fzxcvbn-async.js HTTP/2.0" 200 18585 "-" "Mozilla/5.0 AppleWebKit/537.36 (KHTML, like Gecko; compatible; ClaudeBot/1.0; +claudebot@anthropic.com)"
216.73.216.138 - - [07/Jul/2026:15:53:51 +0200] "GET /3D%22https:/static.mdirector.com/files/campanias/'%20.%20esc_url('https:/options-general.php?edit=%2Fhome%2Fcosta4%2Fmail%2Fnew%2F1738210434.M324781P1826879.lisaweb.svrsh.com%2CS%3D497569%2CW%3D504179 HTTP/2.0" 200 373969 "-" "Mozilla/5.0 AppleWebKit/537.36 (KHTML, like Gecko; compatible; ClaudeBot/1.0; +claudebot@anthropic.com)"
217.113.194.83 - - [07/Jul/2026:15:54:06 +0200] "GET /cookie-policy-ue/?file=/home/costa4/cremona.elettroservicegroup.it/wp-content/themes/generatepress/inc/structure HTTP/1.1" 200 93847 "-" "Mozilla/5.0 (compatible; Barkrowler/0.9; +https://babbar.tech/crawler)"
217.113.194.84 - - [07/Jul/2026:15:54:23 +0200] "GET /assistenza-lavastoviglie-cremona/?view=/home/costa4/cremona.elettroservicegroup.it/llms.txt HTTP/1.1" 200 425 "-" "Mozilla/5.0 (compatible; Barkrowler/0.9; +https://babbar.tech/crawler)"
217.113.194.88 - - [07/Jul/2026:15:54:38 +0200] "GET /assistenza-lavastoviglie-cremona/?rename=/home/costa4/cremona.elettroservicegroup.it/wp-content/themes/index.php HTTP/1.1" 200 102111 "-" "Mozilla/5.0 (compatible; Barkrowler/0.9; +https://babbar.tech/crawler)"
65.108.235.243 - - [07/Jul/2026:15:54:57 +0200] "POST /wp-cron.php?doing_wp_cron=1783432497.3376100063323974609375 HTTP/1.1" 200 1 "-" "WordPress/7.0; https://cremona.elettroservicegroup.it"
217.113.194.85 - - [07/Jul/2026:15:54:55 +0200] "GET /assistenza-frigoriferi-cremona/?file=/home/costa4/cremona.elettroservicegroup.it/wp-content/themes HTTP/1.1" 200 89107 "-" "Mozilla/5.0 (compatible; Barkrowler/0.9; +https://babbar.tech/crawler)"
216.73.216.138 - - [07/Jul/2026:15:55:01 +0200] "GET /3D%22https:/go.eu.sparkpostmail2.com/q/wp-admin/%7Bsitemap:loc%7D?view=%2Fhome%2Fcosta4%2Fmantova.elettroservicegroup.it%2Fwp-includes%2Fimages%2Ficon-library%2Fformat-bold.svg HTTP/2.0" 200 236 "-" "Mozilla/5.0 AppleWebKit/537.36 (KHTML, like Gecko; compatible; ClaudeBot/1.0; +claudebot@anthropic.com)"
216.73.216.138 - - [07/Jul/2026:15:55:01 +0200] "GET /3D%22https:/static.mdirector.com/files/campanias/'%20.%20esc_url('https:/'%20+%20attrs.href%20+%20'?file=%2Fhome%2Fcosta4%2Fcremona.elettroservicegroup.it%2Fwp-admin%2Fimages%2Fspinner.gif HTTP/2.0" 200 228 "-" "Mozilla/5.0 AppleWebKit/537.36 (KHTML, like Gecko; compatible; ClaudeBot/1.0; +claudebot@anthropic.com)"
216.73.216.138 - - [07/Jul/2026:15:55:01 +0200] "GET /3D%22https:/go.eu.sparkpostmail2.com/q/wp-admin/%7Bsitemap:loc%7D?rename=%2Fhome%2Fcosta4%2Fwww%2Fwp-content%2Fplugins%2Fall-in-one-seo-pack%2Fdist%2FLite%2Fassets%2Fjs%2FMain.e7f851f5.js HTTP/2.0" 200 817 "-" "Mozilla/5.0 AppleWebKit/537.36 (KHTML, like Gecko; compatible; ClaudeBot/1.0; +claudebot@anthropic.com)"
216.73.216.138 - - [07/Jul/2026:15:55:01 +0200] "GET /3D%22https:/click.mlsend2.com/wp-admin/href=%22https:/www.userFeedback.com/=3D%22http:/click.ernesto.it/wf/'%20+%20this.url%20+%20'?rename=%2Fhome%2Fcosta4%2Fcremona.elettroservicegroup.it%2Fwp-content%2Fuploads%2F2021%2F10%2Faeg.png HTTP/2.0" 200 901 "-" "Mozilla/5.0 AppleWebKit/537.36 (KHTML, like Gecko; compatible; ClaudeBot/1.0; +claudebot@anthropic.com)"
216.73.216.138 - - [07/Jul/2026:15:55:02 +0200] "GET /3D%22https:/www.rhenus.group/font-awesome/css/js/jquery.js?view=%2Fhome%2Fcosta4%2Fvicenza.elettroservicegroup.it%2Fgoogle56801f7915c0ec15.html HTTP/2.0" 200 48 "-" "Mozilla/5.0 AppleWebKit/537.36 (KHTML, like Gecko; compatible; ClaudeBot/1.0; +claudebot@anthropic.com)"
216.73.216.138 - - [07/Jul/2026:15:55:02 +0200] "GET /3D%22https:/www.rhenus.group/font-awesome/css//%22http:/codecanyon.net/item/maintenance-wordpress-plugin/2781350?view=%2Fhome%2Fcosta4%2Fwww%2Fwp-includes%2Fimages%2Fwpspin.gif HTTP/2.0" 200 1834 "-" "Mozilla/5.0 AppleWebKit/537.36 (KHTML, like Gecko; compatible; ClaudeBot/1.0; +claudebot@anthropic.com)"
216.73.216.138 - - [07/Jul/2026:15:55:01 +0200] "GET /=3D%22https:/blogerfrechloginfr.blogspot.com/edit-comments.php?file=%2Fhome%2Fcosta4%2Fbrescia.elettroservicegroup.it%2Fwp-admin%2Fimages%2Flist.png HTTP/2.0" 200 17825 "-" "Mozilla/5.0 AppleWebKit/537.36 (KHTML, like Gecko; compatible; ClaudeBot/1.0; +claudebot@anthropic.com)"
216.73.216.138 - - [07/Jul/2026:15:55:01 +0200] "GET /3D%22https:/www.aruba.it/getdoc/%7Bsitemap:loc%7D?edit=%2Fhome%2Fcosta4%2Fcremona.elettroservicegroup.it%2Fwp-includes%2Fimages%2Ficon-library%2Fcaution-filled.svg HTTP/2.0" 200 1091 "-" "Mozilla/5.0 AppleWebKit/537.36 (KHTML, like Gecko; compatible; ClaudeBot/1.0; +claudebot@anthropic.com)"
216.73.216.138 - - [07/Jul/2026:15:55:01 +0200] "GET /3D%22https:/www.rhenus.group/font-awesome/css/js/$sub_item_url?edit=%2Fhome%2Fcosta4%2Fcremona.elettroservicegroup.it%2Fwp-content%2Fthemes%2Fgeneratepress%2Fcontent-link.php HTTP/2.0" 200 19276 "-" "Mozilla/5.0 AppleWebKit/537.36 (KHTML, like Gecko; compatible; ClaudeBot/1.0; +claudebot@anthropic.com)"
216.73.216.138 - - [07/Jul/2026:15:55:02 +0200] "GET /=3D%22https:/blogerfrechloginfr.blogspot.com//%22mailto:mail@fruitfulcode.com?rename=%2Fhome%2Fcosta4%2Freggio-emilia.elettroservicegroup.it%2Fwp-admin%2Fimages%2Fsort-2x.gif HTTP/2.0" 200 910 "-" "Mozilla/5.0 AppleWebKit/537.36 (KHTML, like Gecko; compatible; ClaudeBot/1.0; +claudebot@anthropic.com)"
216.73.216.138 - - [07/Jul/2026:15:55:01 +0200] "GET /=3D%22https:/blogerfrechloginfr.blogspot.com/edit-comments.php?edit=%2Fhome%2Fcosta4%2Flogs%2Fvicenza.elettroservicegroup.it-ssl_log-May-2026.gz HTTP/2.0" 200 18499 "-" "Mozilla/5.0 AppleWebKit/537.36 (KHTML, like Gecko; compatible; ClaudeBot/1.0; +claudebot@anthropic.com)"
216.73.216.138 - - [07/Jul/2026:15:55:03 +0200] "GET /3D%22https:/www.intercom.com/%7Bsitemap:loc%7D?view=%2Fhome%2Fcosta4%2Fverona.elettroservicegroup.it%2Fwp-admin%2Fimages%2Fstars.png HTTP/2.0" 200 928 "-" "Mozilla/5.0 AppleWebKit/537.36 (KHTML, like Gecko; compatible; ClaudeBot/1.0; +claudebot@anthropic.com)"
216.73.216.138 - - [07/Jul/2026:15:55:01 +0200] "GET /3D%22https:/static.mdirector.com/files/campanias/'%20.%20esc_url('https:/3D%22mailto:direzione@nettowork.it?rename=%2Fhome%2Fcosta4%2Fverona.elettroservicegroup.it%2Fwp-content%2Fuploads%2F2022%2F09%2FHOME-COPERTINA-4.jpg HTTP/2.0" 200 18638 "-" "Mozilla/5.0 AppleWebKit/537.36 (KHTML, like Gecko; compatible; ClaudeBot/1.0; +claudebot@anthropic.com)"
216.73.216.138 - - [07/Jul/2026:15:55:03 +0200] "GET /3D%22https:/www.avast.com/font-awesome/css/'+this.controller.state().get(?edit=%2Fhome%2Fcosta4%2Fcremona.elettroservicegroup.it%2Fwp-includes%2Fimages%2Ficon-library%2Fchart-bar.svg HTTP/2.0" 200 1069 "-" "Mozilla/5.0 AppleWebKit/537.36 (KHTML, like Gecko; compatible; ClaudeBot/1.0; +claudebot@anthropic.com)"
216.73.216.138 - - [07/Jul/2026:15:55:02 +0200] "GET /=3D%22https:/blogerfrechloginfr.blogspot.com/edit-comments.php?rename=%2Fhome%2Fcosta4%2Fbrescia.elettroservicegroup.it%2Fwp-admin%2Fimages%2Fcomment-grey-bubble.png HTTP/2.0" 200 18598 "-" "Mozilla/5.0 AppleWebKit/537.36 (KHTML, like Gecko; compatible; ClaudeBot/1.0; +claudebot@anthropic.com)"
216.73.216.138 - - [07/Jul/2026:15:55:02 +0200] "GET /3D%22https:/www.avast.com/font-awesome/css/privacy.php?file=%2Fhome%2Fcosta4%2Fbrescia.elettroservicegroup.it%2Fwp-includes%2Fimages%2Ficon-library%2Farrow-down-right.svg HTTP/2.0" 200 17818 "-" "Mozilla/5.0 AppleWebKit/537.36 (KHTML, like Gecko; compatible; ClaudeBot/1.0; +claudebot@anthropic.com)"
216.73.216.138 - - [07/Jul/2026:15:55:03 +0200] "GET /sitemap.rss?file=%2Fhome%2Fcosta4%2Fwww%2Fwp-content%2Fplugins%2Felementor%2Fmodules%2Fadmin-bar HTTP/2.0" 200 657 "-" "Mozilla/5.0 AppleWebKit/537.36 (KHTML, like Gecko; compatible; ClaudeBot/1.0; +claudebot@anthropic.com)"
216.73.216.138 - - [07/Jul/2026:15:55:03 +0200] "GET /3D%22https:/www.avast.com/%7Bsitemap:loc%7D?rename=%2Fhome%2Fcosta4%2Fmantova.elettroservicegroup.it%2Fwp-includes%2Fjs%2Fplupload%2Fhandlers.min.js HTTP/2.0" 200 914 "-" "Mozilla/5.0 AppleWebKit/537.36 (KHTML, like Gecko; compatible; ClaudeBot/1.0; +claudebot@anthropic.com)"
216.73.216.138 - - [07/Jul/2026:15:55:03 +0200] "GET /3D%22https:/sites.ziftsolutions.com/%7Bsitemap:loc%7D?edit=%2Fhome%2Fcosta4%2Fwww%2Fwp-content%2Fuploads%2Fcomplianz%2Fcmp%2Fvendorlist%2Fpurposes-de.json HTTP/2.0" 200 10545 "-" "Mozilla/5.0 AppleWebKit/537.36 (KHTML, like Gecko; compatible; ClaudeBot/1.0; +claudebot@anthropic.com)"
216.73.216.138 - - [07/Jul/2026:15:55:02 +0200] "GET /3D%22https:/www.avast.com/font-awesome/css/upload.php?edit=%2Fhome%2Fcosta4%2Fvicenza.elettroservicegroup.it%2Fwp-includes%2Fimages%2Fwpspin-2x.gif HTTP/2.0" 200 25851 "-" "Mozilla/5.0 AppleWebKit/537.36 (KHTML, like Gecko; compatible; ClaudeBot/1.0; +claudebot@anthropic.com)"
216.73.216.138 - - [07/Jul/2026:15:55:03 +0200] "GET /3D%22https:/www.wildhorizon.mu/css/js/jquery.js?view=%2Fhome%2Fcosta4%2Fcremona.elettroservicegroup.it%2Fwp-content%2Fplugins%2Fwordfence%2Flib%2Fgeoip.mmdb HTTP/2.0" 200 3722456 "-" "Mozilla/5.0 AppleWebKit/537.36 (KHTML, like Gecko; compatible; ClaudeBot/1.0; +claudebot@anthropic.com)"
217.113.194.83 - - [07/Jul/2026:15:55:12 +0200] "GET /post-2-2/?view=/home/costa4/cremona.elettroservicegroup.it/wp-content/themes/generatepress/assets/fonts/generatepress.svg HTTP/1.1" 200 5459 "-" "Mozilla/5.0 (compatible; Barkrowler/0.9; +https://babbar.tech/crawler)"
217.113.194.220 - - [07/Jul/2026:15:55:28 +0200] "GET /post-2-2/?edit=/home/costa4/cremona.elettroservicegroup.it/wp-content/themes/generatepress/inc/defaults.php HTTP/1.1" 200 126181 "-" "Mozilla/5.0 (compatible; Barkrowler/0.9; +https://babbar.tech/crawler)"
65.108.235.243 - - [07/Jul/2026:15:55:46 +0200] "POST /wp-cron.php?doing_wp_cron=1783432546.2296719551086425781250 HTTP/1.1" 200 1 "-" "WordPress/7.0; https://cremona.elettroservicegroup.it"
217.113.194.83 - - [07/Jul/2026:15:55:44 +0200] "GET /post-2-2/?rename=/home/costa4/cremona.elettroservicegroup.it/wp-content/themes/generatepress/assets/css/style.css HTTP/1.1" 200 105839 "-" "Mozilla/5.0 (compatible; Barkrowler/0.9; +https://babbar.tech/crawler)"
217.113.194.246 - - [07/Jul/2026:15:56:01 +0200] "GET /post-9-2/?view=/home/costa4/cremona.elettroservicegroup.it/wp-content/themes/generatepress/assets/dist/block-editor.js HTTP/1.1" 200 19020 "-" "Mozilla/5.0 (compatible; Barkrowler/0.9; +https://babbar.tech/crawler)"
217.113.194.91 - - [07/Jul/2026:15:56:17 +0200] "GET /post-9-2/?rename=/home/costa4/cremona.elettroservicegroup.it/wp-content/themes/generatepress/assets/css/main.css HTTP/1.1" 200 105836 "-" "Mozilla/5.0 (compatible; Barkrowler/0.9; +https://babbar.tech/crawler)"
217.113.194.88 - - [07/Jul/2026:15:56:34 +0200] "GET /post-9-2/?rename=/home/costa4/cremona.elettroservicegroup.it/wp-content/themes/generatepress/assets/css/all.css HTTP/1.1" 200 105833 "-" "Mozilla/5.0 (compatible; Barkrowler/0.9; +https://babbar.tech/crawler)"
65.108.235.243 - - [07/Jul/2026:15:56:53 +0200] "POST /wp-cron.php?doing_wp_cron=1783432613.0284469127655029296875 HTTP/1.1" 200 1 "-" "WordPress/7.0; https://cremona.elettroservicegroup.it"
217.113.194.246 - - [07/Jul/2026:15:56:51 +0200] "GET /post-9-2/?file=/home/costa4/cremona.elettroservicegroup.it/wp-content/themes/generatepress/assets/css/all.css HTTP/1.1" 200 92271 "-" "Mozilla/5.0 (compatible; Barkrowler/0.9; +https://babbar.tech/crawler)"
217.113.194.91 - - [07/Jul/2026:15:57:08 +0200] "GET /post-10-2/?file=/home/costa4/cremona.elettroservicegroup.it/wp-content/themes/generatepress/inc/structure/archives.php HTTP/1.1" 200 92310 "-" "Mozilla/5.0 (compatible; Barkrowler/0.9; +https://babbar.tech/crawler)"
217.113.194.86 - - [07/Jul/2026:15:57:25 +0200] "GET /post-10-2/?edit=/home/costa4/cremona.elettroservicegroup.it/wp-content/themes/generatepress/inc/dashboard.php HTTP/1.1" 200 123496 "-" "Mozilla/5.0 (compatible; Barkrowler/0.9; +https://babbar.tech/crawler)"
217.113.194.90 - - [07/Jul/2026:15:57:42 +0200] "GET /post-10-2/?edit=/home/costa4/cremona.elettroservicegroup.it/wp-content/themes/generatepress/inc/general.php HTTP/1.1" 200 124343 "-" "Mozilla/5.0 (compatible; Barkrowler/0.9; +https://babbar.tech/crawler)"
65.108.235.243 - - [07/Jul/2026:15:58:01 +0200] "POST /wp-cron.php?doing_wp_cron=1783432681.4257578849792480468750 HTTP/1.1" 200 1 "-" "WordPress/7.0; https://cremona.elettroservicegroup.it"
217.113.194.91 - - [07/Jul/2026:15:57:59 +0200] "GET /post-10-2/?rename=/home/costa4/cremona.elettroservicegroup.it/wp-content/themes/generatepress/inc/block-editor.php HTTP/1.1" 200 105881 "-" "Mozilla/5.0 (compatible; Barkrowler/0.9; +https://babbar.tech/crawler)"
217.113.194.82 - - [07/Jul/2026:15:58:16 +0200] "GET /post-10-2/?rename=/home/costa4/cremona.elettroservicegroup.it/wp-content/themes/generatepress/inc/class-theme-update.php HTTP/1.1" 200 105899 "-" "Mozilla/5.0 (compatible; Barkrowler/0.9; +https://babbar.tech/crawler)"
65.108.235.243 - - [07/Jul/2026:15:58:35 +0200] "POST /wp-cron.php?doing_wp_cron=1783432715.5233609676361083984375 HTTP/1.1" 200 1 "-" "WordPress/7.0; https://cremona.elettroservicegroup.it"
217.113.194.246 - - [07/Jul/2026:15:58:33 +0200] "GET /post-6-2/?edit=/home/costa4/cremona.elettroservicegroup.it/wp-content/themes/generatepress/screenshot.png HTTP/1.1" 200 235324 "-" "Mozilla/5.0 (compatible; Barkrowler/0.9; +https://babbar.tech/crawler)"
65.108.235.243 - - [07/Jul/2026:15:58:52 +0200] "POST /wp-cron.php?doing_wp_cron=1783432732.3332281112670898437500 HTTP/1.1" 200 1 "-" "WordPress/7.0; https://cremona.elettroservicegroup.it"
217.113.194.86 - - [07/Jul/2026:15:58:50 +0200] "GET /informativa-privacy/?rename=/home/costa4/cremona.elettroservicegroup.it/wp-content/themes/generatepress/sidebar-left.php HTTP/1.1" 200 102068 "-" "Mozilla/5.0 (compatible; Barkrowler/0.9; +https://babbar.tech/crawler)"
217.113.194.87 - - [07/Jul/2026:15:59:07 +0200] "GET /informativa-privacy/?view=/home/costa4/cremona.elettroservicegroup.it/wp-content/themes/generatepress/assets/js/a11y.js HTTP/1.1" 200 592 "-" "Mozilla/5.0 (compatible; Barkrowler/0.9; +https://babbar.tech/crawler)"
217.113.194.220 - - [07/Jul/2026:15:59:23 +0200] "GET /informativa-privacy/?view=/home/costa4/cremona.elettroservicegroup.it/wp-content/themes/generatepress/assets/js/menu.js HTTP/1.1" 200 14502 "-" "Mozilla/5.0 (compatible; Barkrowler/0.9; +https://babbar.tech/crawler)"
217.113.194.91 - - [07/Jul/2026:15:59:38 +0200] "GET /informativa-privacy/?edit=/home/costa4/cremona.elettroservicegroup.it/wp-content/themes/generatepress/readme.txt HTTP/1.1" 200 120084 "-" "Mozilla/5.0 (compatible; Barkrowler/0.9; +https://babbar.tech/crawler)"
65.108.235.243 - - [07/Jul/2026:15:59:57 +0200] "POST /wp-cron.php?doing_wp_cron=1783432797.2326180934906005859375 HTTP/1.1" 200 1 "-" "WordPress/7.0; https://cremona.elettroservicegroup.it"
217.113.194.87 - - [07/Jul/2026:15:59:55 +0200] "GET /cookie-policy-ue/?edit=/home/costa4/cremona.elettroservicegroup.it/wp-content/themes/generatepress/content-404.php HTTP/1.1" 200 103769 "-" "Mozilla/5.0 (compatible; Barkrowler/0.9; +https://babbar.tech/crawler)"
217.113.194.87 - - [07/Jul/2026:16:00:12 +0200] "GET /cookie-policy-ue/?rename=/home/costa4/cremona.elettroservicegroup.it/wp-content/themes/generatepress/inc/meta-box.php HTTP/1.1" 200 101953 "-" "Mozilla/5.0 (compatible; Barkrowler/0.9; +https://babbar.tech/crawler)"
217.113.194.85 - - [07/Jul/2026:16:00:29 +0200] "GET /cookie-policy-ue/?rename=/home/costa4/cremona.elettroservicegroup.it/wp-content/themes/generatepress/inc/general.php HTTP/1.1" 200 101950 "-" "Mozilla/5.0 (compatible; Barkrowler/0.9; +https://babbar.tech/crawler)"
65.108.235.243 - - [07/Jul/2026:16:00:46 +0200] "POST /wp-cron.php?doing_wp_cron=1783432846.0211939811706542968750 HTTP/1.1" 200 1 "-" "WordPress/7.0; https://cremona.elettroservicegroup.it"
217.113.194.90 - - [07/Jul/2026:16:00:45 +0200] "GET /cookie-policy-ue/?rename=/home/costa4/cremona.elettroservicegroup.it/wp-content/themes/generatepress/inc/markup.php HTTP/1.1" 200 101947 "-" "Mozilla/5.0 (compatible; Barkrowler/0.9; +https://babbar.tech/crawler)"
216.73.216.138 - - [07/Jul/2026:16:00:48 +0200] "GET /=3D%22https:/blogerfrechloginfr.blogspot.com/link-manager.php?file=%2Fhome%2Fcosta4%2Fcremona.elettroservicegroup.it%2Fwp-content%2Fplugins%2Fwordfence%2Fimages%2Floading_large.gif HTTP/2.0" 200 17818 "-" "Mozilla/5.0 AppleWebKit/537.36 (KHTML, like Gecko; compatible; ClaudeBot/1.0; +claudebot@anthropic.com)"
217.113.194.85 - - [07/Jul/2026:16:01:01 +0200] "GET /cookie-policy-ue/?rename=/home/costa4/cremona.elettroservicegroup.it/wp-content/themes/generatepress/sidebar-left.php HTTP/1.1" 200 101961 "-" "Mozilla/5.0 (compatible; Barkrowler/0.9; +https://babbar.tech/crawler)"
217.113.194.85 - - [07/Jul/2026:16:01:17 +0200] "GET /cookie-policy-ue/?file=/home/costa4/cremona.elettroservicegroup.it/wp-content/themes/generatepress/inc/general.php HTTP/1.1" 200 88373 "-" "Mozilla/5.0 (compatible; Barkrowler/0.9; +https://babbar.tech/crawler)"
217.113.194.88 - - [07/Jul/2026:16:01:34 +0200] "GET /assistenza-lavastoviglie-cremona/?file=/home/costa4/cremona.elettroservicegroup.it/wp-includes HTTP/1.1" 200 220467 "-" "Mozilla/5.0 (compatible; Barkrowler/0.9; +https://babbar.tech/crawler)"
217.113.194.88 - - [07/Jul/2026:16:01:51 +0200] "GET /post-2-2/?view=/home/costa4/cremona.elettroservicegroup.it/wp-content/themes/generatepress/assets/fonts/generatepress.ttf HTTP/1.1" 200 2640 "-" "Mozilla/5.0 (compatible; Barkrowler/0.9; +https://babbar.tech/crawler)"
217.113.194.86 - - [07/Jul/2026:16:02:06 +0200] "GET /post-2-2/?view=/home/costa4/cremona.elettroservicegroup.it/wp-content/themes/generatepress/assets/css/main-rtl.css HTTP/1.1" 200 3306 "-" "Mozilla/5.0 (compatible; Barkrowler/0.9; +https://babbar.tech/crawler)"
65.108.235.243 - - [07/Jul/2026:16:02:25 +0200] "POST /wp-cron.php?doing_wp_cron=1783432944.9283730983734130859375 HTTP/1.1" 200 1 "-" "WordPress/7.0; https://cremona.elettroservicegroup.it"
217.113.194.85 - - [07/Jul/2026:16:02:22 +0200] "GET /post-2-2/?edit=/home/costa4/cremona.elettroservicegroup.it/wp-content/mu-plugins/elementor-safe-mode.php HTTP/1.1" 200 110153 "-" "Mozilla/5.0 (compatible; Barkrowler/0.9; +https://babbar.tech/crawler)"
217.113.194.86 - - [07/Jul/2026:16:02:40 +0200] "GET /post-2-2/?file=/home/costa4/cremona.elettroservicegroup.it/wp-content/themes/generatepress/assets/css/all.min.css HTTP/1.1" 200 92186 "-" "Mozilla/5.0 (compatible; Barkrowler/0.9; +https://babbar.tech/crawler)"
65.108.235.243 - - [07/Jul/2026:16:02:59 +0200] "POST /wp-cron.php?doing_wp_cron=1783432979.8213119506835937500000 HTTP/1.1" 200 1 "-" "WordPress/7.0; https://cremona.elettroservicegroup.it"
217.113.194.91 - - [07/Jul/2026:16:02:57 +0200] "GET /post-2-2/?file=/home/costa4/cremona.elettroservicegroup.it/wp-content/themes/generatepress/assets/css/style.min.css HTTP/1.1" 200 92188 "-" "Mozilla/5.0 (compatible; Barkrowler/0.9; +https://babbar.tech/crawler)"
217.113.194.90 - - [07/Jul/2026:16:03:15 +0200] "GET /post-9-2/?view=/home/costa4/cremona.elettroservicegroup.it/wp-content/themes/generatepress/assets/css/main-rtl.css HTTP/1.1" 200 3306 "-" "Mozilla/5.0 (compatible; Barkrowler/0.9; +https://babbar.tech/crawler)"
65.108.235.243 - - [07/Jul/2026:16:03:32 +0200] "POST /wp-cron.php?doing_wp_cron=1783433012.5256779193878173828125 HTTP/1.1" 200 1 "-" "WordPress/7.0; https://cremona.elettroservicegroup.it"
217.113.194.246 - - [07/Jul/2026:16:03:30 +0200] "GET /post-9-2/?edit=/home/costa4/cremona.elettroservicegroup.it/wp-content/themes/generatepress/sidebar-left.php HTTP/1.1" 200 106507 "-" "Mozilla/5.0 (compatible; Barkrowler/0.9; +https://babbar.tech/crawler)"
65.108.235.243 - - [07/Jul/2026:16:03:49 +0200] "POST /wp-cron.php?doing_wp_cron=1783433029.5346240997314453125000 HTTP/1.1" 200 1 "-" "WordPress/7.0; https://cremona.elettroservicegroup.it"
217.113.194.82 - - [07/Jul/2026:16:03:47 +0200] "GET /post-10-2/?file=/home/costa4/cremona.elettroservicegroup.it/wp-content/themes/generatepress/inc/class-dashboard.php HTTP/1.1" 200 92208 "-" "Mozilla/5.0 (compatible; Barkrowler/0.9; +https://babbar.tech/crawler)"
217.113.194.85 - - [07/Jul/2026:16:04:04 +0200] "GET /post-10-2/?file=/home/costa4/cremona.elettroservicegroup.it/wp-content/themes/generatepress/inc/css-output.php HTTP/1.1" 200 92203 "-" "Mozilla/5.0 (compatible; Barkrowler/0.9; +https://babbar.tech/crawler)"
217.113.194.87 - - [07/Jul/2026:16:04:21 +0200] "GET /post-10-2/?edit=/home/costa4/cremona.elettroservicegroup.it/wp-content/themes/generatepress/inc/markup.php HTTP/1.1" 200 124678 "-" "Mozilla/5.0 (compatible; Barkrowler/0.9; +https://babbar.tech/crawler)"
217.113.194.90 - - [07/Jul/2026:16:04:38 +0200] "GET /post-10-2/?edit=/home/costa4/cremona.elettroservicegroup.it/wp-content/themes/generatepress/inc/class-rest.php HTTP/1.1" 200 108707 "-" "Mozilla/5.0 (compatible; Barkrowler/0.9; +https://babbar.tech/crawler)"
216.73.216.138 - - [07/Jul/2026:16:04:54 +0200] "GET /3D%22https:/track.mdrctr.com/track/link/key/%7Bsitemap:loc%7D?file=%2Fhome%2Fcosta4%2Fwww%2Fwp-content%2Fplugins%2Fall-in-one-seo-pack%2Fdist%2FLite%2Fassets%2Fjs%2FCta.08ea57b9.js HTTP/2.0" 200 265 "-" "Mozilla/5.0 AppleWebKit/537.36 (KHTML, like Gecko; compatible; ClaudeBot/1.0; +claudebot@anthropic.com)"
65.108.235.243 - - [07/Jul/2026:16:04:54 +0200] "POST /wp-cron.php?doing_wp_cron=1783433094.6378960609436035156250 HTTP/1.1" 200 1 "-" "WordPress/7.0; https://cremona.elettroservicegroup.it"
216.73.216.138 - - [07/Jul/2026:16:04:54 +0200] "GET /%7Bsitemap:loc%7D?edit=%2Fhome%2Fcosta4%2Fcremona.elettroservicegroup.it%2Fwp-admin%2Foptions.php HTTP/2.0" 200 5509 "-" "Mozilla/5.0 AppleWebKit/537.36 (KHTML, like Gecko; compatible; ClaudeBot/1.0; +claudebot@anthropic.com)"
216.73.216.138 - - [07/Jul/2026:16:04:54 +0200] "GET /3D%22https:/click.mlsend2.com/wp-admin/href=%22https:/www.userFeedback.com/3D%22cid:2621080104-2%22?file=%2Fhome%2Fcosta4%2Fverona.elettroservicegroup.it%2Fwp-content%2Fuploads%2F2022%2F01%2FAriston_logo.bak.jpg HTTP/2.0" 200 246 "-" "Mozilla/5.0 AppleWebKit/537.36 (KHTML, like Gecko; compatible; ClaudeBot/1.0; +claudebot@anthropic.com)"
216.73.216.138 - - [07/Jul/2026:16:04:54 +0200] "GET /3D%22https:/novabase.us20.list-manage.com/track/edit-comments.php?file=%2Fhome%2Fcosta4%2Freggio-emilia.elettroservicegroup.it%2Fwp-admin%2Fjs%2Faccordion.min.js HTTP/2.0" 200 17817 "-" "Mozilla/5.0 AppleWebKit/537.36 (KHTML, like Gecko; compatible; ClaudeBot/1.0; +claudebot@anthropic.com)"
65.108.235.243 - - [07/Jul/2026:16:04:55 +0200] "POST /wp-cron.php?doing_wp_cron=1783433095.2224729061126708984375 HTTP/1.1" 200 1 "-" "WordPress/7.0; https://cremona.elettroservicegroup.it"
216.73.216.138 - - [07/Jul/2026:16:04:54 +0200] "GET /3D%22https:/hosting.aruba.it/en/wp-admin/$link?rename=%2Fhome%2Fcosta4%2Fpiacenza.elettroservicegroup.it%2Fwp-includes%2Fjs%2Fcolorpicker.min.js HTTP/2.0" 200 18571 "-" "Mozilla/5.0 AppleWebKit/537.36 (KHTML, like Gecko; compatible; ClaudeBot/1.0; +claudebot@anthropic.com)"
216.73.216.138 - - [07/Jul/2026:16:04:54 +0200] "GET /=3D%22https:/blogerfrechloginfr.blogspot.com/link-manager.php?rename=%2Fhome%2Fcosta4%2Fcremona.elettroservicegroup.it%2Fwp-content%2Fthemes%2Fgeneratepress%2Fassets%2Fjs%2Fmenu.js HTTP/2.0" 200 18562 "-" "Mozilla/5.0 AppleWebKit/537.36 (KHTML, like Gecko; compatible; ClaudeBot/1.0; +claudebot@anthropic.com)"
216.73.216.138 - - [07/Jul/2026:16:04:54 +0200] "GET /?file=%2Fproc%2Fsys%2Fnet%2Fipv4%2Fconf%2Fenp41s0%2Fmc_forwarding HTTP/2.0" 200 19997 "-" "Mozilla/5.0 AppleWebKit/537.36 (KHTML, like Gecko; compatible; ClaudeBot/1.0; +claudebot@anthropic.com)"
216.73.216.138 - - [07/Jul/2026:16:04:54 +0200] "GET /?file=%2Fproc%2Fsys%2Fnet%2Fipv4%2Fconf%2Fenp41s0%2Fmedium_id HTTP/2.0" 200 19997 "-" "Mozilla/5.0 AppleWebKit/537.36 (KHTML, like Gecko; compatible; ClaudeBot/1.0; +claudebot@anthropic.com)"
217.113.194.84 - - [07/Jul/2026:16:04:55 +0200] "GET /post-10-2/?edit=/home/costa4/cremona.elettroservicegroup.it/wp-content/themes/generatepress/inc/customizer.php HTTP/1.1" 200 169015 "-" "Mozilla/5.0 (compatible; Barkrowler/0.9; +https://babbar.tech/crawler)"
217.113.194.89 - - [07/Jul/2026:16:05:12 +0200] "GET /post-10-2/?edit=/home/costa4/cremona.elettroservicegroup.it/wp-content/themes/generatepress/inc/structure/archives.php HTTP/1.1" 200 109664 "-" "Mozilla/5.0 (compatible; Barkrowler/0.9; +https://babbar.tech/crawler)"
217.113.194.83 - - [07/Jul/2026:16:05:30 +0200] "GET /post-10-2/?rename=/home/costa4/cremona.elettroservicegroup.it/wp-content/themes/generatepress/inc/class-dashboard.php HTTP/1.1" 200 105801 "-" "Mozilla/5.0 (compatible; Barkrowler/0.9; +https://babbar.tech/crawler)"
217.113.194.246 - - [07/Jul/2026:16:05:47 +0200] "GET /informativa-privacy/?view=/home/costa4/cremona.elettroservicegroup.it/wp-content/themes/generatepress/assets/js/back-to-top.js HTTP/1.1" 200 1853 "-" "Mozilla/5.0 (compatible; Barkrowler/0.9; +https://babbar.tech/crawler)"
65.108.235.243 - - [07/Jul/2026:16:06:04 +0200] "POST /wp-cron.php?doing_wp_cron=1783433164.4208400249481201171875 HTTP/1.1" 200 1 "-" "WordPress/7.0; https://cremona.elettroservicegroup.it"
217.113.194.83 - - [07/Jul/2026:16:06:03 +0200] "GET /informativa-privacy/?edit=/home/costa4/cremona.elettroservicegroup.it/wp-content/themes/generatepress/screenshot.png HTTP/1.1" 200 231454 "-" "Mozilla/5.0 (compatible; Barkrowler/0.9; +https://babbar.tech/crawler)"
216.73.216.138 - - [07/Jul/2026:16:06:18 +0200] "GET /=3D%22https:/blogerfrechloginfr.blogspot.com/admin.php?view=%2Fhome%2Fcosta4%2Fpublic_html%2Fwp-content%2Fplugins%2Fwp-fastest-cache%2Fimages%2Fprice-mini-banner.jpg HTTP/2.0" 200 25914 "-" "Mozilla/5.0 AppleWebKit/537.36 (KHTML, like Gecko; compatible; ClaudeBot/1.0; +claudebot@anthropic.com)"
216.73.216.138 - - [07/Jul/2026:16:06:18 +0200] "GET /sitemap.rss?view=%2Fhome%2Fcosta4%2Fmantova.elettroservicegroup.it%2Fwp-includes%2Fblocks%2Fcomment-template.php HTTP/2.0" 200 1456 "-" "Mozilla/5.0 AppleWebKit/537.36 (KHTML, like Gecko; compatible; ClaudeBot/1.0; +claudebot@anthropic.com)"
216.73.216.138 - - [07/Jul/2026:16:06:18 +0200] "GET /3D%22https:/www.aruba.it/getdoc/%7Bsitemap:loc%7D?rename=%2Fhome%2Fcosta4%2Fvicenza.elettroservicegroup.it%2Fwp-admin%2Fjs%2Fsite-icon.js HTTP/2.0" 200 907 "-" "Mozilla/5.0 AppleWebKit/537.36 (KHTML, like Gecko; compatible; ClaudeBot/1.0; +claudebot@anthropic.com)"
216.73.216.138 - - [07/Jul/2026:16:06:18 +0200] "GET /3D%22https:/static.mdirector.com/files/campanias/%7Bsitemap:loc%7D?file=%2Fhome%2Fcosta4%2Fpublic_html%2Fwp-content%2Fplugins%2Fgp-premium%2Fgeneral%2Ficons%2Fgp-premium.svg HTTP/2.0" 200 240 "-" "Mozilla/5.0 AppleWebKit/537.36 (KHTML, like Gecko; compatible; ClaudeBot/1.0; +claudebot@anthropic.com)"
216.73.216.138 - - [07/Jul/2026:16:06:18 +0200] "GET /3D%22https:/go.eu.sparkpostmail2.com/q/js/%7Bsitemap:loc%7D?rename=%2Fhome%2Fcosta4%2Fpiacenza.elettroservicegroup.it%2Fwp-includes%2Fjs%2Fplupload%2Fwp-plupload.js HTTP/2.0" 200 908 "-" "Mozilla/5.0 AppleWebKit/537.36 (KHTML, like Gecko; compatible; ClaudeBot/1.0; +claudebot@anthropic.com)"
216.73.216.138 - - [07/Jul/2026:16:06:19 +0200] "GET /3D%22https:/www.avast.com/font-awesome/css/'%20.%20esc_url('https:/%7Bsitemap:loc%7D?view=%2Fhome%2Fcosta4%2Fwww%2Fwp-content%2Fuploads%2F2021%2F10%2Fimages-10-150x150.png HTTP/2.0" 200 13371 "-" "Mozilla/5.0 AppleWebKit/537.36 (KHTML, like Gecko; compatible; ClaudeBot/1.0; +claudebot@anthropic.com)"
216.73.216.138 - - [07/Jul/2026:16:06:18 +0200] "GET /=3D%22https:/blogerfrechloginfr.blogspot.com/link-manager.php?edit=%2Fhome%2Fcosta4%2Fcremona.elettroservicegroup.it%2Fwp-content%2Fplugins%2Fwordfence%2Fimages%2Fsort_both.gif HTTP/2.0" 200 18663 "-" "Mozilla/5.0 AppleWebKit/537.36 (KHTML, like Gecko; compatible; ClaudeBot/1.0; +claudebot@anthropic.com)"
216.73.216.138 - - [07/Jul/2026:16:06:19 +0200] "GET /sitemap.rss?file=%2Fhome%2Fcosta4%2Fwww%2Fwp-content%2Fplugins%2Fessential-addons-for-elementor-lite%2Fincludes%2FClasses%2Findex.php HTTP/2.0" 200 581 "-" "Mozilla/5.0 AppleWebKit/537.36 (KHTML, like Gecko; compatible; ClaudeBot/1.0; +claudebot@anthropic.com)"
216.73.216.138 - - [07/Jul/2026:16:06:18 +0200] "GET /=3D%22https:/blogerfrechloginfr.blogspot.com/[^?rename=%2Fhome%2Fcosta4%2Fcremona.elettroservicegroup.it%2Fwp-content%2Fthemes%2Fgeneratepress%2Farchive.php HTTP/2.0" 200 18555 "-" "Mozilla/5.0 AppleWebKit/537.36 (KHTML, like Gecko; compatible; ClaudeBot/1.0; +claudebot@anthropic.com)"
217.113.194.85 - - [07/Jul/2026:16:06:19 +0200] "GET /cookie-policy-ue/?edit=/home/costa4/cremona.elettroservicegroup.it/wp-content/themes/generatepress/inc/defaults.php HTTP/1.1" 200 122293 "-" "Mozilla/5.0 (compatible; Barkrowler/0.9; +https://babbar.tech/crawler)"
217.113.194.87 - - [07/Jul/2026:16:06:36 +0200] "GET /cookie-policy-ue/?edit=/home/costa4/cremona.elettroservicegroup.it/wp-content/themes/generatepress/header-min.php HTTP/1.1" 200 102619 "-" "Mozilla/5.0 (compatible; Barkrowler/0.9; +https://babbar.tech/crawler)"
65.108.235.243 - - [07/Jul/2026:16:06:53 +0200] "POST /wp-cron.php?doing_wp_cron=1783433213.4209380149841308593750 HTTP/1.1" 200 1 "-" "WordPress/7.0; https://cremona.elettroservicegroup.it"
217.113.194.220 - - [07/Jul/2026:16:06:52 +0200] "GET /cookie-policy-ue/?edit=/home/costa4/cremona.elettroservicegroup.it/wp-content/themes/generatepress/readme.txt HTTP/1.1" 200 119977 "-" "Mozilla/5.0 (compatible; Barkrowler/0.9; +https://babbar.tech/crawler)"
217.113.194.84 - - [07/Jul/2026:16:07:08 +0200] "GET /cookie-policy-ue/?rename=/home/costa4/cremona.elettroservicegroup.it/wp-content/themes/generatepress/inc/customizer.php HTTP/1.1" 200 101959 "-" "Mozilla/5.0 (compatible; Barkrowler/0.9; +https://babbar.tech/crawler)"
217.113.194.91 - - [07/Jul/2026:16:07:24 +0200] "GET /cookie-policy-ue/?rename=/home/costa4/cremona.elettroservicegroup.it/wp-content/themes/generatepress/inc/class-css.php HTTP/1.1" 200 101956 "-" "Mozilla/5.0 (compatible; Barkrowler/0.9; +https://babbar.tech/crawler)"
