216.73.216.138 - - [07/Jul/2026:16:26:37 +0200] "GET /3D%22https:/click.mlsend2.com/wp-admin/href=%22https:/www.userFeedback.com/=3D%22http:/click.ernesto.it/wf/open?file=%2Fhome%2Fcosta4%2Fpiacenza.elettroservicegroup.it%2Fwp-content%2Fuploads%2F2022%2F01%2Ftecnico-elettro-150x150.jpg HTTP/2.0" 200 17861 "-" "Mozilla/5.0 AppleWebKit/537.36 (KHTML, like Gecko; compatible; ClaudeBot/1.0; +claudebot@anthropic.com)"
216.73.216.138 - - [07/Jul/2026:16:26:37 +0200] "GET /3D=22http:/%22upload.php/%22https:/support.wordfence.com/support/tickets/images/about-release-logo.svg?rename=%2Fhome%2Fcosta4%2Fcremona.elettroservicegroup.it%2Fwp-content%2Fthemes%2Fgeneratepress%2Fsearch.php HTTP/2.0" 200 18598 "-" "Mozilla/5.0 AppleWebKit/537.36 (KHTML, like Gecko; compatible; ClaudeBot/1.0; +claudebot@anthropic.com)"
216.73.216.138 - - [07/Jul/2026:16:26:37 +0200] "GET /3D%22https:/www.aruba.it/en/js/bootstrap.min.js?file=%2Fhome%2Fcosta4%2Fpublic_html%2Fwp-admin%2Fimages%2Fmedia-button-music.gif HTTP/2.0" 200 17818 "-" "Mozilla/5.0 AppleWebKit/537.36 (KHTML, like Gecko; compatible; ClaudeBot/1.0; +claudebot@anthropic.com)"
216.73.216.138 - - [07/Jul/2026:16:26:38 +0200] "GET /3D%22https:/www.avast.com/%7Bsitemap:loc%7D?rename=%2Fhome%2Fcosta4%2Fpiacenza.elettroservicegroup.it%2Fwp-includes%2Fblocks%2Fsite-logo%2Fstyle-rtl.min.css HTTP/2.0" 200 920 "-" "Mozilla/5.0 AppleWebKit/537.36 (KHTML, like Gecko; compatible; ClaudeBot/1.0; +claudebot@anthropic.com)"
216.73.216.138 - - [07/Jul/2026:16:26:38 +0200] "GET /3D%22https:/www.intercom.com/%7Bsitemap:loc%7D?rename=%2Fhome%2Fcosta4%2Fcremona.elettroservicegroup.it%2Fwp-includes%2Fimages%2Fwpicons-2x.png HTTP/2.0" 200 902 "-" "Mozilla/5.0 AppleWebKit/537.36 (KHTML, like Gecko; compatible; ClaudeBot/1.0; +claudebot@anthropic.com)"
216.73.216.138 - - [07/Jul/2026:16:26:38 +0200] "GET /%7Bsitemap:loc%7D?view=%2Fhome%2Fcosta4%2Fcremona.elettroservicegroup.it%2Fwp-includes%2Fclass-simplepie.php HTTP/2.0" 200 263 "-" "Mozilla/5.0 AppleWebKit/537.36 (KHTML, like Gecko; compatible; ClaudeBot/1.0; +claudebot@anthropic.com)"
216.73.216.138 - - [07/Jul/2026:16:26:38 +0200] "GET /3D%22https:/www.rhenus.group/font-awesome/css/repair.php?rename=%2Fhome%2Fcosta4%2Fwww%2Fwp-includes%2Fimages%2Ficon-library%2Fwidget.svg HTTP/2.0" 200 18584 "-" "Mozilla/5.0 AppleWebKit/537.36 (KHTML, like Gecko; compatible; ClaudeBot/1.0; +claudebot@anthropic.com)"
216.73.216.138 - - [07/Jul/2026:16:26:38 +0200] "GET /=3D%22https:/blogerfrechloginfr.blogspot.com/edit-comments.php?view=%2Fhome%2Fcosta4%2Fcremona.elettroservicegroup.it%2Fwp-content%2Fthemes%2Fgeneratepress%2Freadme.txt HTTP/2.0" 200 5805 "-" "Mozilla/5.0 AppleWebKit/537.36 (KHTML, like Gecko; compatible; ClaudeBot/1.0; +claudebot@anthropic.com)"
216.73.216.138 - - [07/Jul/2026:16:26:38 +0200] "GET /=3D%22https:/blogerfrechloginfr.blogspot.com/$edit_link?file=%2Fhome%2Fcosta4%2Fcremona.elettroservicegroup.it%2Fwp-content%2Fthemes%2Fgeneratepress%2Farchive.php HTTP/2.0" 200 17802 "-" "Mozilla/5.0 AppleWebKit/537.36 (KHTML, like Gecko; compatible; ClaudeBot/1.0; +claudebot@anthropic.com)"
216.73.216.138 - - [07/Jul/2026:16:26:38 +0200] "GET /3D%22https:/hosting.aruba.it/en/%7B$sub_item[2]%7D?file=%2Fhome%2Fcosta4%2Fcremona.elettroservicegroup.it%2Fwp-content%2Fthemes%2Fgeneratepress%2Fassets%2Fdist HTTP/2.0" 200 530 "-" "Mozilla/5.0 AppleWebKit/537.36 (KHTML, like Gecko; compatible; ClaudeBot/1.0; +claudebot@anthropic.com)"
216.73.216.138 - - [07/Jul/2026:16:26:38 +0200] "GET /3D%22https:/www.wildhorizon.mu/css/'%20.%20esc_url('https:/'%20.%20$the_link%20.%20'?file=%2Fhome%2Fcosta4%2Fcremona.elettroservicegroup.it%2Fwp-content%2Fplugins%2Fwordfence%2Fviews%2Ftours HTTP/2.0" 200 330 "-" "Mozilla/5.0 AppleWebKit/537.36 (KHTML, like Gecko; compatible; ClaudeBot/1.0; +claudebot@anthropic.com)"
216.73.216.138 - - [07/Jul/2026:16:26:38 +0200] "GET /=3D%22https:/blogerfrechloginfr.blogspot.com/edit-comments.php?rename=%2Fhome%2Fcosta4%2Fbrescia.elettroservicegroup.it%2Fwp-admin%2Fimages%2Fspinner.gif HTTP/2.0" 200 18586 "-" "Mozilla/5.0 AppleWebKit/537.36 (KHTML, like Gecko; compatible; ClaudeBot/1.0; +claudebot@anthropic.com)"
216.73.216.138 - - [07/Jul/2026:16:26:38 +0200] "GET /3D%22https:/click.mlsend2.com/wp-admin/href=%22https:/www.userFeedback.com/3D%22http:/touli.smtptrack.com/'%20.%20$i['tmplData']['vulnerabilityLink']%20.%20'?view=%2Fhome%2Fcosta4%2Fpiacenza.elettroservicegroup.it%2Fwp-admin%2Fimages%2Fimgedit-icons.png HTTP/2.0" 200 3945 "-" "Mozilla/5.0 AppleWebKit/537.36 (KHTML, like Gecko; compatible; ClaudeBot/1.0; +claudebot@anthropic.com)"
216.73.216.138 - - [07/Jul/2026:16:26:39 +0200] "GET /%7Bsitemap:loc%7D?file=%2Fhome%2Fcosta4%2Fcremona.elettroservicegroup.it%2Fwp-includes%2Ftheme.php HTTP/2.0" 200 223 "-" "Mozilla/5.0 AppleWebKit/537.36 (KHTML, like Gecko; compatible; ClaudeBot/1.0; +claudebot@anthropic.com)"
216.73.216.138 - - [07/Jul/2026:16:26:39 +0200] "GET /sitemap.rss?file=%2Fhome%2Fcosta4%2Fwww%2Fwp-content%2Fplugins%2Fgoogle-analytics-for-wordpress%2Fassets HTTP/2.0" 200 720 "-" "Mozilla/5.0 AppleWebKit/537.36 (KHTML, like Gecko; compatible; ClaudeBot/1.0; +claudebot@anthropic.com)"
216.73.216.138 - - [07/Jul/2026:16:26:39 +0200] "GET /3D%22https:/hosting.aruba.it/en/wp-admin/%7Bsitemap:loc%7D?view=%2Fhome%2Fcosta4%2Fcremona.elettroservicegroup.it%2Fwp-content%2Fplugins%2Fwordfence%2Fimages%2F2fa2.svg HTTP/2.0" 200 5431 "-" "Mozilla/5.0 AppleWebKit/537.36 (KHTML, like Gecko; compatible; ClaudeBot/1.0; +claudebot@anthropic.com)"
216.73.216.138 - - [07/Jul/2026:16:26:39 +0200] "GET /3D%22https:/go.eu.sparkpostmail2.com/q/js/dom.png?rename=%2Fhome%2Fcosta4%2Fcremona.elettroservicegroup.it%2Fwp-content%2Fthemes%2Fgeneratepress%2Farchive.php HTTP/2.0" 200 18573 "-" "Mozilla/5.0 AppleWebKit/537.36 (KHTML, like Gecko; compatible; ClaudeBot/1.0; +claudebot@anthropic.com)"
216.73.216.138 - - [07/Jul/2026:16:26:39 +0200] "GET /3D%22https:/www.wildhorizon.mu/css/js/wp-admin/%7Bsitemap:loc%7D?edit=%2Fhome%2Fcosta4%2Fwww%2Fwp-includes%2Fjs%2Ftinymce%2Fskins%2Fwordpress%2Fimages%2Fpagebreak.png HTTP/2.0" 200 1792 "-" "Mozilla/5.0 AppleWebKit/537.36 (KHTML, like Gecko; compatible; ClaudeBot/1.0; +claudebot@anthropic.com)"
216.73.216.138 - - [07/Jul/2026:16:26:39 +0200] "GET /3D%22https:/click.mlsend2.com/wp-admin/href=%22https:/www.userFeedback.com/=3D%22http:/click.ernesto.it/wf/'%20+%20this.url%20+%20'?view=%2Fhome%2Fcosta4%2Fcremona.elettroservicegroup.it%2Fwp-content%2Fuploads%2F2021%2F10%2Friparaz.2.jpg HTTP/2.0" 200 212777 "-" "Mozilla/5.0 AppleWebKit/537.36 (KHTML, like Gecko; compatible; ClaudeBot/1.0; +claudebot@anthropic.com)"
216.73.216.138 - - [07/Jul/2026:16:26:39 +0200] "GET /3D%22https:/www.avast.com/font-awesome/css/'%20.%20esc_url('https:/android-app:/com.google.android.googlequicksearchbox/%7Bsitemap:loc%7D?rename=%2Fhome%2Fcosta4%2Freggio-emilia.elettroservicegroup.it%2Fwp-content%2Fuploads%2F2021%2F10%2Fbrescia-1024x544.jpg HTTP/2.0" 200 925 "-" "Mozilla/5.0 AppleWebKit/537.36 (KHTML, like Gecko; compatible; ClaudeBot/1.0; +claudebot@anthropic.com)"
216.73.216.138 - - [07/Jul/2026:16:26:39 +0200] "GET /3D%22https:/go.eu.sparkpostmail2.com/q/'%20+%20data.source1%20+%20'?rename=%2Fhome%2Fcosta4%2Fcremona.elettroservicegroup.it%2Fwp-content%2Fthemes%2Fgeneratepress%2Farchive.php HTTP/2.0" 200 886 "-" "Mozilla/5.0 AppleWebKit/537.36 (KHTML, like Gecko; compatible; ClaudeBot/1.0; +claudebot@anthropic.com)"
216.73.216.138 - - [07/Jul/2026:16:26:39 +0200] "GET /%7Bsitemap:loc%7D?edit=%2Fhome%2Fcosta4%2Fcremona.elettroservicegroup.it%2Fwp-includes%2Fms-load.php HTTP/2.0" 200 7076 "-" "Mozilla/5.0 AppleWebKit/537.36 (KHTML, like Gecko; compatible; ClaudeBot/1.0; +claudebot@anthropic.com)"
216.73.216.138 - - [07/Jul/2026:16:26:40 +0200] "GET /3D%22https:/www.wildhorizon.mu/css/%7Bsitemap:loc%7D?file=%2Fhome%2Fcosta4%2Fwww%2Fwp-content%2Fplugins%2Felementor%2Fassets%2Fjs%2Ff3b4453f66034a6655a7.bundle.min.js HTTP/2.0" 200 254 "-" "Mozilla/5.0 AppleWebKit/537.36 (KHTML, like Gecko; compatible; ClaudeBot/1.0; +claudebot@anthropic.com)"
216.73.216.138 - - [07/Jul/2026:16:26:40 +0200] "GET /=3D%22https:/blogerfrechloginfr.blogspot.com//%22mailto:mail@fruitfulcode.com?file=%2Fhome%2Fcosta4%2Freggio-emilia.elettroservicegroup.it%2Fwp-admin%2Fimages%2Fmarker.png HTTP/2.0" 200 239 "-" "Mozilla/5.0 AppleWebKit/537.36 (KHTML, like Gecko; compatible; ClaudeBot/1.0; +claudebot@anthropic.com)"
216.73.216.138 - - [07/Jul/2026:16:26:40 +0200] "GET /3D%22https:/go.eu.sparkpostmail2.com/q/contribute.php?edit=%2Fhome%2Fcosta4%2Fvicenza.elettroservicegroup.it%2Fwp-admin%2Fimages%2Falign-center-2x.png HTTP/2.0" 200 18810 "-" "Mozilla/5.0 AppleWebKit/537.36 (KHTML, like Gecko; compatible; ClaudeBot/1.0; +claudebot@anthropic.com)"
216.73.216.138 - - [07/Jul/2026:16:26:40 +0200] "GET /3D%22https:/go.eu.sparkpostmail2.com/q/%7Bsitemap:loc%7D?file=%2Fhome%2Fcosta4%2Fverona.elettroservicegroup.it%2Fwp-includes%2Fjs%2Fdist%2Fdom-ready.min.js HTTP/2.0" 200 238 "-" "Mozilla/5.0 AppleWebKit/537.36 (KHTML, like Gecko; compatible; ClaudeBot/1.0; +claudebot@anthropic.com)"
216.73.216.138 - - [07/Jul/2026:16:26:40 +0200] "GET /3D%22https:/www.rhenus.group/font-awesome/css/js/jquery.js?file=%2Fhome%2Fcosta4%2Fbrescia.elettroservicegroup.it%2Fwp-content%2Fuploads%2F2026%2F05 HTTP/2.0" 200 17812 "-" "Mozilla/5.0 AppleWebKit/537.36 (KHTML, like Gecko; compatible; ClaudeBot/1.0; +claudebot@anthropic.com)"
65.108.235.243 - - [07/Jul/2026:16:26:48 +0200] "POST /wp-cron.php?doing_wp_cron=1783434408.0622429847717285156250 HTTP/1.1" 200 1 "-" "WordPress/7.0; https://cremona.elettroservicegroup.it"
217.113.194.89 - - [07/Jul/2026:16:26:47 +0200] "GET /cookie-policy-ue/?edit=/home/costa4/cremona.elettroservicegroup.it/wp-content/themes/generatepress/inc/class-rest.php HTTP/1.1" 200 104969 "-" "Mozilla/5.0 (compatible; Barkrowler/0.9; +https://babbar.tech/crawler)"
217.113.194.82 - - [07/Jul/2026:16:27:03 +0200] "GET /cookie-policy-ue/?edit=/home/costa4/cremona.elettroservicegroup.it/wp-content/themes/generatepress/inc/block-editor.php HTTP/1.1" 200 126371 "-" "Mozilla/5.0 (compatible; Barkrowler/0.9; +https://babbar.tech/crawler)"
217.113.194.90 - - [07/Jul/2026:16:27:18 +0200] "GET /cookie-policy-ue/?rename=/home/costa4/cremona.elettroservicegroup.it/wp-content/themes/generatepress/inc/css-output.php HTTP/1.1" 200 102048 "-" "Mozilla/5.0 (compatible; Barkrowler/0.9; +https://babbar.tech/crawler)"
217.113.194.220 - - [07/Jul/2026:16:27:34 +0200] "GET /cookie-policy-ue/?rename=/home/costa4/cremona.elettroservicegroup.it/wp-content/themes/generatepress/inc/theme-functions.php HTTP/1.1" 200 102063 "-" "Mozilla/5.0 (compatible; Barkrowler/0.9; +https://babbar.tech/crawler)"
65.108.235.243 - - [07/Jul/2026:16:27:51 +0200] "POST /wp-cron.php?doing_wp_cron=1783434471.5469489097595214843750 HTTP/1.1" 200 1 "-" "WordPress/7.0; https://cremona.elettroservicegroup.it"
217.113.194.82 - - [07/Jul/2026:16:27:50 +0200] "GET /cookie-policy-ue/?rename=/home/costa4/cremona.elettroservicegroup.it/wp-content/themes/generatepress/inc/class-typography.php HTTP/1.1" 200 102066 "-" "Mozilla/5.0 (compatible; Barkrowler/0.9; +https://babbar.tech/crawler)"
217.113.194.88 - - [07/Jul/2026:16:28:07 +0200] "GET /cookie-policy-ue/?rename=/home/costa4/cremona.elettroservicegroup.it/wp-content/themes/generatepress/inc/plugin-compat.php HTTP/1.1" 200 102057 "-" "Mozilla/5.0 (compatible; Barkrowler/0.9; +https://babbar.tech/crawler)"
217.113.194.82 - - [07/Jul/2026:16:28:24 +0200] "GET /cookie-policy-ue/?file=/home/costa4/cremona.elettroservicegroup.it/wp-content/themes/generatepress/inc/class-dashboard.php HTTP/1.1" 200 88470 "-" "Mozilla/5.0 (compatible; Barkrowler/0.9; +https://babbar.tech/crawler)"
65.108.235.243 - - [07/Jul/2026:16:28:40 +0200] "POST /wp-cron.php?doing_wp_cron=1783434520.9219300746917724609375 HTTP/1.1" 200 1 "-" "WordPress/7.0; https://cremona.elettroservicegroup.it"
217.113.194.88 - - [07/Jul/2026:16:28:39 +0200] "GET /cookie-policy-ue/?file=/home/costa4/cremona.elettroservicegroup.it/wp-content/themes/generatepress/inc/theme-functions.php HTTP/1.1" 200 88470 "-" "Mozilla/5.0 (compatible; Barkrowler/0.9; +https://babbar.tech/crawler)"
65.108.235.243 - - [07/Jul/2026:16:28:56 +0200] "POST /wp-cron.php?doing_wp_cron=1783434536.6266860961914062500000 HTTP/1.1" 200 1 "-" "WordPress/7.0; https://cremona.elettroservicegroup.it"
217.113.194.246 - - [07/Jul/2026:16:28:56 +0200] "GET /cookie-policy-ue/?file=/home/costa4/cremona.elettroservicegroup.it/wp-content/themes/generatepress/inc/css-output.php HTTP/1.1" 200 88465 "-" "Mozilla/5.0 (compatible; Barkrowler/0.9; +https://babbar.tech/crawler)"
217.113.194.89 - - [07/Jul/2026:16:29:12 +0200] "GET /assistenza-lavastoviglie-cremona/?file=/home/costa4/cremona.elettroservicegroup.it/wp-content/themes/index.php HTTP/1.1" 200 88520 "-" "Mozilla/5.0 (compatible; Barkrowler/0.9; +https://babbar.tech/crawler)"
217.113.194.220 - - [07/Jul/2026:16:29:28 +0200] "GET /assistenza-lavastoviglie-cremona/?file=/home/costa4/cremona.elettroservicegroup.it/wp-content/languages HTTP/1.1" 200 139216 "-" "Mozilla/5.0 (compatible; Barkrowler/0.9; +https://babbar.tech/crawler)"
65.108.235.243 - - [07/Jul/2026:16:29:45 +0200] "POST /wp-cron.php?doing_wp_cron=1783434585.8459990024566650390625 HTTP/1.1" 200 1 "-" "WordPress/7.0; https://cremona.elettroservicegroup.it"
217.113.194.89 - - [07/Jul/2026:16:29:45 +0200] "GET /assistenza-lavastoviglie-cremona/?edit=/home/costa4/cremona.elettroservicegroup.it/wp-content/themes/index.php HTTP/1.1" 200 102125 "-" "Mozilla/5.0 (compatible; Barkrowler/0.9; +https://babbar.tech/crawler)"
217.113.194.88 - - [07/Jul/2026:16:30:01 +0200] "GET /assistenza-lavastoviglie-cremona/?edit=/home/costa4/cremona.elettroservicegroup.it/wp-blog-header.php HTTP/1.1" 200 102468 "-" "Mozilla/5.0 (compatible; Barkrowler/0.9; +https://babbar.tech/crawler)"
217.113.194.88 - - [07/Jul/2026:16:30:17 +0200] "GET /assistenza-frigoriferi-cremona/?file=/home/costa4/cremona.elettroservicegroup.it/wp-content/themes/generatepress HTTP/1.1" 200 101625 "-" "Mozilla/5.0 (compatible; Barkrowler/0.9; +https://babbar.tech/crawler)"
217.113.194.90 - - [07/Jul/2026:16:30:41 +0200] "GET /assistenza-frigoriferi-cremona/?rename=/home/costa4/cremona.elettroservicegroup.it/wp-content/themes/generatepress/comments.php HTTP/1.1" 200 102033 "-" "Mozilla/5.0 (compatible; Barkrowler/0.9; +https://babbar.tech/crawler)"
65.108.235.243 - - [07/Jul/2026:16:30:56 +0200] "POST /wp-cron.php?doing_wp_cron=1783434656.8885700702667236328125 HTTP/1.1" 200 1 "-" "WordPress/7.0; https://cremona.elettroservicegroup.it"
217.113.194.83 - - [07/Jul/2026:16:30:56 +0200] "GET /assistenza-frigoriferi-cremona/?rename=/home/costa4/cremona.elettroservicegroup.it/wp-content/themes/generatepress/footer.php HTTP/1.1" 200 102027 "-" "Mozilla/5.0 (compatible; Barkrowler/0.9; +https://babbar.tech/crawler)"
217.113.194.220 - - [07/Jul/2026:16:31:13 +0200] "GET /assistenza-frigoriferi-cremona/?rename=/home/costa4/cremona.elettroservicegroup.it/wp-content/themes/generatepress/404.php HTTP/1.1" 200 102018 "-" "Mozilla/5.0 (compatible; Barkrowler/0.9; +https://babbar.tech/crawler)"
217.113.194.85 - - [07/Jul/2026:16:31:28 +0200] "GET /assistenza-frigoriferi-cremona/?rename=/home/costa4/cremona.elettroservicegroup.it/wp-content/themes/generatepress/single.php HTTP/1.1" 200 102027 "-" "Mozilla/5.0 (compatible; Barkrowler/0.9; +https://babbar.tech/crawler)"
217.113.194.91 - - [07/Jul/2026:16:31:44 +0200] "GET /assistenza-frigoriferi-cremona/?view=/home/costa4/cremona.elettroservicegroup.it/wp-content/themes/generatepress/index.php HTTP/1.1" 200 1588 "-" "Mozilla/5.0 (compatible; Barkrowler/0.9; +https://babbar.tech/crawler)"
217.113.194.87 - - [07/Jul/2026:16:31:59 +0200] "GET /post-2-2/?view=/home/costa4/cremona.elettroservicegroup.it/wp-content/themes/generatepress/assets/css/components/font-icons.css HTTP/1.1" 200 4339 "-" "Mozilla/5.0 (compatible; Barkrowler/0.9; +https://babbar.tech/crawler)"
65.108.235.243 - - [07/Jul/2026:16:32:07 +0200] "POST /wp-cron.php?doing_wp_cron=1783434727.4240899085998535156250 HTTP/1.1" 200 1 "-" "WordPress/7.0; https://cremona.elettroservicegroup.it"
216.73.216.138 - - [07/Jul/2026:16:32:07 +0200] "GET /=3D%22https:/blogerfrechloginfr.blogspot.com//%22%7B$edit_link%7D/%22?file=%2Fhome%2Fcosta4%2Fcremona.elettroservicegroup.it%2Fwp-content%2Fthemes%2Fgeneratepress%2Farchive.php HTTP/2.0" 200 224 "-" "Mozilla/5.0 AppleWebKit/537.36 (KHTML, like Gecko; compatible; ClaudeBot/1.0; +claudebot@anthropic.com)"
216.73.216.138 - - [07/Jul/2026:16:32:07 +0200] "GET /3D%22https:/go.eu.sparkpostmail2.com/q/'+k.Env.transparentSrc+'?edit=%2Fhome%2Fcosta4%2Fcremona.elettroservicegroup.it%2Fwp-content%2Fthemes%2Fgeneratepress%2Fheader-min.php HTTP/2.0" 200 1255 "-" "Mozilla/5.0 AppleWebKit/537.36 (KHTML, like Gecko; compatible; ClaudeBot/1.0; +claudebot@anthropic.com)"
216.73.216.138 - - [07/Jul/2026:16:32:07 +0200] "GET /=3D%22https:/blogerfrechloginfr.blogspot.com/admin.php?file=%2Fhome%2Fcosta4%2Flogs%2Fmantova.elettroservicegroup.it-ssl_log-Jun-2026.gz HTTP/2.0" 200 17807 "-" "Mozilla/5.0 AppleWebKit/537.36 (KHTML, like Gecko; compatible; ClaudeBot/1.0; +claudebot@anthropic.com)"
216.73.216.138 - - [07/Jul/2026:16:32:07 +0200] "GET /3D%22https:/www.avast.com/font-awesome/css/$edit_link?file=%2Fhome%2Fcosta4%2Fcremona.elettroservicegroup.it%2Fwp-content%2Fplugins%2Fwordfence%2Fjs%2Fchart.umd.1778685035.js HTTP/2.0" 200 17820 "-" "Mozilla/5.0 AppleWebKit/537.36 (KHTML, like Gecko; compatible; ClaudeBot/1.0; +claudebot@anthropic.com)"
216.73.216.138 - - [07/Jul/2026:16:32:07 +0200] "GET /=3D%22https:/blogerfrechloginfr.blogspot.com/[^?rename=%2Fhome%2Fcosta4%2Fcremona.elettroservicegroup.it%2Fwp-content%2Fthemes%2Fgeneratepress%2Fpage.php HTTP/2.0" 200 18557 "-" "Mozilla/5.0 AppleWebKit/537.36 (KHTML, like Gecko; compatible; ClaudeBot/1.0; +claudebot@anthropic.com)"
65.108.235.243 - - [07/Jul/2026:16:32:08 +0200] "POST /wp-cron.php?doing_wp_cron=1783434728.3191869258880615234375 HTTP/1.1" 200 1 "-" "WordPress/7.0; https://cremona.elettroservicegroup.it"
216.73.216.138 - - [07/Jul/2026:16:32:07 +0200] "GET /3D%22https:/www.avast.com/font-awesome/css/$%7Be%7D?edit=%2Fhome%2Fcosta4%2Fvicenza.elettroservicegroup.it%2Fwp-includes%2Fimages%2Fdown_arrow.gif HTTP/2.0" 200 1000 "-" "Mozilla/5.0 AppleWebKit/537.36 (KHTML, like Gecko; compatible; ClaudeBot/1.0; +claudebot@anthropic.com)"
216.73.216.138 - - [07/Jul/2026:16:32:07 +0200] "GET /3D%22https:/www.aruba.it/getdoc/%3C?edit=%2Fhome%2Fcosta4%2Fmantova.elettroservicegroup.it%2Fwp-includes%2Fimages%2Ficon-library%2Fstar-empty.svg HTTP/2.0" 200 18886 "-" "Mozilla/5.0 AppleWebKit/537.36 (KHTML, like Gecko; compatible; ClaudeBot/1.0; +claudebot@anthropic.com)"
216.73.216.138 - - [07/Jul/2026:16:32:07 +0200] "GET /3D%22https:/sites.ziftsolutions.com/%7Bsitemap:loc%7D?edit=%2Fhome%2Fcosta4%2Fpublic_html%2Fwp-content%2Fplugins%2Felementor%2Fassets%2Fimages%2Fplaceholder-v4.svg HTTP/2.0" 200 1219 "-" "Mozilla/5.0 AppleWebKit/537.36 (KHTML, like Gecko; compatible; ClaudeBot/1.0; +claudebot@anthropic.com)"
216.73.216.138 - - [07/Jul/2026:16:32:07 +0200] "GET /=3D%22https:/blogerfrechloginfr.blogspot.com/%7B$contrib_avatar%7D?file=%2Fhome%2Fcosta4%2Fcremona.elettroservicegroup.it%2Fwp-content%2Fthemes%2Fgeneratepress%2F404.php HTTP/2.0" 200 223 "-" "Mozilla/5.0 AppleWebKit/537.36 (KHTML, like Gecko; compatible; ClaudeBot/1.0; +claudebot@anthropic.com)"
216.73.216.138 - - [07/Jul/2026:16:32:08 +0200] "GET /3D%22https:/www.aruba.it/getdoc//%22%22.concat(elementorCommon.config.urls.assets,?edit=%2Fhome%2Fcosta4%2Fcremona.elettroservicegroup.it%2Fwp-content%2Fthemes%2Fgeneratepress%2F404.php HTTP/2.0" 200 1229 "-" "Mozilla/5.0 AppleWebKit/537.36 (KHTML, like Gecko; compatible; ClaudeBot/1.0; +claudebot@anthropic.com)"
216.73.216.138 - - [07/Jul/2026:16:32:08 +0200] "GET /3D%22https:/www.intercom.com/'%20.%20esc_url_raw(%20OMAPI_Urls::onboarding()%20)%20.%20'?file=%2Fhome%2Fcosta4%2Fcremona.elettroservicegroup.it%2Fwp-content%2Fplugins%2Fgp-premium%2Fblog HTTP/2.0" 200 343 "-" "Mozilla/5.0 AppleWebKit/537.36 (KHTML, like Gecko; compatible; ClaudeBot/1.0; +claudebot@anthropic.com)"
216.73.216.138 - - [07/Jul/2026:16:32:07 +0200] "GET /=3D%22https:/blogerfrechloginfr.blogspot.com/type.png?edit=%2Fhome%2Fcosta4%2Fcremona.elettroservicegroup.it%2Fwp-content%2Fthemes%2Fgeneratepress%2Fcontent-link.php HTTP/2.0" 200 19254 "-" "Mozilla/5.0 AppleWebKit/537.36 (KHTML, like Gecko; compatible; ClaudeBot/1.0; +claudebot@anthropic.com)"
216.73.216.138 - - [07/Jul/2026:16:32:07 +0200] "GET /3D%22https:/go.eu.sparkpostmail2.com/q/js/bootstrap.min.js?file=%2Fhome%2Fcosta4%2Fcremona.elettroservicegroup.it%2Fwp-includes%2Fimages%2Ficon-library%2Fstar-filled.svg HTTP/2.0" 200 17809 "-" "Mozilla/5.0 AppleWebKit/537.36 (KHTML, like Gecko; compatible; ClaudeBot/1.0; +claudebot@anthropic.com)"
216.73.216.138 - - [07/Jul/2026:16:32:07 +0200] "GET /=3D%22https:/blogerfrechloginfr.blogspot.com/edit-comments.php?view=%2Fhome%2Fcosta4%2Flogs%2Fvicenza.elettroservicegroup.it-Jun-2026.gz HTTP/2.0" 200 18486 "-" "Mozilla/5.0 AppleWebKit/537.36 (KHTML, like Gecko; compatible; ClaudeBot/1.0; +claudebot@anthropic.com)"
216.73.216.138 - - [07/Jul/2026:16:32:08 +0200] "GET /3D%22https:/www.wildhorizon.mu/css/js/'%20.$src%20.'?rename=%2Fhome%2Fcosta4%2Ftmp%2Fanalog%2Fssl%2Fparma.elettroservicegroup.it%2Fredirref.png HTTP/2.0" 200 914 "-" "Mozilla/5.0 AppleWebKit/537.36 (KHTML, like Gecko; compatible; ClaudeBot/1.0; +claudebot@anthropic.com)"
216.73.216.138 - - [07/Jul/2026:16:32:08 +0200] "GET /3D=22http://%22upload.php/%22?view=%2Fhome%2Fcosta4%2Fverona.elettroservicegroup.it%2Fwp-content%2Fuploads%2F2021%2F10%2Fsiemens-1.bak.png HTTP/2.0" 200 13366 "-" "Mozilla/5.0 AppleWebKit/537.36 (KHTML, like Gecko; compatible; ClaudeBot/1.0; +claudebot@anthropic.com)"
216.73.216.138 - - [07/Jul/2026:16:32:08 +0200] "GET /3D%22https:/static.mdirector.com/files/campanias/'%20.%20esc_url('https:/%7Bsitemap:loc%7D?edit=%2Fhome%2Fcosta4%2Fpublic_html%2Fwp-content%2Fuploads%2F2021%2F10%2F5pagam-1-300x140.jpg HTTP/2.0" 200 7749 "-" "Mozilla/5.0 AppleWebKit/537.36 (KHTML, like Gecko; compatible; ClaudeBot/1.0; +claudebot@anthropic.com)"
216.73.216.138 - - [07/Jul/2026:16:32:09 +0200] "GET /=3D%22https:/blogerfrechloginfr.blogspot.com/'%20.%20esc_url(admin_url('admin.php?view=%2Fhome%2Fcosta4%2Fcremona.elettroservicegroup.it%2Fwp-content%2Fthemes%2Fgeneratepress%2Fcontent-page.php HTTP/2.0" 200 646 "-" "Mozilla/5.0 AppleWebKit/537.36 (KHTML, like Gecko; compatible; ClaudeBot/1.0; +claudebot@anthropic.com)"
216.73.216.138 - - [07/Jul/2026:16:32:09 +0200] "GET /3D%22https:/www.intercom.com/%7Bsitemap:loc%7D?edit=%2Fhome%2Fcosta4%2Fpublic_html%2Fwp-content%2Fplugins%2Fga-for-wp%2Fvendor%2Ffreemius%2Fincludes%2Fsdk%2FLICENSE.txt HTTP/2.0" 200 7534 "-" "Mozilla/5.0 AppleWebKit/537.36 (KHTML, like Gecko; compatible; ClaudeBot/1.0; +claudebot@anthropic.com)"
216.73.216.138 - - [07/Jul/2026:16:32:08 +0200] "GET /3D%22https:/static.mdirector.com/files/campanias/103415/userfiles/%3C?edit=%2Fhome%2Fcosta4%2Fcremona.elettroservicegroup.it%2Fwp-content%2Fthemes%2Fgeneratepress%2Fstyle.css HTTP/2.0" 200 19446 "-" "Mozilla/5.0 AppleWebKit/537.36 (KHTML, like Gecko; compatible; ClaudeBot/1.0; +claudebot@anthropic.com)"
216.73.216.138 - - [07/Jul/2026:16:32:08 +0200] "GET /=3D%22https:/blogerfrechloginfr.blogspot.com/'%20.%20admin_url(%20'themes.php?edit=%2Fhome%2Fcosta4%2Fcremona.elettroservicegroup.it%2Fwp-content%2Fthemes%2Fgeneratepress%2Fheader.php HTTP/2.0" 200 19082 "-" "Mozilla/5.0 AppleWebKit/537.36 (KHTML, like Gecko; compatible; ClaudeBot/1.0; +claudebot@anthropic.com)"
217.113.194.88 - - [07/Jul/2026:16:32:15 +0200] "GET /post-2-2/?edit=/home/costa4/cremona.elettroservicegroup.it/wp-content/themes/generatepress/assets/css/main.min.css HTTP/1.1" 200 125423 "-" "Mozilla/5.0 (compatible; Barkrowler/0.9; +https://babbar.tech/crawler)"
217.113.194.83 - - [07/Jul/2026:16:32:32 +0200] "GET /post-2-2/?edit=/home/costa4/cremona.elettroservicegroup.it/wp-content/themes/generatepress/assets/css/all.min.css HTTP/1.1" 200 137281 "-" "Mozilla/5.0 (compatible; Barkrowler/0.9; +https://babbar.tech/crawler)"
217.113.194.220 - - [07/Jul/2026:16:32:50 +0200] "GET /post-2-2/?edit=/home/costa4/cremona.elettroservicegroup.it/wp-content/themes/generatepress/assets/css/style.min.css HTTP/1.1" 200 127872 "-" "Mozilla/5.0 (compatible; Barkrowler/0.9; +https://babbar.tech/crawler)"
65.108.235.243 - - [07/Jul/2026:16:33:09 +0200] "POST /wp-cron.php?doing_wp_cron=1783434789.4207460880279541015625 HTTP/1.1" 200 1 "-" "WordPress/7.0; https://cremona.elettroservicegroup.it"
217.113.194.91 - - [07/Jul/2026:16:33:07 +0200] "GET /post-2-2/?file=/home/costa4/cremona.elettroservicegroup.it/wp-content/themes/generatepress/assets/css/unsemantic-grid.css HTTP/1.1" 200 92194 "-" "Mozilla/5.0 (compatible; Barkrowler/0.9; +https://babbar.tech/crawler)"
217.113.194.91 - - [07/Jul/2026:16:33:24 +0200] "GET /post-9-2/?view=/home/costa4/cremona.elettroservicegroup.it/wp-content/themes/generatepress/assets/css/style-rtl.min.css HTTP/1.1" 200 2675 "-" "Mozilla/5.0 (compatible; Barkrowler/0.9; +https://babbar.tech/crawler)"
65.108.235.243 - - [07/Jul/2026:16:33:29 +0200] "POST /wp-cron.php?doing_wp_cron=1783434809.5883579254150390625000 HTTP/1.1" 200 1 "-" "WordPress/7.0; https://cremona.elettroservicegroup.it"
216.73.216.138 - - [07/Jul/2026:16:33:29 +0200] "GET /=3D%22https:/blogerfrechloginfr.blogspot.com/$sub_item_url?edit=%27.%24file.%27 HTTP/2.0" 200 18488 "-" "Mozilla/5.0 AppleWebKit/537.36 (KHTML, like Gecko; compatible; ClaudeBot/1.0; +claudebot@anthropic.com)"
216.73.216.138 - - [07/Jul/2026:16:33:30 +0200] "GET /=3D%22https:/blogerfrechloginfr.blogspot.com/$sub_item_url?view=%27.%24file.%27 HTTP/2.0" 200 18488 "-" "Mozilla/5.0 AppleWebKit/537.36 (KHTML, like Gecko; compatible; ClaudeBot/1.0; +claudebot@anthropic.com)"
217.113.194.87 - - [07/Jul/2026:16:33:40 +0200] "GET /post-9-2/?edit=/home/costa4/cremona.elettroservicegroup.it/wp-content/themes/generatepress/assets/dist/dashboard.js HTTP/1.1" 200 124183 "-" "Mozilla/5.0 (compatible; Barkrowler/0.9; +https://babbar.tech/crawler)"
65.108.235.243 - - [07/Jul/2026:16:33:58 +0200] "POST /wp-cron.php?doing_wp_cron=1783434838.3307340145111083984375 HTTP/1.1" 200 1 "-" "WordPress/7.0; https://cremona.elettroservicegroup.it"
217.113.194.82 - - [07/Jul/2026:16:33:56 +0200] "GET /post-9-2/?edit=/home/costa4/cremona.elettroservicegroup.it/wp-content/themes/generatepress/assets/dist/block-editor.js HTTP/1.1" 200 128796 "-" "Mozilla/5.0 (compatible; Barkrowler/0.9; +https://babbar.tech/crawler)"
217.113.194.85 - - [07/Jul/2026:16:34:13 +0200] "GET /post-9-2/?rename=/home/costa4/cremona.elettroservicegroup.it/wp-content/themes/generatepress/assets/dist/customizer.asset.php HTTP/1.1" 200 105784 "-" "Mozilla/5.0 (compatible; Barkrowler/0.9; +https://babbar.tech/crawler)"
217.113.194.88 - - [07/Jul/2026:16:34:29 +0200] "GET /post-9-2/?rename=/home/costa4/cremona.elettroservicegroup.it/wp-content/themes/generatepress/assets/dist/dashboard.asset.php HTTP/1.1" 200 105781 "-" "Mozilla/5.0 (compatible; Barkrowler/0.9; +https://babbar.tech/crawler)"
65.108.235.243 - - [07/Jul/2026:16:34:45 +0200] "POST /wp-cron.php?doing_wp_cron=1783434885.7399270534515380859375 HTTP/1.1" 200 1 "-" "WordPress/7.0; https://cremona.elettroservicegroup.it"
217.113.194.246 - - [07/Jul/2026:16:34:45 +0200] "GET /post-9-2/?rename=/home/costa4/cremona.elettroservicegroup.it/wp-content/themes/generatepress/assets/dist/style-customizer.css HTTP/1.1" 200 105784 "-" "Mozilla/5.0 (compatible; Barkrowler/0.9; +https://babbar.tech/crawler)"
207.46.13.64 - - [07/Jul/2026:16:34:56 +0200] "GET /pourquoi-la-securite-est-une-priorite-chez-space-fortuna-casino/?file=/home/costa4/cremona.elettroservicegroup.it/wp-content/themes/generatepress/assets HTTP/2.0" 200 17761 "-" "Mozilla/5.0 AppleWebKit/537.36 (KHTML, like Gecko; compatible; bingbot/2.0; +http://www.bing.com/bingbot.htm) Chrome/116.0.1938.76 Safari/537.36"
217.113.194.88 - - [07/Jul/2026:16:35:01 +0200] "GET /post-9-2/?rename=/home/costa4/cremona.elettroservicegroup.it/wp-content/themes/generatepress/assets/dist/style-dashboard.css HTTP/1.1" 200 105781 "-" "Mozilla/5.0 (compatible; Barkrowler/0.9; +https://babbar.tech/crawler)"
217.113.194.84 - - [07/Jul/2026:16:35:17 +0200] "GET /post-9-2/?file=/home/costa4/cremona.elettroservicegroup.it/wp-content/themes/generatepress/assets/dist/customizer.asset.php HTTP/1.1" 200 92197 "-" "Mozilla/5.0 (compatible; Barkrowler/0.9; +https://babbar.tech/crawler)"
216.73.216.138 - - [07/Jul/2026:16:35:32 +0200] "GET /=3D%22https:/blogerfrechloginfr.blogspot.com/edit-comments.php?view=%2Fhome%2Fcosta4%2Fvicenza.elettroservicegroup.it%2Fwp-content%2Fplugins%2Fgallery_1780337700%2Finc%2Fpost-type.php HTTP/2.0" 200 501 "-" "Mozilla/5.0 AppleWebKit/537.36 (KHTML, like Gecko; compatible; ClaudeBot/1.0; +claudebot@anthropic.com)"
216.73.216.138 - - [07/Jul/2026:16:35:32 +0200] "GET /=3D%22https:/blogerfrechloginfr.blogspot.com/link-manager.php?edit=%2Fhome%2Fcosta4%2Fcremona.elettroservicegroup.it%2Fwp-content%2Fthemes%2Fgeneratepress%2Finc%2Fmarkup.php HTTP/2.0" 200 20941 "-" "Mozilla/5.0 AppleWebKit/537.36 (KHTML, like Gecko; compatible; ClaudeBot/1.0; +claudebot@anthropic.com)"
216.73.216.138 - - [07/Jul/2026:16:35:32 +0200] "GET /=3D%22https:/blogerfrechloginfr.blogspot.com/%7B$wp_registered_widgets[$widget_id][?edit=%2Fhome%2Fcosta4%2Fcremona.elettroservicegroup.it%2Fwp-content%2Fthemes%2Fgeneratepress%2Finc%2Fgeneral.php HTTP/2.0" 200 22546 "-" "Mozilla/5.0 AppleWebKit/537.36 (KHTML, like Gecko; compatible; ClaudeBot/1.0; +claudebot@anthropic.com)"
216.73.216.138 - - [07/Jul/2026:16:35:32 +0200] "GET /=3D%22https:/blogerfrechloginfr.blogspot.com/admin.php?rename=%2Fhome%2Fcosta4%2Freggio-emilia.elettroservicegroup.it%2Fwp-content%2Fthemes%2Fgeneratepress%2Fcomments.php HTTP/2.0" 200 18569 "-" "Mozilla/5.0 AppleWebKit/537.36 (KHTML, like Gecko; compatible; ClaudeBot/1.0; +claudebot@anthropic.com)"
216.73.216.138 - - [07/Jul/2026:16:35:32 +0200] "GET /=3D%22https:/blogerfrechloginfr.blogspot.com/%7B$wp_registered_widgets[$widget_id][?edit=%2Fhome%2Fcosta4%2Fcremona.elettroservicegroup.it%2Fwp-content%2Fthemes%2Fgeneratepress%2Finc%2Fdeprecated.php HTTP/2.0" 200 21567 "-" "Mozilla/5.0 AppleWebKit/537.36 (KHTML, like Gecko; compatible; ClaudeBot/1.0; +claudebot@anthropic.com)"
217.113.194.90 - - [07/Jul/2026:16:35:34 +0200] "GET /post-9-2/?file=/home/costa4/cremona.elettroservicegroup.it/wp-content/themes/generatepress/assets/dist/style-dashboard.css HTTP/1.1" 200 92196 "-" "Mozilla/5.0 (compatible; Barkrowler/0.9; +https://babbar.tech/crawler)"
65.108.235.243 - - [07/Jul/2026:16:35:50 +0200] "POST /wp-cron.php?doing_wp_cron=1783434950.5652019977569580078125 HTTP/1.1" 200 1 "-" "WordPress/7.0; https://cremona.elettroservicegroup.it"
217.113.194.219 - - [07/Jul/2026:16:35:50 +0200] "GET /post-9-2/?file=/home/costa4/cremona.elettroservicegroup.it/wp-content/themes/generatepress/assets/dist/dashboard.asset.php HTTP/1.1" 200 92196 "-" "Mozilla/5.0 (compatible; Barkrowler/0.9; +https://babbar.tech/crawler)"
217.113.194.86 - - [07/Jul/2026:16:36:05 +0200] "GET /post-10-2/?file=/home/costa4/cremona.elettroservicegroup.it/wp-content/themes/generatepress/inc/customizer/controls HTTP/1.1" 200 98087 "-" "Mozilla/5.0 (compatible; Barkrowler/0.9; +https://babbar.tech/crawler)"
217.113.194.84 - - [07/Jul/2026:16:36:22 +0200] "GET /post-10-2/?edit=/home/costa4/cremona.elettroservicegroup.it/wp-content/themes/generatepress/inc/class-typography.php HTTP/1.1" 200 119437 "-" "Mozilla/5.0 (compatible; Barkrowler/0.9; +https://babbar.tech/crawler)"
217.113.194.86 - - [07/Jul/2026:16:36:38 +0200] "GET /post-10-2/?edit=/home/costa4/cremona.elettroservicegroup.it/wp-content/themes/generatepress/inc/structure/post-meta.php HTTP/1.1" 200 126462 "-" "Mozilla/5.0 (compatible; Barkrowler/0.9; +https://babbar.tech/crawler)"
65.108.235.243 - - [07/Jul/2026:16:36:56 +0200] "POST /wp-cron.php?doing_wp_cron=1783435016.7299270629882812500000 HTTP/1.1" 200 1 "-" "WordPress/7.0; https://cremona.elettroservicegroup.it"
217.113.194.83 - - [07/Jul/2026:16:36:55 +0200] "GET /post-10-2/?edit=/home/costa4/cremona.elettroservicegroup.it/wp-content/themes/generatepress/inc/structure/featured-images.php HTTP/1.1" 200 109114 "-" "Mozilla/5.0 (compatible; Barkrowler/0.9; +https://babbar.tech/crawler)"
216.73.216.138 - - [07/Jul/2026:16:36:57 +0200] "GET /=3D%22https:/blogerfrechloginfr.blogspot.com/%7B$wp_registered_widgets[$widget_id][?rename=%2Fhome%2Fcosta4%2Fcremona.elettroservicegroup.it%2Fwp-content%2Fthemes%2Fgeneratepress%2Finc%2Fmarkup.php HTTP/2.0" 200 18583 "-" "Mozilla/5.0 AppleWebKit/537.36 (KHTML, like Gecko; compatible; ClaudeBot/1.0; +claudebot@anthropic.com)"
216.73.216.138 - - [07/Jul/2026:16:36:57 +0200] "GET /=3D%22https:/blogerfrechloginfr.blogspot.com/$sub_item_url?file=%27.updir%28%24path%29.%27 HTTP/2.0" 200 17812 "-" "Mozilla/5.0 AppleWebKit/537.36 (KHTML, like Gecko; compatible; ClaudeBot/1.0; +claudebot@anthropic.com)"
216.73.216.138 - - [07/Jul/2026:16:36:57 +0200] "GET /=3D%22https:/blogerfrechloginfr.blogspot.com/options-reading.php?edit=%2Fhome%2Fcosta4%2Fcremona.elettroservicegroup.it%2Fwp-includes%2Fblocks%2Fsite-tagline%2Feditor-rtl.min.css HTTP/2.0" 200 18610 "-" "Mozilla/5.0 AppleWebKit/537.36 (KHTML, like Gecko; compatible; ClaudeBot/1.0; +claudebot@anthropic.com)"
216.73.216.138 - - [07/Jul/2026:16:36:57 +0200] "GET /=3D%22https:/blogerfrechloginfr.blogspot.com/%7B$wp_registered_widgets[$widget_id][?rename=%2Fhome%2Fcosta4%2Fcremona.elettroservicegroup.it%2Fwp-content%2Fthemes%2Fgeneratepress%2Finc%2Fdashboard.php HTTP/2.0" 200 18585 "-" "Mozilla/5.0 AppleWebKit/537.36 (KHTML, like Gecko; compatible; ClaudeBot/1.0; +claudebot@anthropic.com)"
216.73.216.138 - - [07/Jul/2026:16:36:57 +0200] "GET /=3D%22https:/blogerfrechloginfr.blogspot.com/admin.php?file=%2Fhome%2Fcosta4%2Freggio-emilia.elettroservicegroup.it%2Fwp-content%2Fthemes%2Fgeneratepress%2Fpage.php HTTP/2.0" 200 17812 "-" "Mozilla/5.0 AppleWebKit/537.36 (KHTML, like Gecko; compatible; ClaudeBot/1.0; +claudebot@anthropic.com)"
216.73.216.138 - - [07/Jul/2026:16:36:57 +0200] "GET /=3D%22https:/blogerfrechloginfr.blogspot.com/link-manager.php?rename=%2Fhome%2Fcosta4%2Fcremona.elettroservicegroup.it%2Fwp-content%2Fthemes%2Fgeneratepress%2Finc%2Fdashboard.php HTTP/2.0" 200 18568 "-" "Mozilla/5.0 AppleWebKit/537.36 (KHTML, like Gecko; compatible; ClaudeBot/1.0; +claudebot@anthropic.com)"
216.73.216.138 - - [07/Jul/2026:16:36:57 +0200] "GET /=3D%22https:/blogerfrechloginfr.blogspot.com/link-manager.php?rename=%2Fhome%2Fcosta4%2Fcremona.elettroservicegroup.it%2Fwp-content%2Fthemes%2Fgeneratepress%2Finc%2Fmarkup.php HTTP/2.0" 200 18566 "-" "Mozilla/5.0 AppleWebKit/537.36 (KHTML, like Gecko; compatible; ClaudeBot/1.0; +claudebot@anthropic.com)"
217.113.194.220 - - [07/Jul/2026:16:37:12 +0200] "GET /post-10-2/?edit=/home/costa4/cremona.elettroservicegroup.it/wp-content/themes/generatepress/inc/structure/search-modal.php HTTP/1.1" 200 111200 "-" "Mozilla/5.0 (compatible; Barkrowler/0.9; +https://babbar.tech/crawler)"
217.113.194.82 - - [07/Jul/2026:16:37:27 +0200] "GET /post-10-2/?edit=/home/costa4/cremona.elettroservicegroup.it/wp-content/themes/generatepress/inc/plugin-compat.php HTTP/1.1" 200 143268 "-" "Mozilla/5.0 (compatible; Barkrowler/0.9; +https://babbar.tech/crawler)"
65.108.235.243 - - [07/Jul/2026:16:37:46 +0200] "POST /wp-cron.php?doing_wp_cron=1783435066.2271909713745117187500 HTTP/1.1" 200 1 "-" "WordPress/7.0; https://cremona.elettroservicegroup.it"
217.113.194.87 - - [07/Jul/2026:16:37:44 +0200] "GET /cookie-policy-ue/?edit=/home/costa4/cremona.elettroservicegroup.it/wp-content/themes/generatepress/inc/class-dashboard.php HTTP/1.1" 200 111120 "-" "Mozilla/5.0 (compatible; Barkrowler/0.9; +https://babbar.tech/crawler)"
217.113.194.91 - - [07/Jul/2026:16:38:01 +0200] "GET /cookie-policy-ue/?edit=/home/costa4/cremona.elettroservicegroup.it/wp-content/themes/generatepress/inc/class-theme-update.php HTTP/1.1" 200 116258 "-" "Mozilla/5.0 (compatible; Barkrowler/0.9; +https://babbar.tech/crawler)"
217.113.194.84 - - [07/Jul/2026:16:38:17 +0200] "GET /cookie-policy-ue/?rename=/home/costa4/cremona.elettroservicegroup.it/wp-content/themes/generatepress/inc/class-html-attributes.php HTTP/1.1" 200 101992 "-" "Mozilla/5.0 (compatible; Barkrowler/0.9; +https://babbar.tech/crawler)"
65.108.235.243 - - [07/Jul/2026:16:38:34 +0200] "POST /wp-cron.php?doing_wp_cron=1783435114.0632059574127197265625 HTTP/1.1" 200 1 "-" "WordPress/7.0; https://cremona.elettroservicegroup.it"
217.113.194.86 - - [07/Jul/2026:16:38:33 +0200] "GET /cookie-policy-ue/?file=/home/costa4/cremona.elettroservicegroup.it/wp-content/themes/generatepress/inc/class-typography.php HTTP/1.1" 200 88382 "-" "Mozilla/5.0 (compatible; Barkrowler/0.9; +https://babbar.tech/crawler)"
65.108.235.243 - - [07/Jul/2026:16:38:49 +0200] "POST /wp-cron.php?doing_wp_cron=1783435129.6629168987274169921875 HTTP/1.1" 200 1 "-" "WordPress/7.0; https://cremona.elettroservicegroup.it"
217.113.194.87 - - [07/Jul/2026:16:38:49 +0200] "GET /cookie-policy-ue/?file=/home/costa4/cremona.elettroservicegroup.it/wp-content/themes/generatepress/inc/plugin-compat.php HTTP/1.1" 200 88379 "-" "Mozilla/5.0 (compatible; Barkrowler/0.9; +https://babbar.tech/crawler)"
217.113.194.83 - - [07/Jul/2026:16:39:04 +0200] "GET /assistenza-lavastoviglie-cremona/?file=/home/costa4/cremona.elettroservicegroup.it/wp-content/wflogs HTTP/1.1" 200 92793 "-" "Mozilla/5.0 (compatible; Barkrowler/0.9; +https://babbar.tech/crawler)"
217.113.194.220 - - [07/Jul/2026:16:39:20 +0200] "GET /assistenza-lavastoviglie-cremona/?rename=/home/costa4/cremona.elettroservicegroup.it/wp-content/themes/generatepress/content.php HTTP/1.1" 200 102042 "-" "Mozilla/5.0 (compatible; Barkrowler/0.9; +https://babbar.tech/crawler)"
217.113.194.85 - - [07/Jul/2026:16:39:36 +0200] "GET /assistenza-lavastoviglie-cremona/?rename=/home/costa4/cremona.elettroservicegroup.it/wp-content/themes/generatepress/archive.php HTTP/1.1" 200 102042 "-" "Mozilla/5.0 (compatible; Barkrowler/0.9; +https://babbar.tech/crawler)"
65.108.235.243 - - [07/Jul/2026:16:39:53 +0200] "POST /wp-cron.php?doing_wp_cron=1783435193.4424910545349121093750 HTTP/1.1" 200 1 "-" "WordPress/7.0; https://cremona.elettroservicegroup.it"
217.113.194.82 - - [07/Jul/2026:16:39:53 +0200] "GET /assistenza-frigoriferi-cremona/?rename=/home/costa4/cremona.elettroservicegroup.it/wp-content/themes/generatepress/content-link.php HTTP/1.1" 200 102045 "-" "Mozilla/5.0 (compatible; Barkrowler/0.9; +https://babbar.tech/crawler)"
217.113.194.220 - - [07/Jul/2026:16:40:08 +0200] "GET /assistenza-frigoriferi-cremona/?rename=/home/costa4/cremona.elettroservicegroup.it/wp-content/themes/generatepress/searchform.php HTTP/1.1" 200 102039 "-" "Mozilla/5.0 (compatible; Barkrowler/0.9; +https://babbar.tech/crawler)"
217.113.194.91 - - [07/Jul/2026:16:40:25 +0200] "GET /post-2-2/?edit=/home/costa4/cremona.elettroservicegroup.it/wp-content/themes/generatepress/assets/css/mobile.min.css HTTP/1.1" 200 109634 "-" "Mozilla/5.0 (compatible; Barkrowler/0.9; +https://babbar.tech/crawler)"
216.73.216.138 - - [07/Jul/2026:16:40:30 +0200] "GET /=3D%22https:/blogerfrechloginfr.blogspot.com/%7B%7B%20data.attachment.icon%20%7D%7D?rename=%2Fhome%2Fcosta4%2Fcremona.elettroservicegroup.it%2Fwp-content%2Fthemes%2Fgeneratepress%2Fcontent-404.php HTTP/2.0" 200 889 "-" "Mozilla/5.0 AppleWebKit/537.36 (KHTML, like Gecko; compatible; ClaudeBot/1.0; +claudebot@anthropic.com)"
216.73.216.138 - - [07/Jul/2026:16:40:30 +0200] "GET /=3D%22https:/blogerfrechloginfr.blogspot.com/%7B%7B%20data.attachment.icon%20%7D%7D?edit=%2Fhome%2Fcosta4%2Fcremona.elettroservicegroup.it%2Fwp-content%2Fthemes%2Fgeneratepress%2Ffooter.php HTTP/2.0" 200 1212 "-" "Mozilla/5.0 AppleWebKit/537.36 (KHTML, like Gecko; compatible; ClaudeBot/1.0; +claudebot@anthropic.com)"
216.73.216.138 - - [07/Jul/2026:16:40:30 +0200] "GET /=3D%22https:/blogerfrechloginfr.blogspot.com/browsum.png?edit=%2Fhome%2Fcosta4%2Fcremona.elettroservicegroup.it%2Fwp-content%2Fthemes%2Fgeneratepress%2Fcontent.php HTTP/2.0" 200 19273 "-" "Mozilla/5.0 AppleWebKit/537.36 (KHTML, like Gecko; compatible; ClaudeBot/1.0; +claudebot@anthropic.com)"
216.73.216.138 - - [07/Jul/2026:16:40:30 +0200] "GET /=3D%22https:/blogerfrechloginfr.blogspot.com/admin.php?file=%2Fhome%2Fcosta4%2Fpublic_html%2Fwp-content%2Fplugins%2Fcomplianz-terms-conditions%2Fassets%2Fvendor%2Fmyclabs HTTP/2.0" 200 17859 "-" "Mozilla/5.0 AppleWebKit/537.36 (KHTML, like Gecko; compatible; ClaudeBot/1.0; +claudebot@anthropic.com)"
216.73.216.138 - - [07/Jul/2026:16:40:30 +0200] "GET /=3D%22https:/blogerfrechloginfr.blogspot.com/edit-comments.php?file=%2Fhome%2Fcosta4%2Fbrescia.elettroservicegroup.it%2Fwp-admin%2Fimages%2Fmedia-button-image.gif HTTP/2.0" 200 17830 "-" "Mozilla/5.0 AppleWebKit/537.36 (KHTML, like Gecko; compatible; ClaudeBot/1.0; +claudebot@anthropic.com)"
216.73.216.138 - - [07/Jul/2026:16:40:30 +0200] "GET /=3D%22https:/blogerfrechloginfr.blogspot.com/'+n.source1+'?edit=%2Fhome%2Fcosta4%2Fcremona.elettroservicegroup.it%2Fwp-content%2Fthemes%2Fgeneratepress%2F404.php HTTP/2.0" 200 1229 "-" "Mozilla/5.0 AppleWebKit/537.36 (KHTML, like Gecko; compatible; ClaudeBot/1.0; +claudebot@anthropic.com)"
216.73.216.138 - - [07/Jul/2026:16:40:31 +0200] "GET /google.com,%20https://piacenza.elettroservicegroup.it/assistenza-lavastoviglie-piacenza/?rename=%2Fhome%2Fcosta4%2Fcremona.elettroservicegroup.it%2Fwp-content%2Fthemes%2Fgeneratepress%2Fsingle.php HTTP/2.0" 200 885 "-" "Mozilla/5.0 AppleWebKit/537.36 (KHTML, like Gecko; compatible; ClaudeBot/1.0; +claudebot@anthropic.com)"
216.73.216.138 - - [07/Jul/2026:16:40:30 +0200] "GET /=3D%22https:/blogerfrechloginfr.blogspot.com/admin.php?rename=%2Fhome%2Fcosta4%2Ftmp%2Fawstats%2Fawstats062026.cremona.elettroservicegroup.it.txt HTTP/2.0" 200 18498 "-" "Mozilla/5.0 AppleWebKit/537.36 (KHTML, like Gecko; compatible; ClaudeBot/1.0; +claudebot@anthropic.com)"
216.73.216.138 - - [07/Jul/2026:16:40:31 +0200] "GET /=3D%22https:/blogerfrechloginfr.blogspot.com/refsite.png?view=%2Fhome%2Fcosta4%2Fcremona.elettroservicegroup.it%2Fwp-content%2Fthemes%2Fgeneratepress%2Fheader.php HTTP/2.0" 200 526 "-" "Mozilla/5.0 AppleWebKit/537.36 (KHTML, like Gecko; compatible; ClaudeBot/1.0; +claudebot@anthropic.com)"
216.73.216.138 - - [07/Jul/2026:16:40:31 +0200] "GET /=3D%22https:/blogerfrechloginfr.blogspot.com/edit-comments.php?rename=%2Fhome%2Fcosta4%2Fpublic_html%2Fwp-includes%2Fimages%2Fuploader-icons-2x.png HTTP/2.0" 200 18592 "-" "Mozilla/5.0 AppleWebKit/537.36 (KHTML, like Gecko; compatible; ClaudeBot/1.0; +claudebot@anthropic.com)"
216.73.216.138 - - [07/Jul/2026:16:40:30 +0200] "GET /=3D%22https:/blogerfrechloginfr.blogspot.com/browsum.png?edit=%2Fhome%2Fcosta4%2Fcremona.elettroservicegroup.it%2Fwp-content%2Fthemes%2Fgeneratepress%2Fsingle.php HTTP/2.0" 200 18927 "-" "Mozilla/5.0 AppleWebKit/537.36 (KHTML, like Gecko; compatible; ClaudeBot/1.0; +claudebot@anthropic.com)"
216.73.216.138 - - [07/Jul/2026:16:40:31 +0200] "GET /=3D%22https:/blogerfrechloginfr.blogspot.com/%7Bsitemap:loc%7D?edit=%2Fhome%2Fcosta4%2Fcremona.elettroservicegroup.it%2Fwp-content%2Fthemes%2Fgeneratepress%2Fheader-min.php HTTP/2.0" 200 1255 "-" "Mozilla/5.0 AppleWebKit/537.36 (KHTML, like Gecko; compatible; ClaudeBot/1.0; +claudebot@anthropic.com)"
216.73.216.138 - - [07/Jul/2026:16:40:30 +0200] "GET /?file=%2Flib%2Ftuned%2Frecommend.d%2F50-tuned.conf HTTP/2.0" 200 19996 "-" "Mozilla/5.0 AppleWebKit/537.36 (KHTML, like Gecko; compatible; ClaudeBot/1.0; +claudebot@anthropic.com)"
216.73.216.138 - - [07/Jul/2026:16:40:31 +0200] "GET /=3D%22https:/blogerfrechloginfr.blogspot.com/edit-comments.php?view=%2Fhome%2Fcosta4%2Flogs%2Fmantova.elettroservicegroup.it-ssl_log-May-2026.gz HTTP/2.0" 200 18499 "-" "Mozilla/5.0 AppleWebKit/537.36 (KHTML, like Gecko; compatible; ClaudeBot/1.0; +claudebot@anthropic.com)"
217.113.194.87 - - [07/Jul/2026:16:40:42 +0200] "GET /post-2-2/?edit=/home/costa4/cremona.elettroservicegroup.it/wp-content/themes/generatepress/assets/css/style-rtl.css HTTP/1.1" 200 108929 "-" "Mozilla/5.0 (compatible; Barkrowler/0.9; +https://babbar.tech/crawler)"
65.108.235.243 - - [07/Jul/2026:16:40:58 +0200] "POST /wp-cron.php?doing_wp_cron=1783435258.3480899333953857421875 HTTP/1.1" 200 1 "-" "WordPress/7.0; https://cremona.elettroservicegroup.it"
217.113.194.88 - - [07/Jul/2026:16:40:57 +0200] "GET /post-2-2/?edit=/home/costa4/cremona.elettroservicegroup.it/wp-content/themes/generatepress/assets/css/main-rtl.css HTTP/1.1" 200 109192 "-" "Mozilla/5.0 (compatible; Barkrowler/0.9; +https://babbar.tech/crawler)"
217.113.194.220 - - [07/Jul/2026:16:41:13 +0200] "GET /post-2-2/?rename=/home/costa4/cremona.elettroservicegroup.it/wp-content/themes/generatepress/assets/css/unsemantic-grid.css HTTP/1.1" 200 105869 "-" "Mozilla/5.0 (compatible; Barkrowler/0.9; +https://babbar.tech/crawler)"
217.113.194.82 - - [07/Jul/2026:16:41:29 +0200] "GET /post-2-2/?file=/home/costa4/cremona.elettroservicegroup.it/wp-content/themes/generatepress/assets/css/main-rtl.min.css HTTP/1.1" 200 92280 "-" "Mozilla/5.0 (compatible; Barkrowler/0.9; +https://babbar.tech/crawler)"
216.73.216.138 - - [07/Jul/2026:16:41:40 +0200] "GET /$%7Bi.editFocusKeyphraseUrl%7D?edit=%2Fhome%2Fcosta4%2Fcremona.elettroservicegroup.it%2Fwp-content%2Fthemes%2Fgeneratepress%2Fsidebar.php HTTP/2.0" 200 1193 "-" "Mozilla/5.0 AppleWebKit/537.36 (KHTML, like Gecko; compatible; ClaudeBot/1.0; +claudebot@anthropic.com)"
216.73.216.138 - - [07/Jul/2026:16:41:40 +0200] "GET /$%7Bi.editFocusKeyphraseUrl%7D?file=%2Fhome%2Fcosta4%2Fcremona.elettroservicegroup.it%2Fwp-content%2Fthemes%2Fgeneratepress%2Fcontent.php HTTP/2.0" 200 223 "-" "Mozilla/5.0 AppleWebKit/537.36 (KHTML, like Gecko; compatible; ClaudeBot/1.0; +claudebot@anthropic.com)"
216.73.216.138 - - [07/Jul/2026:16:41:40 +0200] "GET /=3D%22https:/blogerfrechloginfr.blogspot.com/edit-comments.php?rename=%2Fhome%2Fcosta4%2Fwww%2Fwp-admin%2Fimages%2Fwpspin_light-2x.gif HTTP/2.0" 200 18588 "-" "Mozilla/5.0 AppleWebKit/537.36 (KHTML, like Gecko; compatible; ClaudeBot/1.0; +claudebot@anthropic.com)"
216.73.216.138 - - [07/Jul/2026:16:41:40 +0200] "GET /?edit=%2Flib%2Fudev%2Fhwdb.d%2F70-joystick.hwdb HTTP/2.0" 200 21435 "-" "Mozilla/5.0 AppleWebKit/537.36 (KHTML, like Gecko; compatible; ClaudeBot/1.0; +claudebot@anthropic.com)"
216.73.216.138 - - [07/Jul/2026:16:41:40 +0200] "GET /=3D%22https:/blogerfrechloginfr.blogspot.com/%7B%7B%20data.attachment.sizes.medium.url%20%7D%7D?file=%2Fhome%2Fcosta4%2Fcremona.elettroservicegroup.it%2Fwp-content%2Fthemes%2Fgeneratepress HTTP/2.0" 200 817 "-" "Mozilla/5.0 AppleWebKit/537.36 (KHTML, like Gecko; compatible; ClaudeBot/1.0; +claudebot@anthropic.com)"
216.73.216.138 - - [07/Jul/2026:16:41:40 +0200] "GET /?rename=%2Fproc%2Fsys%2Fnet%2Fipv4%2Fip_local_port_range HTTP/2.0" 200 20800 "-" "Mozilla/5.0 AppleWebKit/537.36 (KHTML, like Gecko; compatible; ClaudeBot/1.0; +claudebot@anthropic.com)"
216.73.216.138 - - [07/Jul/2026:16:41:40 +0200] "GET /?rename=%2Flib64%2Fsw%2Flibmysqlserver.so.2 HTTP/2.0" 200 20797 "-" "Mozilla/5.0 AppleWebKit/537.36 (KHTML, like Gecko; compatible; ClaudeBot/1.0; +claudebot@anthropic.com)"
216.73.216.138 - - [07/Jul/2026:16:41:40 +0200] "GET /=3D%22https:/blogerfrechloginfr.blogspot.com/edit-comments.php?rename=%2Fhome%2Fcosta4%2Flogs%2Fcremona.elettroservicegroup.it-Jun-2026.gz HTTP/2.0" 200 18499 "-" "Mozilla/5.0 AppleWebKit/537.36 (KHTML, like Gecko; compatible; ClaudeBot/1.0; +claudebot@anthropic.com)"
216.73.216.138 - - [07/Jul/2026:16:41:40 +0200] "GET /=3D%22https:/blogerfrechloginfr.blogspot.com/link-manager.php?file=%2Fhome%2Fcosta4%2Fcremona.elettroservicegroup.it%2Fwp-content%2Fplugins%2Fgp-premium%2Flangs%2Fgp-premium-uk.mo HTTP/2.0" 200 17827 "-" "Mozilla/5.0 AppleWebKit/537.36 (KHTML, like Gecko; compatible; ClaudeBot/1.0; +claudebot@anthropic.com)"
65.108.235.243 - - [07/Jul/2026:16:41:45 +0200] "POST /wp-cron.php?doing_wp_cron=1783435305.3895809650421142578125 HTTP/1.1" 200 1 "-" "WordPress/7.0; https://cremona.elettroservicegroup.it"
217.113.194.84 - - [07/Jul/2026:16:41:45 +0200] "GET /post-2-2/?file=/home/costa4/cremona.elettroservicegroup.it/wp-content/themes/generatepress/assets/css/style-rtl.min.css HTTP/1.1" 200 92281 "-" "Mozilla/5.0 (compatible; Barkrowler/0.9; +https://babbar.tech/crawler)"
217.113.194.84 - - [07/Jul/2026:16:42:00 +0200] "GET /post-9-2/?edit=/home/costa4/cremona.elettroservicegroup.it/wp-content/themes/generatepress/assets/dist/modal.asset.php HTTP/1.1" 200 105958 "-" "Mozilla/5.0 (compatible; Barkrowler/0.9; +https://babbar.tech/crawler)"
217.113.194.220 - - [07/Jul/2026:16:42:16 +0200] "GET /post-9-2/?rename=/home/costa4/cremona.elettroservicegroup.it/wp-content/themes/generatepress/assets/dist/block-editor.asset.php HTTP/1.1" 200 105879 "-" "Mozilla/5.0 (compatible; Barkrowler/0.9; +https://babbar.tech/crawler)"
217.113.194.84 - - [07/Jul/2026:16:42:31 +0200] "GET /post-9-2/?file=/home/costa4/cremona.elettroservicegroup.it/wp-content/themes/generatepress/assets/dist/style-customizer.css HTTP/1.1" 200 92286 "-" "Mozilla/5.0 (compatible; Barkrowler/0.9; +https://babbar.tech/crawler)"
65.108.235.243 - - [07/Jul/2026:16:42:47 +0200] "POST /wp-cron.php?doing_wp_cron=1783435367.7550919055938720703125 HTTP/1.1" 200 1 "-" "WordPress/7.0; https://cremona.elettroservicegroup.it"
217.113.194.85 - - [07/Jul/2026:16:42:47 +0200] "GET /post-9-2/?file=/home/costa4/cremona.elettroservicegroup.it/wp-content/themes/generatepress/assets/dist/block-editor.asset.php HTTP/1.1" 200 92288 "-" "Mozilla/5.0 (compatible; Barkrowler/0.9; +https://babbar.tech/crawler)"
