217.113.194.88 - - [07/Jul/2026:16:07:39 +0200] "GET /cookie-policy-ue/?rename=/home/costa4/cremona.elettroservicegroup.it/wp-content/themes/generatepress/inc/class-rest.php HTTP/1.1" 200 101959 "-" "Mozilla/5.0 (compatible; Barkrowler/0.9; +https://babbar.tech/crawler)"
65.108.235.243 - - [07/Jul/2026:16:07:58 +0200] "POST /wp-cron.php?doing_wp_cron=1783433278.5289869308471679687500 HTTP/1.1" 200 1 "-" "WordPress/7.0; https://cremona.elettroservicegroup.it"
217.113.194.86 - - [07/Jul/2026:16:07:56 +0200] "GET /cookie-policy-ue/?rename=/home/costa4/cremona.elettroservicegroup.it/wp-content/themes/generatepress/inc/block-editor.php HTTP/1.1" 200 101965 "-" "Mozilla/5.0 (compatible; Barkrowler/0.9; +https://babbar.tech/crawler)"
217.113.194.82 - - [07/Jul/2026:16:08:13 +0200] "GET /cookie-policy-ue/?view=/home/costa4/cremona.elettroservicegroup.it/wp-content/themes/generatepress/inc/theme-functions.php HTTP/1.1" 200 27796 "-" "Mozilla/5.0 (compatible; Barkrowler/0.9; +https://babbar.tech/crawler)"
65.108.235.243 - - [07/Jul/2026:16:08:30 +0200] "POST /wp-cron.php?doing_wp_cron=1783433310.4426829814910888671875 HTTP/1.1" 200 1 "-" "WordPress/7.0; https://cremona.elettroservicegroup.it"
217.113.194.84 - - [07/Jul/2026:16:08:29 +0200] "GET /cookie-policy-ue/?file=/home/costa4/cremona.elettroservicegroup.it/wp-content/themes/generatepress/sidebar-left.php HTTP/1.1" 200 88370 "-" "Mozilla/5.0 (compatible; Barkrowler/0.9; +https://babbar.tech/crawler)"
65.108.235.243 - - [07/Jul/2026:16:08:47 +0200] "POST /wp-cron.php?doing_wp_cron=1783433327.1201579570770263671875 HTTP/1.1" 200 1 "-" "WordPress/7.0; https://cremona.elettroservicegroup.it"
217.113.194.219 - - [07/Jul/2026:16:08:45 +0200] "GET /cookie-policy-ue/?file=/home/costa4/cremona.elettroservicegroup.it/wp-content/themes/generatepress/inc/customizer.php HTTP/1.1" 200 88376 "-" "Mozilla/5.0 (compatible; Barkrowler/0.9; +https://babbar.tech/crawler)"
217.113.194.220 - - [07/Jul/2026:16:09:02 +0200] "GET /assistenza-lavastoviglie-cremona/?file=/home/costa4/cremona.elettroservicegroup.it/wp-content/themes HTTP/1.1" 200 89030 "-" "Mozilla/5.0 (compatible; Barkrowler/0.9; +https://babbar.tech/crawler)"
217.113.194.220 - - [07/Jul/2026:16:09:19 +0200] "GET /assistenza-lavastoviglie-cremona/?file=/home/costa4/cremona.elettroservicegroup.it/wp-content/uploads HTTP/1.1" 200 89809 "-" "Mozilla/5.0 (compatible; Barkrowler/0.9; +https://babbar.tech/crawler)"
217.113.194.84 - - [07/Jul/2026:16:09:35 +0200] "GET /post-2-2/?edit=/home/costa4/cremona.elettroservicegroup.it/wp-content/themes/generatepress/assets/css/main.css HTTP/1.1" 200 135310 "-" "Mozilla/5.0 (compatible; Barkrowler/0.9; +https://babbar.tech/crawler)"
65.108.235.243 - - [07/Jul/2026:16:09:54 +0200] "POST /wp-cron.php?doing_wp_cron=1783433394.4240200519561767578125 HTTP/1.1" 200 1 "-" "WordPress/7.0; https://cremona.elettroservicegroup.it"
217.113.194.85 - - [07/Jul/2026:16:09:52 +0200] "GET /post-2-2/?edit=/home/costa4/cremona.elettroservicegroup.it/wp-content/themes/generatepress/assets/css/style.css HTTP/1.1" 200 138228 "-" "Mozilla/5.0 (compatible; Barkrowler/0.9; +https://babbar.tech/crawler)"
216.73.216.138 - - [07/Jul/2026:16:10:01 +0200] "GET /=3D%22https:/blogerfrechloginfr.blogspot.com/'%20.%20wfUtils::wpAdminURL('admin.php?edit=%2Fhome%2Fcosta4%2Fcremona.elettroservicegroup.it%2Fwp-content%2Fthemes%2Fgeneratepress%2Finc%2Fclass-rest.php HTTP/2.0" 200 19402 "-" "Mozilla/5.0 AppleWebKit/537.36 (KHTML, like Gecko; compatible; ClaudeBot/1.0; +claudebot@anthropic.com)"
216.73.216.138 - - [07/Jul/2026:16:10:01 +0200] "GET /=3D%22https:/blogerfrechloginfr.blogspot.com/link-manager.php?file=%2Fhome%2Fcosta4%2Fcremona.elettroservicegroup.it%2Fwp-content%2Fplugins%2Fcomplianz-gdpr-premium%2Ffunctions.php HTTP/2.0" 200 17826 "-" "Mozilla/5.0 AppleWebKit/537.36 (KHTML, like Gecko; compatible; ClaudeBot/1.0; +claudebot@anthropic.com)"
217.113.194.84 - - [07/Jul/2026:16:10:10 +0200] "GET /post-2-2/?rename=/home/costa4/cremona.elettroservicegroup.it/wp-content/themes/generatepress/assets/css/all.min.css HTTP/1.1" 200 105855 "-" "Mozilla/5.0 (compatible; Barkrowler/0.9; +https://babbar.tech/crawler)"
216.73.216.138 - - [07/Jul/2026:16:10:13 +0200] "GET /=3D%22https:/blogerfrechloginfr.blogspot.com/'%20.%20wfUtils::wpAdminURL('admin.php?view=%2Fhome%2Fcosta4%2Fcremona.elettroservicegroup.it%2Fwp-content%2Fthemes%2Fgeneratepress%2Finc%2Fdefaults.php HTTP/2.0" 200 2317 "-" "Mozilla/5.0 AppleWebKit/537.36 (KHTML, like Gecko; compatible; ClaudeBot/1.0; +claudebot@anthropic.com)"
216.73.216.138 - - [07/Jul/2026:16:10:13 +0200] "GET /=3D%22https:/blogerfrechloginfr.blogspot.com/'%20.%20wfUtils::wpAdminURL('admin.php?view=%2Fhome%2Fcosta4%2Fcremona.elettroservicegroup.it%2Fwp-content%2Fthemes%2Fgeneratepress%2Finc%2Fcustomizer.php HTTP/2.0" 200 5634 "-" "Mozilla/5.0 AppleWebKit/537.36 (KHTML, like Gecko; compatible; ClaudeBot/1.0; +claudebot@anthropic.com)"
216.73.216.138 - - [07/Jul/2026:16:10:13 +0200] "GET /=3D%22https:/blogerfrechloginfr.blogspot.com/'%20.%20wfUtils::wpAdminURL('admin.php?view=%2Fhome%2Fcosta4%2Fcremona.elettroservicegroup.it%2Fwp-content%2Fthemes%2Fgeneratepress%2Finc%2Fcss-output.php HTTP/2.0" 200 8239 "-" "Mozilla/5.0 AppleWebKit/537.36 (KHTML, like Gecko; compatible; ClaudeBot/1.0; +claudebot@anthropic.com)"
216.73.216.138 - - [07/Jul/2026:16:10:13 +0200] "GET /=3D%22https:/blogerfrechloginfr.blogspot.com/'%20.%20wfUtils::wpAdminURL('admin.php?rename=%2Fhome%2Fcosta4%2Fcremona.elettroservicegroup.it%2Fwp-content%2Fthemes%2Fgeneratepress%2Finc%2Fplugin-compat.php HTTP/2.0" 200 18616 "-" "Mozilla/5.0 AppleWebKit/537.36 (KHTML, like Gecko; compatible; ClaudeBot/1.0; +claudebot@anthropic.com)"
216.73.216.138 - - [07/Jul/2026:16:10:13 +0200] "GET /=3D%22https:/blogerfrechloginfr.blogspot.com/'%20.%20wfUtils::wpAdminURL('admin.php?file=%2Fhome%2Fcosta4%2Fcremona.elettroservicegroup.it%2Fwp-content%2Fthemes%2Fgeneratepress%2Finc%2Ftheme-functions.php HTTP/2.0" 200 17847 "-" "Mozilla/5.0 AppleWebKit/537.36 (KHTML, like Gecko; compatible; ClaudeBot/1.0; +claudebot@anthropic.com)"
216.73.216.138 - - [07/Jul/2026:16:10:13 +0200] "GET /=3D%22https:/blogerfrechloginfr.blogspot.com/'%20.%20wfUtils::wpAdminURL('admin.php?file=%2Fhome%2Fcosta4%2Fcremona.elettroservicegroup.it%2Fwp-content%2Fthemes%2Fgeneratepress%2Finc%2Fblock-editor.php HTTP/2.0" 200 17848 "-" "Mozilla/5.0 AppleWebKit/537.36 (KHTML, like Gecko; compatible; ClaudeBot/1.0; +claudebot@anthropic.com)"
217.113.194.90 - - [07/Jul/2026:16:10:26 +0200] "GET /post-2-2/?file=/home/costa4/cremona.elettroservicegroup.it/wp-content/themes/generatepress/assets/css/main-rtl.css HTTP/1.1" 200 92286 "-" "Mozilla/5.0 (compatible; Barkrowler/0.9; +https://babbar.tech/crawler)"
65.108.235.243 - - [07/Jul/2026:16:10:48 +0200] "POST /wp-cron.php?doing_wp_cron=1783433448.0309000015258789062500 HTTP/1.1" 200 1 "-" "WordPress/7.0; https://cremona.elettroservicegroup.it"
217.113.194.90 - - [07/Jul/2026:16:10:47 +0200] "GET /post-2-2/?file=/home/costa4/cremona.elettroservicegroup.it/wp-content/themes/generatepress/assets/css/style-rtl.css HTTP/1.1" 200 92287 "-" "Mozilla/5.0 (compatible; Barkrowler/0.9; +https://babbar.tech/crawler)"
217.113.194.86 - - [07/Jul/2026:16:11:03 +0200] "GET /post-9-2/?view=/home/costa4/cremona.elettroservicegroup.it/wp-content/themes/generatepress/assets/dist/style-dashboard.css HTTP/1.1" 200 4847 "-" "Mozilla/5.0 (compatible; Barkrowler/0.9; +https://babbar.tech/crawler)"
217.113.194.83 - - [07/Jul/2026:16:11:19 +0200] "GET /post-9-2/?rename=/home/costa4/cremona.elettroservicegroup.it/wp-content/themes/generatepress/assets/dist/dashboard.js HTTP/1.1" 200 105859 "-" "Mozilla/5.0 (compatible; Barkrowler/0.9; +https://babbar.tech/crawler)"
217.113.194.87 - - [07/Jul/2026:16:11:35 +0200] "GET /post-9-2/?rename=/home/costa4/cremona.elettroservicegroup.it/wp-content/themes/generatepress/assets/dist/block-editor.js HTTP/1.1" 200 105868 "-" "Mozilla/5.0 (compatible; Barkrowler/0.9; +https://babbar.tech/crawler)"
65.108.235.243 - - [07/Jul/2026:16:11:53 +0200] "POST /wp-cron.php?doing_wp_cron=1783433513.0338060855865478515625 HTTP/1.1" 200 1 "-" "WordPress/7.0; https://cremona.elettroservicegroup.it"
217.113.194.88 - - [07/Jul/2026:16:11:52 +0200] "GET /post-9-2/?file=/home/costa4/cremona.elettroservicegroup.it/wp-content/themes/generatepress/assets/dist/customizer.js HTTP/1.1" 200 92289 "-" "Mozilla/5.0 (compatible; Barkrowler/0.9; +https://babbar.tech/crawler)"
216.73.216.138 - - [07/Jul/2026:16:12:00 +0200] "GET /=3D%22https:/blogerfrechloginfr.blogspot.com/link-manager.php?view=%2Fhome%2Fcosta4%2Fcremona.elettroservicegroup.it%2Fwp-content%2Fplugins%2Fcomplianz-gdpr-premium%2Findex.php HTTP/2.0" 200 32 "-" "Mozilla/5.0 AppleWebKit/537.36 (KHTML, like Gecko; compatible; ClaudeBot/1.0; +claudebot@anthropic.com)"
216.73.216.138 - - [07/Jul/2026:16:12:00 +0200] "GET /=3D%22https:/blogerfrechloginfr.blogspot.com/link-manager.php?view=%2Fhome%2Fcosta4%2Fcremona.elettroservicegroup.it%2Fwp-content%2Fplugins%2Fcomplianz-gdpr-premium%2Floco.xml HTTP/2.0" 200 173 "-" "Mozilla/5.0 AppleWebKit/537.36 (KHTML, like Gecko; compatible; ClaudeBot/1.0; +claudebot@anthropic.com)"
216.73.216.138 - - [07/Jul/2026:16:12:00 +0200] "GET /=3D%22https:/blogerfrechloginfr.blogspot.com/edit-comments.php?view=%2Fhome%2Fcosta4%2Fvicenza.elettroservicegroup.it%2Fwp-content%2Fai1wm-backups%2Findex.php HTTP/2.0" 200 30 "-" "Mozilla/5.0 AppleWebKit/537.36 (KHTML, like Gecko; compatible; ClaudeBot/1.0; +claudebot@anthropic.com)"
216.73.216.138 - - [07/Jul/2026:16:12:00 +0200] "GET /=3D%22https:/blogerfrechloginfr.blogspot.com/link-manager.php?file=%2Fhome%2Fcosta4%2Fcremona.elettroservicegroup.it%2Fwp-content%2Fplugins%2Fcomplianz-gdpr-premium%2Fprogress HTTP/2.0" 200 17948 "-" "Mozilla/5.0 AppleWebKit/537.36 (KHTML, like Gecko; compatible; ClaudeBot/1.0; +claudebot@anthropic.com)"
217.113.194.84 - - [07/Jul/2026:16:12:08 +0200] "GET /post-10-2/?file=/home/costa4/cremona.elettroservicegroup.it/wp-content/themes/generatepress/inc/class-typography.php HTTP/1.1" 200 92308 "-" "Mozilla/5.0 (compatible; Barkrowler/0.9; +https://babbar.tech/crawler)"
217.113.194.91 - - [07/Jul/2026:16:12:25 +0200] "GET /post-10-2/?file=/home/costa4/cremona.elettroservicegroup.it/wp-content/themes/generatepress/inc/structure/post-meta.php HTTP/1.1" 200 92321 "-" "Mozilla/5.0 (compatible; Barkrowler/0.9; +https://babbar.tech/crawler)"
217.113.194.90 - - [07/Jul/2026:16:12:42 +0200] "GET /post-10-2/?edit=/home/costa4/cremona.elettroservicegroup.it/wp-content/themes/generatepress/inc/block-editor.php HTTP/1.1" 200 130208 "-" "Mozilla/5.0 (compatible; Barkrowler/0.9; +https://babbar.tech/crawler)"
74.7.227.140 - - [07/Jul/2026:16:12:44 +0200] "GET /sitemap.xml HTTP/2.0" 415 1120 "-" "Mozilla/5.0 AppleWebKit/537.36 (KHTML, like Gecko; compatible; GPTBot/1.4; +https://openai.com/gptbot)"
65.108.235.243 - - [07/Jul/2026:16:12:45 +0200] "POST /wp-cron.php?doing_wp_cron=1783433565.5231289863586425781250 HTTP/1.1" 200 1 "-" "WordPress/7.0; https://cremona.elettroservicegroup.it"
74.7.175.142 - - [07/Jul/2026:16:12:44 +0200] "GET /robots.txt HTTP/2.0" 200 892 "-" "Mozilla/5.0 (Macintosh; Intel Mac OS X 10_15_7) AppleWebKit/537.36 (KHTML, like Gecko) Chrome/131.0.0.0 Safari/537.36; compatible; OAI-SearchBot/1.4; robots.txt; +https://openai.com/searchbot"
216.73.216.138 - - [07/Jul/2026:16:12:54 +0200] "GET /=3D%22https:/blogerfrechloginfr.blogspot.com/edit-comments.php?file=%2Fhome%2Fcosta4%2Fvicenza.elettroservicegroup.it%2Fwp-content%2Fai1wm-backups%2Findex.php HTTP/2.0" 200 17830 "-" "Mozilla/5.0 AppleWebKit/537.36 (KHTML, like Gecko; compatible; ClaudeBot/1.0; +claudebot@anthropic.com)"
217.113.194.83 - - [07/Jul/2026:16:12:59 +0200] "GET /post-10-2/?edit=/home/costa4/cremona.elettroservicegroup.it/wp-content/themes/generatepress/inc/class-theme-update.php HTTP/1.1" 200 120184 "-" "Mozilla/5.0 (compatible; Barkrowler/0.9; +https://babbar.tech/crawler)"
217.113.194.91 - - [07/Jul/2026:16:13:16 +0200] "GET /post-10-2/?edit=/home/costa4/cremona.elettroservicegroup.it/wp-content/themes/generatepress/inc/deprecated.php HTTP/1.1" 200 131440 "-" "Mozilla/5.0 (compatible; Barkrowler/0.9; +https://babbar.tech/crawler)"
65.108.235.243 - - [07/Jul/2026:16:13:34 +0200] "POST /wp-cron.php?doing_wp_cron=1783433614.4272499084472656250000 HTTP/1.1" 200 1 "-" "WordPress/7.0; https://cremona.elettroservicegroup.it"
217.113.194.87 - - [07/Jul/2026:16:13:32 +0200] "GET /post-10-2/?edit=/home/costa4/cremona.elettroservicegroup.it/wp-content/themes/generatepress/inc/structure/footer.php HTTP/1.1" 200 112794 "-" "Mozilla/5.0 (compatible; Barkrowler/0.9; +https://babbar.tech/crawler)"
65.108.235.243 - - [07/Jul/2026:16:13:51 +0200] "POST /wp-cron.php?doing_wp_cron=1783433631.4252779483795166015625 HTTP/1.1" 200 1 "-" "WordPress/7.0; https://cremona.elettroservicegroup.it"
217.113.194.91 - - [07/Jul/2026:16:13:49 +0200] "GET /post-10-2/?rename=/home/costa4/cremona.elettroservicegroup.it/wp-content/themes/generatepress/inc/class-typography.php HTTP/1.1" 200 105903 "-" "Mozilla/5.0 (compatible; Barkrowler/0.9; +https://babbar.tech/crawler)"
216.73.216.138 - - [07/Jul/2026:16:13:58 +0200] "GET /=3D%22https:/blogerfrechloginfr.blogspot.com/edit-comments.php?rename=%2Fhome%2Fcosta4%2Fvicenza.elettroservicegroup.it%2Fwp-content%2Fai1wm-backups%2Findex.php HTTP/2.0" 200 18591 "-" "Mozilla/5.0 AppleWebKit/537.36 (KHTML, like Gecko; compatible; ClaudeBot/1.0; +claudebot@anthropic.com)"
216.73.216.138 - - [07/Jul/2026:16:13:59 +0200] "GET /=3D%22https:/blogerfrechloginfr.blogspot.com/options-reading.php?view=%2Fhome%2Fcosta4%2Fcremona.elettroservicegroup.it%2Fwp-includes%2Fblocks%2Faccordion-heading%2Fstyle.min.css HTTP/2.0" 200 248 "-" "Mozilla/5.0 AppleWebKit/537.36 (KHTML, like Gecko; compatible; ClaudeBot/1.0; +claudebot@anthropic.com)"
216.73.216.138 - - [07/Jul/2026:16:13:59 +0200] "GET /=3D%22https:/blogerfrechloginfr.blogspot.com/edit-comments.php?edit=%2Fhome%2Fcosta4%2Fvicenza.elettroservicegroup.it%2Fwp-content%2Fai1wm-backups%2Findex.html HTTP/2.0" 200 18610 "-" "Mozilla/5.0 AppleWebKit/537.36 (KHTML, like Gecko; compatible; ClaudeBot/1.0; +claudebot@anthropic.com)"
216.73.216.138 - - [07/Jul/2026:16:14:00 +0200] "GET /=3D%22https:/blogerfrechloginfr.blogspot.com/options-reading.php?view=%2Fhome%2Fcosta4%2Fcremona.elettroservicegroup.it%2Fwp-includes%2Fblocks%2Faccordion-heading%2Fstyle-rtl.css HTTP/2.0" 200 283 "-" "Mozilla/5.0 AppleWebKit/537.36 (KHTML, like Gecko; compatible; ClaudeBot/1.0; +claudebot@anthropic.com)"
217.113.194.86 - - [07/Jul/2026:16:14:06 +0200] "GET /post-10-2/?rename=/home/costa4/cremona.elettroservicegroup.it/wp-content/themes/generatepress/inc/structure/post-meta.php HTTP/1.1" 200 105892 "-" "Mozilla/5.0 (compatible; Barkrowler/0.9; +https://babbar.tech/crawler)"
217.113.194.90 - - [07/Jul/2026:16:14:22 +0200] "GET /post-10-2/?rename=/home/costa4/cremona.elettroservicegroup.it/wp-content/themes/generatepress/inc/structure/featured-images.php HTTP/1.1" 200 105910 "-" "Mozilla/5.0 (compatible; Barkrowler/0.9; +https://babbar.tech/crawler)"
217.113.194.91 - - [07/Jul/2026:16:14:39 +0200] "GET /post-10-2/?rename=/home/costa4/cremona.elettroservicegroup.it/wp-content/themes/generatepress/inc/structure/search-modal.php HTTP/1.1" 200 105901 "-" "Mozilla/5.0 (compatible; Barkrowler/0.9; +https://babbar.tech/crawler)"
65.108.235.243 - - [07/Jul/2026:16:14:57 +0200] "POST /wp-cron.php?doing_wp_cron=1783433697.3252029418945312500000 HTTP/1.1" 200 1 "-" "WordPress/7.0; https://cremona.elettroservicegroup.it"
217.113.194.91 - - [07/Jul/2026:16:14:56 +0200] "GET /post-10-2/?rename=/home/costa4/cremona.elettroservicegroup.it/wp-content/themes/generatepress/inc/plugin-compat.php HTTP/1.1" 200 105894 "-" "Mozilla/5.0 (compatible; Barkrowler/0.9; +https://babbar.tech/crawler)"
216.73.216.138 - - [07/Jul/2026:16:14:57 +0200] "GET /sitemap.rss?view=%2Fhome%2Fcosta4%2Fpublic_html%2Fwp-admin%2Fcss%2Fcolors%2Flight%2Fcolors.min.css HTTP/2.0" 200 3120 "-" "Mozilla/5.0 AppleWebKit/537.36 (KHTML, like Gecko; compatible; ClaudeBot/1.0; +claudebot@anthropic.com)"
216.73.216.138 - - [07/Jul/2026:16:14:57 +0200] "GET /sitemap.rss?file=%2Fhome%2Fcosta4%2Fparma.elettroservicegroup.it%2Fwp-includes%2Fjs%2Ftinymce%2Fplugins%2Fwplink%2Fplugin.min.js HTTP/2.0" 200 567 "-" "Mozilla/5.0 AppleWebKit/537.36 (KHTML, like Gecko; compatible; ClaudeBot/1.0; +claudebot@anthropic.com)"
216.73.216.138 - - [07/Jul/2026:16:14:57 +0200] "GET /sitemap.rss?edit=%2Fhome%2Fcosta4%2Fwww%2Fwp-content%2Fplugins%2Fwordfence%2Fwaf%2FwfWAFBlockConstants.php HTTP/2.0" 200 2055 "-" "Mozilla/5.0 AppleWebKit/537.36 (KHTML, like Gecko; compatible; ClaudeBot/1.0; +claudebot@anthropic.com)"
216.73.216.138 - - [07/Jul/2026:16:14:57 +0200] "GET /sitemap.rss?file=%2Fhome%2Fcosta4%2Fpublic_html%2Fwp-content%2Fplugins%2Felementor%2Fcore%2Feditor%2Floader%2Fv2%2Fjs HTTP/2.0" 200 702 "-" "Mozilla/5.0 AppleWebKit/537.36 (KHTML, like Gecko; compatible; ClaudeBot/1.0; +claudebot@anthropic.com)"
216.73.216.138 - - [07/Jul/2026:16:14:58 +0200] "GET /sitemap.rss?view=%2Fhome%2Fcosta4%2Fwww%2Fwp-includes%2Fjs%2Fdist%2Fscript-modules%2Flazy-editor%2Findex.min.asset.php HTTP/2.0" 200 147 "-" "Mozilla/5.0 AppleWebKit/537.36 (KHTML, like Gecko; compatible; ClaudeBot/1.0; +claudebot@anthropic.com)"
216.73.216.138 - - [07/Jul/2026:16:14:58 +0200] "GET /sitemap.rss?view=%2Fhome%2Fcosta4%2Fpublic_html%2Fwp-admin%2Fcss%2Fcolors%2Flight%2Fcolors-rtl.css HTTP/2.0" 200 3812 "-" "Mozilla/5.0 AppleWebKit/537.36 (KHTML, like Gecko; compatible; ClaudeBot/1.0; +claudebot@anthropic.com)"
216.73.216.138 - - [07/Jul/2026:16:14:57 +0200] "GET /widgets.php?rename=%2Fhome%2Fcosta4%2Fcremona.elettroservicegroup.it%2Fwp-includes%2Fblocks%2Frss%2Fstyle-rtl.css HTTP/2.0" 200 18488 "-" "Mozilla/5.0 AppleWebKit/537.36 (KHTML, like Gecko; compatible; ClaudeBot/1.0; +claudebot@anthropic.com)"
216.73.216.138 - - [07/Jul/2026:16:14:58 +0200] "GET /widgets.php?rename=%2Fhome%2Fcosta4%2Fcremona.elettroservicegroup.it%2Fwp-includes%2Fblocks%2Frss%2Fstyle.min.css HTTP/2.0" 200 18486 "-" "Mozilla/5.0 AppleWebKit/537.36 (KHTML, like Gecko; compatible; ClaudeBot/1.0; +claudebot@anthropic.com)"
216.73.216.138 - - [07/Jul/2026:16:14:58 +0200] "GET /sitemap.rss?edit=%2Fhome%2Fcosta4%2Fwww%2Fwp-includes%2Fjs%2Ftinymce%2Fskins%2Flightgray%2Fcontent.min.css HTTP/2.0" 200 2495 "-" "Mozilla/5.0 AppleWebKit/537.36 (KHTML, like Gecko; compatible; ClaudeBot/1.0; +claudebot@anthropic.com)"
216.73.216.138 - - [07/Jul/2026:16:14:58 +0200] "GET /sitemap.rss?rename=%2Fhome%2Fcosta4%2Fparma.elettroservicegroup.it%2Fwp-content%2Fplugins%2Felementor%2Fincludes%2Fcontrols%2Ftext.php HTTP/2.0" 200 1260 "-" "Mozilla/5.0 AppleWebKit/537.36 (KHTML, like Gecko; compatible; ClaudeBot/1.0; +claudebot@anthropic.com)"
216.73.216.138 - - [07/Jul/2026:16:14:58 +0200] "GET /sitemap.rss?view=%2Fhome%2Fcosta4%2Fparma.elettroservicegroup.it%2Fwp-includes%2Fblocks%2Fmath%2Fblock.json HTTP/2.0" 200 381 "-" "Mozilla/5.0 AppleWebKit/537.36 (KHTML, like Gecko; compatible; ClaudeBot/1.0; +claudebot@anthropic.com)"
216.73.216.138 - - [07/Jul/2026:16:14:58 +0200] "GET /options-reading.php?edit=%2Fhome%2Fcosta4%2Fcremona.elettroservicegroup.it%2Fwp-content%2Fthemes%2Fgeneratepress%2Fcontent-single.php HTTP/2.0" 200 19148 "-" "Mozilla/5.0 AppleWebKit/537.36 (KHTML, like Gecko; compatible; ClaudeBot/1.0; +claudebot@anthropic.com)"
216.73.216.138 - - [07/Jul/2026:16:14:58 +0200] "GET /%7Bsitemap:loc%7D?view=%2Fhome%2Fcosta4%2Fcremona.elettroservicegroup.it%2Fwp-includes%2Fblock-bindings%2Fpost-data.php HTTP/2.0" 200 1081 "-" "Mozilla/5.0 AppleWebKit/537.36 (KHTML, like Gecko; compatible; ClaudeBot/1.0; +claudebot@anthropic.com)"
216.73.216.138 - - [07/Jul/2026:16:14:58 +0200] "GET /=3D%22https:/www.transparentadvertising.eu/%22?view=%2Fhome%2Fcosta4%2Fcremona.elettroservicegroup.it%2Fwp-content%2Fthemes%2Fgeneratepress%2Fcomments.php HTTP/2.0" 200 1158 "-" "Mozilla/5.0 AppleWebKit/537.36 (KHTML, like Gecko; compatible; ClaudeBot/1.0; +claudebot@anthropic.com)"
216.73.216.138 - - [07/Jul/2026:16:14:58 +0200] "GET /sitemap.rss?file=%2Fhome%2Fcosta4%2Fwww%2Fwp-content%2Fplugins%2Felementor%2Fmodules%2Finteractions HTTP/2.0" 200 843 "-" "Mozilla/5.0 AppleWebKit/537.36 (KHTML, like Gecko; compatible; ClaudeBot/1.0; +claudebot@anthropic.com)"
216.73.216.138 - - [07/Jul/2026:16:14:59 +0200] "GET /=3D%22https:/blogerfrechloginfr.blogspot.com/edit-comments.php?view=%2Fhome%2Fcosta4%2Fvicenza.elettroservicegroup.it%2Fwp-content%2Fai1wm-backups%2Findex.html HTTP/2.0" 200 30 "-" "Mozilla/5.0 AppleWebKit/537.36 (KHTML, like Gecko; compatible; ClaudeBot/1.0; +claudebot@anthropic.com)"
216.73.216.138 - - [07/Jul/2026:16:14:58 +0200] "GET /css/business-casual.css?rename=%2Fhome%2Fcosta4%2Fpublic_html%2Fwp-admin%2Fmedia.php HTTP/2.0" 200 18501 "-" "Mozilla/5.0 AppleWebKit/537.36 (KHTML, like Gecko; compatible; ClaudeBot/1.0; +claudebot@anthropic.com)"
217.113.194.219 - - [07/Jul/2026:16:15:12 +0200] "GET /cookie-policy-ue/?edit=/home/costa4/cremona.elettroservicegroup.it/wp-content/themes/generatepress/inc/meta-box.php HTTP/1.1" 200 117918 "-" "Mozilla/5.0 (compatible; Barkrowler/0.9; +https://babbar.tech/crawler)"
66.249.70.166 - - [07/Jul/2026:16:15:20 +0200] "GET /icon-2-2/?view=/home/costa4/cremona.elettroservicegroup.it/wp-content/themes/generatepress/header-min.php HTTP/1.1" 200 332 "-" "Mozilla/5.0 (Linux; Android 6.0.1; Nexus 5X Build/MMB29P) AppleWebKit/537.36 (KHTML, like Gecko) Chrome/150.0.7871.46 Mobile Safari/537.36 (compatible; Googlebot/2.1; +http://www.google.com/bot.html)"
217.113.194.86 - - [07/Jul/2026:16:15:29 +0200] "GET /cookie-policy-ue/?edit=/home/costa4/cremona.elettroservicegroup.it/wp-content/themes/generatepress/inc/general.php HTTP/1.1" 200 120526 "-" "Mozilla/5.0 (compatible; Barkrowler/0.9; +https://babbar.tech/crawler)"
65.108.235.243 - - [07/Jul/2026:16:15:48 +0200] "POST /wp-cron.php?doing_wp_cron=1783433747.9366068840026855468750 HTTP/1.1" 200 1 "-" "WordPress/7.0; https://cremona.elettroservicegroup.it"
217.113.194.91 - - [07/Jul/2026:16:15:46 +0200] "GET /cookie-policy-ue/?edit=/home/costa4/cremona.elettroservicegroup.it/wp-content/themes/generatepress/inc/markup.php HTTP/1.1" 200 120950 "-" "Mozilla/5.0 (compatible; Barkrowler/0.9; +https://babbar.tech/crawler)"
217.113.194.85 - - [07/Jul/2026:16:16:03 +0200] "GET /cookie-policy-ue/?edit=/home/costa4/cremona.elettroservicegroup.it/wp-content/themes/generatepress/sidebar-left.php HTTP/1.1" 200 102807 "-" "Mozilla/5.0 (compatible; Barkrowler/0.9; +https://babbar.tech/crawler)"
217.113.194.85 - - [07/Jul/2026:16:16:23 +0200] "GET /cookie-policy-ue/?rename=/home/costa4/cremona.elettroservicegroup.it/wp-content/themes/generatepress/inc/class-dashboard.php HTTP/1.1" 200 102073 "-" "Mozilla/5.0 (compatible; Barkrowler/0.9; +https://babbar.tech/crawler)"
217.113.194.86 - - [07/Jul/2026:16:16:39 +0200] "GET /cookie-policy-ue/?rename=/home/costa4/cremona.elettroservicegroup.it/wp-content/themes/generatepress/inc/class-theme-update.php HTTP/1.1" 200 102082 "-" "Mozilla/5.0 (compatible; Barkrowler/0.9; +https://babbar.tech/crawler)"
217.113.194.84 - - [07/Jul/2026:16:16:55 +0200] "GET /cookie-policy-ue/?view=/home/costa4/cremona.elettroservicegroup.it/wp-content/themes/generatepress/inc/class-html-attributes.php HTTP/1.1" 200 11522 "-" "Mozilla/5.0 (compatible; Barkrowler/0.9; +https://babbar.tech/crawler)"
65.108.235.243 - - [07/Jul/2026:16:17:12 +0200] "POST /wp-cron.php?doing_wp_cron=1783433832.8353869915008544921875 HTTP/1.1" 200 1 "-" "WordPress/7.0; https://cremona.elettroservicegroup.it"
217.113.194.86 - - [07/Jul/2026:16:17:10 +0200] "GET /cookie-policy-ue/?file=/home/costa4/cremona.elettroservicegroup.it/wp-content/themes/generatepress/inc/deprecated.php HTTP/1.1" 200 88475 "-" "Mozilla/5.0 (compatible; Barkrowler/0.9; +https://babbar.tech/crawler)"
217.113.194.88 - - [07/Jul/2026:16:17:28 +0200] "GET /cookie-policy-ue/?file=/home/costa4/cremona.elettroservicegroup.it/wp-content/themes/generatepress/inc/block-editor.php HTTP/1.1" 200 88477 "-" "Mozilla/5.0 (compatible; Barkrowler/0.9; +https://babbar.tech/crawler)"
65.108.235.243 - - [07/Jul/2026:16:17:46 +0200] "POST /wp-cron.php?doing_wp_cron=1783433866.7313621044158935546875 HTTP/1.1" 200 1 "-" "WordPress/7.0; https://cremona.elettroservicegroup.it"
217.113.194.220 - - [07/Jul/2026:16:17:46 +0200] "GET /cookie-policy-ue/?file=/home/costa4/cremona.elettroservicegroup.it/wp-content/themes/generatepress/inc/class-css.php HTTP/1.1" 200 88474 "-" "Mozilla/5.0 (compatible; Barkrowler/0.9; +https://babbar.tech/crawler)"
217.113.194.91 - - [07/Jul/2026:16:18:02 +0200] "GET /assistenza-lavastoviglie-cremona/?file=/home/costa4/cremona.elettroservicegroup.it/wp-content/plugins HTTP/1.1" 200 92141 "-" "Mozilla/5.0 (compatible; Barkrowler/0.9; +https://babbar.tech/crawler)"
217.113.194.82 - - [07/Jul/2026:16:18:18 +0200] "GET /assistenza-lavastoviglie-cremona/?file=/home/costa4/cremona.elettroservicegroup.it/wp-content/index.php HTTP/1.1" 200 88516 "-" "Mozilla/5.0 (compatible; Barkrowler/0.9; +https://babbar.tech/crawler)"
65.108.235.243 - - [07/Jul/2026:16:18:34 +0200] "POST /wp-cron.php?doing_wp_cron=1783433914.2541289329528808593750 HTTP/1.1" 200 1 "-" "WordPress/7.0; https://cremona.elettroservicegroup.it"
217.113.194.82 - - [07/Jul/2026:16:18:33 +0200] "GET /assistenza-frigoriferi-cremona/?rename=/home/costa4/cremona.elettroservicegroup.it/wp-content/themes/generatepress/index.php HTTP/1.1" 200 102123 "-" "Mozilla/5.0 (compatible; Barkrowler/0.9; +https://babbar.tech/crawler)"
65.108.235.243 - - [07/Jul/2026:16:18:50 +0200] "POST /wp-cron.php?doing_wp_cron=1783433930.1286580562591552734375 HTTP/1.1" 200 1 "-" "WordPress/7.0; https://cremona.elettroservicegroup.it"
217.113.194.220 - - [07/Jul/2026:16:18:49 +0200] "GET /assistenza-frigoriferi-cremona/?rename=/home/costa4/cremona.elettroservicegroup.it/wp-content/themes/generatepress/content.php HTTP/1.1" 200 102129 "-" "Mozilla/5.0 (compatible; Barkrowler/0.9; +https://babbar.tech/crawler)"
216.73.216.138 - - [07/Jul/2026:16:18:53 +0200] "GET /=3D%22https:/blogerfrechloginfr.blogspot.com/%7B$contrib_profile%7D?file=%2Fhome%2Fcosta4%2Fcremona.elettroservicegroup.it%2Fwp-content%2Fthemes%2Fgeneratepress%2Fpage.php HTTP/2.0" 200 223 "-" "Mozilla/5.0 AppleWebKit/537.36 (KHTML, like Gecko; compatible; ClaudeBot/1.0; +claudebot@anthropic.com)"
216.73.216.138 - - [07/Jul/2026:16:18:53 +0200] "GET /=3D%22https:/blogerfrechloginfr.blogspot.com//%22mailto:mail@fruitfulcode.com?edit=%2Fhome%2Fcosta4%2Freggio-emilia.elettroservicegroup.it%2Fwp-admin%2Fimages%2Ffreedom-4.svg HTTP/2.0" 200 2231 "-" "Mozilla/5.0 AppleWebKit/537.36 (KHTML, like Gecko; compatible; ClaudeBot/1.0; +claudebot@anthropic.com)"
216.73.216.138 - - [07/Jul/2026:16:18:53 +0200] "GET /sitemap.rss?file=%2Fhome%2Fcosta4%2Fwww%2Fwp-content%2Fplugins%2Felementor%2Fmodules%2Ffeedback HTTP/2.0" 200 654 "-" "Mozilla/5.0 AppleWebKit/537.36 (KHTML, like Gecko; compatible; ClaudeBot/1.0; +claudebot@anthropic.com)"
216.73.216.138 - - [07/Jul/2026:16:18:53 +0200] "GET /=3D%22https:/blogerfrechloginfr.blogspot.com/'%20.%20wfUtils::wpAdminURL('admin.php?rename=%2Fhome%2Fcosta4%2Fcremona.elettroservicegroup.it%2Fwp-content%2Fthemes%2Fgeneratepress%2Fno-results.php HTTP/2.0" 200 18604 "-" "Mozilla/5.0 AppleWebKit/537.36 (KHTML, like Gecko; compatible; ClaudeBot/1.0; +claudebot@anthropic.com)"
217.113.194.86 - - [07/Jul/2026:16:19:05 +0200] "GET /assistenza-frigoriferi-cremona/?rename=/home/costa4/cremona.elettroservicegroup.it/wp-content/themes/generatepress/search.php HTTP/1.1" 200 102126 "-" "Mozilla/5.0 (compatible; Barkrowler/0.9; +https://babbar.tech/crawler)"
217.113.194.87 - - [07/Jul/2026:16:19:22 +0200] "GET /post-2-2/?view=/home/costa4/cremona.elettroservicegroup.it/wp-content/themes/generatepress/assets/fonts/generatepress.woff2 HTTP/1.1" 200 1264 "-" "Mozilla/5.0 (compatible; Barkrowler/0.9; +https://babbar.tech/crawler)"
217.113.194.220 - - [07/Jul/2026:16:19:37 +0200] "GET /post-2-2/?rename=/home/costa4/cremona.elettroservicegroup.it/wp-content/themes/generatepress/assets/css/mobile.min.css HTTP/1.1" 200 105864 "-" "Mozilla/5.0 (compatible; Barkrowler/0.9; +https://babbar.tech/crawler)"
65.108.235.243 - - [07/Jul/2026:16:19:54 +0200] "POST /wp-cron.php?doing_wp_cron=1783433994.5429699420928955078125 HTTP/1.1" 200 1 "-" "WordPress/7.0; https://cremona.elettroservicegroup.it"
217.113.194.84 - - [07/Jul/2026:16:19:54 +0200] "GET /post-2-2/?rename=/home/costa4/cremona.elettroservicegroup.it/wp-content/themes/generatepress/assets/css/style-rtl.css HTTP/1.1" 200 105861 "-" "Mozilla/5.0 (compatible; Barkrowler/0.9; +https://babbar.tech/crawler)"
217.113.194.87 - - [07/Jul/2026:16:20:09 +0200] "GET /post-2-2/?rename=/home/costa4/cremona.elettroservicegroup.it/wp-content/themes/generatepress/assets/css/main-rtl.css HTTP/1.1" 200 105848 "-" "Mozilla/5.0 (compatible; Barkrowler/0.9; +https://babbar.tech/crawler)"
217.113.194.90 - - [07/Jul/2026:16:20:28 +0200] "GET /post-2-2/?file=/home/costa4/cremona.elettroservicegroup.it/wp-content/themes/generatepress/assets/css/components/comments.css HTTP/1.1" 200 92298 "-" "Mozilla/5.0 (compatible; Barkrowler/0.9; +https://babbar.tech/crawler)"
217.113.194.85 - - [07/Jul/2026:16:20:45 +0200] "GET /post-9-2/?view=/home/costa4/cremona.elettroservicegroup.it/wp-content/themes/generatepress/assets/dist/block-editor.asset.php HTTP/1.1" 200 150 "-" "Mozilla/5.0 (compatible; Barkrowler/0.9; +https://babbar.tech/crawler)"
65.108.235.243 - - [07/Jul/2026:16:21:01 +0200] "POST /wp-cron.php?doing_wp_cron=1783434061.9546270370483398437500 HTTP/1.1" 200 1 "-" "WordPress/7.0; https://cremona.elettroservicegroup.it"
217.113.194.84 - - [07/Jul/2026:16:21:01 +0200] "GET /post-9-2/?edit=/home/costa4/cremona.elettroservicegroup.it/wp-content/themes/generatepress/assets/dist/customizer.js HTTP/1.1" 200 545532 "-" "Mozilla/5.0 (compatible; Barkrowler/0.9; +https://babbar.tech/crawler)"
217.113.194.91 - - [07/Jul/2026:16:21:18 +0200] "GET /post-9-2/?rename=/home/costa4/cremona.elettroservicegroup.it/wp-content/themes/generatepress/assets/dist/modal.asset.php HTTP/1.1" 200 105858 "-" "Mozilla/5.0 (compatible; Barkrowler/0.9; +https://babbar.tech/crawler)"
217.113.194.89 - - [07/Jul/2026:16:21:35 +0200] "GET /post-9-2/?file=/home/costa4/cremona.elettroservicegroup.it/wp-content/themes/generatepress/assets/css/mobile.min.css HTTP/1.1" 200 92278 "-" "Mozilla/5.0 (compatible; Barkrowler/0.9; +https://babbar.tech/crawler)"
65.108.235.243 - - [07/Jul/2026:16:21:53 +0200] "POST /wp-cron.php?doing_wp_cron=1783434113.2290730476379394531250 HTTP/1.1" 200 1 "-" "WordPress/7.0; https://cremona.elettroservicegroup.it"
217.113.194.85 - - [07/Jul/2026:16:21:52 +0200] "GET /post-9-2/?file=/home/costa4/cremona.elettroservicegroup.it/wp-content/themes/generatepress/assets/dist/modal.asset.php HTTP/1.1" 200 92281 "-" "Mozilla/5.0 (compatible; Barkrowler/0.9; +https://babbar.tech/crawler)"
217.113.194.84 - - [07/Jul/2026:16:22:08 +0200] "GET /post-9-2/?file=/home/costa4/cremona.elettroservicegroup.it/wp-content/themes/generatepress/assets/dist/block-editor.js HTTP/1.1" 200 92281 "-" "Mozilla/5.0 (compatible; Barkrowler/0.9; +https://babbar.tech/crawler)"
217.113.194.87 - - [07/Jul/2026:16:22:25 +0200] "GET /post-10-2/?file=/home/costa4/cremona.elettroservicegroup.it/wp-content/themes/generatepress/inc/customizer/fields HTTP/1.1" 200 99906 "-" "Mozilla/5.0 (compatible; Barkrowler/0.9; +https://babbar.tech/crawler)"
216.73.216.138 - - [07/Jul/2026:16:22:34 +0200] "GET /3D%22https:/www.avast.com/%7Bsitemap:loc%7D?edit=%2Fhome%2Fcosta4%2Freggio-emilia.elettroservicegroup.it%2Fwp-admin%2Fjs%2Fxfn.min.js HTTP/2.0" 200 1183 "-" "Mozilla/5.0 AppleWebKit/537.36 (KHTML, like Gecko; compatible; ClaudeBot/1.0; +claudebot@anthropic.com)"
216.73.216.138 - - [07/Jul/2026:16:22:34 +0200] "GET /3D%22https:/go.eu.sparkpostmail2.com/q/wp-admin/'.$photo_list[0].'?file=%2Fhome%2Fcosta4%2Fcremona.elettroservicegroup.it%2Fwp-content%2Fthemes%2Fgeneratepress%2Fsearch.php HTTP/2.0" 200 224 "-" "Mozilla/5.0 AppleWebKit/537.36 (KHTML, like Gecko; compatible; ClaudeBot/1.0; +claudebot@anthropic.com)"
216.73.216.138 - - [07/Jul/2026:16:22:34 +0200] "GET /=3D%22https:/www.transparentadvertising.eu/%22?edit=%2Fhome%2Fcosta4%2Fcremona.elettroservicegroup.it%2Fwp-content%2Fthemes%2Fgeneratepress%2Fcontent.php HTTP/2.0" 200 1638 "-" "Mozilla/5.0 AppleWebKit/537.36 (KHTML, like Gecko; compatible; ClaudeBot/1.0; +claudebot@anthropic.com)"
216.73.216.138 - - [07/Jul/2026:16:22:34 +0200] "GET /3D%22https:/static.mdirector.com/files/campanias/%7Burl%7D?file=%2Fhome%2Fcosta4%2Fbrescia.elettroservicegroup.it%2Fwp-includes%2Fimages%2Ficon-library%2Ftable-row-before.svg HTTP/2.0" 200 242 "-" "Mozilla/5.0 AppleWebKit/537.36 (KHTML, like Gecko; compatible; ClaudeBot/1.0; +claudebot@anthropic.com)"
216.73.216.138 - - [07/Jul/2026:16:22:35 +0200] "GET /=3D%22https:/blogerfrechloginfr.blogspot.com/$1?view=%2Fhome%2Fcosta4%2Fcremona.elettroservicegroup.it%2Fwp-content%2Fthemes%2Fgeneratepress%2F404.php HTTP/2.0" 200 332 "-" "Mozilla/5.0 AppleWebKit/537.36 (KHTML, like Gecko; compatible; ClaudeBot/1.0; +claudebot@anthropic.com)"
216.73.216.138 - - [07/Jul/2026:16:22:34 +0200] "GET /=3D%22https:/blogerfrechloginfr.blogspot.com/link-manager.php?file=%2Fhome%2Fcosta4%2Fcremona.elettroservicegroup.it%2Fwp-content%2Fplugins%2Fgp-premium%2Flangs%2Fgp-premium-fi.mo HTTP/2.0" 200 17827 "-" "Mozilla/5.0 AppleWebKit/537.36 (KHTML, like Gecko; compatible; ClaudeBot/1.0; +claudebot@anthropic.com)"
216.73.216.138 - - [07/Jul/2026:16:22:34 +0200] "GET /3D%22https:/www.avast.com/font-awesome/css/'%20.%20esc_url('https:/themes.wpmaintenancemode.com?file=%2Fhome%2Fcosta4%2Freggio-emilia.elettroservicegroup.it%2Fwp-admin%2Fimages%2Fse.png HTTP/2.0" 200 17842 "-" "Mozilla/5.0 AppleWebKit/537.36 (KHTML, like Gecko; compatible; ClaudeBot/1.0; +claudebot@anthropic.com)"
216.73.216.138 - - [07/Jul/2026:16:22:34 +0200] "GET /=3D%22https:/blogerfrechloginfr.blogspot.com/admin.php?rename=%2Fhome%2Fcosta4%2Ftmp%2Fwebalizer%2Fvicenza.elettroservicegroup.it%2Fctry_usage_202606.png HTTP/2.0" 200 18498 "-" "Mozilla/5.0 AppleWebKit/537.36 (KHTML, like Gecko; compatible; ClaudeBot/1.0; +claudebot@anthropic.com)"
216.73.216.138 - - [07/Jul/2026:16:22:34 +0200] "GET /?rename=%2Fproc%2Firq%2F93%2Fsmp_affinity HTTP/2.0" 200 20797 "-" "Mozilla/5.0 AppleWebKit/537.36 (KHTML, like Gecko; compatible; ClaudeBot/1.0; +claudebot@anthropic.com)"
217.113.194.85 - - [07/Jul/2026:16:22:42 +0200] "GET /post-10-2/?file=/home/costa4/cremona.elettroservicegroup.it/wp-content/themes/generatepress/inc/customizer/helpers.php HTTP/1.1" 200 92311 "-" "Mozilla/5.0 (compatible; Barkrowler/0.9; +https://babbar.tech/crawler)"
65.108.235.243 - - [07/Jul/2026:16:22:49 +0200] "POST /wp-cron.php?doing_wp_cron=1783434169.1233000755310058593750 HTTP/1.1" 200 1 "-" "WordPress/7.0; https://cremona.elettroservicegroup.it"
74.7.227.140 - - [07/Jul/2026:16:22:48 +0200] "GET /sitemap.rss HTTP/2.0" 415 1169 "-" "Mozilla/5.0 AppleWebKit/537.36 (KHTML, like Gecko; compatible; GPTBot/1.4; +https://openai.com/gptbot)"
217.113.194.88 - - [07/Jul/2026:16:22:58 +0200] "GET /post-10-2/?file=/home/costa4/cremona.elettroservicegroup.it/wp-content/themes/generatepress/inc/class-html-attributes.php HTTP/1.1" 200 92303 "-" "Mozilla/5.0 (compatible; Barkrowler/0.9; +https://babbar.tech/crawler)"
217.113.194.82 - - [07/Jul/2026:16:23:14 +0200] "GET /robots.txt HTTP/1.1" 200 13874 "-" "Mozilla/5.0 (compatible; Barkrowler/0.9; +https://babbar.tech/crawler)"
65.108.235.243 - - [07/Jul/2026:16:23:30 +0200] "POST /wp-cron.php?doing_wp_cron=1783434210.2288560867309570312500 HTTP/1.1" 200 1 "-" "WordPress/7.0; https://cremona.elettroservicegroup.it"
217.113.194.88 - - [07/Jul/2026:16:23:29 +0200] "GET /post-10-2/?file=/home/costa4/cremona.elettroservicegroup.it/wp-content/themes/generatepress/inc/structure/search-modal.php HTTP/1.1" 200 92314 "-" "Mozilla/5.0 (compatible; Barkrowler/0.9; +https://babbar.tech/crawler)"
216.73.216.138 - - [07/Jul/2026:16:23:44 +0200] "GET /3D%22https:/www.avast.com/font-awesome/css/'+this.controller.state().get(?view=%2Fhome%2Fcosta4%2Fcremona.elettroservicegroup.it%2Fwp-includes%2Fimages%2Ficon-library%2Ftypography.svg HTTP/2.0" 200 737 "-" "Mozilla/5.0 AppleWebKit/537.36 (KHTML, like Gecko; compatible; ClaudeBot/1.0; +claudebot@anthropic.com)"
65.108.235.243 - - [07/Jul/2026:16:23:45 +0200] "POST /wp-cron.php?doing_wp_cron=1783434225.0235130786895751953125 HTTP/1.1" 200 1 "-" "WordPress/7.0; https://cremona.elettroservicegroup.it"
216.73.216.138 - - [07/Jul/2026:16:23:44 +0200] "GET /sitemap.rss?edit=%2Fhome%2Fcosta4%2Fmantova.elettroservicegroup.it%2Fwp-includes%2Fblocks%2Fterm-template.php HTTP/2.0" 200 2885 "-" "Mozilla/5.0 AppleWebKit/537.36 (KHTML, like Gecko; compatible; ClaudeBot/1.0; +claudebot@anthropic.com)"
216.73.216.138 - - [07/Jul/2026:16:23:44 +0200] "GET /=3D%22https:/blogerfrechloginfr.blogspot.com/%7B$sub_item[2]%7D?rename=%2Fhome%2Fcosta4%2Fcremona.elettroservicegroup.it%2Fwp-content%2Fthemes%2Fgeneratepress%2Fcontent-link.php HTTP/2.0" 200 890 "-" "Mozilla/5.0 AppleWebKit/537.36 (KHTML, like Gecko; compatible; ClaudeBot/1.0; +claudebot@anthropic.com)"
216.73.216.138 - - [07/Jul/2026:16:23:44 +0200] "GET /=3D%22https:/blogerfrechloginfr.blogspot.com/edit-comments.php?view=%2Fhome%2Fcosta4%2Flogs%2Fvicenza.elettroservicegroup.it-May-2026.gz HTTP/2.0" 200 18499 "-" "Mozilla/5.0 AppleWebKit/537.36 (KHTML, like Gecko; compatible; ClaudeBot/1.0; +claudebot@anthropic.com)"
216.73.216.138 - - [07/Jul/2026:16:23:44 +0200] "GET /?file=%2Fproc%2Fsys%2Fnet%2Fipv4%2Fconf%2Fenp41s0%2Faccept_local HTTP/2.0" 200 20011 "-" "Mozilla/5.0 AppleWebKit/537.36 (KHTML, like Gecko; compatible; ClaudeBot/1.0; +claudebot@anthropic.com)"
65.108.235.243 - - [07/Jul/2026:16:23:45 +0200] "POST /wp-cron.php?doing_wp_cron=1783434225.4491729736328125000000 HTTP/1.1" 200 1 "-" "WordPress/7.0; https://cremona.elettroservicegroup.it"
216.73.216.138 - - [07/Jul/2026:16:23:44 +0200] "GET /=3D%22https:/blogerfrechloginfr.blogspot.com/'%20.%20admin_url('admin.php?rename=%2Fhome%2Fcosta4%2Fcremona.elettroservicegroup.it%2Fwp-content%2Fthemes%2Fgeneratepress%2Fstyle.css HTTP/2.0" 200 18589 "-" "Mozilla/5.0 AppleWebKit/537.36 (KHTML, like Gecko; compatible; ClaudeBot/1.0; +claudebot@anthropic.com)"
216.73.216.138 - - [07/Jul/2026:16:23:44 +0200] "GET /=3D%22https:/blogerfrechloginfr.blogspot.com/options-reading.php?file=%2Fhome%2Fcosta4%2Fcremona.elettroservicegroup.it%2Fwp-content%2Fplugins%2Fsafe-svg%2Fvendor%2Fcomposer HTTP/2.0" 200 18246 "-" "Mozilla/5.0 AppleWebKit/537.36 (KHTML, like Gecko; compatible; ClaudeBot/1.0; +claudebot@anthropic.com)"
217.113.194.87 - - [07/Jul/2026:16:23:46 +0200] "GET /post-10-2/?file=/home/costa4/cremona.elettroservicegroup.it/wp-content/themes/generatepress/inc/structure/featured-images.php HTTP/1.1" 200 92317 "-" "Mozilla/5.0 (compatible; Barkrowler/0.9; +https://babbar.tech/crawler)"
217.113.194.91 - - [07/Jul/2026:16:24:02 +0200] "GET /post-10-2/?edit=/home/costa4/cremona.elettroservicegroup.it/wp-content/themes/generatepress/inc/css-output.php HTTP/1.1" 200 190714 "-" "Mozilla/5.0 (compatible; Barkrowler/0.9; +https://babbar.tech/crawler)"
217.113.194.246 - - [07/Jul/2026:16:24:18 +0200] "GET /post-10-2/?edit=/home/costa4/cremona.elettroservicegroup.it/wp-content/themes/generatepress/inc/theme-functions.php HTTP/1.1" 200 137543 "-" "Mozilla/5.0 (compatible; Barkrowler/0.9; +https://babbar.tech/crawler)"
217.113.194.88 - - [07/Jul/2026:16:24:36 +0200] "GET /post-10-2/?edit=/home/costa4/cremona.elettroservicegroup.it/wp-content/themes/generatepress/inc/class-dashboard.php HTTP/1.1" 200 115036 "-" "Mozilla/5.0 (compatible; Barkrowler/0.9; +https://babbar.tech/crawler)"
65.108.235.243 - - [07/Jul/2026:16:24:53 +0200] "POST /wp-cron.php?doing_wp_cron=1783434293.7524549961090087890625 HTTP/1.1" 200 1 "-" "WordPress/7.0; https://cremona.elettroservicegroup.it"
217.113.194.89 - - [07/Jul/2026:16:24:53 +0200] "GET /post-10-2/?edit=/home/costa4/cremona.elettroservicegroup.it/wp-content/themes/generatepress/inc/structure/navigation.php HTTP/1.1" 200 129597 "-" "Mozilla/5.0 (compatible; Barkrowler/0.9; +https://babbar.tech/crawler)"
217.113.194.90 - - [07/Jul/2026:16:25:10 +0200] "GET /post-10-2/?rename=/home/costa4/cremona.elettroservicegroup.it/wp-content/themes/generatepress/inc/class-html-attributes.php HTTP/1.1" 200 105908 "-" "Mozilla/5.0 (compatible; Barkrowler/0.9; +https://babbar.tech/crawler)"
217.113.194.220 - - [07/Jul/2026:16:25:27 +0200] "GET /post-10-2/?rename=/home/costa4/cremona.elettroservicegroup.it/wp-content/themes/generatepress/inc/customizer/helpers.php HTTP/1.1" 200 105877 "-" "Mozilla/5.0 (compatible; Barkrowler/0.9; +https://babbar.tech/crawler)"
217.113.194.90 - - [07/Jul/2026:16:25:43 +0200] "GET /informativa-privacy/?file=/home/costa4/cremona.elettroservicegroup.it/wp-content/themes/generatepress/assets/js/menu.js HTTP/1.1" 200 88488 "-" "Mozilla/5.0 (compatible; Barkrowler/0.9; +https://babbar.tech/crawler)"
65.108.235.243 - - [07/Jul/2026:16:26:01 +0200] "POST /wp-cron.php?doing_wp_cron=1783434361.0376439094543457031250 HTTP/1.1" 200 1 "-" "WordPress/7.0; https://cremona.elettroservicegroup.it"
217.113.194.91 - - [07/Jul/2026:16:26:00 +0200] "GET /cookie-policy-ue/?edit=/home/costa4/cremona.elettroservicegroup.it/wp-content/themes/generatepress/inc/deprecated.php HTTP/1.1" 200 127603 "-" "Mozilla/5.0 (compatible; Barkrowler/0.9; +https://babbar.tech/crawler)"
217.113.194.87 - - [07/Jul/2026:16:26:16 +0200] "GET /cookie-policy-ue/?edit=/home/costa4/cremona.elettroservicegroup.it/wp-content/themes/generatepress/inc/customizer.php HTTP/1.1" 200 165277 "-" "Mozilla/5.0 (compatible; Barkrowler/0.9; +https://babbar.tech/crawler)"
216.73.216.138 - - [07/Jul/2026:16:26:16 +0200] "GET /=3D%22https:/blogerfrechloginfr.blogspot.com//%22%7B$edit_link%7D/%22?view=%2Fhome%2Fcosta4%2Fcremona.elettroservicegroup.it%2Fwp-content%2Fthemes%2Fgeneratepress%2Fsearchform.php HTTP/2.0" 200 504 "-" "Mozilla/5.0 AppleWebKit/537.36 (KHTML, like Gecko; compatible; ClaudeBot/1.0; +claudebot@anthropic.com)"
216.73.216.138 - - [07/Jul/2026:16:26:16 +0200] "GET /=3D%22https:/blogerfrechloginfr.blogspot.com/'+n.source1+'?edit=%2Fhome%2Fcosta4%2Fcremona.elettroservicegroup.it%2Fwp-content%2Fthemes%2Fgeneratepress%2Fheader-min.php HTTP/2.0" 200 1255 "-" "Mozilla/5.0 AppleWebKit/537.36 (KHTML, like Gecko; compatible; ClaudeBot/1.0; +claudebot@anthropic.com)"
216.73.216.138 - - [07/Jul/2026:16:26:16 +0200] "GET /=3D%22https:/blogerfrechloginfr.blogspot.com/%7B%7B%20data.attachment.image.src%20%7D%7D?file=%2Fhome%2Fcosta4%2Fcremona.elettroservicegroup.it%2Fwp-content%2Fthemes%2Fgeneratepress%2Fassets%2Fdist HTTP/2.0" 200 530 "-" "Mozilla/5.0 AppleWebKit/537.36 (KHTML, like Gecko; compatible; ClaudeBot/1.0; +claudebot@anthropic.com)"
216.73.216.138 - - [07/Jul/2026:16:26:16 +0200] "GET /=3D%22https:/blogerfrechloginfr.blogspot.com/%7B%7B%20data.attachment.sizes.medium.url%20%7D%7D?edit=%2Fhome%2Fcosta4%2Fcremona.elettroservicegroup.it%2Fwp-content%2Fthemes%2Fgeneratepress%2Fno-results.php HTTP/2.0" 200 1603 "-" "Mozilla/5.0 AppleWebKit/537.36 (KHTML, like Gecko; compatible; ClaudeBot/1.0; +claudebot@anthropic.com)"
216.73.216.138 - - [07/Jul/2026:16:26:16 +0200] "GET /=3D%22https:/blogerfrechloginfr.blogspot.com/%7B$link%7D?rename=%2Fhome%2Fcosta4%2Fcremona.elettroservicegroup.it%2Fwp-content%2Fthemes%2Fgeneratepress%2Ffooter.php HTTP/2.0" 200 890 "-" "Mozilla/5.0 AppleWebKit/537.36 (KHTML, like Gecko; compatible; ClaudeBot/1.0; +claudebot@anthropic.com)"
216.73.216.138 - - [07/Jul/2026:16:26:16 +0200] "GET /=3D%22https:/blogerfrechloginfr.blogspot.com/edit-comments.php?edit=%2Fhome%2Fcosta4%2Fbrescia.elettroservicegroup.it%2Fwp-admin%2Fimages%2Falign-right-2x.png HTTP/2.0" 200 18792 "-" "Mozilla/5.0 AppleWebKit/537.36 (KHTML, like Gecko; compatible; ClaudeBot/1.0; +claudebot@anthropic.com)"
216.73.216.138 - - [07/Jul/2026:16:26:16 +0200] "GET /=3D%22https:/blogerfrechloginfr.blogspot.com/edit-comments.php?file=%2Fhome%2Fcosta4%2Fmantova.elettroservicegroup.it%2Fwp-includes%2Fjs%2Fimgareaselect%2Fjquery.imgareaselect.js HTTP/2.0" 200 17817 "-" "Mozilla/5.0 AppleWebKit/537.36 (KHTML, like Gecko; compatible; ClaudeBot/1.0; +claudebot@anthropic.com)"
216.73.216.138 - - [07/Jul/2026:16:26:17 +0200] "GET /=3D%22https:/blogerfrechloginfr.blogspot.com/'+n.source1+'?file=%2Fhome%2Fcosta4%2Fcremona.elettroservicegroup.it%2Fwp-content%2Fthemes%2Fgeneratepress%2Fsingle.php HTTP/2.0" 200 225 "-" "Mozilla/5.0 AppleWebKit/537.36 (KHTML, like Gecko; compatible; ClaudeBot/1.0; +claudebot@anthropic.com)"
216.73.216.138 - - [07/Jul/2026:16:26:17 +0200] "GET /=3D%22https:/blogerfrechloginfr.blogspot.com/edit-comments.php?rename=%2Fhome%2Fcosta4%2Fwww%2Fwp-admin%2Fimages%2Ficons32-vs.png HTTP/2.0" 200 18588 "-" "Mozilla/5.0 AppleWebKit/537.36 (KHTML, like Gecko; compatible; ClaudeBot/1.0; +claudebot@anthropic.com)"
216.73.216.138 - - [07/Jul/2026:16:26:16 +0200] "GET /?rename=%2Fproc%2Firq%2F69%2Fsmp_affinity_list HTTP/2.0" 200 20801 "-" "Mozilla/5.0 AppleWebKit/537.36 (KHTML, like Gecko; compatible; ClaudeBot/1.0; +claudebot@anthropic.com)"
216.73.216.138 - - [07/Jul/2026:16:26:17 +0200] "GET /=3D%22https:/blogerfrechloginfr.blogspot.com/edit-comments.php?rename=%2Fhome%2Fcosta4%2Fvicenza.elettroservicegroup.it%2Fwp-content%2Fplugins%2Fwpfront-notification-bar%2Flicense.txt HTTP/2.0" 200 18584 "-" "Mozilla/5.0 AppleWebKit/537.36 (KHTML, like Gecko; compatible; ClaudeBot/1.0; +claudebot@anthropic.com)"
216.73.216.138 - - [07/Jul/2026:16:26:17 +0200] "GET /=3D%22https:/blogerfrechloginfr.blogspot.com/edit-comments.php?file=%2Fhome%2Fcosta4%2Fvicenza.elettroservicegroup.it%2Fwp-content%2Fuploads%2Fcomplianz%2Fcmp%2Fvendorlist HTTP/2.0" 200 18668 "-" "Mozilla/5.0 AppleWebKit/537.36 (KHTML, like Gecko; compatible; ClaudeBot/1.0; +claudebot@anthropic.com)"
217.113.194.89 - - [07/Jul/2026:16:26:31 +0200] "GET /cookie-policy-ue/?edit=/home/costa4/cremona.elettroservicegroup.it/wp-content/themes/generatepress/inc/class-css.php HTTP/1.1" 200 107638 "-" "Mozilla/5.0 (compatible; Barkrowler/0.9; +https://babbar.tech/crawler)"
216.73.216.138 - - [07/Jul/2026:16:26:36 +0200] "GET /%7Bsitemap:loc%7D?edit=%2Fhome%2Fcosta4%2Fcremona.elettroservicegroup.it%2Fwp-admin%2Frevision.php HTTP/2.0" 200 2927 "-" "Mozilla/5.0 AppleWebKit/537.36 (KHTML, like Gecko; compatible; ClaudeBot/1.0; +claudebot@anthropic.com)"
216.73.216.138 - - [07/Jul/2026:16:26:36 +0200] "GET /=3D%22https:/blogerfrechloginfr.blogspot.com/'+n.source1+'?edit=%2Fhome%2Fcosta4%2Fcremona.elettroservicegroup.it%2Fwp-content%2Fthemes%2Fgeneratepress%2Fsidebar.php HTTP/2.0" 200 1193 "-" "Mozilla/5.0 AppleWebKit/537.36 (KHTML, like Gecko; compatible; ClaudeBot/1.0; +claudebot@anthropic.com)"
216.73.216.138 - - [07/Jul/2026:16:26:36 +0200] "GET /3D%22https:/go.eu.sparkpostmail2.com/q/js/$sub_item_url?file=%2Fhome%2Fcosta4%2Fcremona.elettroservicegroup.it%2Fwp-content%2Fthemes%2Fgeneratepress HTTP/2.0" 200 18505 "-" "Mozilla/5.0 AppleWebKit/537.36 (KHTML, like Gecko; compatible; ClaudeBot/1.0; +claudebot@anthropic.com)"
216.73.216.138 - - [07/Jul/2026:16:26:36 +0200] "GET /?file=%2Fopt%2Fcpanel%2Fea-brotli HTTP/2.0" 200 20052 "-" "Mozilla/5.0 AppleWebKit/537.36 (KHTML, like Gecko; compatible; ClaudeBot/1.0; +claudebot@anthropic.com)"
216.73.216.138 - - [07/Jul/2026:16:26:37 +0200] "GET /3D%22https:/www.aruba.it/getdoc/%7Bsitemap:loc%7D?view=%2Fhome%2Fcosta4%2Fbrescia.elettroservicegroup.it%2Fwp-content%2Fplugins%2Fwordfence%2Flanguages%2Fwordfence.pot HTTP/2.0" 200 72703 "-" "Mozilla/5.0 AppleWebKit/537.36 (KHTML, like Gecko; compatible; ClaudeBot/1.0; +claudebot@anthropic.com)"
216.73.216.138 - - [07/Jul/2026:16:26:36 +0200] "GET /3D%22https:/track.mdrctr.com/track/open/admin.php?edit=%2Fhome%2Fcosta4%2Fcremona.elettroservicegroup.it%2Fwp-content%2Fuploads%2F2021%2F10%2Famana-768x361.jpg HTTP/2.0" 200 31002 "-" "Mozilla/5.0 AppleWebKit/537.36 (KHTML, like Gecko; compatible; ClaudeBot/1.0; +claudebot@anthropic.com)"
216.73.216.138 - - [07/Jul/2026:16:26:37 +0200] "GET /=3D%22https:/blogerfrechloginfr.blogspot.com/edit-comments.php?view=%2Fhome%2Fcosta4%2Fpublic_html%2Fwp-includes%2Fimages%2Fsmilies%2Ficon_lol.gif HTTP/2.0" 200 258 "-" "Mozilla/5.0 AppleWebKit/537.36 (KHTML, like Gecko; compatible; ClaudeBot/1.0; +claudebot@anthropic.com)"
216.73.216.138 - - [07/Jul/2026:16:26:37 +0200] "GET /3D%22https:/hosting.aruba.it/en/wp-admin/%7Bsitemap:loc%7D?file=%2Fhome%2Fcosta4%2Fcremona.elettroservicegroup.it%2Fwp-includes%2Fblocks%2Faccordion-item HTTP/2.0" 200 419 "-" "Mozilla/5.0 AppleWebKit/537.36 (KHTML, like Gecko; compatible; ClaudeBot/1.0; +claudebot@anthropic.com)"
216.73.216.138 - - [07/Jul/2026:16:26:37 +0200] "GET /=3D%22https:/blogerfrechloginfr.blogspot.com/edit-comments.php?edit=%2Fhome%2Fcosta4%2Flogs%2Fvicenza.elettroservicegroup.it-ssl_log-Jun-2026.gz HTTP/2.0" 200 18499 "-" "Mozilla/5.0 AppleWebKit/537.36 (KHTML, like Gecko; compatible; ClaudeBot/1.0; +claudebot@anthropic.com)"
216.73.216.138 - - [07/Jul/2026:16:26:37 +0200] "GET /3D%22https:/%7Bsitemap:loc%7D?edit=%2Fhome%2Fcosta4%2Fverona.elettroservicegroup.it%2Fwp-content%2Fuploads%2F2022%2F01%2FLAVATRICE-5-150x150.webp HTTP/2.0" 200 5518 "-" "Mozilla/5.0 AppleWebKit/537.36 (KHTML, like Gecko; compatible; ClaudeBot/1.0; +claudebot@anthropic.com)"
216.73.216.138 - - [07/Jul/2026:16:26:37 +0200] "GET /=3D%22https:/blogerfrechloginfr.blogspot.com/admin.php?edit=%2Fhome%2Fcosta4%2Ftmp%2Fanalog%2Fssl%2Freggio-emilia.elettroservicegroup.it%2Freq.png HTTP/2.0" 200 22088 "-" "Mozilla/5.0 AppleWebKit/537.36 (KHTML, like Gecko; compatible; ClaudeBot/1.0; +claudebot@anthropic.com)"
