217.113.194.90 - - [07/Jul/2026:17:18:58 +0200] "GET /assistenza-lavastoviglie-cremona/?view=/home/costa4/cremona.elettroservicegroup.it/wp-content/themes/generatepress/assets/css/mobile.min.css HTTP/1.1" 200 3781 "-" "Mozilla/5.0 (compatible; Barkrowler/0.9; +https://babbar.tech/crawler)"
65.108.235.243 - - [07/Jul/2026:17:19:15 +0200] "POST /wp-cron.php?doing_wp_cron=1783437555.6347360610961914062500 HTTP/1.1" 200 1 "-" "WordPress/7.0; https://cremona.elettroservicegroup.it"
217.113.194.91 - - [07/Jul/2026:17:19:13 +0200] "GET /assistenza-lavastoviglie-cremona/?edit=/home/costa4/cremona.elettroservicegroup.it/wp-content/themes/generatepress/assets/css/main.css HTTP/1.1" 200 131607 "-" "Mozilla/5.0 (compatible; Barkrowler/0.9; +https://babbar.tech/crawler)"
217.113.194.90 - - [07/Jul/2026:17:19:31 +0200] "GET /assistenza-lavastoviglie-cremona/?rename=/home/costa4/cremona.elettroservicegroup.it/wp-content/languages/admin-network-it_IT.l10n.php HTTP/1.1" 200 102082 "-" "Mozilla/5.0 (compatible; Barkrowler/0.9; +https://babbar.tech/crawler)"
216.73.216.138 - - [07/Jul/2026:17:19:43 +0200] "GET /wp-content/uploads/2021/10/sfondo-aeg.jpg HTTP/2.0" 200 57295 "-" "Mozilla/5.0 AppleWebKit/537.36 (KHTML, like Gecko; compatible; ClaudeBot/1.0; +claudebot@anthropic.com)"
216.73.216.138 - - [07/Jul/2026:17:19:43 +0200] "GET /=3D%22https:/blogerfrechloginfr.blogspot.com/'%20.%20$script_src%20.%20'?edit=%2Fhome%2Fcosta4%2Fcremona.elettroservicegroup.it%2Fwp-content%2Fthemes%2Fgeneratepress%2Fpage.php HTTP/2.0" 200 1361 "-" "Mozilla/5.0 AppleWebKit/537.36 (KHTML, like Gecko; compatible; ClaudeBot/1.0; +claudebot@anthropic.com)"
216.73.216.138 - - [07/Jul/2026:17:19:43 +0200] "GET /=3D%22https:/blogerfrechloginfr.blogspot.com//%22mailto:mail@fruitfulcode.com?rename=%2Fhome%2Fcosta4%2Fpiacenza.elettroservicegroup.it%2Fwp-content%2Fuploads%2F2021%2F10%2FRICAMBI-LAVATRICE.webp HTTP/2.0" 200 925 "-" "Mozilla/5.0 AppleWebKit/537.36 (KHTML, like Gecko; compatible; ClaudeBot/1.0; +claudebot@anthropic.com)"
216.73.216.138 - - [07/Jul/2026:17:19:43 +0200] "GET /?rename=%2Fproc%2Firq%2F77%2Faffinity_hint HTTP/2.0" 200 20782 "-" "Mozilla/5.0 AppleWebKit/537.36 (KHTML, like Gecko; compatible; ClaudeBot/1.0; +claudebot@anthropic.com)"
216.73.216.138 - - [07/Jul/2026:17:19:43 +0200] "GET /?edit=%2Fproc%2Fsys%2Fnet%2Fipv4%2Ftcp_min_tso_segs HTTP/2.0" 200 20792 "-" "Mozilla/5.0 AppleWebKit/537.36 (KHTML, like Gecko; compatible; ClaudeBot/1.0; +claudebot@anthropic.com)"
216.73.216.138 - - [07/Jul/2026:17:19:43 +0200] "GET /?file=%2Flib%2Fudev%2Fhwdb.d%2F70-pda.hwdb HTTP/2.0" 200 19982 "-" "Mozilla/5.0 AppleWebKit/537.36 (KHTML, like Gecko; compatible; ClaudeBot/1.0; +claudebot@anthropic.com)"
216.73.216.138 - - [07/Jul/2026:17:19:43 +0200] "GET /=3D%22https:/blogerfrechloginfr.blogspot.com/admin.php?edit=%2Fhome%2Fcosta4%2Fpublic_html%2Fwp-content%2Fuploads%2F2018%2F02%2FTeam-3-300x200.jpg HTTP/2.0" 200 25647 "-" "Mozilla/5.0 AppleWebKit/537.36 (KHTML, like Gecko; compatible; ClaudeBot/1.0; +claudebot@anthropic.com)"
216.73.216.138 - - [07/Jul/2026:17:19:44 +0200] "GET /=3D%22https:/blogerfrechloginfr.blogspot.com/admin.php?edit=%2Fhome%2Fcosta4%2Fpublic_html%2Fwp-content%2Fuploads%2F2018%2F02%2Fpost-8-300x200.jpg HTTP/2.0" 200 27753 "-" "Mozilla/5.0 AppleWebKit/537.36 (KHTML, like Gecko; compatible; ClaudeBot/1.0; +claudebot@anthropic.com)"
65.108.235.243 - - [07/Jul/2026:17:19:48 +0200] "POST /wp-cron.php?doing_wp_cron=1783437588.6291239261627197265625 HTTP/1.1" 200 1 "-" "WordPress/7.0; https://cremona.elettroservicegroup.it"
217.113.194.246 - - [07/Jul/2026:17:19:47 +0200] "GET /assistenza-frigoriferi-cremona/?rename=/home/costa4/cremona.elettroservicegroup.it/wp-content/themes/generatepress/assets/js/dropdown-click.min.js HTTP/1.1" 200 102070 "-" "Mozilla/5.0 (compatible; Barkrowler/0.9; +https://babbar.tech/crawler)"
217.113.194.86 - - [07/Jul/2026:17:20:04 +0200] "GET /assistenza-frigoriferi-cremona/?view=/home/costa4/cremona.elettroservicegroup.it/wp-content/themes/generatepress/assets/fonts/generatepress.woff2 HTTP/1.1" 200 1264 "-" "Mozilla/5.0 (compatible; Barkrowler/0.9; +https://babbar.tech/crawler)"
217.113.194.89 - - [07/Jul/2026:17:20:21 +0200] "GET /assistenza-frigoriferi-cremona/?edit=/home/costa4/cremona.elettroservicegroup.it/wp-content/themes/generatepress/assets/js/back-to-top.js HTTP/1.1" 200 104002 "-" "Mozilla/5.0 (compatible; Barkrowler/0.9; +https://babbar.tech/crawler)"
217.113.194.90 - - [07/Jul/2026:17:20:40 +0200] "GET /assistenza-lavastoviglie-cremona/?file=/home/costa4/cremona.elettroservicegroup.it/wp-content/themes/generatepress/inc/class-theme-update.php HTTP/1.1" 200 88480 "-" "Mozilla/5.0 (compatible; Barkrowler/0.9; +https://babbar.tech/crawler)"
216.73.216.138 - - [07/Jul/2026:17:20:53 +0200] "GET /?view=%2Fproc%2Fsys%2Fnet%2Fipv4%2Ftcp_no_ssthresh_metrics_save HTTP/2.0" 200 6 "-" "Mozilla/5.0 AppleWebKit/537.36 (KHTML, like Gecko; compatible; ClaudeBot/1.0; +claudebot@anthropic.com)"
65.108.235.243 - - [07/Jul/2026:17:20:53 +0200] "POST /wp-cron.php?doing_wp_cron=1783437653.7202370166778564453125 HTTP/1.1" 200 1 "-" "WordPress/7.0; https://cremona.elettroservicegroup.it"
216.73.216.138 - - [07/Jul/2026:17:20:53 +0200] "GET /=3D%22https:/blogerfrechloginfr.blogspot.com/%7B$link%7D?edit=%2Fhome%2Fcosta4%2Fcremona.elettroservicegroup.it%2Fwp-content%2Fthemes%2Fgeneratepress%2Ffooter-min.php HTTP/2.0" 200 1087 "-" "Mozilla/5.0 AppleWebKit/537.36 (KHTML, like Gecko; compatible; ClaudeBot/1.0; +claudebot@anthropic.com)"
216.73.216.138 - - [07/Jul/2026:17:20:53 +0200] "GET /=3D%22https:/blogerfrechloginfr.blogspot.com/link-manager.php?edit=%2Fhome%2Fcosta4%2Fcremona.elettroservicegroup.it%2Fwp-content%2Flanguages%2Fcontinents-cities-it_IT.po HTTP/2.0" 200 26010 "-" "Mozilla/5.0 AppleWebKit/537.36 (KHTML, like Gecko; compatible; ClaudeBot/1.0; +claudebot@anthropic.com)"
216.73.216.138 - - [07/Jul/2026:17:20:53 +0200] "GET /?rename=%2Fproc%2Fsys%2Fnet%2Fipv6%2Froute%2Fgc_min_interval HTTP/2.0" 200 20787 "-" "Mozilla/5.0 AppleWebKit/537.36 (KHTML, like Gecko; compatible; ClaudeBot/1.0; +claudebot@anthropic.com)"
216.73.216.138 - - [07/Jul/2026:17:20:53 +0200] "GET /?rename=%2Fproc%2Firq%2F82%2Fsmp_affinity_list HTTP/2.0" 200 20786 "-" "Mozilla/5.0 AppleWebKit/537.36 (KHTML, like Gecko; compatible; ClaudeBot/1.0; +claudebot@anthropic.com)"
65.108.235.243 - - [07/Jul/2026:17:20:54 +0200] "POST /wp-cron.php?doing_wp_cron=1783437654.0268509387969970703125 HTTP/1.1" 200 1 "-" "WordPress/7.0; https://cremona.elettroservicegroup.it"
216.73.216.138 - - [07/Jul/2026:17:20:53 +0200] "GET /=3D%22https:/blogerfrechloginfr.blogspot.com/edit-comments.php?file=%2Fhome%2Fcosta4%2Fwww%2Fwp-admin%2Fimages%2Fmedia-button-music.gif HTTP/2.0" 200 17806 "-" "Mozilla/5.0 AppleWebKit/537.36 (KHTML, like Gecko; compatible; ClaudeBot/1.0; +claudebot@anthropic.com)"
217.113.194.88 - - [07/Jul/2026:17:20:56 +0200] "GET /assistenza-lavastoviglie-cremona/?file=/home/costa4/cremona.elettroservicegroup.it/wp-content/languages/admin-it_IT.l10n.php HTTP/1.1" 200 88448 "-" "Mozilla/5.0 (compatible; Barkrowler/0.9; +https://babbar.tech/crawler)"
217.113.194.83 - - [07/Jul/2026:17:21:13 +0200] "GET /assistenza-lavastoviglie-cremona/?edit=/home/costa4/cremona.elettroservicegroup.it/wp-content/languages/admin-network-it_IT.po HTTP/1.1" 200 178910 "-" "Mozilla/5.0 (compatible; Barkrowler/0.9; +https://babbar.tech/crawler)"
217.113.194.91 - - [07/Jul/2026:17:21:31 +0200] "GET /assistenza-frigoriferi-cremona/?file=/home/costa4/cremona.elettroservicegroup.it/wp-content/themes/generatepress/assets/css/style-rtl.css HTTP/1.1" 200 88473 "-" "Mozilla/5.0 (compatible; Barkrowler/0.9; +https://babbar.tech/crawler)"
217.113.194.91 - - [07/Jul/2026:17:21:48 +0200] "GET /assistenza-frigoriferi-cremona/?rename=/home/costa4/cremona.elettroservicegroup.it/wp-content/themes/generatepress/assets/css/main-rtl.min.css HTTP/1.1" 200 102056 "-" "Mozilla/5.0 (compatible; Barkrowler/0.9; +https://babbar.tech/crawler)"
217.113.194.220 - - [07/Jul/2026:17:22:05 +0200] "GET /assistenza-frigoriferi-cremona/?view=/home/costa4/cremona.elettroservicegroup.it/wp-content/themes/generatepress/assets/css/main-rtl.min.css HTTP/1.1" 200 2892 "-" "Mozilla/5.0 (compatible; Barkrowler/0.9; +https://babbar.tech/crawler)"
65.108.235.243 - - [07/Jul/2026:17:22:21 +0200] "POST /wp-cron.php?doing_wp_cron=1783437741.0944919586181640625000 HTTP/1.1" 200 1 "-" "WordPress/7.0; https://cremona.elettroservicegroup.it"
217.113.194.88 - - [07/Jul/2026:17:22:20 +0200] "GET /assistenza-frigoriferi-cremona/?edit=/home/costa4/cremona.elettroservicegroup.it/wp-content/themes/generatepress/assets/js/dropdown-click.js HTTP/1.1" 200 108818 "-" "Mozilla/5.0 (compatible; Barkrowler/0.9; +https://babbar.tech/crawler)"
217.113.194.82 - - [07/Jul/2026:17:22:36 +0200] "GET /post-10-2/?rename=/home/costa4/cremona.elettroservicegroup.it/wp-content/themes/generatepress/inc/customizer/controls/css/upsell-customizer.css HTTP/1.1" 200 105831 "-" "Mozilla/5.0 (compatible; Barkrowler/0.9; +https://babbar.tech/crawler)"
217.113.194.84 - - [07/Jul/2026:17:22:53 +0200] "GET /assistenza-lavastoviglie-cremona/?view=/home/costa4/cremona.elettroservicegroup.it/wp-content/languages/continents-cities-it_IT.l10n.php HTTP/1.1" 200 11834 "-" "Mozilla/5.0 (compatible; Barkrowler/0.9; +https://babbar.tech/crawler)"
65.108.235.243 - - [07/Jul/2026:17:23:09 +0200] "POST /wp-cron.php?doing_wp_cron=1783437789.7540850639343261718750 HTTP/1.1" 200 1 "-" "WordPress/7.0; https://cremona.elettroservicegroup.it"
217.113.194.88 - - [07/Jul/2026:17:23:09 +0200] "GET /assistenza-lavastoviglie-cremona/?edit=/home/costa4/cremona.elettroservicegroup.it/wp-content/themes/generatepress/assets/css/style.min.css HTTP/1.1" 200 124169 "-" "Mozilla/5.0 (compatible; Barkrowler/0.9; +https://babbar.tech/crawler)"
217.113.194.219 - - [07/Jul/2026:17:23:25 +0200] "GET /assistenza-lavastoviglie-cremona/?rename=/home/costa4/cremona.elettroservicegroup.it/wp-content/themes/generatepress/inc/class-typography-migration.php HTTP/1.1" 200 102103 "-" "Mozilla/5.0 (compatible; Barkrowler/0.9; +https://babbar.tech/crawler)"
65.108.235.243 - - [07/Jul/2026:17:23:41 +0200] "POST /wp-cron.php?doing_wp_cron=1783437821.7485189437866210937500 HTTP/1.1" 200 1 "-" "WordPress/7.0; https://cremona.elettroservicegroup.it"
217.113.194.82 - - [07/Jul/2026:17:23:41 +0200] "GET /assistenza-frigoriferi-cremona/?file=/home/costa4/cremona.elettroservicegroup.it/wp-content/themes/generatepress/assets/js/navigation-search.js HTTP/1.1" 200 88478 "-" "Mozilla/5.0 (compatible; Barkrowler/0.9; +https://babbar.tech/crawler)"
217.113.194.91 - - [07/Jul/2026:17:23:57 +0200] "GET /assistenza-frigoriferi-cremona/?view=/home/costa4/cremona.elettroservicegroup.it/wp-content/themes/generatepress/assets/fonts/fontawesome-webfont.svg HTTP/1.1" 200 444379 "-" "Mozilla/5.0 (compatible; Barkrowler/0.9; +https://babbar.tech/crawler)"
65.108.235.243 - - [07/Jul/2026:17:24:17 +0200] "POST /wp-cron.php?doing_wp_cron=1783437857.1356298923492431640625 HTTP/1.1" 200 1 "-" "WordPress/7.0; https://cremona.elettroservicegroup.it"
217.113.194.246 - - [07/Jul/2026:17:24:16 +0200] "GET /post-10-2/?edit=/home/costa4/cremona.elettroservicegroup.it/wp-content/themes/generatepress/inc/customizer/controls/css/selectWoo.min.css HTTP/1.1" 200 121206 "-" "Mozilla/5.0 (compatible; Barkrowler/0.9; +https://babbar.tech/crawler)"
217.113.194.87 - - [07/Jul/2026:17:24:33 +0200] "GET /assistenza-lavastoviglie-cremona/?file=/home/costa4/cremona.elettroservicegroup.it/wp-content/languages/admin-network-it_IT.l10n.php HTTP/1.1" 200 88456 "-" "Mozilla/5.0 (compatible; Barkrowler/0.9; +https://babbar.tech/crawler)"
65.108.235.243 - - [07/Jul/2026:17:24:56 +0200] "POST /wp-cron.php?doing_wp_cron=1783437896.0303230285644531250000 HTTP/1.1" 200 1 "-" "WordPress/7.0; https://cremona.elettroservicegroup.it"
217.113.194.219 - - [07/Jul/2026:17:24:54 +0200] "GET /assistenza-lavastoviglie-cremona/?edit=/home/costa4/cremona.elettroservicegroup.it/wp-content/themes/generatepress/assets/css/main-rtl.css HTTP/1.1" 200 105400 "-" "Mozilla/5.0 (compatible; Barkrowler/0.9; +https://babbar.tech/crawler)"
217.113.194.220 - - [07/Jul/2026:17:25:12 +0200] "GET /assistenza-lavastoviglie-cremona/?rename=/home/costa4/cremona.elettroservicegroup.it/wp-content/themes/generatepress/assets/css/style-rtl.min.css HTTP/1.1" 200 102071 "-" "Mozilla/5.0 (compatible; Barkrowler/0.9; +https://babbar.tech/crawler)"
216.73.216.138 - - [07/Jul/2026:17:25:15 +0200] "GET /?view=%2Fproc%2Fsys%2Fnet%2Fipv4%2Fconf%2Fenp41s0%2Fdisable_policy HTTP/2.0" 200 6 "-" "Mozilla/5.0 AppleWebKit/537.36 (KHTML, like Gecko; compatible; ClaudeBot/1.0; +claudebot@anthropic.com)"
216.73.216.138 - - [07/Jul/2026:17:25:15 +0200] "GET /?view=%2Fproc%2Fsys%2Fnet%2Fipv4%2Fconf%2Fenp41s0%2Fshared_media HTTP/2.0" 200 6 "-" "Mozilla/5.0 AppleWebKit/537.36 (KHTML, like Gecko; compatible; ClaudeBot/1.0; +claudebot@anthropic.com)"
216.73.216.138 - - [07/Jul/2026:17:25:16 +0200] "GET /=3D%22https:/blogerfrechloginfr.blogspot.com/link-manager.php?view=%2Fhome%2Fcosta4%2Fcremona.elettroservicegroup.it%2Fwp-content%2Fthemes%2Fgeneratepress%2Fassets%2Fjs%2Fmenu.min.js HTTP/2.0" 200 1688 "-" "Mozilla/5.0 AppleWebKit/537.36 (KHTML, like Gecko; compatible; ClaudeBot/1.0; +claudebot@anthropic.com)"
216.73.216.138 - - [07/Jul/2026:17:25:16 +0200] "GET /=3D%22https:/blogerfrechloginfr.blogspot.com/%7B$wp_registered_widgets[$widget_id][?rename=%2Fhome%2Fcosta4%2Fcremona.elettroservicegroup.it%2Fwp-content%2Fthemes%2Fgeneratepress%2Fassets%2Fjs%2Fmenu.js HTTP/2.0" 200 18580 "-" "Mozilla/5.0 AppleWebKit/537.36 (KHTML, like Gecko; compatible; ClaudeBot/1.0; +claudebot@anthropic.com)"
216.73.216.138 - - [07/Jul/2026:17:25:16 +0200] "GET /=3D%22https:/blogerfrechloginfr.blogspot.com/themes.php?rename=%2Fhome%2Fcosta4%2Fcremona.elettroservicegroup.it%2Fwp-content%2Flanguages%2Fplugins%2Fcookie-law-info-it_IT.mo HTTP/2.0" 200 18574 "-" "Mozilla/5.0 AppleWebKit/537.36 (KHTML, like Gecko; compatible; ClaudeBot/1.0; +claudebot@anthropic.com)"
217.113.194.86 - - [07/Jul/2026:17:25:29 +0200] "GET /assistenza-frigoriferi-cremona/?edit=/home/costa4/cremona.elettroservicegroup.it/wp-content/themes/generatepress/assets/css/unsemantic-grid.css HTTP/1.1" 200 120610 "-" "Mozilla/5.0 (compatible; Barkrowler/0.9; +https://babbar.tech/crawler)"
65.108.235.243 - - [07/Jul/2026:17:25:48 +0200] "POST /wp-cron.php?doing_wp_cron=1783437948.8352119922637939453125 HTTP/1.1" 200 1 "-" "WordPress/7.0; https://cremona.elettroservicegroup.it"
217.113.194.219 - - [07/Jul/2026:17:25:47 +0200] "GET /assistenza-lavastoviglie-cremona/?file=/home/costa4/cremona.elettroservicegroup.it/wp-content/themes/generatepress/assets/css/style-rtl.css HTTP/1.1" 200 88485 "-" "Mozilla/5.0 (compatible; Barkrowler/0.9; +https://babbar.tech/crawler)"
217.113.194.246 - - [07/Jul/2026:17:26:04 +0200] "GET /assistenza-frigoriferi-cremona/?file=/home/costa4/cremona.elettroservicegroup.it/wp-content/themes/generatepress/assets/fonts/generatepress.woff2 HTTP/1.1" 200 88483 "-" "Mozilla/5.0 (compatible; Barkrowler/0.9; +https://babbar.tech/crawler)"
217.113.194.90 - - [07/Jul/2026:17:26:21 +0200] "GET /assistenza-frigoriferi-cremona/?view=/home/costa4/cremona.elettroservicegroup.it/wp-content/themes/generatepress/assets/fonts/fontawesome-webfont.ttf HTTP/1.1" 200 165548 "-" "Mozilla/5.0 (compatible; Barkrowler/0.9; +https://babbar.tech/crawler)"
217.113.194.90 - - [07/Jul/2026:17:26:37 +0200] "GET /assistenza-frigoriferi-cremona/?edit=/home/costa4/cremona.elettroservicegroup.it/wp-content/themes/generatepress/assets/js/navigation-search.min.js HTTP/1.1" 200 104698 "-" "Mozilla/5.0 (compatible; Barkrowler/0.9; +https://babbar.tech/crawler)"
216.73.216.138 - - [07/Jul/2026:17:26:47 +0200] "GET /?view=%2Fproc%2Fsys%2Fnet%2Fipv4%2Fconf%2Fenp41s0%2Farp_filter HTTP/2.0" 200 6 "-" "Mozilla/5.0 AppleWebKit/537.36 (KHTML, like Gecko; compatible; ClaudeBot/1.0; +claudebot@anthropic.com)"
65.108.235.243 - - [07/Jul/2026:17:26:55 +0200] "POST /wp-cron.php?doing_wp_cron=1783438015.9256498813629150390625 HTTP/1.1" 200 1 "-" "WordPress/7.0; https://cremona.elettroservicegroup.it"
217.113.194.87 - - [07/Jul/2026:17:26:54 +0200] "GET /assistenza-frigoriferi-cremona/?file=/home/costa4/cremona.elettroservicegroup.it/wp-content/themes/generatepress/assets/fonts/FontAwesome.otf HTTP/1.1" 200 88479 "-" "Mozilla/5.0 (compatible; Barkrowler/0.9; +https://babbar.tech/crawler)"
217.113.194.219 - - [07/Jul/2026:17:27:11 +0200] "GET /assistenza-frigoriferi-cremona/?edit=/home/costa4/cremona.elettroservicegroup.it/wp-content/themes/generatepress/assets/fonts/fontawesome-webfont.svg HTTP/1.1" 200 579623 "-" "Mozilla/5.0 (compatible; Barkrowler/0.9; +https://babbar.tech/crawler)"
217.113.194.90 - - [07/Jul/2026:17:27:29 +0200] "GET /assistenza-lavastoviglie-cremona/?edit=/home/costa4/cremona.elettroservicegroup.it/wp-content/themes/generatepress/assets/css/style-rtl.min.css HTTP/1.1" 200 104751 "-" "Mozilla/5.0 (compatible; Barkrowler/0.9; +https://babbar.tech/crawler)"
65.108.235.243 - - [07/Jul/2026:17:27:52 +0200] "POST /wp-cron.php?doing_wp_cron=1783438072.5221800804138183593750 HTTP/1.1" 200 1 "-" "WordPress/7.0; https://cremona.elettroservicegroup.it"
217.113.194.87 - - [07/Jul/2026:17:27:51 +0200] "GET /assistenza-frigoriferi-cremona/?file=/home/costa4/cremona.elettroservicegroup.it/wp-content/themes/generatepress/assets/fonts/fontawesome-webfont.eot HTTP/1.1" 200 88487 "-" "Mozilla/5.0 (compatible; Barkrowler/0.9; +https://babbar.tech/crawler)"
217.113.194.83 - - [07/Jul/2026:17:28:09 +0200] "GET /assistenza-lavastoviglie-cremona/?file=/home/costa4/cremona.elettroservicegroup.it/wp-content/themes/generatepress/assets/css/unsemantic-grid.min.css HTTP/1.1" 200 88495 "-" "Mozilla/5.0 (compatible; Barkrowler/0.9; +https://babbar.tech/crawler)"
65.108.235.243 - - [07/Jul/2026:17:28:29 +0200] "POST /wp-cron.php?doing_wp_cron=1783438109.0222980976104736328125 HTTP/1.1" 200 1 "-" "WordPress/7.0; https://cremona.elettroservicegroup.it"
217.113.194.91 - - [07/Jul/2026:17:28:28 +0200] "GET /assistenza-lavastoviglie-cremona/?rename=/home/costa4/cremona.elettroservicegroup.it/wp-content/languages/it_IT-7e88418f8c879966422e72224333672a.json HTTP/1.1" 200 102127 "-" "Mozilla/5.0 (compatible; Barkrowler/0.9; +https://babbar.tech/crawler)"
217.113.194.220 - - [07/Jul/2026:17:28:46 +0200] "GET /assistenza-lavastoviglie-cremona/?view=/home/costa4/cremona.elettroservicegroup.it/wp-content/languages/it_IT-daeb084aab42199d26393a56c3465bc0.json HTTP/1.1" 200 9196 "-" "Mozilla/5.0 (compatible; Barkrowler/0.9; +https://babbar.tech/crawler)"
65.108.235.243 - - [07/Jul/2026:17:29:02 +0200] "POST /wp-cron.php?doing_wp_cron=1783438142.4419260025024414062500 HTTP/1.1" 200 1 "-" "WordPress/7.0; https://cremona.elettroservicegroup.it"
217.113.194.85 - - [07/Jul/2026:17:29:01 +0200] "GET /assistenza-lavastoviglie-cremona/?rename=/home/costa4/cremona.elettroservicegroup.it/wp-content/languages/it_IT-daeb084aab42199d26393a56c3465bc0.json HTTP/1.1" 200 102127 "-" "Mozilla/5.0 (compatible; Barkrowler/0.9; +https://babbar.tech/crawler)"
217.113.194.87 - - [07/Jul/2026:17:29:17 +0200] "GET /assistenza-lavastoviglie-cremona/?view=/home/costa4/cremona.elettroservicegroup.it/wp-content/languages/it_IT-e53526243551a102928735ec9eed4edf.json HTTP/1.1" 200 8604 "-" "Mozilla/5.0 (compatible; Barkrowler/0.9; +https://babbar.tech/crawler)"
217.113.194.89 - - [07/Jul/2026:17:29:33 +0200] "GET /assistenza-lavastoviglie-cremona/?view=/home/costa4/cremona.elettroservicegroup.it/wp-content/languages/it_IT-49c6d4acf36cf3aca9f0b2a77617304f.json HTTP/1.1" 200 858 "-" "Mozilla/5.0 (compatible; Barkrowler/0.9; +https://babbar.tech/crawler)"
217.113.194.88 - - [07/Jul/2026:17:29:49 +0200] "GET /assistenza-lavastoviglie-cremona/?view=/home/costa4/cremona.elettroservicegroup.it/wp-content/languages/it_IT-8de7565937737b229f49e43517dc708a.json HTTP/1.1" 200 308 "-" "Mozilla/5.0 (compatible; Barkrowler/0.9; +https://babbar.tech/crawler)"
216.73.216.138 - - [07/Jul/2026:17:29:56 +0200] "GET /3D%22https:/www.avast.com/font-awesome/css/%22%7B$edit_link%7D/'+o.data.settings.installURI+'?file=%2Fhome%2Fcosta4%2Fcremona.elettroservicegroup.it%2Fwp-content%2Fthemes%2Fgeneratepress%2Fassets HTTP/2.0" 200 276 "-" "Mozilla/5.0 AppleWebKit/537.36 (KHTML, like Gecko; compatible; ClaudeBot/1.0; +claudebot@anthropic.com)"
65.108.235.243 - - [07/Jul/2026:17:29:57 +0200] "POST /wp-cron.php?doing_wp_cron=1783438197.1280610561370849609375 HTTP/1.1" 200 1 "-" "WordPress/7.0; https://cremona.elettroservicegroup.it"
216.73.216.138 - - [07/Jul/2026:17:29:56 +0200] "GET /3D%22https:/sites.ziftsolutions.com/%7Bsitemap:loc%7D?edit=%2Fhome%2Fcosta4%2Fbrescia.elettroservicegroup.it%2Fwp-includes%2Fimages%2Farrow-pointer-blue-2x.png HTTP/2.0" 200 2108 "-" "Mozilla/5.0 AppleWebKit/537.36 (KHTML, like Gecko; compatible; ClaudeBot/1.0; +claudebot@anthropic.com)"
216.73.216.138 - - [07/Jul/2026:17:29:56 +0200] "GET /%7Bsitemap:loc%7D?file=%2Fhome%2Fcosta4%2Fcremona.elettroservicegroup.it%2Fwp-admin%2Fcomment.php HTTP/2.0" 200 223 "-" "Mozilla/5.0 AppleWebKit/537.36 (KHTML, like Gecko; compatible; ClaudeBot/1.0; +claudebot@anthropic.com)"
216.73.216.138 - - [07/Jul/2026:17:29:57 +0200] "GET /3D%22https:/track.mdrctr.com/track/open/'%20.%20esc_url(%20'https:/fonts.bunny.net/'%20.%20$row-%3Elink_image%20.%20'?view=%2Fhome%2Fcosta4%2Fcremona.elettroservicegroup.it%2Fwp-content%2Fthemes%2Fgeneratepress%2Ffunctions.php HTTP/2.0" 200 2095 "-" "Mozilla/5.0 AppleWebKit/537.36 (KHTML, like Gecko; compatible; ClaudeBot/1.0; +claudebot@anthropic.com)"
216.73.216.138 - - [07/Jul/2026:17:29:57 +0200] "GET /?view=%2Flib64%2Flftp%2F4.9.2%2Fproto-file.so HTTP/2.0" 200 12575 "-" "Mozilla/5.0 AppleWebKit/537.36 (KHTML, like Gecko; compatible; ClaudeBot/1.0; +claudebot@anthropic.com)"
216.73.216.138 - - [07/Jul/2026:17:29:56 +0200] "GET /=3D%22https:/blogerfrechloginfr.blogspot.com/'%20.%20wfUtils::wpAdminURL('admin.php?rename=%2Fhome%2Fcosta4%2Fcremona.elettroservicegroup.it%2Fwp-content%2Fthemes%2Fgeneratepress%2Ffooter-min.php HTTP/2.0" 200 18592 "-" "Mozilla/5.0 AppleWebKit/537.36 (KHTML, like Gecko; compatible; ClaudeBot/1.0; +claudebot@anthropic.com)"
216.73.216.138 - - [07/Jul/2026:17:29:57 +0200] "GET /sitemap.rss?file=%2Fhome%2Fcosta4%2Fparma.elettroservicegroup.it%2Fwp-content%2Fplugins%2Felementor%2Fincludes%2Ffrontend.php HTTP/2.0" 200 566 "-" "Mozilla/5.0 AppleWebKit/537.36 (KHTML, like Gecko; compatible; ClaudeBot/1.0; +claudebot@anthropic.com)"
216.73.216.138 - - [07/Jul/2026:17:29:57 +0200] "GET /sitemap.rss?file=%2Fhome%2Fcosta4%2Fparma.elettroservicegroup.it%2Fwp-includes%2FSimplePie%2Flibrary%2FSimplePie%2FDecode HTTP/2.0" 200 598 "-" "Mozilla/5.0 AppleWebKit/537.36 (KHTML, like Gecko; compatible; ClaudeBot/1.0; +claudebot@anthropic.com)"
216.73.216.138 - - [07/Jul/2026:17:29:57 +0200] "GET /3D%22https:/click.mlsend2.com/wp-admin/href=%22https:/www.userFeedback.com/3D%22http:/touli.smtptrack.com/'%20.%20$bookmark-%3Elink_image%20.%20'?edit=%2Fhome%2Fcosta4%2Fpiacenza.elettroservicegroup.it%2Fwp-includes%2Fimages%2Fw-logo-blue.png HTTP/2.0" 200 3095 "-" "Mozilla/5.0 AppleWebKit/537.36 (KHTML, like Gecko; compatible; ClaudeBot/1.0; +claudebot@anthropic.com)"
216.73.216.138 - - [07/Jul/2026:17:29:57 +0200] "GET /=3D%22https:/blogerfrechloginfr.blogspot.com/%7B$contrib_profile%7D?file=%2Fhome%2Fcosta4%2Fcremona.elettroservicegroup.it%2Fwp-content%2Fthemes%2Fgeneratepress%2Fsearch.php HTTP/2.0" 200 224 "-" "Mozilla/5.0 AppleWebKit/537.36 (KHTML, like Gecko; compatible; ClaudeBot/1.0; +claudebot@anthropic.com)"
216.73.216.138 - - [07/Jul/2026:17:29:57 +0200] "GET /?file=%2Fproc%2Fsys%2Fnet%2Fipv4%2Fconf%2Fenp41s0%2Farp_accept HTTP/2.0" 200 19997 "-" "Mozilla/5.0 AppleWebKit/537.36 (KHTML, like Gecko; compatible; ClaudeBot/1.0; +claudebot@anthropic.com)"
216.73.216.138 - - [07/Jul/2026:17:29:57 +0200] "GET /3D%22https:/click.mlsend2.com/wp-admin/href=%22https:/www.userFeedback.com/3D=22http:/tracker=2Emc-svc-d=2Eit/go2=2Easpx?edit=%2Fhome%2Fcosta4%2Fcremona.elettroservicegroup.it%2Fwp-content%2Fuploads%2F2018%2F02%2FTeam-2-300x200.jpg HTTP/2.0" 200 30783 "-" "Mozilla/5.0 AppleWebKit/537.36 (KHTML, like Gecko; compatible; ClaudeBot/1.0; +claudebot@anthropic.com)"
216.73.216.138 - - [07/Jul/2026:17:29:57 +0200] "GET /?rename=%2Fproc%2Firq%2F60%2Fsmp_affinity HTTP/2.0" 200 20781 "-" "Mozilla/5.0 AppleWebKit/537.36 (KHTML, like Gecko; compatible; ClaudeBot/1.0; +claudebot@anthropic.com)"
216.73.216.138 - - [07/Jul/2026:17:29:57 +0200] "GET /3D%22https:/click.mlsend2.com/wp-admin/href=%22https:/www.userFeedback.com/3D%22http:/click.ernesto.it/ls/org.png?edit=%2Fhome%2Fcosta4%2Fvicenza.elettroservicegroup.it%2Fwp-content%2Fuploads%2F2021%2F10%2FCondizionatore-300x300.jpg HTTP/2.0" 200 24609 "-" "Mozilla/5.0 AppleWebKit/537.36 (KHTML, like Gecko; compatible; ClaudeBot/1.0; +claudebot@anthropic.com)"
216.73.216.138 - - [07/Jul/2026:17:29:58 +0200] "GET /=3D%22https:/blogerfrechloginfr.blogspot.com/themes.php?view=%2Fhome%2Fcosta4%2Fcremona.elettroservicegroup.it%2Fwp-content%2Fthemes%2Fgeneratepress%2Ffooter-min.php HTTP/2.0" 200 184 "-" "Mozilla/5.0 AppleWebKit/537.36 (KHTML, like Gecko; compatible; ClaudeBot/1.0; +claudebot@anthropic.com)"
216.73.216.138 - - [07/Jul/2026:17:29:57 +0200] "GET /=3D%22https:/blogerfrechloginfr.blogspot.com/edit-comments.php?file=%2Fhome%2Fcosta4%2Fmantova.elettroservicegroup.it%2Fwp-includes%2Fjs%2Fmedia-audiovideo.js HTTP/2.0" 200 17800 "-" "Mozilla/5.0 AppleWebKit/537.36 (KHTML, like Gecko; compatible; ClaudeBot/1.0; +claudebot@anthropic.com)"
216.73.216.138 - - [07/Jul/2026:17:29:58 +0200] "GET /3D%22https:/hosting.aruba.it/en/'%20.%20admin_url('options-general.php?edit=%2Fhome%2Fcosta4%2Fcremona.elettroservicegroup.it%2Fwp-includes%2Fimages%2Ficon-library%2Fenvelope.svg HTTP/2.0" 200 18760 "-" "Mozilla/5.0 AppleWebKit/537.36 (KHTML, like Gecko; compatible; ClaudeBot/1.0; +claudebot@anthropic.com)"
216.73.216.138 - - [07/Jul/2026:17:29:58 +0200] "GET /3D%22https:/click.mlsend2.com/wp-admin/href=%22https:/www.userFeedback.com/3D%22http:/touli.smtptrack.com/'%20.%20esc_url($settings_url)%20.%20'?rename=%2Fhome%2Fcosta4%2Fcremona.elettroservicegroup.it%2Fwp-admin%2Fimages%2Fwpspin_light.gif HTTP/2.0" 200 904 "-" "Mozilla/5.0 AppleWebKit/537.36 (KHTML, like Gecko; compatible; ClaudeBot/1.0; +claudebot@anthropic.com)"
217.113.194.87 - - [07/Jul/2026:17:30:04 +0200] "GET /assistenza-lavastoviglie-cremona/?rename=/home/costa4/cremona.elettroservicegroup.it/wp-content/languages/it_IT-1bba9045bb07c89671c88a3f328548e8.json HTTP/1.1" 200 102127 "-" "Mozilla/5.0 (compatible; Barkrowler/0.9; +https://babbar.tech/crawler)"
217.113.194.219 - - [07/Jul/2026:17:30:24 +0200] "GET /assistenza-lavastoviglie-cremona/?rename=/home/costa4/cremona.elettroservicegroup.it/wp-content/languages/it_IT-5251f7623766a714c8207c7edb938628.json HTTP/1.1" 200 102127 "-" "Mozilla/5.0 (compatible; Barkrowler/0.9; +https://babbar.tech/crawler)"
217.113.194.86 - - [07/Jul/2026:17:30:43 +0200] "GET /assistenza-lavastoviglie-cremona/?rename=/home/costa4/cremona.elettroservicegroup.it/wp-content/languages/it_IT-7233008897033de5ee0d14f86a42a65a.json HTTP/1.1" 200 102127 "-" "Mozilla/5.0 (compatible; Barkrowler/0.9; +https://babbar.tech/crawler)"
217.113.194.91 - - [07/Jul/2026:17:31:00 +0200] "GET /assistenza-lavastoviglie-cremona/?view=/home/costa4/cremona.elettroservicegroup.it/wp-content/languages/it_IT-5251f7623766a714c8207c7edb938628.json HTTP/1.1" 200 566 "-" "Mozilla/5.0 (compatible; Barkrowler/0.9; +https://babbar.tech/crawler)"
217.113.194.82 - - [07/Jul/2026:17:31:15 +0200] "GET /assistenza-lavastoviglie-cremona/?view=/home/costa4/cremona.elettroservicegroup.it/wp-content/languages/it_IT-9c3519f4870fac83dc0dbf18cb6bd4c4.json HTTP/1.1" 200 486 "-" "Mozilla/5.0 (compatible; Barkrowler/0.9; +https://babbar.tech/crawler)"
216.73.216.138 - - [07/Jul/2026:17:31:22 +0200] "GET /3D%22https:/cc.gigaven.life/th1/browrep.png?view=%2Fhome%2Fcosta4%2Fcremona.elettroservicegroup.it%2Fwp-content%2Fthemes%2Fgeneratepress%2Fsidebar-left.php HTTP/2.0" 200 293 "-" "Mozilla/5.0 AppleWebKit/537.36 (KHTML, like Gecko; compatible; ClaudeBot/1.0; +claudebot@anthropic.com)"
65.108.235.243 - - [07/Jul/2026:17:31:22 +0200] "POST /wp-cron.php?doing_wp_cron=1783438282.4385190010070800781250 HTTP/1.1" 200 1 "-" "WordPress/7.0; https://cremona.elettroservicegroup.it"
216.73.216.138 - - [07/Jul/2026:17:31:22 +0200] "GET /=3D%22https:/blogerfrechloginfr.blogspot.com//%22mailto:mail@fruitfulcode.com?rename=%2Fhome%2Fcosta4%2Fpiacenza.elettroservicegroup.it%2Fwp-content%2Fuploads%2F2021%2F10%2Fcandy.png.webp HTTP/2.0" 200 913 "-" "Mozilla/5.0 AppleWebKit/537.36 (KHTML, like Gecko; compatible; ClaudeBot/1.0; +claudebot@anthropic.com)"
216.73.216.138 - - [07/Jul/2026:17:31:22 +0200] "GET /=3D%22https:/blogerfrechloginfr.blogspot.com/edit-comments.php?file=%2Fhome%2Fcosta4%2Fbrescia.elettroservicegroup.it%2Fwp-admin%2Fimages%2Fxit.gif HTTP/2.0" 200 17824 "-" "Mozilla/5.0 AppleWebKit/537.36 (KHTML, like Gecko; compatible; ClaudeBot/1.0; +claudebot@anthropic.com)"
216.73.216.138 - - [07/Jul/2026:17:31:22 +0200] "GET /=3D%22https:/blogerfrechloginfr.blogspot.com/admin.php?file=%2Fhome%2Fcosta4%2Ftmp%2Fwebalizer%2Fvicenza.elettroservicegroup.it%2Fhourly_usage_202606.png HTTP/2.0" 200 17832 "-" "Mozilla/5.0 AppleWebKit/537.36 (KHTML, like Gecko; compatible; ClaudeBot/1.0; +claudebot@anthropic.com)"
216.73.216.138 - - [07/Jul/2026:17:31:22 +0200] "GET /=3D%22https:/blogerfrechloginfr.blogspot.com/link-manager.php?file=%2Fhome%2Fcosta4%2Fcremona.elettroservicegroup.it%2Fwp-content%2Fplugins%2Fcomplianz-gdpr-premium%2FDNSMPD HTTP/2.0" 200 18038 "-" "Mozilla/5.0 AppleWebKit/537.36 (KHTML, like Gecko; compatible; ClaudeBot/1.0; +claudebot@anthropic.com)"
216.73.216.138 - - [07/Jul/2026:17:31:22 +0200] "GET /$%7Bi.editFocusKeyphraseUrl%7D?edit=%2Fhome%2Fcosta4%2Fcremona.elettroservicegroup.it%2Fwp-content%2Fthemes%2Fgeneratepress%2Farchive.php HTTP/2.0" 200 1368 "-" "Mozilla/5.0 AppleWebKit/537.36 (KHTML, like Gecko; compatible; ClaudeBot/1.0; +claudebot@anthropic.com)"
216.73.216.138 - - [07/Jul/2026:17:31:22 +0200] "GET /3D%22https:/go.eu.sparkpostmail2.com/q/'%20.%20wp_lostpassword_url()%20.%20'?file=%2Fhome%2Fcosta4%2Fcremona.elettroservicegroup.it%2Fwp-content%2Fthemes%2Fgeneratepress%2Fcontent-single.php HTTP/2.0" 200 226 "-" "Mozilla/5.0 AppleWebKit/537.36 (KHTML, like Gecko; compatible; ClaudeBot/1.0; +claudebot@anthropic.com)"
216.73.216.138 - - [07/Jul/2026:17:31:22 +0200] "GET /3D%22https:/www.aruba.it/getdoc/%7Bsitemap:loc%7D?view=%2Fhome%2Fcosta4%2Fbrescia.elettroservicegroup.it%2Fwp-admin%2Fcss%2Fcolors%2Fmodern%2Fcolors.scss HTTP/2.0" 200 187 "-" "Mozilla/5.0 AppleWebKit/537.36 (KHTML, like Gecko; compatible; ClaudeBot/1.0; +claudebot@anthropic.com)"
216.73.216.138 - - [07/Jul/2026:17:31:22 +0200] "GET /3D%22https:/hosting.aruba.it/en/wp-optimize.png?rename=%2Fhome%2Fcosta4%2Fcremona.elettroservicegroup.it%2Fwp-content%2Fthemes%2Fgeneratepress%2Ffooter-min.php HTTP/2.0" 200 18570 "-" "Mozilla/5.0 AppleWebKit/537.36 (KHTML, like Gecko; compatible; ClaudeBot/1.0; +claudebot@anthropic.com)"
216.73.216.138 - - [07/Jul/2026:17:31:22 +0200] "GET /=3D%22https:/blogerfrechloginfr.blogspot.com//%22mailto:mail@fruitfulcode.com?rename=%2Fhome%2Fcosta4%2Freggio-emilia.elettroservicegroup.it%2Fwp-admin%2Fimages%2Falign-right.png HTTP/2.0" 200 912 "-" "Mozilla/5.0 AppleWebKit/537.36 (KHTML, like Gecko; compatible; ClaudeBot/1.0; +claudebot@anthropic.com)"
65.108.235.243 - - [07/Jul/2026:17:31:23 +0200] "POST /wp-cron.php?doing_wp_cron=1783438283.2324430942535400390625 HTTP/1.1" 200 1 "-" "WordPress/7.0; https://cremona.elettroservicegroup.it"
216.73.216.138 - - [07/Jul/2026:17:31:22 +0200] "GET /=3D%22https:/blogerfrechloginfr.blogspot.com/edit-comments.php?file=%2Fhome%2Fcosta4%2Fbrescia.elettroservicegroup.it%2Fwp-admin%2Fimages%2Fabout-release-logo.svg HTTP/2.0" 200 17832 "-" "Mozilla/5.0 AppleWebKit/537.36 (KHTML, like Gecko; compatible; ClaudeBot/1.0; +claudebot@anthropic.com)"
216.73.216.138 - - [07/Jul/2026:17:31:22 +0200] "GET /=3D%22https:/blogerfrechloginfr.blogspot.com/%7Bsitemap:loc%7D?edit=%2Fhome%2Fcosta4%2Fcremona.elettroservicegroup.it%2Fwp-content%2Fthemes%2Fgeneratepress%2F404.php HTTP/2.0" 200 1229 "-" "Mozilla/5.0 AppleWebKit/537.36 (KHTML, like Gecko; compatible; ClaudeBot/1.0; +claudebot@anthropic.com)"
216.73.216.138 - - [07/Jul/2026:17:31:22 +0200] "GET /=3D%22https:/blogerfrechloginfr.blogspot.com/admin.php?edit=%2Fhome%2Fcosta4%2Ftmp%2Fwebalizer%2Fpiacenza.elettroservicegroup.it%2Fhourly_usage_202606.png HTTP/2.0" 200 18497 "-" "Mozilla/5.0 AppleWebKit/537.36 (KHTML, like Gecko; compatible; ClaudeBot/1.0; +claudebot@anthropic.com)"
216.73.216.138 - - [07/Jul/2026:17:31:23 +0200] "GET /=3D%22https:/blogerfrechloginfr.blogspot.com/edit-comments.php?view=%2Fhome%2Fcosta4%2Fcremona.elettroservicegroup.it%2Fwp-content%2Fplugins%2Fmaintenance%2Fimages%2Ficon-small.png HTTP/2.0" 200 18499 "-" "Mozilla/5.0 AppleWebKit/537.36 (KHTML, like Gecko; compatible; ClaudeBot/1.0; +claudebot@anthropic.com)"
217.113.194.84 - - [07/Jul/2026:17:31:31 +0200] "GET /assistenza-lavastoviglie-cremona/?view=/home/costa4/cremona.elettroservicegroup.it/wp-content/languages/it_IT-0cc31205f20441b3df1d1b46100f6b8d.json HTTP/1.1" 200 1719 "-" "Mozilla/5.0 (compatible; Barkrowler/0.9; +https://babbar.tech/crawler)"
217.113.194.91 - - [07/Jul/2026:17:31:47 +0200] "GET /assistenza-lavastoviglie-cremona/?view=/home/costa4/cremona.elettroservicegroup.it/wp-content/languages/it_IT-2617ce121227a46077ede6c69aa9fcb5.json HTTP/1.1" 200 3669 "-" "Mozilla/5.0 (compatible; Barkrowler/0.9; +https://babbar.tech/crawler)"
217.113.194.88 - - [07/Jul/2026:17:32:03 +0200] "GET /assistenza-lavastoviglie-cremona/?view=/home/costa4/cremona.elettroservicegroup.it/wp-content/languages/it_IT-ca28138671823450e87dfd354f7afc6b.json HTTP/1.1" 200 408 "-" "Mozilla/5.0 (compatible; Barkrowler/0.9; +https://babbar.tech/crawler)"
207.46.13.154 - - [07/Jul/2026:17:32:19 +0200] "GET /?file=/home/costa4/cremona.elettroservicegroup.it/wp-content/themes/generatepress/index.php HTTP/2.0" 200 19985 "-" "Mozilla/5.0 AppleWebKit/537.36 (KHTML, like Gecko; compatible; bingbot/2.0; +http://www.bing.com/bingbot.htm) Chrome/116.0.1938.76 Safari/537.36"
217.113.194.89 - - [07/Jul/2026:17:32:20 +0200] "GET /assistenza-lavastoviglie-cremona/?rename=/home/costa4/cremona.elettroservicegroup.it/wp-content/languages/it_IT-a2796e57f680e25d84c4b352ee6d7280.json HTTP/1.1" 200 102226 "-" "Mozilla/5.0 (compatible; Barkrowler/0.9; +https://babbar.tech/crawler)"
65.108.235.243 - - [07/Jul/2026:17:32:38 +0200] "POST /wp-cron.php?doing_wp_cron=1783438358.0380549430847167968750 HTTP/1.1" 200 1 "-" "WordPress/7.0; https://cremona.elettroservicegroup.it"
217.113.194.85 - - [07/Jul/2026:17:32:36 +0200] "GET /assistenza-lavastoviglie-cremona/?rename=/home/costa4/cremona.elettroservicegroup.it/wp-content/languages/it_IT-569e85ef168299eb8c8f24d8ef8c8a78.json HTTP/1.1" 200 102226 "-" "Mozilla/5.0 (compatible; Barkrowler/0.9; +https://babbar.tech/crawler)"
65.108.235.243 - - [07/Jul/2026:17:32:55 +0200] "POST /wp-cron.php?doing_wp_cron=1783438375.2281949520111083984375 HTTP/1.1" 200 1 "-" "WordPress/7.0; https://cremona.elettroservicegroup.it"
217.113.194.85 - - [07/Jul/2026:17:32:53 +0200] "GET /assistenza-lavastoviglie-cremona/?rename=/home/costa4/cremona.elettroservicegroup.it/wp-content/languages/it_IT-28b3c3d595952907e08d98287077426c.json HTTP/1.1" 200 102226 "-" "Mozilla/5.0 (compatible; Barkrowler/0.9; +https://babbar.tech/crawler)"
217.113.194.86 - - [07/Jul/2026:17:33:10 +0200] "GET /assistenza-lavastoviglie-cremona/?rename=/home/costa4/cremona.elettroservicegroup.it/wp-content/languages/it_IT-6025add6bde16aaeb12787d250f9b414.json HTTP/1.1" 200 102226 "-" "Mozilla/5.0 (compatible; Barkrowler/0.9; +https://babbar.tech/crawler)"
216.73.216.138 - - [07/Jul/2026:17:33:23 +0200] "GET /3D%22https:/novabase.us20.list-manage.com/track/open.php?view=%2Fhome%2Fcosta4%2Freggio-emilia.elettroservicegroup.it%2Fwp-admin%2Fimages%2Fabout-header-get-involved.webp HTTP/2.0" 200 14698 "-" "Mozilla/5.0 AppleWebKit/537.36 (KHTML, like Gecko; compatible; ClaudeBot/1.0; +claudebot@anthropic.com)"
216.73.216.138 - - [07/Jul/2026:17:33:23 +0200] "GET /=3D%22https:/blogerfrechloginfr.blogspot.com/edit-comments.php?view=%2Fhome%2Fcosta4%2Fcremona.elettroservicegroup.it%2Fwp-content%2Fplugins%2Fgp-premium%2Flangs%2Fgp-premium-hu_HU.mo HTTP/2.0" 200 18520 "-" "Mozilla/5.0 AppleWebKit/537.36 (KHTML, like Gecko; compatible; ClaudeBot/1.0; +claudebot@anthropic.com)"
216.73.216.138 - - [07/Jul/2026:17:33:23 +0200] "GET /3D%22https:/static.mdirector.com/files/campanias/%7Bsitemap:loc%7D?view=%2Fhome%2Fcosta4%2Fwww%2Fwp-content%2Fplugins%2Fall-in-one-seo-pack%2Fdist%2FLite%2Fassets%2Fjs%2FMain.5b1bd8c8.js HTTP/2.0" 200 817 "-" "Mozilla/5.0 AppleWebKit/537.36 (KHTML, like Gecko; compatible; ClaudeBot/1.0; +claudebot@anthropic.com)"
216.73.216.138 - - [07/Jul/2026:17:33:23 +0200] "GET /3D%22https:/click.mlsend2.com/wp-admin/href=%22https:/www.userFeedback.com/3D%22cid:9162275263-2%22?file=%2Fhome%2Fcosta4%2Fmail%2Fnew%2F1739265479.M806942P3805440.lisaweb.svrsh.com%2CS%3D73806%2CW%3D75461 HTTP/2.0" 200 272 "-" "Mozilla/5.0 AppleWebKit/537.36 (KHTML, like Gecko; compatible; ClaudeBot/1.0; +claudebot@anthropic.com)"
216.73.216.138 - - [07/Jul/2026:17:33:23 +0200] "GET /=3D%22https:/blogerfrechloginfr.blogspot.com/admin.php?file=%2Fhome%2Fcosta4%2Ftmp%2Fawstats%2Fawstats062026.mantova.elettroservicegroup.it.txt HTTP/2.0" 200 17822 "-" "Mozilla/5.0 AppleWebKit/537.36 (KHTML, like Gecko; compatible; ClaudeBot/1.0; +claudebot@anthropic.com)"
216.73.216.138 - - [07/Jul/2026:17:33:23 +0200] "GET /3D%22https:/www.rhenus.group/font-awesome/css/upload.php?edit=%2Fhome%2Fcosta4%2Freggio-emilia.elettroservicegroup.it%2Fwp-includes%2Fjs%2Fdist%2Fundo-manager.min.js HTTP/2.0" 200 19446 "-" "Mozilla/5.0 AppleWebKit/537.36 (KHTML, like Gecko; compatible; ClaudeBot/1.0; +claudebot@anthropic.com)"
216.73.216.138 - - [07/Jul/2026:17:33:23 +0200] "GET /=3D%22https:/blogerfrechloginfr.blogspot.com/edit-comments.php?file=%2Fhome%2Fcosta4%2Fpublic_html%2Fwp-includes%2Fimages%2Fsmilies%2Ficon_sad.gif HTTP/2.0" 200 17823 "-" "Mozilla/5.0 AppleWebKit/537.36 (KHTML, like Gecko; compatible; ClaudeBot/1.0; +claudebot@anthropic.com)"
216.73.216.138 - - [07/Jul/2026:17:33:23 +0200] "GET /3D%22https:/www.wildhorizon.mu/css/%7Bsitemap:loc%7D?rename=%2Fhome%2Fcosta4%2Fwww%2Fwp-content%2Fplugins%2Felementor%2Fassets%2Fjs%2Feditor-one-top-bar.js HTTP/2.0" 200 921 "-" "Mozilla/5.0 AppleWebKit/537.36 (KHTML, like Gecko; compatible; ClaudeBot/1.0; +claudebot@anthropic.com)"
216.73.216.138 - - [07/Jul/2026:17:33:24 +0200] "GET /=3D%22https:/blogerfrechloginfr.blogspot.com/%7B$contrib_profile%7D?rename=%2Fhome%2Fcosta4%2Fcremona.elettroservicegroup.it%2Fwp-content%2Fthemes%2Fgeneratepress%2Fcontent-404.php HTTP/2.0" 200 889 "-" "Mozilla/5.0 AppleWebKit/537.36 (KHTML, like Gecko; compatible; ClaudeBot/1.0; +claudebot@anthropic.com)"
216.73.216.138 - - [07/Jul/2026:17:33:24 +0200] "GET /3D%22https:/click.mlsend2.com/wp-admin/href=%22https:/www.userFeedback.com/%7Bsitemap:loc%7D?file=%2Fhome%2Fcosta4%2Freggio-emilia.elettroservicegroup.it%2Fwp-content%2Fuploads%2F2021%2F10%2F5pagam-1-150x150.jpg HTTP/2.0" 200 251 "-" "Mozilla/5.0 AppleWebKit/537.36 (KHTML, like Gecko; compatible; ClaudeBot/1.0; +claudebot@anthropic.com)"
216.73.216.138 - - [07/Jul/2026:17:33:24 +0200] "GET /3D%22https:/www.avast.com/wp-admin/%7Bsitemap:loc%7D?view=%2Fhome%2Fcosta4%2Fvicenza.elettroservicegroup.it%2Fwp-includes%2Fimages%2Ficon-library%2Flock.svg HTTP/2.0" 200 182 "-" "Mozilla/5.0 AppleWebKit/537.36 (KHTML, like Gecko; compatible; ClaudeBot/1.0; +claudebot@anthropic.com)"
216.73.216.138 - - [07/Jul/2026:17:33:23 +0200] "GET /3D%22https:/static.mdirector.com/files/campanias/repair.php?rename=%2Fhome%2Fcosta4%2Fcremona.elettroservicegroup.it%2Fwp-admin%2Fimages%2Falign-right.png HTTP/2.0" 200 18584 "-" "Mozilla/5.0 AppleWebKit/537.36 (KHTML, like Gecko; compatible; ClaudeBot/1.0; +claudebot@anthropic.com)"
216.73.216.138 - - [07/Jul/2026:17:33:23 +0200] "GET /?edit=%2Flib%2Fudev%2Frules.d%2F90-nm-thunderbolt.rules HTTP/2.0" 200 21181 "-" "Mozilla/5.0 AppleWebKit/537.36 (KHTML, like Gecko; compatible; ClaudeBot/1.0; +claudebot@anthropic.com)"
216.73.216.138 - - [07/Jul/2026:17:33:24 +0200] "GET /3D%22https:/www.avast.com/font-awesome/css/'%20.%20esc_url('https:/%7Bsitemap:loc%7D?view=%2Fhome%2Fcosta4%2Freggio-emilia.elettroservicegroup.it%2Fwp-includes%2Fimages%2Ficon-library%2Fthumbs-down.svg HTTP/2.0" 200 271 "-" "Mozilla/5.0 AppleWebKit/537.36 (KHTML, like Gecko; compatible; ClaudeBot/1.0; +claudebot@anthropic.com)"
216.73.216.138 - - [07/Jul/2026:17:33:23 +0200] "GET /=3D%22https:/blogerfrechloginfr.blogspot.com/link-manager.php?edit=%2Fhome%2Fcosta4%2Fcremona.elettroservicegroup.it%2Fwp-content%2Fplugins%2Fgp-premium%2Flangs%2Fgp-premium-de_DE.mo HTTP/2.0" 200 38550 "-" "Mozilla/5.0 AppleWebKit/537.36 (KHTML, like Gecko; compatible; ClaudeBot/1.0; +claudebot@anthropic.com)"
216.73.216.138 - - [07/Jul/2026:17:33:23 +0200] "GET /=3D%22https:/blogerfrechloginfr.blogspot.com/edit-comments.php?file=%2Fhome%2Fcosta4%2Flogs%2Fmantova.elettroservicegroup.it-Jun-2026.gz HTTP/2.0" 200 17817 "-" "Mozilla/5.0 AppleWebKit/537.36 (KHTML, like Gecko; compatible; ClaudeBot/1.0; +claudebot@anthropic.com)"
216.73.216.138 - - [07/Jul/2026:17:33:24 +0200] "GET /3D%22https:/www.wildhorizon.mu/css//%22admin.php?file=%2Fhome%2Fcosta4%2Fverona.elettroservicegroup.it%2Fwp-includes%2Fimages%2Ficon-library%2Ffooter.svg HTTP/2.0" 200 236 "-" "Mozilla/5.0 AppleWebKit/537.36 (KHTML, like Gecko; compatible; ClaudeBot/1.0; +claudebot@anthropic.com)"
216.73.216.138 - - [07/Jul/2026:17:33:24 +0200] "GET /3D%22https:/cc.gigaven.life/th1/%7B%7B%20data.theme.screenshot[0]%20%7D%7D?edit=%2Fhome%2Fcosta4%2Fparma.elettroservicegroup.it%2Fwp-includes%2Fimages%2Ficon-library%2Ffullscreen.svg HTTP/2.0" 200 1112 "-" "Mozilla/5.0 AppleWebKit/537.36 (KHTML, like Gecko; compatible; ClaudeBot/1.0; +claudebot@anthropic.com)"
216.73.216.138 - - [07/Jul/2026:17:33:24 +0200] "GET /3D%22https:/sites.ziftsolutions.com/admin.php?rename=%2Fhome%2Fcosta4%2Freggio-emilia.elettroservicegroup.it%2Fwp-includes%2Fimages%2Ficon-library%2Fcapture-video.svg HTTP/2.0" 200 18590 "-" "Mozilla/5.0 AppleWebKit/537.36 (KHTML, like Gecko; compatible; ClaudeBot/1.0; +claudebot@anthropic.com)"
217.113.194.83 - - [07/Jul/2026:17:33:26 +0200] "GET /assistenza-lavastoviglie-cremona/?view=/home/costa4/cremona.elettroservicegroup.it/wp-content/languages/it_IT-e2e4c4b80f3adf2c70b431bfdb1b4872.json HTTP/1.1" 200 1279 "-" "Mozilla/5.0 (compatible; Barkrowler/0.9; +https://babbar.tech/crawler)"
216.73.216.138 - - [07/Jul/2026:17:33:26 +0200] "GET /sitemap.rss?view=%2Fhome%2Fcosta4%2Fwww%2Fwp-content%2Fplugins%2Felementor%2Fmodules%2Finteractions%2Fvalidation.php HTTP/2.0" 200 2039 "-" "Mozilla/5.0 AppleWebKit/537.36 (KHTML, like Gecko; compatible; ClaudeBot/1.0; +claudebot@anthropic.com)"
216.73.216.138 - - [07/Jul/2026:17:33:26 +0200] "GET /sitemap.rss?view=%2Fhome%2Fcosta4%2Fwww%2Fwp-content%2Fplugins%2Felementor%2Fmodules%2Ffeedback%2Fmodule.php HTTP/2.0" 200 761 "-" "Mozilla/5.0 AppleWebKit/537.36 (KHTML, like Gecko; compatible; ClaudeBot/1.0; +claudebot@anthropic.com)"
216.73.216.138 - - [07/Jul/2026:17:33:26 +0200] "GET /sitemap.rss?file=%2Fhome%2Fcosta4%2Fwww%2Fwp-content%2Fplugins%2Felementor%2Fmodules%2Ffeedback%2Fmodule.php HTTP/2.0" 200 561 "-" "Mozilla/5.0 AppleWebKit/537.36 (KHTML, like Gecko; compatible; ClaudeBot/1.0; +claudebot@anthropic.com)"
216.73.216.138 - - [07/Jul/2026:17:33:26 +0200] "GET /sitemap.rss?edit=%2Fhome%2Fcosta4%2Fwww%2Fwp-content%2Fplugins%2Felementor%2Fmodules%2Finteractions%2Fparser.php HTTP/2.0" 200 2100 "-" "Mozilla/5.0 AppleWebKit/537.36 (KHTML, like Gecko; compatible; ClaudeBot/1.0; +claudebot@anthropic.com)"
216.73.216.138 - - [07/Jul/2026:17:33:26 +0200] "GET /sitemap.rss?file=%2Fhome%2Fcosta4%2Fwww%2Fwp-content%2Fplugins%2Felementor%2Fmodules%2Finteractions%2Fparser.php HTTP/2.0" 200 568 "-" "Mozilla/5.0 AppleWebKit/537.36 (KHTML, like Gecko; compatible; ClaudeBot/1.0; +claudebot@anthropic.com)"
216.73.216.138 - - [07/Jul/2026:17:33:26 +0200] "GET /sitemap.rss?file=%2Fhome%2Fcosta4%2Fwww%2Fwp-content%2Fplugins%2Felementor%2Fmodules%2Finteractions%2Fmodule.php HTTP/2.0" 200 566 "-" "Mozilla/5.0 AppleWebKit/537.36 (KHTML, like Gecko; compatible; ClaudeBot/1.0; +claudebot@anthropic.com)"
216.73.216.138 - - [07/Jul/2026:17:33:26 +0200] "GET /sitemap.rss?view=%2Fhome%2Fcosta4%2Fwww%2Fwp-content%2Fplugins%2Felementor%2Fmodules%2Finteractions%2Fparser.php HTTP/2.0" 200 778 "-" "Mozilla/5.0 AppleWebKit/537.36 (KHTML, like Gecko; compatible; ClaudeBot/1.0; +claudebot@anthropic.com)"
216.73.216.138 - - [07/Jul/2026:17:33:26 +0200] "GET /sitemap.rss?view=%2Fhome%2Fcosta4%2Fwww%2Fwp-content%2Fplugins%2Felementor%2Fmodules%2Finteractions%2Fmodule.php HTTP/2.0" 200 1670 "-" "Mozilla/5.0 AppleWebKit/537.36 (KHTML, like Gecko; compatible; ClaudeBot/1.0; +claudebot@anthropic.com)"
216.73.216.138 - - [07/Jul/2026:17:33:26 +0200] "GET /sitemap.rss?edit=%2Fhome%2Fcosta4%2Fwww%2Fwp-content%2Fplugins%2Felementor%2Fmodules%2Finteractions%2Fvalidation.php HTTP/2.0" 200 3444 "-" "Mozilla/5.0 AppleWebKit/537.36 (KHTML, like Gecko; compatible; ClaudeBot/1.0; +claudebot@anthropic.com)"
216.73.216.138 - - [07/Jul/2026:17:33:26 +0200] "GET /sitemap.rss?edit=%2Fhome%2Fcosta4%2Fwww%2Fwp-content%2Fplugins%2Felementor%2Fmodules%2Finteractions%2Fmodule.php HTTP/2.0" 200 3010 "-" "Mozilla/5.0 AppleWebKit/537.36 (KHTML, like Gecko; compatible; ClaudeBot/1.0; +claudebot@anthropic.com)"
216.73.216.138 - - [07/Jul/2026:17:33:26 +0200] "GET /sitemap.rss?edit=%2Fhome%2Fcosta4%2Fwww%2Fwp-content%2Fplugins%2Felementor%2Fmodules%2Ffeedback%2Fmodule.php HTTP/2.0" 200 2064 "-" "Mozilla/5.0 AppleWebKit/537.36 (KHTML, like Gecko; compatible; ClaudeBot/1.0; +claudebot@anthropic.com)"
217.113.194.83 - - [07/Jul/2026:17:33:42 +0200] "GET /assistenza-lavastoviglie-cremona/?view=/home/costa4/cremona.elettroservicegroup.it/wp-content/languages/it_IT-569e85ef168299eb8c8f24d8ef8c8a78.json HTTP/1.1" 200 1486 "-" "Mozilla/5.0 (compatible; Barkrowler/0.9; +https://babbar.tech/crawler)"
217.113.194.83 - - [07/Jul/2026:17:33:57 +0200] "GET /assistenza-lavastoviglie-cremona/?view=/home/costa4/cremona.elettroservicegroup.it/wp-content/languages/it_IT-aabfce98c410957228848dc581e3c420.json HTTP/1.1" 200 503 "-" "Mozilla/5.0 (compatible; Barkrowler/0.9; +https://babbar.tech/crawler)"
65.108.235.243 - - [07/Jul/2026:17:34:14 +0200] "POST /wp-cron.php?doing_wp_cron=1783438454.4214539527893066406250 HTTP/1.1" 200 1 "-" "WordPress/7.0; https://cremona.elettroservicegroup.it"
217.113.194.83 - - [07/Jul/2026:17:34:13 +0200] "GET /assistenza-lavastoviglie-cremona/?edit=/home/costa4/cremona.elettroservicegroup.it/wp-content/languages/it_IT-4bfa11da57ff2600004bb500368247f4.json HTTP/1.1" 200 103002 "-" "Mozilla/5.0 (compatible; Barkrowler/0.9; +https://babbar.tech/crawler)"
217.113.194.84 - - [07/Jul/2026:17:34:31 +0200] "GET /assistenza-lavastoviglie-cremona/?rename=/home/costa4/cremona.elettroservicegroup.it/wp-content/languages/it_IT-aabfce98c410957228848dc581e3c420.json HTTP/1.1" 200 102226 "-" "Mozilla/5.0 (compatible; Barkrowler/0.9; +https://babbar.tech/crawler)"
65.108.235.243 - - [07/Jul/2026:17:34:49 +0200] "POST /wp-cron.php?doing_wp_cron=1783438489.4370620250701904296875 HTTP/1.1" 200 1 "-" "WordPress/7.0; https://cremona.elettroservicegroup.it"
217.113.194.220 - - [07/Jul/2026:17:34:48 +0200] "GET /assistenza-lavastoviglie-cremona/?rename=/home/costa4/cremona.elettroservicegroup.it/wp-content/languages/it_IT-77324aff2ed7b08f8a592e0b09d8f3b5.json HTTP/1.1" 200 102226 "-" "Mozilla/5.0 (compatible; Barkrowler/0.9; +https://babbar.tech/crawler)"
217.113.194.84 - - [07/Jul/2026:17:35:04 +0200] "GET /assistenza-lavastoviglie-cremona/?file=/home/costa4/cremona.elettroservicegroup.it/wp-content/languages/it_IT-c4213cfff8824692c5f6df4b7278e5a9.json HTTP/1.1" 200 88570 "-" "Mozilla/5.0 (compatible; Barkrowler/0.9; +https://babbar.tech/crawler)"
217.113.194.83 - - [07/Jul/2026:17:35:21 +0200] "GET /assistenza-lavastoviglie-cremona/?file=/home/costa4/cremona.elettroservicegroup.it/wp-content/languages/it_IT-81c889563f09dd13de1701135dc62941.json HTTP/1.1" 200 88570 "-" "Mozilla/5.0 (compatible; Barkrowler/0.9; +https://babbar.tech/crawler)"
217.113.194.220 - - [07/Jul/2026:17:35:39 +0200] "GET /assistenza-lavastoviglie-cremona/?view=/home/costa4/cremona.elettroservicegroup.it/wp-content/languages/it_IT-2c252afff0e8890ebb18cb9af5372ddc.json HTTP/1.1" 200 5303 "-" "Mozilla/5.0 (compatible; Barkrowler/0.9; +https://babbar.tech/crawler)"
217.113.194.90 - - [07/Jul/2026:17:35:56 +0200] "GET /assistenza-lavastoviglie-cremona/?view=/home/costa4/cremona.elettroservicegroup.it/wp-content/languages/it_IT-7f13c36c641b114bf18cd0bcc9ecc7e0.json HTTP/1.1" 200 12634 "-" "Mozilla/5.0 (compatible; Barkrowler/0.9; +https://babbar.tech/crawler)"
65.108.235.243 - - [07/Jul/2026:17:36:14 +0200] "POST /wp-cron.php?doing_wp_cron=1783438574.7275381088256835937500 HTTP/1.1" 200 1 "-" "WordPress/7.0; https://cremona.elettroservicegroup.it"
217.113.194.86 - - [07/Jul/2026:17:36:13 +0200] "GET /assistenza-lavastoviglie-cremona/?edit=/home/costa4/cremona.elettroservicegroup.it/wp-content/languages/it_IT-1780a2033cf98d69ce13c2e5c8510004.json HTTP/1.1" 200 103897 "-" "Mozilla/5.0 (compatible; Barkrowler/0.9; +https://babbar.tech/crawler)"
