216.73.216.138 - - [07/Jul/2026:14:10:32 +0200] "GET /=3D%22https:/blogerfrechloginfr.blogspot.com/options-reading.php?view=%2Fhome%2Fcosta4%2Fcremona.elettroservicegroup.it%2Fwp-includes%2Fblocks%2Fsite-tagline%2Fstyle-rtl.min.css HTTP/2.0" 200 49 "-" "Mozilla/5.0 AppleWebKit/537.36 (KHTML, like Gecko; compatible; ClaudeBot/1.0; +claudebot@anthropic.com)"
216.73.216.138 - - [07/Jul/2026:14:14:31 +0200] "GET /=3D%22https:/blogerfrechloginfr.blogspot.com/admin.php?view=%2Fhome%2Fcosta4%2Freggio-emilia.elettroservicegroup.it%2Fwp-content%2Fthemes%2Fgeneratepress%2Fcomments.php HTTP/2.0" 200 1158 "-" "Mozilla/5.0 AppleWebKit/537.36 (KHTML, like Gecko; compatible; ClaudeBot/1.0; +claudebot@anthropic.com)"
216.73.216.138 - - [07/Jul/2026:14:14:31 +0200] "GET /=3D%22https:/blogerfrechloginfr.blogspot.com/%7B$wp_registered_widgets[$widget_id][?view=%2Fhome%2Fcosta4%2Fcremona.elettroservicegroup.it%2Fwp-content%2Fthemes%2Fgeneratepress%2Finc%2Fplugin-compat.php HTTP/2.0" 200 5584 "-" "Mozilla/5.0 AppleWebKit/537.36 (KHTML, like Gecko; compatible; ClaudeBot/1.0; +claudebot@anthropic.com)"
216.73.216.138 - - [07/Jul/2026:14:14:32 +0200] "GET /=3D%22https:/blogerfrechloginfr.blogspot.com/link-manager.php?view=%2Fhome%2Fcosta4%2Fcremona.elettroservicegroup.it%2Fwp-content%2Fthemes%2Fgeneratepress%2Finc%2Fblock-editor.php HTTP/2.0" 200 3207 "-" "Mozilla/5.0 AppleWebKit/537.36 (KHTML, like Gecko; compatible; ClaudeBot/1.0; +claudebot@anthropic.com)"
216.73.216.138 - - [07/Jul/2026:14:14:31 +0200] "GET /=3D%22https:/blogerfrechloginfr.blogspot.com/admin.php?view=%2Fhome%2Fcosta4%2Freggio-emilia.elettroservicegroup.it%2Fwp-content%2Fthemes%2Fgeneratepress%2Fheader.php HTTP/2.0" 200 795 "-" "Mozilla/5.0 AppleWebKit/537.36 (KHTML, like Gecko; compatible; ClaudeBot/1.0; +claudebot@anthropic.com)"
216.73.216.138 - - [07/Jul/2026:14:14:34 +0200] "GET /=3D%22https:/blogerfrechloginfr.blogspot.com/link-manager.php?view=%2Fhome%2Fcosta4%2Fcremona.elettroservicegroup.it%2Fwp-content%2Fthemes%2Fgeneratepress%2Finc%2Fplugin-compat.php HTTP/2.0" 200 5584 "-" "Mozilla/5.0 AppleWebKit/537.36 (KHTML, like Gecko; compatible; ClaudeBot/1.0; +claudebot@anthropic.com)"
216.73.216.138 - - [07/Jul/2026:14:14:32 +0200] "GET /=3D%22https:/blogerfrechloginfr.blogspot.com/%7B$wp_registered_widgets[$widget_id][?edit=%2Fhome%2Fcosta4%2Fcremona.elettroservicegroup.it%2Fwp-content%2Fthemes%2Fgeneratepress%2Finc%2Fblock-editor.php HTTP/2.0" 200 21904 "-" "Mozilla/5.0 AppleWebKit/537.36 (KHTML, like Gecko; compatible; ClaudeBot/1.0; +claudebot@anthropic.com)"
216.73.216.138 - - [07/Jul/2026:14:14:34 +0200] "GET /=3D%22https:/blogerfrechloginfr.blogspot.com/link-manager.php?edit=%2Fhome%2Fcosta4%2Fcremona.elettroservicegroup.it%2Fwp-content%2Fthemes%2Fgeneratepress%2Finc%2Fcss-output.php HTTP/2.0" 200 26776 "-" "Mozilla/5.0 AppleWebKit/537.36 (KHTML, like Gecko; compatible; ClaudeBot/1.0; +claudebot@anthropic.com)"
216.73.216.138 - - [07/Jul/2026:14:14:34 +0200] "GET /=3D%22https:/blogerfrechloginfr.blogspot.com/%7B$wp_registered_widgets[$widget_id][?edit=%2Fhome%2Fcosta4%2Fcremona.elettroservicegroup.it%2Fwp-content%2Fthemes%2Fgeneratepress%2Finc%2Fplugin-compat.php HTTP/2.0" 200 24290 "-" "Mozilla/5.0 AppleWebKit/537.36 (KHTML, like Gecko; compatible; ClaudeBot/1.0; +claudebot@anthropic.com)"
216.73.216.138 - - [07/Jul/2026:14:14:32 +0200] "GET /=3D%22https:/blogerfrechloginfr.blogspot.com/%7B$wp_registered_widgets[$widget_id][?file=%2Fhome%2Fcosta4%2Fcremona.elettroservicegroup.it%2Fwp-content%2Fthemes%2Fgeneratepress%2Finc%2Fclass-css.php HTTP/2.0" 200 17839 "-" "Mozilla/5.0 AppleWebKit/537.36 (KHTML, like Gecko; compatible; ClaudeBot/1.0; +claudebot@anthropic.com)"
216.73.216.138 - - [07/Jul/2026:14:14:34 +0200] "GET /=3D%22https:/blogerfrechloginfr.blogspot.com/link-manager.php?edit=%2Fhome%2Fcosta4%2Fcremona.elettroservicegroup.it%2Fwp-content%2Fthemes%2Fgeneratepress%2Finc%2Ftheme-functions.php HTTP/2.0" 200 24896 "-" "Mozilla/5.0 AppleWebKit/537.36 (KHTML, like Gecko; compatible; ClaudeBot/1.0; +claudebot@anthropic.com)"
216.73.216.138 - - [07/Jul/2026:14:14:31 +0200] "GET /=3D%22https:/blogerfrechloginfr.blogspot.com/%7B$wp_registered_widgets[$widget_id][?edit=%2Fhome%2Fcosta4%2Fcremona.elettroservicegroup.it%2Fwp-content%2Fthemes%2Fgeneratepress%2Finc%2Ftheme-functions.php HTTP/2.0" 200 24913 "-" "Mozilla/5.0 AppleWebKit/537.36 (KHTML, like Gecko; compatible; ClaudeBot/1.0; +claudebot@anthropic.com)"
65.108.235.243 - - [07/Jul/2026:14:14:36 +0200] "POST /wp-cron.php?doing_wp_cron=1783426476.1322240829467773437500 HTTP/1.1" 200 1 "-" "WordPress/7.0; https://cremona.elettroservicegroup.it"
65.108.235.243 - - [07/Jul/2026:14:14:36 +0200] "POST /wp-cron.php?doing_wp_cron=1783426476.1320710182189941406250 HTTP/1.1" 200 1 "-" "WordPress/7.0; https://cremona.elettroservicegroup.it"
216.73.216.138 - - [07/Jul/2026:14:14:31 +0200] "GET /=3D%22https:/blogerfrechloginfr.blogspot.com/link-manager.php?edit=%2Fhome%2Fcosta4%2Fcremona.elettroservicegroup.it%2Fwp-content%2Fthemes%2Fgeneratepress%2Finc%2Fdefaults.php HTTP/2.0" 200 21047 "-" "Mozilla/5.0 AppleWebKit/537.36 (KHTML, like Gecko; compatible; ClaudeBot/1.0; +claudebot@anthropic.com)"
216.73.216.138 - - [07/Jul/2026:14:14:31 +0200] "GET /=3D%22https:/blogerfrechloginfr.blogspot.com/link-manager.php?edit=%2Fhome%2Fcosta4%2Fcremona.elettroservicegroup.it%2Fwp-content%2Fthemes%2Fgeneratepress%2Finc%2Fcustomizer.php HTTP/2.0" 200 24775 "-" "Mozilla/5.0 AppleWebKit/537.36 (KHTML, like Gecko; compatible; ClaudeBot/1.0; +claudebot@anthropic.com)"
216.73.216.138 - - [07/Jul/2026:14:14:31 +0200] "GET /=3D%22https:/blogerfrechloginfr.blogspot.com/link-manager.php?rename=%2Fhome%2Fcosta4%2Fcremona.elettroservicegroup.it%2Fwp-content%2Fthemes%2Fgeneratepress%2Finc%2Fclass-css.php HTTP/2.0" 200 18583 "-" "Mozilla/5.0 AppleWebKit/537.36 (KHTML, like Gecko; compatible; ClaudeBot/1.0; +claudebot@anthropic.com)"
216.73.216.138 - - [07/Jul/2026:14:14:32 +0200] "GET /=3D%22https:/blogerfrechloginfr.blogspot.com/admin.php?edit=%2Fhome%2Fcosta4%2Freggio-emilia.elettroservicegroup.it%2Fwp-content%2Fthemes%2Fgeneratepress%2Ffunctions.php HTTP/2.0" 200 19676 "-" "Mozilla/5.0 AppleWebKit/537.36 (KHTML, like Gecko; compatible; ClaudeBot/1.0; +claudebot@anthropic.com)"
65.108.235.243 - - [07/Jul/2026:14:17:11 +0200] "POST /wp-cron.php?doing_wp_cron=1783426631.5805339813232421875000 HTTP/1.1" 200 1 "-" "WordPress/7.0; https://cremona.elettroservicegroup.it"
216.73.216.138 - - [07/Jul/2026:14:17:10 +0200] "GET /=3D%22https:/blogerfrechloginfr.blogspot.com/admin.php?rename=%2Fhome%2Fcosta4%2Freggio-emilia.elettroservicegroup.it%2Fwp-content%2Fthemes%2Fgeneratepress%2Fcontent-link.php HTTP/2.0" 200 18585 "-" "Mozilla/5.0 AppleWebKit/537.36 (KHTML, like Gecko; compatible; ClaudeBot/1.0; +claudebot@anthropic.com)"
216.73.216.138 - - [07/Jul/2026:14:18:03 +0200] "GET /=3D%22https:/blogerfrechloginfr.blogspot.com/admin.php?file=%2Fhome%2Fcosta4%2Freggio-emilia.elettroservicegroup.it%2Fwp-content%2Fthemes%2Fgeneratepress%2Fsidebar-left.php HTTP/2.0" 200 17825 "-" "Mozilla/5.0 AppleWebKit/537.36 (KHTML, like Gecko; compatible; ClaudeBot/1.0; +claudebot@anthropic.com)"
216.73.216.138 - - [07/Jul/2026:14:18:03 +0200] "GET /=3D%22https:/blogerfrechloginfr.blogspot.com/admin.php?rename=%2Fhome%2Fcosta4%2Freggio-emilia.elettroservicegroup.it%2Fwp-content%2Fthemes%2Fgeneratepress%2Fheader-min.php HTTP/2.0" 200 18583 "-" "Mozilla/5.0 AppleWebKit/537.36 (KHTML, like Gecko; compatible; ClaudeBot/1.0; +claudebot@anthropic.com)"
65.108.235.243 - - [07/Jul/2026:14:19:46 +0200] "POST /wp-cron.php?doing_wp_cron=1783426785.9296510219573974609375 HTTP/1.1" 200 1 "-" "WordPress/7.0; https://cremona.elettroservicegroup.it"
216.73.216.138 - - [07/Jul/2026:14:19:41 +0200] "GET /=3D%22https:/blogerfrechloginfr.blogspot.com/options-reading.php?edit=%2Fhome%2Fcosta4%2Fcremona.elettroservicegroup.it%2Fwp-includes%2Fblocks%2Fsite-tagline%2Fstyle.min.css HTTP/2.0" 200 18610 "-" "Mozilla/5.0 AppleWebKit/537.36 (KHTML, like Gecko; compatible; ClaudeBot/1.0; +claudebot@anthropic.com)"
216.73.216.138 - - [07/Jul/2026:14:22:35 +0200] "GET /sitemap.rss?view=%2Fhome%2Fcosta4%2Fwww%2Fwp-includes%2Fjs%2Fdist%2Fscript-modules%2Fa11y%2Findex.min.asset.php HTTP/2.0" 200 75 "-" "Mozilla/5.0 AppleWebKit/537.36 (KHTML, like Gecko; compatible; ClaudeBot/1.0; +claudebot@anthropic.com)"
216.73.216.138 - - [07/Jul/2026:14:23:06 +0200] "GET /=3D%22https:/blogerfrechloginfr.blogspot.com//%22mailto:mail@fruitfulcode.com?view=%2Fhome%2Fcosta4%2Fpiacenza.elettroservicegroup.it%2Fwp-content%2Fuploads%2Fwpo%2Frewrite%2F1.txt HTTP/2.0" 200 5 "-" "Mozilla/5.0 AppleWebKit/537.36 (KHTML, like Gecko; compatible; ClaudeBot/1.0; +claudebot@anthropic.com)"
216.73.216.138 - - [07/Jul/2026:14:23:06 +0200] "GET /=3D%22https:/www.transparentadvertising.eu/%22?view=%2Fhome%2Fcosta4%2Fcremona.elettroservicegroup.it%2Fwp-content%2Fthemes%2Fgeneratepress%2Fheader.php HTTP/2.0" 200 526 "-" "Mozilla/5.0 AppleWebKit/537.36 (KHTML, like Gecko; compatible; ClaudeBot/1.0; +claudebot@anthropic.com)"
216.73.216.138 - - [07/Jul/2026:14:23:06 +0200] "GET /=3D%22https:/blogerfrechloginfr.blogspot.com/$%7B?view=%2Fhome%2Fcosta4%2Fcremona.elettroservicegroup.it%2Fwp-content%2Fthemes%2Fgeneratepress%2Fcontent-page.php HTTP/2.0" 200 646 "-" "Mozilla/5.0 AppleWebKit/537.36 (KHTML, like Gecko; compatible; ClaudeBot/1.0; +claudebot@anthropic.com)"
216.73.216.138 - - [07/Jul/2026:14:23:06 +0200] "GET /=3D%22https:/blogerfrechloginfr.blogspot.com//%22mailto:mail@fruitfulcode.com?view=%2Fhome%2Fcosta4%2Freggio-emilia.elettroservicegroup.it%2Fwp-admin%2Fimages%2Farrows.png HTTP/2.0" 200 247 "-" "Mozilla/5.0 AppleWebKit/537.36 (KHTML, like Gecko; compatible; ClaudeBot/1.0; +claudebot@anthropic.com)"
216.73.216.138 - - [07/Jul/2026:14:23:06 +0200] "GET /=3D%22https:/blogerfrechloginfr.blogspot.com//%22mailto:mail@fruitfulcode.com?file=%2Fhome%2Fcosta4%2Freggio-emilia.elettroservicegroup.it%2Fwp-admin%2Fimages%2Fabout-header-credits-rtl.webp HTTP/2.0" 200 246 "-" "Mozilla/5.0 AppleWebKit/537.36 (KHTML, like Gecko; compatible; ClaudeBot/1.0; +claudebot@anthropic.com)"
216.73.216.138 - - [07/Jul/2026:14:23:06 +0200] "GET /%7B%7B%7B%20data.theme.actions.activate%20%7D%7D%7D?file=%2Fhome%2Fcosta4%2Fcremona.elettroservicegroup.it%2Fwp-content%2Fthemes%2Fgeneratepress%2Fheader.php HTTP/2.0" 200 225 "-" "Mozilla/5.0 AppleWebKit/537.36 (KHTML, like Gecko; compatible; ClaudeBot/1.0; +claudebot@anthropic.com)"
216.73.216.138 - - [07/Jul/2026:14:23:06 +0200] "GET /=3D%22https:/blogerfrechloginfr.blogspot.com//%22mailto:mail@fruitfulcode.com?rename=%2Fhome%2Fcosta4%2Fpiacenza.elettroservicegroup.it%2Fwp-content%2Fplugins%2Fwordfence%2Flicense.txt HTTP/2.0" 200 911 "-" "Mozilla/5.0 AppleWebKit/537.36 (KHTML, like Gecko; compatible; ClaudeBot/1.0; +claudebot@anthropic.com)"
65.108.235.243 - - [07/Jul/2026:14:23:13 +0200] "POST /wp-cron.php?doing_wp_cron=1783426993.4358949661254882812500 HTTP/1.1" 200 1 "-" "WordPress/7.0; https://cremona.elettroservicegroup.it"
216.73.216.138 - - [07/Jul/2026:14:23:06 +0200] "GET /=3D%22https:/blogerfrechloginfr.blogspot.com//%22mailto:mail@fruitfulcode.com?edit=%2Fhome%2Fcosta4%2Freggio-emilia.elettroservicegroup.it%2Fwp-admin%2Fimages%2Fyes.png HTTP/2.0" 200 1437 "-" "Mozilla/5.0 AppleWebKit/537.36 (KHTML, like Gecko; compatible; ClaudeBot/1.0; +claudebot@anthropic.com)"
65.108.235.243 - - [07/Jul/2026:14:23:15 +0200] "POST /wp-cron.php?doing_wp_cron=1783426995.1331250667572021484375 HTTP/1.1" 200 1 "-" "WordPress/7.0; https://cremona.elettroservicegroup.it"
216.73.216.138 - - [07/Jul/2026:14:23:06 +0200] "GET /=3D%22https:/blogerfrechloginfr.blogspot.com/admin.php?edit=%2Fhome%2Fcosta4%2Ftmp%2Fanalog%2Fssl%2Freggio-emilia.elettroservicegroup.it%2Fbrowrep.png HTTP/2.0" 200 21839 "-" "Mozilla/5.0 AppleWebKit/537.36 (KHTML, like Gecko; compatible; ClaudeBot/1.0; +claudebot@anthropic.com)"
216.73.216.138 - - [07/Jul/2026:14:23:31 +0200] "GET /=3D%22https:/blogerfrechloginfr.blogspot.com/options-reading.php?file=%2Fhome%2Fcosta4%2Fcremona.elettroservicegroup.it%2Fwp-content%2Fplugins%2Fgp-premium%2Fblog HTTP/2.0" 200 17927 "-" "Mozilla/5.0 AppleWebKit/537.36 (KHTML, like Gecko; compatible; ClaudeBot/1.0; +claudebot@anthropic.com)"
216.73.216.138 - - [07/Jul/2026:14:23:31 +0200] "GET /=3D%22https:/blogerfrechloginfr.blogspot.com/admin.php?edit=%2Fhome%2Fcosta4%2Freggio-emilia.elettroservicegroup.it%2Fwp-content%2Fthemes%2Fgeneratepress%2Fno-results.php HTTP/2.0" 200 19270 "-" "Mozilla/5.0 AppleWebKit/537.36 (KHTML, like Gecko; compatible; ClaudeBot/1.0; +claudebot@anthropic.com)"
216.73.216.138 - - [07/Jul/2026:14:23:31 +0200] "GET /=3D%22https:/blogerfrechloginfr.blogspot.com/edit-comments.php?file=%2Fhome%2Fcosta4%2Fcremona.elettroservicegroup.it%2Fwp-content%2Fplugins%2Fgp-premium%2Flangs%2Fgp-premium-de_DE.mo HTTP/2.0" 200 17830 "-" "Mozilla/5.0 AppleWebKit/537.36 (KHTML, like Gecko; compatible; ClaudeBot/1.0; +claudebot@anthropic.com)"
216.73.216.138 - - [07/Jul/2026:14:24:40 +0200] "GET /index.php/?view=%2Fhome%2Fcosta4%2Fcremona.elettroservicegroup.it%2Fwp-content%2Fthemes%2Fgeneratepress%2Fcomments.php HTTP/2.0" 200 1158 "-" "Mozilla/5.0 AppleWebKit/537.36 (KHTML, like Gecko; compatible; ClaudeBot/1.0; +claudebot@anthropic.com)"
65.108.235.243 - - [07/Jul/2026:14:24:45 +0200] "POST /wp-cron.php?doing_wp_cron=1783427085.6242740154266357421875 HTTP/1.1" 200 1 "-" "WordPress/7.0; https://cremona.elettroservicegroup.it"
65.108.235.243 - - [07/Jul/2026:14:24:45 +0200] "POST /wp-cron.php?doing_wp_cron=1783427085.6284921169281005859375 HTTP/1.1" 200 1 "-" "WordPress/7.0; https://cremona.elettroservicegroup.it"
216.73.216.138 - - [07/Jul/2026:14:24:40 +0200] "GET /sitemap.rss?file=%2Fhome%2Fcosta4%2Fwww%2Fwp-content%2Fplugins%2Felementor%2Fmodules%2Fusage%2Fcalculators HTTP/2.0" 200 670 "-" "Mozilla/5.0 AppleWebKit/537.36 (KHTML, like Gecko; compatible; ClaudeBot/1.0; +claudebot@anthropic.com)"
216.73.216.138 - - [07/Jul/2026:14:24:40 +0200] "GET /=3D%22https:/blogerfrechloginfr.blogspot.com//%22mailto:mail@fruitfulcode.com?file=%2Fhome%2Fcosta4%2Freggio-emilia.elettroservicegroup.it%2Fwp-content%2Fthemes%2Fgeneratepress%2Fassets%2Fdist HTTP/2.0" 200 541 "-" "Mozilla/5.0 AppleWebKit/537.36 (KHTML, like Gecko; compatible; ClaudeBot/1.0; +claudebot@anthropic.com)"
65.108.235.243 - - [07/Jul/2026:14:24:48 +0200] "POST /wp-cron.php?doing_wp_cron=1783427088.6188929080963134765625 HTTP/1.1" 200 1 "-" "WordPress/7.0; https://cremona.elettroservicegroup.it"
65.108.235.243 - - [07/Jul/2026:14:24:48 +0200] "POST /wp-cron.php?doing_wp_cron=1783427088.5329680442810058593750 HTTP/1.1" 200 1 "-" "WordPress/7.0; https://cremona.elettroservicegroup.it"
216.73.216.138 - - [07/Jul/2026:14:24:40 +0200] "GET /=3D%22https:/blogerfrechloginfr.blogspot.com/options-reading.php?rename=%2Fhome%2Fcosta4%2Fcremona.elettroservicegroup.it%2Fwp-content%2Fplugins%2Fcustom_1780326268%2Fads-txt.php HTTP/2.0" 200 18590 "-" "Mozilla/5.0 AppleWebKit/537.36 (KHTML, like Gecko; compatible; ClaudeBot/1.0; +claudebot@anthropic.com)"
216.73.216.138 - - [07/Jul/2026:14:24:40 +0200] "GET /=3D%22https:/blogerfrechloginfr.blogspot.com/link-add.php?file=%2Fhome%2Fcosta4%2Fcremona.elettroservicegroup.it%2Fwp-content%2Fmu-plugins%2Fvapor-dispatcher-ops.php HTTP/2.0" 200 17833 "-" "Mozilla/5.0 AppleWebKit/537.36 (KHTML, like Gecko; compatible; ClaudeBot/1.0; +claudebot@anthropic.com)"
65.108.235.243 - - [07/Jul/2026:14:24:48 +0200] "POST /wp-cron.php?doing_wp_cron=1783427088.6216020584106445312500 HTTP/1.1" 200 1 "-" "WordPress/7.0; https://cremona.elettroservicegroup.it"
65.108.235.243 - - [07/Jul/2026:14:24:48 +0200] "POST /wp-cron.php?doing_wp_cron=1783427088.6281220912933349609375 HTTP/1.1" 200 1 "-" "WordPress/7.0; https://cremona.elettroservicegroup.it"
216.73.216.138 - - [07/Jul/2026:14:24:40 +0200] "GET /=3D%22https:/blogerfrechloginfr.blogspot.com/edit-comments.php?file=%2Fhome%2Fcosta4%2Fmantova.elettroservicegroup.it%2Fwp-includes%2Fjs%2Fdist%2Fvendor%2Fwp-polyfill-dom-rect.min.js HTTP/2.0" 200 17825 "-" "Mozilla/5.0 AppleWebKit/537.36 (KHTML, like Gecko; compatible; ClaudeBot/1.0; +claudebot@anthropic.com)"
216.73.216.138 - - [07/Jul/2026:14:24:40 +0200] "GET /=3D%22https:/blogerfrechloginfr.blogspot.com/link-manager.php?rename=%2Fhome%2Fcosta4%2Fcremona.elettroservicegroup.it%2Fwp-content%2Fplugins%2Fgp-premium%2Flangs%2Fgp-premium-pl_PL.mo HTTP/2.0" 200 18590 "-" "Mozilla/5.0 AppleWebKit/537.36 (KHTML, like Gecko; compatible; ClaudeBot/1.0; +claudebot@anthropic.com)"
65.108.235.243 - - [07/Jul/2026:14:24:48 +0200] "POST /wp-cron.php?doing_wp_cron=1783427088.7246809005737304687500 HTTP/1.1" 200 1 "-" "WordPress/7.0; https://cremona.elettroservicegroup.it"
65.108.235.243 - - [07/Jul/2026:14:24:48 +0200] "POST /wp-cron.php?doing_wp_cron=1783427088.7243518829345703125000 HTTP/1.1" 200 1 "-" "WordPress/7.0; https://cremona.elettroservicegroup.it"
216.73.216.138 - - [07/Jul/2026:14:24:40 +0200] "GET /?rename=%2Fproc%2Firq%2F107%2Faffinity_hint HTTP/2.0" 200 20798 "-" "Mozilla/5.0 AppleWebKit/537.36 (KHTML, like Gecko; compatible; ClaudeBot/1.0; +claudebot@anthropic.com)"
216.73.216.138 - - [07/Jul/2026:14:24:40 +0200] "GET /?rename=%2Fproc%2Firq%2F69%2Fsmp_affinity HTTP/2.0" 200 20797 "-" "Mozilla/5.0 AppleWebKit/537.36 (KHTML, like Gecko; compatible; ClaudeBot/1.0; +claudebot@anthropic.com)"
47.128.23.192 - - [07/Jul/2026:14:27:36 +0200] "GET /robots.txt HTTP/1.1" 200 11708 "-" "Mozilla/5.0 (Linux; Android 5.0) AppleWebKit/537.36 (KHTML, like Gecko) Mobile Safari/537.36 (compatible; Bytespider; spider-feedback@bytedance.com)"
216.73.216.138 - - [07/Jul/2026:14:29:02 +0200] "GET /3D%22https:/click.mlsend2.com/wp-admin/href=%22https:/www.userFeedback.com/3D=22http:/tracker=2Emc-svc-d=2Eit/Un=?view=%2Fhome%2Fcosta4%2Fcremona.elettroservicegroup.it%2Fwp-content%2Fuploads%2F2021%2F10%2FFRIGORIFERO-AMERICANO.jpg HTTP/2.0" 200 25483 "-" "Mozilla/5.0 AppleWebKit/537.36 (KHTML, like Gecko; compatible; ClaudeBot/1.0; +claudebot@anthropic.com)"
216.73.216.138 - - [07/Jul/2026:14:29:03 +0200] "GET /=3D%22https:/blogerfrechloginfr.blogspot.com/edit-comments.php?view=%2Fhome%2Fcosta4%2Fwww%2Fwp-admin%2Fimages%2Ficons32-2x.png HTTP/2.0" 200 21637 "-" "Mozilla/5.0 AppleWebKit/537.36 (KHTML, like Gecko; compatible; ClaudeBot/1.0; +claudebot@anthropic.com)"
216.73.216.138 - - [07/Jul/2026:14:29:02 +0200] "GET /3D%22https:/click.mlsend2.com/wp-admin/href=%22https:/www.userFeedback.com/3D%22http:/touli.smtptrack.com/'%20.%20esc_url($settings_url)%20.%20'?rename=%2Fhome%2Fcosta4%2Fvicenza.elettroservicegroup.it%2Fwp-admin%2Fimages%2Falign-right.png HTTP/2.0" 200 907 "-" "Mozilla/5.0 AppleWebKit/537.36 (KHTML, like Gecko; compatible; ClaudeBot/1.0; +claudebot@anthropic.com)"
216.73.216.138 - - [07/Jul/2026:14:29:02 +0200] "GET /3D%22https:/click.mlsend2.com/wp-admin/href=%22https:/www.userFeedback.com/3D%22http:/touli.smtptrack.com/%7Bsitemap:loc%7D?rename=%2Fhome%2Fcosta4%2Freggio-emilia.elettroservicegroup.it%2Fwp-content%2Fuploads%2F2022%2F01%2Felet1-2-768x347.jpg HTTP/2.0" 200 925 "-" "Mozilla/5.0 AppleWebKit/537.36 (KHTML, like Gecko; compatible; ClaudeBot/1.0; +claudebot@anthropic.com)"
65.108.235.243 - - [07/Jul/2026:14:29:05 +0200] "POST /wp-cron.php?doing_wp_cron=1783427345.7355439662933349609375 HTTP/1.1" 200 1 "-" "WordPress/7.0; https://cremona.elettroservicegroup.it"
65.108.235.243 - - [07/Jul/2026:14:29:05 +0200] "POST /wp-cron.php?doing_wp_cron=1783427345.7355370521545410156250 HTTP/1.1" 200 1 "-" "WordPress/7.0; https://cremona.elettroservicegroup.it"
65.108.235.243 - - [07/Jul/2026:14:29:05 +0200] "POST /wp-cron.php?doing_wp_cron=1783427345.7355329990386962890625 HTTP/1.1" 200 1 "-" "WordPress/7.0; https://cremona.elettroservicegroup.it"
216.73.216.138 - - [07/Jul/2026:14:29:03 +0200] "GET /=3D%22https:/blogerfrechloginfr.blogspot.com//%22mailto:mail@fruitfulcode.com?file=%2Fhome%2Fcosta4%2Fpiacenza.elettroservicegroup.it%2Fwp-content%2Fplugins%2Fwordfence%2Fimages%2Fsort_asc.gif HTTP/2.0" 200 241 "-" "Mozilla/5.0 AppleWebKit/537.36 (KHTML, like Gecko; compatible; ClaudeBot/1.0; +claudebot@anthropic.com)"
216.73.216.138 - - [07/Jul/2026:14:29:02 +0200] "GET /=3D%22https:/blogerfrechloginfr.blogspot.com//%22mailto:mail@fruitfulcode.com?edit=%2Fhome%2Fcosta4%2Freggio-emilia.elettroservicegroup.it%2Fwp-content%2Fthemes%2Fgeneratepress%2Freadme.txt HTTP/2.0" 200 6822 "-" "Mozilla/5.0 AppleWebKit/537.36 (KHTML, like Gecko; compatible; ClaudeBot/1.0; +claudebot@anthropic.com)"
216.73.216.138 - - [07/Jul/2026:14:29:02 +0200] "GET /=3D%22https:/blogerfrechloginfr.blogspot.com//%22mailto:mail@fruitfulcode.com?edit=%2Fhome%2Fcosta4%2Freggio-emilia.elettroservicegroup.it%2Fwp-admin%2Fimages%2Fmask.png HTTP/2.0" 200 2830 "-" "Mozilla/5.0 AppleWebKit/537.36 (KHTML, like Gecko; compatible; ClaudeBot/1.0; +claudebot@anthropic.com)"
216.73.216.138 - - [07/Jul/2026:14:29:05 +0200] "GET /=3D%22https:/blogerfrechloginfr.blogspot.com/admin.php?view=%2Fhome%2Fcosta4%2Freggio-emilia.elettroservicegroup.it%2Fwp-content%2Fthemes%2Fgeneratepress%2Fno-results.php HTTP/2.0" 200 651 "-" "Mozilla/5.0 AppleWebKit/537.36 (KHTML, like Gecko; compatible; ClaudeBot/1.0; +claudebot@anthropic.com)"
216.73.216.138 - - [07/Jul/2026:14:29:05 +0200] "GET /=3D%22https:/blogerfrechloginfr.blogspot.com/admin.php?rename=%2Fhome%2Fcosta4%2Freggio-emilia.elettroservicegroup.it%2Fwp-content%2Fthemes%2Fgeneratepress%2Ffooter.php HTTP/2.0" 200 18583 "-" "Mozilla/5.0 AppleWebKit/537.36 (KHTML, like Gecko; compatible; ClaudeBot/1.0; +claudebot@anthropic.com)"
216.73.216.138 - - [07/Jul/2026:14:29:02 +0200] "GET /=3D%22https:/blogerfrechloginfr.blogspot.com/admin.php?rename=%2Fhome%2Fcosta4%2Flogs%2Fcremona.elettroservicegroup.it-ssl_log-May-2026.gz HTTP/2.0" 200 18497 "-" "Mozilla/5.0 AppleWebKit/537.36 (KHTML, like Gecko; compatible; ClaudeBot/1.0; +claudebot@anthropic.com)"
216.73.216.138 - - [07/Jul/2026:14:29:02 +0200] "GET /3D%22https:/go.eu.sparkpostmail2.com/q/js/os.png?rename=%2Fhome%2Fcosta4%2Fcremona.elettroservicegroup.it%2Fwp-content%2Fthemes%2Fgeneratepress%2Fsearch.php HTTP/2.0" 200 18574 "-" "Mozilla/5.0 AppleWebKit/537.36 (KHTML, like Gecko; compatible; ClaudeBot/1.0; +claudebot@anthropic.com)"
65.108.235.243 - - [07/Jul/2026:14:29:06 +0200] "POST /wp-cron.php?doing_wp_cron=1783427346.8313889503479003906250 HTTP/1.1" 200 1 "-" "WordPress/7.0; https://cremona.elettroservicegroup.it"
216.73.216.138 - - [07/Jul/2026:14:29:03 +0200] "GET /=3D%22https:/blogerfrechloginfr.blogspot.com/$1?edit=%2Fhome%2Fcosta4%2Fcremona.elettroservicegroup.it%2Fwp-content%2Fthemes%2Fgeneratepress%2Farchive.php HTTP/2.0" 200 19015 "-" "Mozilla/5.0 AppleWebKit/537.36 (KHTML, like Gecko; compatible; ClaudeBot/1.0; +claudebot@anthropic.com)"
216.73.216.138 - - [07/Jul/2026:14:29:02 +0200] "GET /3D%22https:/sites.ziftsolutions.com/'%20.%20esc_url(admin_url('plugin-install.php?rename=%2Fhome%2Fcosta4%2Fcremona.elettroservicegroup.it%2Fwp-admin%2Fimages%2Fbubble_bg.gif HTTP/2.0" 200 18607 "-" "Mozilla/5.0 AppleWebKit/537.36 (KHTML, like Gecko; compatible; ClaudeBot/1.0; +claudebot@anthropic.com)"
216.73.216.138 - - [07/Jul/2026:14:29:05 +0200] "GET /=3D%22https:/blogerfrechloginfr.blogspot.com/admin.php?edit=%2Fhome%2Fcosta4%2Freggio-emilia.elettroservicegroup.it%2Fwp-content%2Fthemes%2Fgeneratepress%2Ffooter-min.php HTTP/2.0" 200 18752 "-" "Mozilla/5.0 AppleWebKit/537.36 (KHTML, like Gecko; compatible; ClaudeBot/1.0; +claudebot@anthropic.com)"
216.73.216.138 - - [07/Jul/2026:14:29:56 +0200] "GET /?edit=%2Fproc%2Fsys%2Fnet%2Fipv4%2Fconf%2Fenp41s0%2Fforwarding HTTP/2.0" 200 20810 "-" "Mozilla/5.0 AppleWebKit/537.36 (KHTML, like Gecko; compatible; ClaudeBot/1.0; +claudebot@anthropic.com)"
216.73.216.138 - - [07/Jul/2026:14:29:56 +0200] "GET /?edit=%2Fproc%2Fsys%2Fnet%2Fipv4%2Fconf%2Fenp41s0%2Fforce_igmp_version HTTP/2.0" 200 20816 "-" "Mozilla/5.0 AppleWebKit/537.36 (KHTML, like Gecko; compatible; ClaudeBot/1.0; +claudebot@anthropic.com)"
216.73.216.138 - - [07/Jul/2026:14:29:56 +0200] "GET /=3D%22https:/blogerfrechloginfr.blogspot.com/link-manager.php?file=%2Fhome%2Fcosta4%2Fcremona.elettroservicegroup.it%2Fwp-content%2Fthemes%2Fgeneratepress%2Fassets%2Fcss HTTP/2.0" 200 18247 "-" "Mozilla/5.0 AppleWebKit/537.36 (KHTML, like Gecko; compatible; ClaudeBot/1.0; +claudebot@anthropic.com)"
216.73.216.138 - - [07/Jul/2026:14:29:56 +0200] "GET /?file=%2Fproc%2Fsys%2Fnet%2Fipv4%2Fconf%2Fenp41s0%2Fproxy_arp HTTP/2.0" 200 20010 "-" "Mozilla/5.0 AppleWebKit/537.36 (KHTML, like Gecko; compatible; ClaudeBot/1.0; +claudebot@anthropic.com)"
216.73.216.138 - - [07/Jul/2026:14:29:56 +0200] "GET /?file=%2Fproc%2Fsys%2Fnet%2Fipv4%2Fconf%2Fenp41s0%2Faccept_source_route HTTP/2.0" 200 20015 "-" "Mozilla/5.0 AppleWebKit/537.36 (KHTML, like Gecko; compatible; ClaudeBot/1.0; +claudebot@anthropic.com)"
216.73.216.138 - - [07/Jul/2026:14:29:56 +0200] "GET /?edit=%2Fproc%2Fsys%2Fnet%2Fipv4%2Fconf%2Fenp41s0%2Fproxy_arp_pvlan HTTP/2.0" 200 20816 "-" "Mozilla/5.0 AppleWebKit/537.36 (KHTML, like Gecko; compatible; ClaudeBot/1.0; +claudebot@anthropic.com)"
216.73.216.138 - - [07/Jul/2026:14:29:56 +0200] "GET /=3D%22https:/blogerfrechloginfr.blogspot.com/options-reading.php?file=%2Fhome%2Fcosta4%2Fcremona.elettroservicegroup.it%2Fwp-content%2Fplugins%2Fcustom_1780326268%2Finc%2Fhelpers.php HTTP/2.0" 200 17834 "-" "Mozilla/5.0 AppleWebKit/537.36 (KHTML, like Gecko; compatible; ClaudeBot/1.0; +claudebot@anthropic.com)"
216.73.216.138 - - [07/Jul/2026:14:29:56 +0200] "GET /?edit=%2Fproc%2Fsys%2Fnet%2Fipv4%2Fconf%2Fenp41s0%2Fbc_forwarding HTTP/2.0" 200 20815 "-" "Mozilla/5.0 AppleWebKit/537.36 (KHTML, like Gecko; compatible; ClaudeBot/1.0; +claudebot@anthropic.com)"
65.108.235.243 - - [07/Jul/2026:14:31:32 +0200] "POST /wp-cron.php?doing_wp_cron=1783427492.7180669307708740234375 HTTP/1.1" 200 1 "-" "WordPress/7.0; https://cremona.elettroservicegroup.it"
216.73.216.138 - - [07/Jul/2026:14:31:25 +0200] "GET /=3D%22https:/blogerfrechloginfr.blogspot.com/options-reading.php?rename=%2Fhome%2Fcosta4%2Fcremona.elettroservicegroup.it%2Fwp-content%2Fplugins%2Fcustom_1780326268%2Finc%2Fhelpers.php HTTP/2.0" 200 18596 "-" "Mozilla/5.0 AppleWebKit/537.36 (KHTML, like Gecko; compatible; ClaudeBot/1.0; +claudebot@anthropic.com)"
65.108.235.243 - - [07/Jul/2026:14:31:32 +0200] "POST /wp-cron.php?doing_wp_cron=1783427492.7330729961395263671875 HTTP/1.1" 200 1 "-" "WordPress/7.0; https://cremona.elettroservicegroup.it"
65.108.235.243 - - [07/Jul/2026:14:31:32 +0200] "POST /wp-cron.php?doing_wp_cron=1783427492.8342440128326416015625 HTTP/1.1" 200 1 "-" "WordPress/7.0; https://cremona.elettroservicegroup.it"
216.73.216.138 - - [07/Jul/2026:14:31:25 +0200] "GET /?edit=%2Fproc%2Fsys%2Fnet%2Fipv4%2Fconf%2Fenp41s0%2Fmc_forwarding HTTP/2.0" 200 20814 "-" "Mozilla/5.0 AppleWebKit/537.36 (KHTML, like Gecko; compatible; ClaudeBot/1.0; +claudebot@anthropic.com)"
216.73.216.138 - - [07/Jul/2026:14:31:25 +0200] "GET /?edit=%2Fproc%2Fsys%2Fnet%2Fipv4%2Fconf%2Fenp41s0%2Fmedium_id HTTP/2.0" 200 20809 "-" "Mozilla/5.0 AppleWebKit/537.36 (KHTML, like Gecko; compatible; ClaudeBot/1.0; +claudebot@anthropic.com)"
65.108.235.243 - - [07/Jul/2026:14:34:03 +0200] "POST /wp-cron.php?doing_wp_cron=1783427643.2385289669036865234375 HTTP/1.1" 200 1 "-" "WordPress/7.0; https://cremona.elettroservicegroup.it"
217.113.194.246 - - [07/Jul/2026:14:33:58 +0200] "GET /robots.txt HTTP/1.1" 200 13874 "-" "Mozilla/5.0 (compatible; Barkrowler/0.9; +https://babbar.tech/crawler)"
65.108.235.243 - - [07/Jul/2026:14:35:10 +0200] "POST /wp-cron.php?doing_wp_cron=1783427710.1405899524688720703125 HTTP/1.1" 200 1 "-" "WordPress/7.0; https://cremona.elettroservicegroup.it"
217.113.194.87 - - [07/Jul/2026:14:35:03 +0200] "GET /cookie-policy/ HTTP/1.1" 200 101523 "-" "Mozilla/5.0 (compatible; Barkrowler/0.9; +https://babbar.tech/crawler)"
65.108.235.243 - - [07/Jul/2026:14:36:09 +0200] "POST /wp-cron.php?doing_wp_cron=1783427769.8360331058502197265625 HTTP/1.1" 200 1 "-" "WordPress/7.0; https://cremona.elettroservicegroup.it"
217.113.194.219 - - [07/Jul/2026:14:36:03 +0200] "GET /post-4-2/ HTTP/1.1" 200 105340 "-" "Mozilla/5.0 (compatible; Barkrowler/0.9; +https://babbar.tech/crawler)"
216.73.216.138 - - [07/Jul/2026:14:36:16 +0200] "GET /=3D%22https:/blogerfrechloginfr.blogspot.com/%7B$sub_item[2]%7D?view=%2Fhome%2Fcosta4%2Fcremona.elettroservicegroup.it%2Fwp-content%2Fthemes%2Fgeneratepress%2Fsearchform.php HTTP/2.0" 200 504 "-" "Mozilla/5.0 AppleWebKit/537.36 (KHTML, like Gecko; compatible; ClaudeBot/1.0; +claudebot@anthropic.com)"
216.73.216.138 - - [07/Jul/2026:14:36:16 +0200] "GET /=3D%22https:/blogerfrechloginfr.blogspot.com/admin.php?edit=%2Fhome%2Fcosta4%2Fpublic_html%2Fwp-content%2Fuploads%2F2018%2F02%2Fpost-8-768x512.jpg HTTP/2.0" 200 57222 "-" "Mozilla/5.0 AppleWebKit/537.36 (KHTML, like Gecko; compatible; ClaudeBot/1.0; +claudebot@anthropic.com)"
216.73.216.138 - - [07/Jul/2026:14:36:16 +0200] "GET /=3D%22https:/blogerfrechloginfr.blogspot.com/admin.php?rename=%2Fhome%2Fcosta4%2Ftmp%2Fanalog%2Fssl%2Freggio-emilia.elettroservicegroup.it%2Ftype.png HTTP/2.0" 200 18583 "-" "Mozilla/5.0 AppleWebKit/537.36 (KHTML, like Gecko; compatible; ClaudeBot/1.0; +claudebot@anthropic.com)"
216.73.216.138 - - [07/Jul/2026:14:36:16 +0200] "GET /=3D%22https:/blogerfrechloginfr.blogspot.com/$edit_link?file=%2Fhome%2Fcosta4%2Fcremona.elettroservicegroup.it%2Fwp-content%2Fthemes%2Fgeneratepress%2F404.php HTTP/2.0" 200 17804 "-" "Mozilla/5.0 AppleWebKit/537.36 (KHTML, like Gecko; compatible; ClaudeBot/1.0; +claudebot@anthropic.com)"
65.108.235.243 - - [07/Jul/2026:14:36:57 +0200] "POST /wp-cron.php?doing_wp_cron=1783427817.1238119602203369140625 HTTP/1.1" 200 1 "-" "WordPress/7.0; https://cremona.elettroservicegroup.it"
217.113.194.88 - - [07/Jul/2026:14:36:50 +0200] "GET /post-3-2/ HTTP/1.1" 200 105340 "-" "Mozilla/5.0 (compatible; Barkrowler/0.9; +https://babbar.tech/crawler)"
217.113.194.91 - - [07/Jul/2026:14:37:41 +0200] "GET /post-9-2/ HTTP/1.1" 200 105340 "-" "Mozilla/5.0 (compatible; Barkrowler/0.9; +https://babbar.tech/crawler)"
65.108.235.243 - - [07/Jul/2026:14:38:11 +0200] "POST /wp-cron.php?doing_wp_cron=1783427891.7272648811340332031250 HTTP/1.1" 200 1 "-" "WordPress/7.0; https://cremona.elettroservicegroup.it"
217.113.194.87 - - [07/Jul/2026:14:38:10 +0200] "GET /post-5-2/ HTTP/1.1" 200 105340 "-" "Mozilla/5.0 (compatible; Barkrowler/0.9; +https://babbar.tech/crawler)"
65.108.235.243 - - [07/Jul/2026:14:38:33 +0200] "POST /wp-cron.php?doing_wp_cron=1783427913.4308381080627441406250 HTTP/1.1" 200 1 "-" "WordPress/7.0; https://cremona.elettroservicegroup.it"
217.113.194.85 - - [07/Jul/2026:14:38:33 +0200] "GET /category/uncategorized/ HTTP/1.1" 200 109896 "-" "Mozilla/5.0 (compatible; Barkrowler/0.9; +https://babbar.tech/crawler)"
65.108.235.243 - - [07/Jul/2026:14:38:50 +0200] "POST /wp-cron.php?doing_wp_cron=1783427930.5314478874206542968750 HTTP/1.1" 200 1 "-" "WordPress/7.0; https://cremona.elettroservicegroup.it"
217.113.194.86 - - [07/Jul/2026:14:38:48 +0200] "GET /author/andrea/ HTTP/1.1" 200 110167 "-" "Mozilla/5.0 (compatible; Barkrowler/0.9; +https://babbar.tech/crawler)"
217.113.194.91 - - [07/Jul/2026:14:39:06 +0200] "GET /chicken-road-35706/ HTTP/1.1" 200 132323 "-" "Mozilla/5.0 (compatible; Barkrowler/0.9; +https://babbar.tech/crawler)"
217.113.194.86 - - [07/Jul/2026:14:39:22 +0200] "GET /vavada-casino-login/ HTTP/1.1" 200 122112 "-" "Mozilla/5.0 (compatible; Barkrowler/0.9; +https://babbar.tech/crawler)"
217.113.194.86 - - [07/Jul/2026:14:39:39 +0200] "GET /assistenza-condizionatori-cremona/ HTTP/1.1" 200 101643 "-" "Mozilla/5.0 (compatible; Barkrowler/0.9; +https://babbar.tech/crawler)"
216.73.216.138 - - [07/Jul/2026:14:39:44 +0200] "GET /?file=%2Fproc%2Fsys%2Fnet%2Fipv4%2Fconf%2Fenp41s0%2Fforce_igmp_version HTTP/2.0" 200 20002 "-" "Mozilla/5.0 AppleWebKit/537.36 (KHTML, like Gecko; compatible; ClaudeBot/1.0; +claudebot@anthropic.com)"
65.108.235.243 - - [07/Jul/2026:14:39:45 +0200] "POST /wp-cron.php?doing_wp_cron=1783427985.3399660587310791015625 HTTP/1.1" 200 1 "-" "WordPress/7.0; https://cremona.elettroservicegroup.it"
216.73.216.138 - - [07/Jul/2026:14:39:44 +0200] "GET /=3D%22https:/blogerfrechloginfr.blogspot.com/link-manager.php?file=%2Fhome%2Fcosta4%2Fcremona.elettroservicegroup.it%2Fwp-content%2Fthemes%2Fgeneratepress%2Fassets%2Fjs HTTP/2.0" 200 18137 "-" "Mozilla/5.0 AppleWebKit/537.36 (KHTML, like Gecko; compatible; ClaudeBot/1.0; +claudebot@anthropic.com)"
217.113.194.91 - - [07/Jul/2026:14:39:56 +0200] "GET /assistenza-forni-elettrici-cremona/ HTTP/1.1" 200 101649 "-" "Mozilla/5.0 (compatible; Barkrowler/0.9; +https://babbar.tech/crawler)"
217.113.194.85 - - [07/Jul/2026:14:40:13 +0200] "GET /?file=/home/costa4/cremona.elettroservicegroup.it/wp-content HTTP/1.1" 200 101988 "-" "Mozilla/5.0 (compatible; Barkrowler/0.9; +https://babbar.tech/crawler)"
217.113.194.87 - - [07/Jul/2026:14:40:30 +0200] "GET /?file=/home/costa4/cremona.elettroservicegroup.it/wp-content/themes/index.php HTTP/1.1" 200 100364 "-" "Mozilla/5.0 (compatible; Barkrowler/0.9; +https://babbar.tech/crawler)"
65.108.235.243 - - [07/Jul/2026:14:40:47 +0200] "POST /wp-cron.php?doing_wp_cron=1783428047.2207639217376708984375 HTTP/1.1" 200 1 "-" "WordPress/7.0; https://cremona.elettroservicegroup.it"
217.113.194.87 - - [07/Jul/2026:14:40:46 +0200] "GET /post-2-2/?file=/home/costa4/cremona.elettroservicegroup.it/wp-content/themes HTTP/1.1" 200 92733 "-" "Mozilla/5.0 (compatible; Barkrowler/0.9; +https://babbar.tech/crawler)"
217.113.194.91 - - [07/Jul/2026:14:41:02 +0200] "GET /cookie-policy/?view=/home/costa4/cremona.elettroservicegroup.it/wp-content/themes/index.php HTTP/1.1" 200 28 "-" "Mozilla/5.0 (compatible; Barkrowler/0.9; +https://babbar.tech/crawler)"
216.73.216.138 - - [07/Jul/2026:14:41:09 +0200] "GET /=3D%22https:/blogerfrechloginfr.blogspot.com/options-reading.php?file=%2Fhome%2Fcosta4%2Fcremona.elettroservicegroup.it%2Fwp-includes%2Fblocks%2Faccordion-panel%2Fstyle.min.css HTTP/2.0" 200 17818 "-" "Mozilla/5.0 AppleWebKit/537.36 (KHTML, like Gecko; compatible; ClaudeBot/1.0; +claudebot@anthropic.com)"
217.113.194.82 - - [07/Jul/2026:14:41:18 +0200] "GET /?file=/home/costa4/cremona.elettroservicegroup.it/wp-content/themes/generatepress HTTP/1.1" 200 113570 "-" "Mozilla/5.0 (compatible; Barkrowler/0.9; +https://babbar.tech/crawler)"
217.113.194.82 - - [07/Jul/2026:14:41:35 +0200] "GET /?view=/home/costa4/cremona.elettroservicegroup.it/wp-content/themes/generatepress/comments.php HTTP/1.1" 200 3613 "-" "Mozilla/5.0 (compatible; Barkrowler/0.9; +https://babbar.tech/crawler)"
217.113.194.88 - - [07/Jul/2026:14:41:51 +0200] "GET /?view=/home/costa4/cremona.elettroservicegroup.it/wp-content/themes/generatepress/404.php HTTP/1.1" 200 790 "-" "Mozilla/5.0 (compatible; Barkrowler/0.9; +https://babbar.tech/crawler)"
217.113.194.83 - - [07/Jul/2026:14:42:07 +0200] "GET /?view=/home/costa4/cremona.elettroservicegroup.it/wp-content/themes/generatepress/page.php HTTP/1.1" 200 1096 "-" "Mozilla/5.0 (compatible; Barkrowler/0.9; +https://babbar.tech/crawler)"
65.108.235.243 - - [07/Jul/2026:14:42:24 +0200] "POST /wp-cron.php?doing_wp_cron=1783428144.0286729335784912109375 HTTP/1.1" 200 1 "-" "WordPress/7.0; https://cremona.elettroservicegroup.it"
217.113.194.220 - - [07/Jul/2026:14:42:23 +0200] "GET /post-2-2/?file=/home/costa4/cremona.elettroservicegroup.it/wp-content/themes/generatepress HTTP/1.1" 200 105340 "-" "Mozilla/5.0 (compatible; Barkrowler/0.9; +https://babbar.tech/crawler)"
217.113.194.82 - - [07/Jul/2026:14:42:40 +0200] "GET /?rename=/home/costa4/cremona.elettroservicegroup.it/wp-content/themes/generatepress/searchform.php HTTP/1.1" 200 113984 "-" "Mozilla/5.0 (compatible; Barkrowler/0.9; +https://babbar.tech/crawler)"
65.108.235.243 - - [07/Jul/2026:14:42:58 +0200] "POST /wp-cron.php?doing_wp_cron=1783428178.7198100090026855468750 HTTP/1.1" 200 1 "-" "WordPress/7.0; https://cremona.elettroservicegroup.it"
217.113.194.91 - - [07/Jul/2026:14:42:57 +0200] "GET /?file=/home/costa4/cremona.elettroservicegroup.it/wp-content/themes/generatepress/footer.php HTTP/1.1" 200 100393 "-" "Mozilla/5.0 (compatible; Barkrowler/0.9; +https://babbar.tech/crawler)"
217.113.194.90 - - [07/Jul/2026:14:43:14 +0200] "GET /post-2-2/?file=/home/costa4/cremona.elettroservicegroup.it/wp-content/upgrade-temp-backup HTTP/1.1" 200 92281 "-" "Mozilla/5.0 (compatible; Barkrowler/0.9; +https://babbar.tech/crawler)"
65.108.235.243 - - [07/Jul/2026:14:43:32 +0200] "POST /wp-cron.php?doing_wp_cron=1783428212.1205339431762695312500 HTTP/1.1" 200 1 "-" "WordPress/7.0; https://cremona.elettroservicegroup.it"
217.113.194.84 - - [07/Jul/2026:14:43:31 +0200] "GET /?rename=/home/costa4/cremona.elettroservicegroup.it/wp-content/themes/generatepress/functions.php HTTP/1.1" 200 113981 "-" "Mozilla/5.0 (compatible; Barkrowler/0.9; +https://babbar.tech/crawler)"
65.108.235.243 - - [07/Jul/2026:14:43:49 +0200] "POST /wp-cron.php?doing_wp_cron=1783428229.2326660156250000000000 HTTP/1.1" 200 1 "-" "WordPress/7.0; https://cremona.elettroservicegroup.it"
217.113.194.88 - - [07/Jul/2026:14:43:47 +0200] "GET /?file=/home/costa4/cremona.elettroservicegroup.it/wp-content/themes/generatepress/functions.php HTTP/1.1" 200 100396 "-" "Mozilla/5.0 (compatible; Barkrowler/0.9; +https://babbar.tech/crawler)"
217.113.194.82 - - [07/Jul/2026:14:44:04 +0200] "GET /cookie-policy/?view=/home/costa4/cremona.elettroservicegroup.it/wp-content/themes/generatepress/index.php HTTP/1.1" 200 1588 "-" "Mozilla/5.0 (compatible; Barkrowler/0.9; +https://babbar.tech/crawler)"
217.113.194.246 - - [07/Jul/2026:14:44:20 +0200] "GET /?view=/home/costa4/cremona.elettroservicegroup.it/wp-content/themes/generatepress/screenshot.png HTTP/1.1" 200 70674 "-" "Mozilla/5.0 (compatible; Barkrowler/0.9; +https://babbar.tech/crawler)"
217.113.194.91 - - [07/Jul/2026:14:44:35 +0200] "GET /post-4-2/?view=/home/costa4/cremona.elettroservicegroup.it/wp-content/themes/generatepress/index.php HTTP/1.1" 200 1588 "-" "Mozilla/5.0 (compatible; Barkrowler/0.9; +https://babbar.tech/crawler)"
217.113.194.88 - - [07/Jul/2026:14:44:51 +0200] "GET /post-7-2/?view=/home/costa4/cremona.elettroservicegroup.it/wp-content/themes/generatepress/index.php HTTP/1.1" 200 1588 "-" "Mozilla/5.0 (compatible; Barkrowler/0.9; +https://babbar.tech/crawler)"
217.113.194.91 - - [07/Jul/2026:14:45:06 +0200] "GET /post-2-2/?view=/home/costa4/cremona.elettroservicegroup.it/wp-content/themes/generatepress/single.php HTTP/1.1" 200 898 "-" "Mozilla/5.0 (compatible; Barkrowler/0.9; +https://babbar.tech/crawler)"
65.108.235.243 - - [07/Jul/2026:14:45:11 +0200] "POST /wp-cron.php?doing_wp_cron=1783428311.2301011085510253906250 HTTP/1.1" 200 1 "-" "WordPress/7.0; https://cremona.elettroservicegroup.it"
216.73.216.138 - - [07/Jul/2026:14:45:10 +0200] "GET /robots.txt HTTP/2.0" 200 892 "-" "Mozilla/5.0 AppleWebKit/537.36 (KHTML, like Gecko; compatible; ClaudeBot/1.0; +claudebot@anthropic.com)"
217.113.194.246 - - [07/Jul/2026:14:45:22 +0200] "GET /post-9-2/?view=/home/costa4/cremona.elettroservicegroup.it/wp-content/themes/generatepress/index.php HTTP/1.1" 200 1588 "-" "Mozilla/5.0 (compatible; Barkrowler/0.9; +https://babbar.tech/crawler)"
217.113.194.91 - - [07/Jul/2026:14:45:38 +0200] "GET /post-10-2/?view=/home/costa4/cremona.elettroservicegroup.it/wp-content/themes/generatepress/archive.php HTTP/1.1" 200 1441 "-" "Mozilla/5.0 (compatible; Barkrowler/0.9; +https://babbar.tech/crawler)"
217.113.194.83 - - [07/Jul/2026:14:45:54 +0200] "GET /post-10-2/?view=/home/costa4/cremona.elettroservicegroup.it/wp-content/themes/generatepress/content.php HTTP/1.1" 200 2182 "-" "Mozilla/5.0 (compatible; Barkrowler/0.9; +https://babbar.tech/crawler)"
217.113.194.87 - - [07/Jul/2026:14:46:09 +0200] "GET /post-10-2/?view=/home/costa4/cremona.elettroservicegroup.it/wp-content/themes/generatepress/search.php HTTP/1.1" 200 1265 "-" "Mozilla/5.0 (compatible; Barkrowler/0.9; +https://babbar.tech/crawler)"
216.73.216.138 - - [07/Jul/2026:14:46:12 +0200] "GET /3D%22https:/go.eu.sparkpostmail2.com/q//%22%22.concat((_elementorAppConfig3?rename=%2Fhome%2Fcosta4%2Fcremona.elettroservicegroup.it%2Fwp-includes%2Fimages%2Ficon-library%2Freusable-block.svg HTTP/2.0" 200 912 "-" "Mozilla/5.0 AppleWebKit/537.36 (KHTML, like Gecko; compatible; ClaudeBot/1.0; +claudebot@anthropic.com)"
65.108.235.243 - - [07/Jul/2026:14:46:12 +0200] "POST /wp-cron.php?doing_wp_cron=1783428372.7554819583892822265625 HTTP/1.1" 200 1 "-" "WordPress/7.0; https://cremona.elettroservicegroup.it"
216.73.216.138 - - [07/Jul/2026:14:46:12 +0200] "GET /3D%22https:/click.mlsend2.com/wp-admin/href=%22https:/www.userFeedback.com/3D%22http:/touli.smtptrack.com/%7Bsitemap:loc%7D?rename=%2Fhome%2Fcosta4%2Fverona.elettroservicegroup.it%2Fwp-content%2Fuploads%2F2022%2F01%2Felettro7-1-300x120-1.jpg.webp HTTP/2.0" 200 927 "-" "Mozilla/5.0 AppleWebKit/537.36 (KHTML, like Gecko; compatible; ClaudeBot/1.0; +claudebot@anthropic.com)"
216.73.216.138 - - [07/Jul/2026:14:46:12 +0200] "GET /3D%22https:/www.avast.com/%7Bsitemap:loc%7D?file=%2Fhome%2Fcosta4%2Fpiacenza.elettroservicegroup.it%2Fwp-content%2Fcache%2Fwpfc-minified%2Flkeozi6d HTTP/2.0" 200 339 "-" "Mozilla/5.0 AppleWebKit/537.36 (KHTML, like Gecko; compatible; ClaudeBot/1.0; +claudebot@anthropic.com)"
216.73.216.138 - - [07/Jul/2026:14:46:12 +0200] "GET /=3D%22https:/blogerfrechloginfr.blogspot.com/'%20.%20$script_src%20.%20'?edit=%2Fhome%2Fcosta4%2Fcremona.elettroservicegroup.it%2Fwp-content%2Fthemes%2Fgeneratepress%2Fcontent-404.php HTTP/2.0" 200 1568 "-" "Mozilla/5.0 AppleWebKit/537.36 (KHTML, like Gecko; compatible; ClaudeBot/1.0; +claudebot@anthropic.com)"
216.73.216.138 - - [07/Jul/2026:14:46:12 +0200] "GET /3D%22https:/www.arubacloud.com/%22https:/gmpg.org/xfn/%7Bsitemap:loc%7D?edit=%2Fhome%2Fcosta4%2Fverona.elettroservicegroup.it%2Fwp-content%2Fuploads%2F2022%2F01%2Felett7-2-1.bak.png HTTP/2.0" 200 55481 "-" "Mozilla/5.0 AppleWebKit/537.36 (KHTML, like Gecko; compatible; ClaudeBot/1.0; +claudebot@anthropic.com)"
216.73.216.138 - - [07/Jul/2026:14:46:12 +0200] "GET /=3D%22https:/blogerfrechloginfr.blogspot.com/'+n.source1+'?file=%2Fhome%2Fcosta4%2Fcremona.elettroservicegroup.it%2Fwp-content%2Fthemes%2Fgeneratepress%2Fcontent.php HTTP/2.0" 200 223 "-" "Mozilla/5.0 AppleWebKit/537.36 (KHTML, like Gecko; compatible; ClaudeBot/1.0; +claudebot@anthropic.com)"
216.73.216.138 - - [07/Jul/2026:14:46:12 +0200] "GET /3D%22https:/www.aruba.it/getdoc/%7Bsitemap:loc%7D?rename=%2Fhome%2Fcosta4%2Fpiacenza.elettroservicegroup.it%2Fwp-includes%2Fjs%2Fwpdialog.min.js HTTP/2.0" 200 909 "-" "Mozilla/5.0 AppleWebKit/537.36 (KHTML, like Gecko; compatible; ClaudeBot/1.0; +claudebot@anthropic.com)"
216.73.216.138 - - [07/Jul/2026:14:46:13 +0200] "GET /3D%22https:/www.avast.com/%7Bsitemap:loc%7D?rename=%2Fhome%2Fcosta4%2Fwww%2Fwp-includes%2Fimages%2Ficon-library%2Fpost-categories.svg HTTP/2.0" 200 917 "-" "Mozilla/5.0 AppleWebKit/537.36 (KHTML, like Gecko; compatible; ClaudeBot/1.0; +claudebot@anthropic.com)"
216.73.216.138 - - [07/Jul/2026:14:46:12 +0200] "GET /=3D%22https:/blogerfrechloginfr.blogspot.com/admin.php?view=%2Fhome%2Fcosta4%2Ftmp%2Fawstats%2Fssl%2Fawstats052026.mantova.elettroservicegroup.it.txt HTTP/2.0" 200 18497 "-" "Mozilla/5.0 AppleWebKit/537.36 (KHTML, like Gecko; compatible; ClaudeBot/1.0; +claudebot@anthropic.com)"
216.73.216.138 - - [07/Jul/2026:14:46:13 +0200] "GET /3D%22https:/www.avast.com/font-awesome/css/%7B$link%7D?edit=%2Fhome%2Fcosta4%2Fverona.elettroservicegroup.it%2Fwp-includes%2Fimages%2Ficon-library%2Fshuffle.svg HTTP/2.0" 200 1418 "-" "Mozilla/5.0 AppleWebKit/537.36 (KHTML, like Gecko; compatible; ClaudeBot/1.0; +claudebot@anthropic.com)"
216.73.216.138 - - [07/Jul/2026:14:46:13 +0200] "GET /3D%22https:/www.avast.com/wp-admin/%7Bsitemap:loc%7D?edit=%2Fhome%2Fcosta4%2Fvicenza.elettroservicegroup.it%2Fwp-includes%2Fimages%2Ficon-library%2Fbackup.svg HTTP/2.0" 200 1129 "-" "Mozilla/5.0 AppleWebKit/537.36 (KHTML, like Gecko; compatible; ClaudeBot/1.0; +claudebot@anthropic.com)"
216.73.216.138 - - [07/Jul/2026:14:46:13 +0200] "GET /=3D%22https:/blogerfrechloginfr.blogspot.com//%22mailto:mail@fruitfulcode.com?rename=%2Fhome%2Fcosta4%2Fpiacenza.elettroservicegroup.it%2Fwp-content%2Fuploads%2F2021%2F10%2FCOPERTINA.png.webp HTTP/2.0" 200 919 "-" "Mozilla/5.0 AppleWebKit/537.36 (KHTML, like Gecko; compatible; ClaudeBot/1.0; +claudebot@anthropic.com)"
216.73.216.138 - - [07/Jul/2026:14:46:13 +0200] "GET /=3D%22https:/blogerfrechloginfr.blogspot.com/link-manager.php?view=%2Fhome%2Fcosta4%2Fcremona.elettroservicegroup.it%2Fwp-content%2Fplugins%2Fgp-premium%2Flangs%2Fgp-premium-da_DK.mo HTTP/2.0" 200 10151 "-" "Mozilla/5.0 AppleWebKit/537.36 (KHTML, like Gecko; compatible; ClaudeBot/1.0; +claudebot@anthropic.com)"
216.73.216.138 - - [07/Jul/2026:14:46:13 +0200] "GET /3D%22https:/www.wildhorizon.mu/css/js/wp-admin/%7Bsitemap:loc%7D?rename=%2Fhome%2Fcosta4%2Fparma.elettroservicegroup.it%2Fwp-includes%2FID3%2Freadme.txt HTTP/2.0" 200 906 "-" "Mozilla/5.0 AppleWebKit/537.36 (KHTML, like Gecko; compatible; ClaudeBot/1.0; +claudebot@anthropic.com)"
216.73.216.138 - - [07/Jul/2026:14:46:13 +0200] "GET /=3D%22https:/blogerfrechloginfr.blogspot.com/edit-comments.php?rename=%2Fhome%2Fcosta4%2Fmantova.elettroservicegroup.it%2Fwp-includes%2Fjs%2Fdist%2Fvendor%2Flodash.min.js HTTP/2.0" 200 18588 "-" "Mozilla/5.0 AppleWebKit/537.36 (KHTML, like Gecko; compatible; ClaudeBot/1.0; +claudebot@anthropic.com)"
216.73.216.138 - - [07/Jul/2026:14:46:13 +0200] "GET /sitemap.rss?file=%2Fhome%2Fcosta4%2Fmantova.elettroservicegroup.it%2Fwp-includes%2Fblocks%2Fshortcode%2Feditor-rtl.min.css HTTP/2.0" 200 569 "-" "Mozilla/5.0 AppleWebKit/537.36 (KHTML, like Gecko; compatible; ClaudeBot/1.0; +claudebot@anthropic.com)"
216.73.216.138 - - [07/Jul/2026:14:46:13 +0200] "GET /3D%22https:/static.mdirector.com/files/campanias/'%20.%20esc_url('https:/3D%22mailto:direzione@nettowork.it?file=%2Fhome%2Fcosta4%2Fverona.elettroservicegroup.it%2Fwp-content%2Fuploads%2F2022%2F01%2Felett6.jpg HTTP/2.0" 200 17855 "-" "Mozilla/5.0 AppleWebKit/537.36 (KHTML, like Gecko; compatible; ClaudeBot/1.0; +claudebot@anthropic.com)"
216.73.216.138 - - [07/Jul/2026:14:46:13 +0200] "GET /=3D%22https:/blogerfrechloginfr.blogspot.com//%22mailto:mail@fruitfulcode.com?file=%2Fhome%2Fcosta4%2Fpiacenza.elettroservicegroup.it%2Fwp-content%2Fuploads%2Fwpo%2Fheader-set%2Frequest-me.txt HTTP/2.0" 200 244 "-" "Mozilla/5.0 AppleWebKit/537.36 (KHTML, like Gecko; compatible; ClaudeBot/1.0; +claudebot@anthropic.com)"
216.73.216.138 - - [07/Jul/2026:14:46:13 +0200] "GET /=3D%22https:/blogerfrechloginfr.blogspot.com/edit-comments.php?file=%2Fhome%2Fcosta4%2Fcremona.elettroservicegroup.it%2Fwp-content%2Fplugins%2Fall-in-one-seo-pack%2Fvendor%2Fleague HTTP/2.0" 200 17843 "-" "Mozilla/5.0 AppleWebKit/537.36 (KHTML, like Gecko; compatible; ClaudeBot/1.0; +claudebot@anthropic.com)"
216.73.216.138 - - [07/Jul/2026:14:46:14 +0200] "GET /3D%22https:/hosting.aruba.it/en/%7Bsitemap:loc%7D?file=%2Fhome%2Fcosta4%2Fcremona.elettroservicegroup.it%2Fwp-content%2Fplugins%2Fgp-premium%2Flangs%2Fgp-premium-pl_PL.mo HTTP/2.0" 200 239 "-" "Mozilla/5.0 AppleWebKit/537.36 (KHTML, like Gecko; compatible; ClaudeBot/1.0; +claudebot@anthropic.com)"
217.113.194.219 - - [07/Jul/2026:14:46:25 +0200] "GET /?rename=/home/costa4/cremona.elettroservicegroup.it/wp-content/themes/generatepress/content-404.php HTTP/1.1" 200 114086 "-" "Mozilla/5.0 (compatible; Barkrowler/0.9; +https://babbar.tech/crawler)"
217.113.194.90 - - [07/Jul/2026:14:46:42 +0200] "GET /?rename=/home/costa4/cremona.elettroservicegroup.it/wp-content/themes/generatepress/header-min.php HTTP/1.1" 200 114083 "-" "Mozilla/5.0 (compatible; Barkrowler/0.9; +https://babbar.tech/crawler)"
65.108.235.243 - - [07/Jul/2026:14:46:59 +0200] "POST /wp-cron.php?doing_wp_cron=1783428419.0340240001678466796875 HTTP/1.1" 200 1 "-" "WordPress/7.0; https://cremona.elettroservicegroup.it"
217.113.194.84 - - [07/Jul/2026:14:46:58 +0200] "GET /?file=/home/costa4/cremona.elettroservicegroup.it/wp-content/themes/generatepress/style.css HTTP/1.1" 200 100491 "-" "Mozilla/5.0 (compatible; Barkrowler/0.9; +https://babbar.tech/crawler)"
217.113.194.91 - - [07/Jul/2026:14:47:14 +0200] "GET /cookie-policy/?view=/home/costa4/cremona.elettroservicegroup.it/wp-content/themes/generatepress/page.php HTTP/1.1" 200 1096 "-" "Mozilla/5.0 (compatible; Barkrowler/0.9; +https://babbar.tech/crawler)"
217.113.194.84 - - [07/Jul/2026:14:47:29 +0200] "GET /post-4-2/?view=/home/costa4/cremona.elettroservicegroup.it/wp-content/themes/generatepress/functions.php HTTP/1.1" 200 6942 "-" "Mozilla/5.0 (compatible; Barkrowler/0.9; +https://babbar.tech/crawler)"
216.73.216.138 - - [07/Jul/2026:14:47:32 +0200] "GET /=3D%22https:/blogerfrechloginfr.blogspot.com//%22mailto:mail@fruitfulcode.com?view=%2Fhome%2Fcosta4%2Fpiacenza.elettroservicegroup.it%2Fwp-content%2Fplugins%2Fwordfence%2Fimages%2Fwf-horizontal.svg HTTP/2.0" 200 4759 "-" "Mozilla/5.0 AppleWebKit/537.36 (KHTML, like Gecko; compatible; ClaudeBot/1.0; +claudebot@anthropic.com)"
216.73.216.138 - - [07/Jul/2026:14:47:32 +0200] "GET /3D%22https:/track.mdrctr.com/track/link/key/%7Bsitemap:loc%7D?rename=%2Fhome%2Fcosta4%2Fpublic_html%2Fwp-content%2Fplugins%2Fga-for-wp%2Fassests%2Fimages%2Fclose.png HTTP/2.0" 200 922 "-" "Mozilla/5.0 AppleWebKit/537.36 (KHTML, like Gecko; compatible; ClaudeBot/1.0; +claudebot@anthropic.com)"
216.73.216.138 - - [07/Jul/2026:14:47:32 +0200] "GET /3D%22https:/static.mdirector.com/files/campanias/%7Bsitemap:loc%7D?edit=%2Fhome%2Fcosta4%2Fvicenza.elettroservicegroup.it%2Fwp-content%2Fplugins%2Felementor%2Fassets%2Fjs%2Fmedia-hints.js HTTP/2.0" 200 4222 "-" "Mozilla/5.0 AppleWebKit/537.36 (KHTML, like Gecko; compatible; ClaudeBot/1.0; +claudebot@anthropic.com)"
