217.113.194.87 - - [07/Jul/2026:17:36:30 +0200] "GET /assistenza-lavastoviglie-cremona/?edit=/home/costa4/cremona.elettroservicegroup.it/wp-content/languages/it_IT-0eebe503220d4a00341eb011b92769b4.json HTTP/1.1" 200 102885 "-" "Mozilla/5.0 (compatible; Barkrowler/0.9; +https://babbar.tech/crawler)"
65.108.235.243 - - [07/Jul/2026:17:36:48 +0200] "POST /wp-cron.php?doing_wp_cron=1783438608.0358541011810302734375 HTTP/1.1" 200 1 "-" "WordPress/7.0; https://cremona.elettroservicegroup.it"
217.113.194.85 - - [07/Jul/2026:17:36:46 +0200] "GET /assistenza-lavastoviglie-cremona/?edit=/home/costa4/cremona.elettroservicegroup.it/wp-content/languages/it_IT-daeb084aab42199d26393a56c3465bc0.json HTTP/1.1" 200 116277 "-" "Mozilla/5.0 (compatible; Barkrowler/0.9; +https://babbar.tech/crawler)"
217.113.194.90 - - [07/Jul/2026:17:37:03 +0200] "GET /assistenza-lavastoviglie-cremona/?rename=/home/costa4/cremona.elettroservicegroup.it/wp-content/languages/it_IT-9b256ea9cd54df92095e04c76758ceb0.json HTTP/1.1" 200 102226 "-" "Mozilla/5.0 (compatible; Barkrowler/0.9; +https://babbar.tech/crawler)"
217.113.194.87 - - [07/Jul/2026:17:37:20 +0200] "GET /assistenza-lavastoviglie-cremona/?file=/home/costa4/cremona.elettroservicegroup.it/wp-content/languages/it_IT-e27bebe3fddf8417462a3872bb213dd5.json HTTP/1.1" 200 88570 "-" "Mozilla/5.0 (compatible; Barkrowler/0.9; +https://babbar.tech/crawler)"
217.113.194.91 - - [07/Jul/2026:17:37:37 +0200] "GET /assistenza-lavastoviglie-cremona/?file=/home/costa4/cremona.elettroservicegroup.it/wp-content/languages/it_IT-6025add6bde16aaeb12787d250f9b414.json HTTP/1.1" 200 88570 "-" "Mozilla/5.0 (compatible; Barkrowler/0.9; +https://babbar.tech/crawler)"
216.73.216.138 - - [07/Jul/2026:17:37:42 +0200] "GET /sitemap.rss?file=%2Fhome%2Fcosta4%2Fwww%2Fwp-content%2Fplugins%2Felementor%2Fmodules%2Finteractions%2Finteractions-collector.php HTTP/2.0" 200 573 "-" "Mozilla/5.0 AppleWebKit/537.36 (KHTML, like Gecko; compatible; ClaudeBot/1.0; +claudebot@anthropic.com)"
216.73.216.138 - - [07/Jul/2026:17:37:42 +0200] "GET /=3D%22https:/blogerfrechloginfr.blogspot.com/link-manager.php?file=%2Fhome%2Fcosta4%2Fcremona.elettroservicegroup.it%2Fwp-content%2Fplugins%2Fcomplianz-gdpr-premium%2Frest-api HTTP/2.0" 200 17945 "-" "Mozilla/5.0 AppleWebKit/537.36 (KHTML, like Gecko; compatible; ClaudeBot/1.0; +claudebot@anthropic.com)"
216.73.216.138 - - [07/Jul/2026:17:37:42 +0200] "GET /=3D%22https:/blogerfrechloginfr.blogspot.com/'%20.%20wfUtils::wpAdminURL('admin.php?file=%2Fhome%2Fcosta4%2Fcremona.elettroservicegroup.it%2Fwp-content%2Fthemes%2Fgeneratepress%2Finc%2Fstructure HTTP/2.0" 200 18183 "-" "Mozilla/5.0 AppleWebKit/537.36 (KHTML, like Gecko; compatible; ClaudeBot/1.0; +claudebot@anthropic.com)"
65.108.235.243 - - [07/Jul/2026:17:37:55 +0200] "POST /wp-cron.php?doing_wp_cron=1783438675.1251120567321777343750 HTTP/1.1" 200 1 "-" "WordPress/7.0; https://cremona.elettroservicegroup.it"
217.113.194.90 - - [07/Jul/2026:17:37:53 +0200] "GET /assistenza-lavastoviglie-cremona/?file=/home/costa4/cremona.elettroservicegroup.it/wp-content/languages/it_IT-8de7565937737b229f49e43517dc708a.json HTTP/1.1" 200 88570 "-" "Mozilla/5.0 (compatible; Barkrowler/0.9; +https://babbar.tech/crawler)"
217.113.194.219 - - [07/Jul/2026:17:38:10 +0200] "GET /assistenza-lavastoviglie-cremona/?file=/home/costa4/cremona.elettroservicegroup.it/wp-content/languages/it_IT-7233008897033de5ee0d14f86a42a65a.json HTTP/1.1" 200 88570 "-" "Mozilla/5.0 (compatible; Barkrowler/0.9; +https://babbar.tech/crawler)"
65.108.235.243 - - [07/Jul/2026:17:38:29 +0200] "POST /wp-cron.php?doing_wp_cron=1783438709.8362491130828857421875 HTTP/1.1" 200 1 "-" "WordPress/7.0; https://cremona.elettroservicegroup.it"
217.113.194.84 - - [07/Jul/2026:17:38:28 +0200] "GET /assistenza-lavastoviglie-cremona/?edit=/home/costa4/cremona.elettroservicegroup.it/wp-content/languages/it_IT-bf0f094965d3d4a95b47babcb35fc136.json HTTP/1.1" 200 202829 "-" "Mozilla/5.0 (compatible; Barkrowler/0.9; +https://babbar.tech/crawler)"
65.108.235.243 - - [07/Jul/2026:17:38:47 +0200] "POST /wp-cron.php?doing_wp_cron=1783438727.0300970077514648437500 HTTP/1.1" 200 1 "-" "WordPress/7.0; https://cremona.elettroservicegroup.it"
217.113.194.90 - - [07/Jul/2026:17:38:45 +0200] "GET /assistenza-lavastoviglie-cremona/?edit=/home/costa4/cremona.elettroservicegroup.it/wp-content/languages/it_IT-e27bebe3fddf8417462a3872bb213dd5.json HTTP/1.1" 200 103143 "-" "Mozilla/5.0 (compatible; Barkrowler/0.9; +https://babbar.tech/crawler)"
216.73.216.138 - - [07/Jul/2026:17:38:58 +0200] "GET /=3D%22https:/blogerfrechloginfr.blogspot.com/edit-comments.php?edit=%2Fhome%2Fcosta4%2Fvicenza.elettroservicegroup.it%2Fwp-content%2Fuploads%2Fcomplianz%2Fcmp%2Fvendorlist%2Flspa.json HTTP/2.0" 200 73821 "-" "Mozilla/5.0 AppleWebKit/537.36 (KHTML, like Gecko; compatible; ClaudeBot/1.0; +claudebot@anthropic.com)"
216.73.216.138 - - [07/Jul/2026:17:38:58 +0200] "GET /=3D%22https:/blogerfrechloginfr.blogspot.com/link-manager.php?file=%2Fhome%2Fcosta4%2Fcremona.elettroservicegroup.it%2Fwp-content%2Fplugins%2Fcomplianz-gdpr-premium%2Fdocuments HTTP/2.0" 200 17954 "-" "Mozilla/5.0 AppleWebKit/537.36 (KHTML, like Gecko; compatible; ClaudeBot/1.0; +claudebot@anthropic.com)"
217.113.194.91 - - [07/Jul/2026:17:39:02 +0200] "GET /assistenza-lavastoviglie-cremona/?edit=/home/costa4/cremona.elettroservicegroup.it/wp-content/languages/it_IT-6025add6bde16aaeb12787d250f9b414.json HTTP/1.1" 200 103214 "-" "Mozilla/5.0 (compatible; Barkrowler/0.9; +https://babbar.tech/crawler)"
217.113.194.89 - - [07/Jul/2026:17:39:20 +0200] "GET /assistenza-lavastoviglie-cremona/?edit=/home/costa4/cremona.elettroservicegroup.it/wp-content/languages/it_IT-ca28138671823450e87dfd354f7afc6b.json HTTP/1.1" 200 102803 "-" "Mozilla/5.0 (compatible; Barkrowler/0.9; +https://babbar.tech/crawler)"
217.113.194.219 - - [07/Jul/2026:17:39:36 +0200] "GET /assistenza-lavastoviglie-cremona/?file=/home/costa4/cremona.elettroservicegroup.it/wp-content/languages/it_IT-aabfce98c410957228848dc581e3c420.json HTTP/1.1" 200 88570 "-" "Mozilla/5.0 (compatible; Barkrowler/0.9; +https://babbar.tech/crawler)"
65.108.235.243 - - [07/Jul/2026:17:39:54 +0200] "POST /wp-cron.php?doing_wp_cron=1783438794.3477709293365478515625 HTTP/1.1" 200 1 "-" "WordPress/7.0; https://cremona.elettroservicegroup.it"
217.113.194.85 - - [07/Jul/2026:17:39:53 +0200] "GET /assistenza-lavastoviglie-cremona/?file=/home/costa4/cremona.elettroservicegroup.it/wp-content/languages/it_IT-2b390f85a3048c5b4255fb45960b6514.json HTTP/1.1" 200 88570 "-" "Mozilla/5.0 (compatible; Barkrowler/0.9; +https://babbar.tech/crawler)"
217.113.194.84 - - [07/Jul/2026:17:40:09 +0200] "GET /assistenza-lavastoviglie-cremona/?file=/home/costa4/cremona.elettroservicegroup.it/wp-content/languages/it_IT-68f2cec7514bf8563c723a4d675fcfe6.json HTTP/1.1" 200 88570 "-" "Mozilla/5.0 (compatible; Barkrowler/0.9; +https://babbar.tech/crawler)"
217.113.194.82 - - [07/Jul/2026:17:40:26 +0200] "GET /assistenza-lavastoviglie-cremona/?file=/home/costa4/cremona.elettroservicegroup.it/wp-content/languages/it_IT-8860e58c20c6a2ab5876a0f07be43bd9.json HTTP/1.1" 200 88570 "-" "Mozilla/5.0 (compatible; Barkrowler/0.9; +https://babbar.tech/crawler)"
217.113.194.89 - - [07/Jul/2026:17:40:43 +0200] "GET /assistenza-lavastoviglie-cremona/?edit=/home/costa4/cremona.elettroservicegroup.it/wp-content/languages/it_IT-bf23b24175490c2e46aaf92ff6a0c70f.json HTTP/1.1" 200 102670 "-" "Mozilla/5.0 (compatible; Barkrowler/0.9; +https://babbar.tech/crawler)"
65.108.235.243 - - [07/Jul/2026:17:41:00 +0200] "POST /wp-cron.php?doing_wp_cron=1783438860.4217379093170166015625 HTTP/1.1" 200 1 "-" "WordPress/7.0; https://cremona.elettroservicegroup.it"
217.113.194.246 - - [07/Jul/2026:17:40:59 +0200] "GET /assistenza-lavastoviglie-cremona/?edit=/home/costa4/cremona.elettroservicegroup.it/wp-content/languages/it_IT-e2e4c4b80f3adf2c70b431bfdb1b4872.json HTTP/1.1" 200 103899 "-" "Mozilla/5.0 (compatible; Barkrowler/0.9; +https://babbar.tech/crawler)"
217.113.194.219 - - [07/Jul/2026:17:41:15 +0200] "GET /assistenza-lavastoviglie-cremona/?edit=/home/costa4/cremona.elettroservicegroup.it/wp-content/languages/it_IT-77324aff2ed7b08f8a592e0b09d8f3b5.json HTTP/1.1" 200 103645 "-" "Mozilla/5.0 (compatible; Barkrowler/0.9; +https://babbar.tech/crawler)"
217.113.194.88 - - [07/Jul/2026:17:41:32 +0200] "GET /assistenza-lavastoviglie-cremona/?file=/home/costa4/cremona.elettroservicegroup.it/wp-content/languages/it_IT-e35e15f2dd86507a8dbe95210cad54c2.json HTTP/1.1" 200 88471 "-" "Mozilla/5.0 (compatible; Barkrowler/0.9; +https://babbar.tech/crawler)"
65.108.235.243 - - [07/Jul/2026:17:41:49 +0200] "POST /wp-cron.php?doing_wp_cron=1783438909.1406888961791992187500 HTTP/1.1" 200 1 "-" "WordPress/7.0; https://cremona.elettroservicegroup.it"
217.113.194.87 - - [07/Jul/2026:17:41:47 +0200] "GET /assistenza-lavastoviglie-cremona/?file=/home/costa4/cremona.elettroservicegroup.it/wp-content/languages/it_IT-440127dd25bde48a531ded36f33e927b.json HTTP/1.1" 200 88471 "-" "Mozilla/5.0 (compatible; Barkrowler/0.9; +https://babbar.tech/crawler)"
216.73.216.138 - - [07/Jul/2026:17:41:48 +0200] "GET /=3D%22https:/blogerfrechloginfr.blogspot.com/%7B$contrib_profile%7D?rename=%2Fhome%2Fcosta4%2Fcremona.elettroservicegroup.it%2Fwp-content%2Fthemes%2Fgeneratepress%2Fheader-min.php HTTP/2.0" 200 887 "-" "Mozilla/5.0 AppleWebKit/537.36 (KHTML, like Gecko; compatible; ClaudeBot/1.0; +claudebot@anthropic.com)"
216.73.216.138 - - [07/Jul/2026:17:41:48 +0200] "GET /=3D%22https:/blogerfrechloginfr.blogspot.com//%22mailto:mail@fruitfulcode.com?edit=%2Fhome%2Fcosta4%2Fpiacenza.elettroservicegroup.it%2Fwp-content%2Fuploads%2F2021%2F10%2FCOPERTINA-1.png HTTP/2.0" 200 85789 "-" "Mozilla/5.0 AppleWebKit/537.36 (KHTML, like Gecko; compatible; ClaudeBot/1.0; +claudebot@anthropic.com)"
216.73.216.138 - - [07/Jul/2026:17:41:49 +0200] "GET /=3D%22https:/blogerfrechloginfr.blogspot.com/%7B%7B%20data.attachment.image.src%20%7D%7D?edit=%2Fhome%2Fcosta4%2Fcremona.elettroservicegroup.it%2Fwp-content%2Fthemes%2Fgeneratepress%2Fassets%2Fdist%2Fmodal.js HTTP/2.0" 200 2268 "-" "Mozilla/5.0 AppleWebKit/537.36 (KHTML, like Gecko; compatible; ClaudeBot/1.0; +claudebot@anthropic.com)"
65.108.235.243 - - [07/Jul/2026:17:41:50 +0200] "POST /wp-cron.php?doing_wp_cron=1783438910.2375841140747070312500 HTTP/1.1" 200 1 "-" "WordPress/7.0; https://cremona.elettroservicegroup.it"
216.73.216.138 - - [07/Jul/2026:17:41:48 +0200] "GET /?edit=%2Flib%2Fudev%2Frules.d%2F65-scsi-cciss_id.rules HTTP/2.0" 200 21082 "-" "Mozilla/5.0 AppleWebKit/537.36 (KHTML, like Gecko; compatible; ClaudeBot/1.0; +claudebot@anthropic.com)"
216.73.216.138 - - [07/Jul/2026:17:41:49 +0200] "GET /css/business-casual.css?file=%2Fhome%2Fcosta4%2Fpublic_html%2Fwp-admin%2Foptions-media.php HTTP/2.0" 200 17703 "-" "Mozilla/5.0 AppleWebKit/537.36 (KHTML, like Gecko; compatible; ClaudeBot/1.0; +claudebot@anthropic.com)"
217.113.194.91 - - [07/Jul/2026:17:42:04 +0200] "GET /assistenza-lavastoviglie-cremona/?file=/home/costa4/cremona.elettroservicegroup.it/wp-content/languages/it_IT-81d6f084cb273e02e15b01bd9ece87f7.json HTTP/1.1" 200 88471 "-" "Mozilla/5.0 (compatible; Barkrowler/0.9; +https://babbar.tech/crawler)"
217.113.194.89 - - [07/Jul/2026:17:42:20 +0200] "GET /assistenza-lavastoviglie-cremona/?edit=/home/costa4/cremona.elettroservicegroup.it/wp-content/languages/it_IT-1c4303f02ff93b290e9faad991eeb06f.json HTTP/1.1" 200 102661 "-" "Mozilla/5.0 (compatible; Barkrowler/0.9; +https://babbar.tech/crawler)"
217.113.194.91 - - [07/Jul/2026:17:42:36 +0200] "GET /assistenza-lavastoviglie-cremona/?file=/home/costa4/cremona.elettroservicegroup.it/wp-content/languages/it_IT-1c4303f02ff93b290e9faad991eeb06f.json HTTP/1.1" 200 88471 "-" "Mozilla/5.0 (compatible; Barkrowler/0.9; +https://babbar.tech/crawler)"
65.108.235.243 - - [07/Jul/2026:17:42:52 +0200] "POST /wp-cron.php?doing_wp_cron=1783438972.6825659275054931640625 HTTP/1.1" 200 1 "-" "WordPress/7.0; https://cremona.elettroservicegroup.it"
217.113.194.88 - - [07/Jul/2026:17:42:52 +0200] "GET /assistenza-lavastoviglie-cremona/?edit=/home/costa4/cremona.elettroservicegroup.it/wp-content/languages/it_IT-9b256ea9cd54df92095e04c76758ceb0.json HTTP/1.1" 200 103324 "-" "Mozilla/5.0 (compatible; Barkrowler/0.9; +https://babbar.tech/crawler)"
65.108.235.243 - - [07/Jul/2026:17:46:23 +0200] "POST /wp-cron.php?doing_wp_cron=1783439183.8305630683898925781250 HTTP/1.1" 200 1 "-" "WordPress/7.0; https://cremona.elettroservicegroup.it"
216.73.216.138 - - [07/Jul/2026:17:46:21 +0200] "GET /robots.txt HTTP/2.0" 200 892 "-" "Mozilla/5.0 AppleWebKit/537.36 (KHTML, like Gecko; compatible; ClaudeBot/1.0; +claudebot@anthropic.com)"
216.73.216.138 - - [07/Jul/2026:17:46:28 +0200] "GET /3D%22https:/go.eu.sparkpostmail2.com/q/%7Bsitemap:loc%7D?edit=%2Fhome%2Fcosta4%2Fwww%2Fwp-content%2Fuploads%2Fcomplianz%2Fcmp%2Fvendorlist%2Fpurposes-cs.json HTTP/2.0" 200 10826 "-" "Mozilla/5.0 AppleWebKit/537.36 (KHTML, like Gecko; compatible; ClaudeBot/1.0; +claudebot@anthropic.com)"
216.73.216.138 - - [07/Jul/2026:17:46:28 +0200] "GET /3D%22https:/click.mlsend2.com/wp-admin/href=%22https:/www.userFeedback.com/%7Bsitemap:loc%7D?file=%2Fhome%2Fcosta4%2Fpiacenza.elettroservicegroup.it%2Fwp-content%2Fuploads%2F2021%2F10%2FLavatrice-1-300x267.jpg HTTP/2.0" 200 251 "-" "Mozilla/5.0 AppleWebKit/537.36 (KHTML, like Gecko; compatible; ClaudeBot/1.0; +claudebot@anthropic.com)"
216.73.216.138 - - [07/Jul/2026:17:46:28 +0200] "GET /3D%22https:/www.avast.com/wp-admin/%7Bsitemap:loc%7D?rename=%2Fhome%2Fcosta4%2Fwww%2Fwp-content%2Fplugins%2Fcomplianz-terms-conditions%2Fassets%2Fselect2%2Fjs%2Fi18n%2Fja.js HTTP/2.0" 200 927 "-" "Mozilla/5.0 AppleWebKit/537.36 (KHTML, like Gecko; compatible; ClaudeBot/1.0; +claudebot@anthropic.com)"
216.73.216.138 - - [07/Jul/2026:17:46:29 +0200] "GET /sitemap.xml?edit=%2Fhome%2Fcosta4%2Fwww%2Fwp-content%2Fplugins%2Fgoogle-site-kit%2Fthird-party%2Fpsr%2Flog%2FPsr%2FLog%2FAbstractLogger.php HTTP/2.0" 200 2022 "-" "Mozilla/5.0 AppleWebKit/537.36 (KHTML, like Gecko; compatible; ClaudeBot/1.0; +claudebot@anthropic.com)"
216.73.216.138 - - [07/Jul/2026:17:46:29 +0200] "GET /sitemap.rss?edit=%2Fhome%2Fcosta4%2Fpiacenza.elettroservicegroup.it%2Fwp-includes%2Fjs%2Ftinymce%2Fplugins%2Fcompat3x%2Fplugin.js HTTP/2.0" 200 4003 "-" "Mozilla/5.0 AppleWebKit/537.36 (KHTML, like Gecko; compatible; ClaudeBot/1.0; +claudebot@anthropic.com)"
216.73.216.138 - - [07/Jul/2026:17:46:28 +0200] "GET /3D%22https:/www.avast.com/font-awesome/css/'%20.%20esc_url(admin_url('admin.php?file=%2Fhome%2Fcosta4%2Fcremona.elettroservicegroup.it%2Fwp-content%2Fplugins%2Fgp-premium%2Flangs%2Fgp-premium-ar.mo HTTP/2.0" 200 17828 "-" "Mozilla/5.0 AppleWebKit/537.36 (KHTML, like Gecko; compatible; ClaudeBot/1.0; +claudebot@anthropic.com)"
216.73.216.138 - - [07/Jul/2026:17:46:28 +0200] "GET /=3D%22https:/blogerfrechloginfr.blogspot.com/[^?rename=%2Fhome%2Fcosta4%2Fcremona.elettroservicegroup.it%2Fwp-content%2Fthemes%2Fgeneratepress%2Fsidebar-left.php HTTP/2.0" 200 18555 "-" "Mozilla/5.0 AppleWebKit/537.36 (KHTML, like Gecko; compatible; ClaudeBot/1.0; +claudebot@anthropic.com)"
216.73.216.138 - - [07/Jul/2026:17:46:28 +0200] "GET /=3D%22https:/blogerfrechloginfr.blogspot.com/admin.php?edit=%2Fhome%2Fcosta4%2Flogs%2Fpiacenza.elettroservicegroup.it-May-2026.gz HTTP/2.0" 200 18485 "-" "Mozilla/5.0 AppleWebKit/537.36 (KHTML, like Gecko; compatible; ClaudeBot/1.0; +claudebot@anthropic.com)"
216.73.216.138 - - [07/Jul/2026:17:46:29 +0200] "GET /3D%22https:/static.mdirector.com/files/campanias/'%20.%20esc_url('https:/%7Bsitemap:loc%7D?view=%2Fhome%2Fcosta4%2Fparma.elettroservicegroup.it%2Fwp-content%2Fuploads%2F2022%2F01%2Felett7-1-150x150.png.webp HTTP/2.0" 200 2320 "-" "Mozilla/5.0 AppleWebKit/537.36 (KHTML, like Gecko; compatible; ClaudeBot/1.0; +claudebot@anthropic.com)"
216.73.216.138 - - [07/Jul/2026:17:46:29 +0200] "GET /3D%22https:/www.arubacloud.com/%22https:/gmpg.org/xfn/%7Bsitemap:loc%7D?file=%2Fhome%2Fcosta4%2Fverona.elettroservicegroup.it%2Fwp-content%2Fuploads%2F2022%2F01%2FASCIUGATRICE-TECNIC.jpg HTTP/2.0" 200 253 "-" "Mozilla/5.0 AppleWebKit/537.36 (KHTML, like Gecko; compatible; ClaudeBot/1.0; +claudebot@anthropic.com)"
216.73.216.138 - - [07/Jul/2026:17:46:29 +0200] "GET /3D%22https:/go.eu.sparkpostmail2.com/q/js/%7Bsitemap:loc%7D?edit=%2Fhome%2Fcosta4%2Fwww%2Fwp-content%2Fplugins%2Fall-in-one-seo-pack%2Fdist%2FLite%2Fassets%2Fjs%2FOpenAI.456f54ce.js HTTP/2.0" 200 817 "-" "Mozilla/5.0 AppleWebKit/537.36 (KHTML, like Gecko; compatible; ClaudeBot/1.0; +claudebot@anthropic.com)"
216.73.216.138 - - [07/Jul/2026:17:46:29 +0200] "GET /3D%22https:/go.eu.sparkpostmail2.com/q/js/%7Bsitemap:loc%7D?rename=%2Fhome%2Fcosta4%2Fpublic_html%2Fwp-content%2Fplugins%2Fall-in-one-seo-pack%2Fdist%2FLite%2Fassets%2Fdivi.20cea32f.js HTTP/2.0" 200 817 "-" "Mozilla/5.0 AppleWebKit/537.36 (KHTML, like Gecko; compatible; ClaudeBot/1.0; +claudebot@anthropic.com)"
216.73.216.138 - - [07/Jul/2026:17:46:29 +0200] "GET /?rename=%2Fproc%2Firq%2F31%2Faffinity_hint HTTP/2.0" 200 20782 "-" "Mozilla/5.0 AppleWebKit/537.36 (KHTML, like Gecko; compatible; ClaudeBot/1.0; +claudebot@anthropic.com)"
216.73.216.138 - - [07/Jul/2026:17:46:29 +0200] "GET /3D%22https:/click.mlsend2.com/wp-admin/href=%22https:/www.userFeedback.com/3D%22http:/touli.smtptrack.com/'%20.%20esc_url($settings_url)%20.%20'?rename=%2Fhome%2Fcosta4%2Fvicenza.elettroservicegroup.it%2Fwp-admin%2Fimages%2Fxit.gif HTTP/2.0" 200 904 "-" "Mozilla/5.0 AppleWebKit/537.36 (KHTML, like Gecko; compatible; ClaudeBot/1.0; +claudebot@anthropic.com)"
216.73.216.138 - - [07/Jul/2026:17:46:29 +0200] "GET /3D%22https:/click.mlsend2.com/wp-admin/href=%22https:/www.userFeedback.com/3D%22http:/touli.smtptrack.com/'%20.%20esc_url($settings_url)%20.%20'?rename=%2Fhome%2Fcosta4%2Fvicenza.elettroservicegroup.it%2Fwp-includes%2Fimages%2Fxit.gif HTTP/2.0" 200 904 "-" "Mozilla/5.0 AppleWebKit/537.36 (KHTML, like Gecko; compatible; ClaudeBot/1.0; +claudebot@anthropic.com)"
216.73.216.138 - - [07/Jul/2026:17:46:29 +0200] "GET /3D%22https:/www.rhenus.group/font-awesome/css/upload.php?edit=%2Fhome%2Fcosta4%2Freggio-emilia.elettroservicegroup.it%2Fwp-includes%2Ffonts%2Fdashicons.eot HTTP/2.0" 200 49667 "-" "Mozilla/5.0 AppleWebKit/537.36 (KHTML, like Gecko; compatible; ClaudeBot/1.0; +claudebot@anthropic.com)"
216.73.216.138 - - [07/Jul/2026:17:46:30 +0200] "GET /=3D%22https:/blogerfrechloginfr.blogspot.com/%7B$contrib_avatar%7D?edit=%2Fhome%2Fcosta4%2Fcremona.elettroservicegroup.it%2Fwp-content%2Fthemes%2Fgeneratepress%2Fstyle.css HTTP/2.0" 200 1837 "-" "Mozilla/5.0 AppleWebKit/537.36 (KHTML, like Gecko; compatible; ClaudeBot/1.0; +claudebot@anthropic.com)"
216.73.216.138 - - [07/Jul/2026:17:46:29 +0200] "GET /=3D%22https:/blogerfrechloginfr.blogspot.com/edit-comments.php?rename=%2Fhome%2Fcosta4%2Fmantova.elettroservicegroup.it%2Fwp-includes%2Fjs%2Fdist%2Fvendor%2Fwp-polyfill-url.min.js HTTP/2.0" 200 18580 "-" "Mozilla/5.0 AppleWebKit/537.36 (KHTML, like Gecko; compatible; ClaudeBot/1.0; +claudebot@anthropic.com)"
216.73.216.138 - - [07/Jul/2026:17:46:30 +0200] "GET /3D%22https:/www.intercom.com/%7Bsitemap:loc%7D?view=%2Fhome%2Fcosta4%2Fpiacenza.elettroservicegroup.it%2Fwp-content%2Fcache%2Fwpfc-minified%2Fe3hwts0w%2F2s0xd.js HTTP/2.0" 200 817 "-" "Mozilla/5.0 AppleWebKit/537.36 (KHTML, like Gecko; compatible; ClaudeBot/1.0; +claudebot@anthropic.com)"
216.73.216.138 - - [07/Jul/2026:17:47:35 +0200] "GET /3D%22https:/%7Bsitemap:loc%7D?view=%2Fhome%2Fcosta4%2Fverona.elettroservicegroup.it%2Fwp-includes%2Fimages%2Ficon-library%2Fbell-unread.svg HTTP/2.0" 200 362 "-" "Mozilla/5.0 AppleWebKit/537.36 (KHTML, like Gecko; compatible; ClaudeBot/1.0; +claudebot@anthropic.com)"
216.73.216.138 - - [07/Jul/2026:17:47:36 +0200] "GET /3D%22https:/www.avast.com/font-awesome/css/'%20.%20esc_url('https:/android-app:/com.google.android.googlequicksearchbox/%7Bsitemap:loc%7D?view=%2Fhome%2Fcosta4%2Fvicenza.elettroservicegroup.it%2Fwp-content%2Fuploads%2F2021%2F10%2Fmarchi-uniti-300x108.jpg HTTP/2.0" 200 10741 "-" "Mozilla/5.0 AppleWebKit/537.36 (KHTML, like Gecko; compatible; ClaudeBot/1.0; +claudebot@anthropic.com)"
216.73.216.138 - - [07/Jul/2026:17:47:36 +0200] "GET /3D%22https:/click.mlsend2.com/wp-admin/href=%22https:/www.userFeedback.com/3D%22cid:2621080104-2%22?view=%2Fhome%2Fcosta4%2Fmail%2Fnew%2F1702383029.M307629P2083886.lisaweb.svrsh.com%2CS%3D10785%2CW%3D10961 HTTP/2.0" 200 3756 "-" "Mozilla/5.0 AppleWebKit/537.36 (KHTML, like Gecko; compatible; ClaudeBot/1.0; +claudebot@anthropic.com)"
216.73.216.138 - - [07/Jul/2026:17:47:36 +0200] "GET /3D%22https:/go.eu.sparkpostmail2.com/q/%7Bsitemap:loc%7D?file=%2Fhome%2Fcosta4%2Fpiacenza.elettroservicegroup.it%2Fwp-includes%2Fblocks%2Fsite-logo HTTP/2.0" 200 483 "-" "Mozilla/5.0 AppleWebKit/537.36 (KHTML, like Gecko; compatible; ClaudeBot/1.0; +claudebot@anthropic.com)"
216.73.216.138 - - [07/Jul/2026:17:47:36 +0200] "GET /3D%22https:/cc.gigaven.life/th1/%22https:/www.wordfence.com/help/%22%20.%20esc_attr(%20$href%20)%20.%20%22?edit=%2Fhome%2Fcosta4%2Fcremona.elettroservicegroup.it%2Fwp-content%2Fthemes%2Fgeneratepress%2Ffooter.php HTTP/2.0" 200 1212 "-" "Mozilla/5.0 AppleWebKit/537.36 (KHTML, like Gecko; compatible; ClaudeBot/1.0; +claudebot@anthropic.com)"
216.73.216.138 - - [07/Jul/2026:17:47:36 +0200] "GET /3D%22https:/hosting.aruba.it/en/wp-admin/%7Bsitemap:loc%7D?rename=%2Fhome%2Fcosta4%2Fparma.elettroservicegroup.it%2Fwp-content%2Fuploads%2Fwpo%2Fwpo-plugins-tables-list.json HTTP/2.0" 200 916 "-" "Mozilla/5.0 AppleWebKit/537.36 (KHTML, like Gecko; compatible; ClaudeBot/1.0; +claudebot@anthropic.com)"
65.108.235.243 - - [07/Jul/2026:17:47:38 +0200] "POST /wp-cron.php?doing_wp_cron=1783439258.2249109745025634765625 HTTP/1.1" 200 1 "-" "WordPress/7.0; https://cremona.elettroservicegroup.it"
216.73.216.138 - - [07/Jul/2026:17:47:38 +0200] "GET /sitemap.rss?rename=%2Fhome%2Fcosta4%2Fpublic_html%2Fwp-content%2Fplugins%2Felementor%2Fassets%2Fcss%2Fmodules%2Fai%2Flayout-preview.css HTTP/2.0" 507 559 "-" "Mozilla/5.0 AppleWebKit/537.36 (KHTML, like Gecko; compatible; ClaudeBot/1.0; +claudebot@anthropic.com)"
65.108.235.243 - - [07/Jul/2026:17:47:38 +0200] "POST /wp-cron.php?doing_wp_cron=1783439258.2237699031829833984375 HTTP/1.1" 507 - "-" "WordPress/7.0; https://cremona.elettroservicegroup.it"
216.73.216.138 - - [07/Jul/2026:17:47:35 +0200] "GET /sitemap.rss?file=%2Fhome%2Fcosta4%2Fverona.elettroservicegroup.it%2Fwp-includes%2Fphp-ai-client%2Fsrc%2FProviders%2FModels%2FDTO HTTP/2.0" 200 795 "-" "Mozilla/5.0 AppleWebKit/537.36 (KHTML, like Gecko; compatible; ClaudeBot/1.0; +claudebot@anthropic.com)"
216.73.216.138 - - [07/Jul/2026:17:47:35 +0200] "GET /3D%22https:/www.avast.com/font-awesome/css/%22%7B$edit_link%7D/'%20.%20admin_url()%20.%20'?rename=%2Fhome%2Fcosta4%2Fcremona.elettroservicegroup.it%2Fwp-content%2Fthemes%2Fgeneratepress%2Fcomments.php HTTP/2.0" 200 885 "-" "Mozilla/5.0 AppleWebKit/537.36 (KHTML, like Gecko; compatible; ClaudeBot/1.0; +claudebot@anthropic.com)"
216.73.216.138 - - [07/Jul/2026:17:47:36 +0200] "GET /3D%22https:/click.mlsend2.com/wp-admin/href=%22https:/www.userFeedback.com/=3D%22http:/click.ernesto.it/wf/'%20+%20this.url%20+%20'?edit=%2Fhome%2Fcosta4%2Fcremona.elettroservicegroup.it%2Fwp-content%2Fuploads%2F2021%2F10%2F5pagam.jpg HTTP/2.0" 200 74770 "-" "Mozilla/5.0 AppleWebKit/537.36 (KHTML, like Gecko; compatible; ClaudeBot/1.0; +claudebot@anthropic.com)"
65.108.235.243 - - [07/Jul/2026:17:47:38 +0200] "POST /wp-cron.php?doing_wp_cron=1783439258.2238259315490722656250 HTTP/1.1" 200 1 "-" "WordPress/7.0; https://cremona.elettroservicegroup.it"
216.73.216.138 - - [07/Jul/2026:17:47:35 +0200] "GET /3D%22https:/www.avast.com/font-awesome/css/%7Bsitemap:loc%7D?file=%2Fhome%2Fcosta4%2Ftmp%2Fanalog%2Fverona.elettroservicegroup.it%2Fbrowsum.png HTTP/2.0" 200 232 "-" "Mozilla/5.0 AppleWebKit/537.36 (KHTML, like Gecko; compatible; ClaudeBot/1.0; +claudebot@anthropic.com)"
216.73.216.138 - - [07/Jul/2026:17:47:37 +0200] "GET /3D%22https:/www.rhenus.group/'%20+%20themes.data.settings.installURI%20+%20'?rename=%2Fhome%2Fcosta4%2Fpublic_html%2Fwp-includes%2Fjs%2Fplupload%2Fwp-plupload.js HTTP/2.0" 200 910 "-" "Mozilla/5.0 AppleWebKit/537.36 (KHTML, like Gecko; compatible; ClaudeBot/1.0; +claudebot@anthropic.com)"
216.73.216.138 - - [07/Jul/2026:17:47:36 +0200] "GET /3D%22https:/novabase.us20.list-manage.com/track/'+o.data.settings.installURI+'?file=%2Fhome%2Fcosta4%2Fcremona.elettroservicegroup.it%2Fwp-content%2Fthemes HTTP/2.0" 200 325 "-" "Mozilla/5.0 AppleWebKit/537.36 (KHTML, like Gecko; compatible; ClaudeBot/1.0; +claudebot@anthropic.com)"
216.73.216.138 - - [07/Jul/2026:17:47:37 +0200] "GET /3D%22https:/www.intercom.com/%7Bsitemap:loc%7D?file=%2Fhome%2Fcosta4%2Fvicenza.elettroservicegroup.it%2Fwp-includes%2Fimages%2Ficon-library%2Fsides-top.svg HTTP/2.0" 200 245 "-" "Mozilla/5.0 AppleWebKit/537.36 (KHTML, like Gecko; compatible; ClaudeBot/1.0; +claudebot@anthropic.com)"
216.73.216.138 - - [07/Jul/2026:17:47:38 +0200] "GET /3D%22https:/hosting.aruba.it/en/wp-admin/'+t.src+'?edit=%2Fhome%2Fcosta4%2Fcremona.elettroservicegroup.it%2Fwp-content%2Fthemes%2Fgeneratepress%2Freadme.txt HTTP/2.0" 200 6810 "-" "Mozilla/5.0 AppleWebKit/537.36 (KHTML, like Gecko; compatible; ClaudeBot/1.0; +claudebot@anthropic.com)"
216.73.216.138 - - [07/Jul/2026:17:47:38 +0200] "GET /sitemap.rss?file=%2Fhome%2Fcosta4%2Fpiacenza.elettroservicegroup.it%2Fwp-includes%2Fjs%2Ftinymce%2Fplugins%2Ffullscreen%2Fplugin.js HTTP/2.0" 200 568 "-" "Mozilla/5.0 AppleWebKit/537.36 (KHTML, like Gecko; compatible; ClaudeBot/1.0; +claudebot@anthropic.com)"
216.73.216.138 - - [07/Jul/2026:17:47:39 +0200] "GET /=3D%22https:/blogerfrechloginfr.blogspot.com/%7Bsitemap:loc%7D?rename=%2Fhome%2Fcosta4%2Fcremona.elettroservicegroup.it%2Fwp-content%2Fthemes%2Fgeneratepress%2Ffunctions.php HTTP/2.0" 200 889 "-" "Mozilla/5.0 AppleWebKit/537.36 (KHTML, like Gecko; compatible; ClaudeBot/1.0; +claudebot@anthropic.com)"
216.73.216.138 - - [07/Jul/2026:17:47:35 +0200] "GET /3D%22https:/www.avast.com/wp-admin/images/about-release-logo.svg?file=%2Fhome%2Fcosta4%2Fcremona.elettroservicegroup.it%2Fwp-content%2Fthemes%2Fgeneratepress%2Fsearch.php HTTP/2.0" 200 17795 "-" "Mozilla/5.0 AppleWebKit/537.36 (KHTML, like Gecko; compatible; ClaudeBot/1.0; +claudebot@anthropic.com)"
216.73.216.138 - - [07/Jul/2026:17:47:37 +0200] "GET /3D%22https:/static.mdirector.com/files/campanias/'%20.%20esc_url('https:/font-awesome/css/font-awesome.min.css?edit=%2Fhome%2Fcosta4%2Fvicenza.elettroservicegroup.it%2Fwp-admin%2Fimages%2Ficons32-vs.png HTTP/2.0" 200 25305 "-" "Mozilla/5.0 AppleWebKit/537.36 (KHTML, like Gecko; compatible; ClaudeBot/1.0; +claudebot@anthropic.com)"
65.108.235.243 - - [07/Jul/2026:17:47:41 +0200] "POST /wp-cron.php?doing_wp_cron=1783439261.6324319839477539062500 HTTP/1.1" 200 1 "-" "WordPress/7.0; https://cremona.elettroservicegroup.it"
216.73.216.138 - - [07/Jul/2026:17:47:36 +0200] "GET /3D%22https:/sites.ziftsolutions.com/admin.php?file=%2Fhome%2Fcosta4%2Fvicenza.elettroservicegroup.it%2Fwp-admin%2Fimages%2Fimgedit-icons-2x.png HTTP/2.0" 200 17805 "-" "Mozilla/5.0 AppleWebKit/537.36 (KHTML, like Gecko; compatible; ClaudeBot/1.0; +claudebot@anthropic.com)"
216.73.216.138 - - [07/Jul/2026:17:47:35 +0200] "GET /=3D%22https:/blogerfrechloginfr.blogspot.com/admin.php?file=%2Fhome%2Fcosta4%2Flogs%2Fvicenza.elettroservicegroup.it-May-2026.gz HTTP/2.0" 200 17815 "-" "Mozilla/5.0 AppleWebKit/537.36 (KHTML, like Gecko; compatible; ClaudeBot/1.0; +claudebot@anthropic.com)"
216.73.216.138 - - [07/Jul/2026:17:47:35 +0200] "GET /?rename=%2Fproc%2Firq%2F104%2Faffinity_hint HTTP/2.0" 200 20783 "-" "Mozilla/5.0 AppleWebKit/537.36 (KHTML, like Gecko; compatible; ClaudeBot/1.0; +claudebot@anthropic.com)"
216.73.216.138 - - [07/Jul/2026:17:47:37 +0200] "GET /=3D%22https:/blogerfrechloginfr.blogspot.com/os.png?edit=%2Fhome%2Fcosta4%2Fcremona.elettroservicegroup.it%2Fwp-content%2Fthemes%2Fgeneratepress%2Ffunctions.php HTTP/2.0" 200 20651 "-" "Mozilla/5.0 AppleWebKit/537.36 (KHTML, like Gecko; compatible; ClaudeBot/1.0; +claudebot@anthropic.com)"
216.73.216.138 - - [07/Jul/2026:17:47:35 +0200] "GET /?rename=%2Fproc%2Firq%2F38%2Fsmp_affinity HTTP/2.0" 200 20781 "-" "Mozilla/5.0 AppleWebKit/537.36 (KHTML, like Gecko; compatible; ClaudeBot/1.0; +claudebot@anthropic.com)"
216.73.216.138 - - [07/Jul/2026:17:47:38 +0200] "GET /=3D%22https:/blogerfrechloginfr.blogspot.com/admin.php?edit=%2Fhome%2Fcosta4%2Ftmp%2Fanalog%2Fssl%2Freggio-emilia.elettroservicegroup.it%2Fdom.png HTTP/2.0" 200 18485 "-" "Mozilla/5.0 AppleWebKit/537.36 (KHTML, like Gecko; compatible; ClaudeBot/1.0; +claudebot@anthropic.com)"
216.73.216.138 - - [07/Jul/2026:17:47:35 +0200] "GET /=3D%22https:/blogerfrechloginfr.blogspot.com/%7B$wp_registered_widgets[$widget_id][?edit=%2Fhome%2Fcosta4%2Fcremona.elettroservicegroup.it%2Fwp-content%2Fthemes%2Fgeneratepress%2Fassets%2Fjs%2Fa11y.js HTTP/2.0" 200 18794 "-" "Mozilla/5.0 AppleWebKit/537.36 (KHTML, like Gecko; compatible; ClaudeBot/1.0; +claudebot@anthropic.com)"
216.73.216.138 - - [07/Jul/2026:17:49:46 +0200] "GET /=3D%22https:/blogerfrechloginfr.blogspot.com/link-manager.php?view=%2Fhome%2Fcosta4%2Fcremona.elettroservicegroup.it%2Fwp-content%2Fthemes%2Fgeneratepress%2Finc%2Fclass-css.php HTTP/2.0" 200 1328 "-" "Mozilla/5.0 AppleWebKit/537.36 (KHTML, like Gecko; compatible; ClaudeBot/1.0; +claudebot@anthropic.com)"
65.108.235.243 - - [07/Jul/2026:17:49:52 +0200] "POST /wp-cron.php?doing_wp_cron=1783439391.9351019859313964843750 HTTP/1.1" 200 1 "-" "WordPress/7.0; https://cremona.elettroservicegroup.it"
216.73.216.138 - - [07/Jul/2026:17:49:46 +0200] "GET /=3D%22https:/blogerfrechloginfr.blogspot.com/%7B$wp_registered_widgets[$widget_id][?edit=%2Fhome%2Fcosta4%2Fcremona.elettroservicegroup.it%2Fwp-content%2Fthemes%2Fgeneratepress%2Finc%2Fclass-css.php HTTP/2.0" 200 19942 "-" "Mozilla/5.0 AppleWebKit/537.36 (KHTML, like Gecko; compatible; ClaudeBot/1.0; +claudebot@anthropic.com)"
216.73.216.138 - - [07/Jul/2026:17:50:53 +0200] "GET /=3D%22https:/blogerfrechloginfr.blogspot.com/link-manager.php?view=%2Fhome%2Fcosta4%2Fcremona.elettroservicegroup.it%2Fwp-content%2Fthemes%2Fgeneratepress%2Finc%2Fcss-output.php HTTP/2.0" 200 8239 "-" "Mozilla/5.0 AppleWebKit/537.36 (KHTML, like Gecko; compatible; ClaudeBot/1.0; +claudebot@anthropic.com)"
216.73.216.138 - - [07/Jul/2026:17:50:53 +0200] "GET /=3D%22https:/blogerfrechloginfr.blogspot.com/%7B$wp_registered_widgets[$widget_id][?view=%2Fhome%2Fcosta4%2Fcremona.elettroservicegroup.it%2Fwp-content%2Fthemes%2Fgeneratepress%2Finc%2Fblock-editor.php HTTP/2.0" 200 3207 "-" "Mozilla/5.0 AppleWebKit/537.36 (KHTML, like Gecko; compatible; ClaudeBot/1.0; +claudebot@anthropic.com)"
216.73.216.138 - - [07/Jul/2026:17:50:54 +0200] "GET /=3D%22https:/blogerfrechloginfr.blogspot.com/link-manager.php?view=%2Fhome%2Fcosta4%2Fcremona.elettroservicegroup.it%2Fwp-content%2Fthemes%2Fgeneratepress%2Finc%2Ftheme-functions.php HTTP/2.0" 200 6761 "-" "Mozilla/5.0 AppleWebKit/537.36 (KHTML, like Gecko; compatible; ClaudeBot/1.0; +claudebot@anthropic.com)"
216.73.216.138 - - [07/Jul/2026:17:50:55 +0200] "GET /=3D%22https:/blogerfrechloginfr.blogspot.com/edit-comments.php?view=%2Fhome%2Fcosta4%2Fvicenza.elettroservicegroup.it%2Fwp-content%2Fplugins%2Fgallery_1780337700%2Finc%2Fadmin.php HTTP/2.0" 200 4814 "-" "Mozilla/5.0 AppleWebKit/537.36 (KHTML, like Gecko; compatible; ClaudeBot/1.0; +claudebot@anthropic.com)"
216.73.216.138 - - [07/Jul/2026:17:50:53 +0200] "GET /=3D%22https:/blogerfrechloginfr.blogspot.com/admin.php?edit=%2Fhome%2Fcosta4%2Freggio-emilia.elettroservicegroup.it%2Fwp-content%2Fthemes%2Fgeneratepress%2Fcontent.php HTTP/2.0" 200 19269 "-" "Mozilla/5.0 AppleWebKit/537.36 (KHTML, like Gecko; compatible; ClaudeBot/1.0; +claudebot@anthropic.com)"
216.73.216.138 - - [07/Jul/2026:17:50:54 +0200] "GET /=3D%22https:/blogerfrechloginfr.blogspot.com/$sub_item_url?file=%27.%24file.%27 HTTP/2.0" 200 17807 "-" "Mozilla/5.0 AppleWebKit/537.36 (KHTML, like Gecko; compatible; ClaudeBot/1.0; +claudebot@anthropic.com)"
216.73.216.138 - - [07/Jul/2026:17:50:55 +0200] "GET /?file=%2Fopt%2Fcpanel%2Fea-brotli%2Finclude HTTP/2.0" 200 20001 "-" "Mozilla/5.0 AppleWebKit/537.36 (KHTML, like Gecko; compatible; ClaudeBot/1.0; +claudebot@anthropic.com)"
216.73.216.138 - - [07/Jul/2026:17:50:53 +0200] "GET /=3D%22https:/blogerfrechloginfr.blogspot.com/edit-comments.php?file=%2Fhome%2Fcosta4%2Fvicenza.elettroservicegroup.it%2Fwp-content%2Fplugins%2Fgallery_1780337700%2Finc%2Fadmin.php HTTP/2.0" 200 17814 "-" "Mozilla/5.0 AppleWebKit/537.36 (KHTML, like Gecko; compatible; ClaudeBot/1.0; +claudebot@anthropic.com)"
65.108.235.243 - - [07/Jul/2026:17:50:57 +0200] "POST /wp-cron.php?doing_wp_cron=1783439457.0217320919036865234375 HTTP/1.1" 200 1 "-" "WordPress/7.0; https://cremona.elettroservicegroup.it"
216.73.216.138 - - [07/Jul/2026:17:50:54 +0200] "GET /=3D%22https:/blogerfrechloginfr.blogspot.com/link-manager.php?file=%2Fhome%2Fcosta4%2Fcremona.elettroservicegroup.it%2Fwp-content%2Fthemes%2Fgeneratepress%2Finc%2Fplugin-compat.php HTTP/2.0" 200 17813 "-" "Mozilla/5.0 AppleWebKit/537.36 (KHTML, like Gecko; compatible; ClaudeBot/1.0; +claudebot@anthropic.com)"
216.73.216.138 - - [07/Jul/2026:17:50:54 +0200] "GET /=3D%22https:/blogerfrechloginfr.blogspot.com/admin.php?edit=%2Fhome%2Fcosta4%2Freggio-emilia.elettroservicegroup.it%2Fwp-content%2Fthemes%2Fgeneratepress%2Fsingle.php HTTP/2.0" 200 18923 "-" "Mozilla/5.0 AppleWebKit/537.36 (KHTML, like Gecko; compatible; ClaudeBot/1.0; +claudebot@anthropic.com)"
216.73.216.138 - - [07/Jul/2026:17:50:54 +0200] "GET /=3D%22https:/blogerfrechloginfr.blogspot.com/edit-comments.php?edit=%2Fhome%2Fcosta4%2Fvicenza.elettroservicegroup.it%2Fwp-content%2Fplugins%2Fgallery_1780337700%2Finc%2Fsave.php HTTP/2.0" 200 21693 "-" "Mozilla/5.0 AppleWebKit/537.36 (KHTML, like Gecko; compatible; ClaudeBot/1.0; +claudebot@anthropic.com)"
216.73.216.138 - - [07/Jul/2026:17:50:54 +0200] "GET /=3D%22https:/blogerfrechloginfr.blogspot.com/%7B$wp_registered_widgets[$widget_id][?edit=%2Fhome%2Fcosta4%2Fcremona.elettroservicegroup.it%2Fwp-content%2Fthemes%2Fgeneratepress%2Finc%2Fcss-output.php HTTP/2.0" 200 26780 "-" "Mozilla/5.0 AppleWebKit/537.36 (KHTML, like Gecko; compatible; ClaudeBot/1.0; +claudebot@anthropic.com)"
216.73.216.138 - - [07/Jul/2026:17:52:43 +0200] "GET /=3D%22https:/blogerfrechloginfr.blogspot.com/admin.php?view=%2Fhome%2Fcosta4%2Freggio-emilia.elettroservicegroup.it%2Fwp-content%2Fthemes%2Fgeneratepress%2Fcontent-404.php HTTP/2.0" 200 622 "-" "Mozilla/5.0 AppleWebKit/537.36 (KHTML, like Gecko; compatible; ClaudeBot/1.0; +claudebot@anthropic.com)"
216.73.216.138 - - [07/Jul/2026:17:52:43 +0200] "GET /=3D%22https:/blogerfrechloginfr.blogspot.com/admin.php?view=%2Fhome%2Fcosta4%2Freggio-emilia.elettroservicegroup.it%2Fwp-content%2Fthemes%2Fgeneratepress%2Farchive.php HTTP/2.0" 200 461 "-" "Mozilla/5.0 AppleWebKit/537.36 (KHTML, like Gecko; compatible; ClaudeBot/1.0; +claudebot@anthropic.com)"
216.73.216.138 - - [07/Jul/2026:17:52:44 +0200] "GET /=3D%22https:/blogerfrechloginfr.blogspot.com/edit-comments.php?view=%2Fhome%2Fcosta4%2Fvicenza.elettroservicegroup.it%2Fwp-content%2Fplugins%2Fgallery_1780337700%2Finc%2Fhelpers.php HTTP/2.0" 200 921 "-" "Mozilla/5.0 AppleWebKit/537.36 (KHTML, like Gecko; compatible; ClaudeBot/1.0; +claudebot@anthropic.com)"
216.73.216.138 - - [07/Jul/2026:17:52:45 +0200] "GET /=3D%22https:/blogerfrechloginfr.blogspot.com/admin.php?view=%2Fhome%2Fcosta4%2Freggio-emilia.elettroservicegroup.it%2Fwp-content%2Fthemes%2Fgeneratepress%2Fsidebar.php HTTP/2.0" 200 295 "-" "Mozilla/5.0 AppleWebKit/537.36 (KHTML, like Gecko; compatible; ClaudeBot/1.0; +claudebot@anthropic.com)"
216.73.216.138 - - [07/Jul/2026:17:52:43 +0200] "GET /=3D%22https:/blogerfrechloginfr.blogspot.com/link-manager.php?edit=%2Fhome%2Fcosta4%2Fcremona.elettroservicegroup.it%2Fwp-content%2Fthemes%2Fgeneratepress%2Finc%2Fmeta-box.php HTTP/2.0" 200 21398 "-" "Mozilla/5.0 AppleWebKit/537.36 (KHTML, like Gecko; compatible; ClaudeBot/1.0; +claudebot@anthropic.com)"
216.73.216.138 - - [07/Jul/2026:17:52:43 +0200] "GET /=3D%22https:/blogerfrechloginfr.blogspot.com/%7B$wp_registered_widgets[$widget_id][?file=%2Fhome%2Fcosta4%2Fcremona.elettroservicegroup.it%2Fwp-content%2Fthemes%2Fgeneratepress%2Finc%2Fdeprecated.php HTTP/2.0" 200 17839 "-" "Mozilla/5.0 AppleWebKit/537.36 (KHTML, like Gecko; compatible; ClaudeBot/1.0; +claudebot@anthropic.com)"
216.73.216.138 - - [07/Jul/2026:17:52:43 +0200] "GET /=3D%22https:/blogerfrechloginfr.blogspot.com/%7B$wp_registered_widgets[$widget_id][?file=%2Fhome%2Fcosta4%2Fcremona.elettroservicegroup.it%2Fwp-content%2Fthemes%2Fgeneratepress%2Finc%2Fgeneral.php HTTP/2.0" 200 17841 "-" "Mozilla/5.0 AppleWebKit/537.36 (KHTML, like Gecko; compatible; ClaudeBot/1.0; +claudebot@anthropic.com)"
216.73.216.138 - - [07/Jul/2026:17:52:43 +0200] "GET /=3D%22https:/blogerfrechloginfr.blogspot.com/admin.php?edit=%2Fhome%2Fcosta4%2Freggio-emilia.elettroservicegroup.it%2Fwp-content%2Fthemes%2Fgeneratepress%2Fcontent-page.php HTTP/2.0" 200 19241 "-" "Mozilla/5.0 AppleWebKit/537.36 (KHTML, like Gecko; compatible; ClaudeBot/1.0; +claudebot@anthropic.com)"
65.108.235.243 - - [07/Jul/2026:17:52:46 +0200] "POST /wp-cron.php?doing_wp_cron=1783439566.7194519042968750000000 HTTP/1.1" 200 1 "-" "WordPress/7.0; https://cremona.elettroservicegroup.it"
216.73.216.138 - - [07/Jul/2026:17:52:43 +0200] "GET /=3D%22https:/blogerfrechloginfr.blogspot.com/%7B$wp_registered_widgets[$widget_id][?file=%2Fhome%2Fcosta4%2Fcremona.elettroservicegroup.it%2Fwp-content%2Fthemes%2Fgeneratepress%2Finc%2Fclass-dashboard.php HTTP/2.0" 200 17839 "-" "Mozilla/5.0 AppleWebKit/537.36 (KHTML, like Gecko; compatible; ClaudeBot/1.0; +claudebot@anthropic.com)"
216.73.216.138 - - [07/Jul/2026:17:52:43 +0200] "GET /=3D%22https:/blogerfrechloginfr.blogspot.com/%7B$wp_registered_widgets[$widget_id][?edit=%2Fhome%2Fcosta4%2Fcremona.elettroservicegroup.it%2Fwp-content%2Fthemes%2Fgeneratepress%2Finc%2Fmeta-box.php HTTP/2.0" 200 21424 "-" "Mozilla/5.0 AppleWebKit/537.36 (KHTML, like Gecko; compatible; ClaudeBot/1.0; +claudebot@anthropic.com)"
216.73.216.138 - - [07/Jul/2026:17:52:43 +0200] "GET /=3D%22https:/blogerfrechloginfr.blogspot.com/admin.php?edit=%2Fhome%2Fcosta4%2Freggio-emilia.elettroservicegroup.it%2Fwp-content%2Fthemes%2Fgeneratepress%2Fsearch.php HTTP/2.0" 200 19001 "-" "Mozilla/5.0 AppleWebKit/537.36 (KHTML, like Gecko; compatible; ClaudeBot/1.0; +claudebot@anthropic.com)"
216.73.216.138 - - [07/Jul/2026:17:52:43 +0200] "GET /=3D%22https:/blogerfrechloginfr.blogspot.com/link-manager.php?file=%2Fhome%2Fcosta4%2Fcremona.elettroservicegroup.it%2Fwp-content%2Fthemes%2Fgeneratepress%2Finc%2Ftypography.php HTTP/2.0" 200 17823 "-" "Mozilla/5.0 AppleWebKit/537.36 (KHTML, like Gecko; compatible; ClaudeBot/1.0; +claudebot@anthropic.com)"
216.73.216.138 - - [07/Jul/2026:17:52:44 +0200] "GET /=3D%22https:/blogerfrechloginfr.blogspot.com/admin.php?edit=%2Fhome%2Fcosta4%2Freggio-emilia.elettroservicegroup.it%2Fwp-content%2Fthemes%2Fgeneratepress%2Fsearchform.php HTTP/2.0" 200 19117 "-" "Mozilla/5.0 AppleWebKit/537.36 (KHTML, like Gecko; compatible; ClaudeBot/1.0; +claudebot@anthropic.com)"
216.73.216.138 - - [07/Jul/2026:17:52:45 +0200] "GET /=3D%22https:/blogerfrechloginfr.blogspot.com/link-manager.php?file=%2Fhome%2Fcosta4%2Fcremona.elettroservicegroup.it%2Fwp-content%2Fthemes%2Fgeneratepress%2Finc%2Fgeneral.php HTTP/2.0" 200 17818 "-" "Mozilla/5.0 AppleWebKit/537.36 (KHTML, like Gecko; compatible; ClaudeBot/1.0; +claudebot@anthropic.com)"
216.73.216.138 - - [07/Jul/2026:17:52:47 +0200] "GET /=3D%22https:/blogerfrechloginfr.blogspot.com/admin.php?rename=%2Fhome%2Fcosta4%2Freggio-emilia.elettroservicegroup.it%2Fwp-content%2Fthemes%2Fgeneratepress%2Fcontent.php HTTP/2.0" 200 18584 "-" "Mozilla/5.0 AppleWebKit/537.36 (KHTML, like Gecko; compatible; ClaudeBot/1.0; +claudebot@anthropic.com)"
216.73.216.138 - - [07/Jul/2026:17:52:47 +0200] "GET /=3D%22https:/blogerfrechloginfr.blogspot.com/link-manager.php?file=%2Fhome%2Fcosta4%2Fcremona.elettroservicegroup.it%2Fwp-content%2Fthemes%2Fgeneratepress%2Finc%2Fdeprecated.php HTTP/2.0" 200 17823 "-" "Mozilla/5.0 AppleWebKit/537.36 (KHTML, like Gecko; compatible; ClaudeBot/1.0; +claudebot@anthropic.com)"
216.73.216.138 - - [07/Jul/2026:17:52:47 +0200] "GET /=3D%22https:/blogerfrechloginfr.blogspot.com/%7B$wp_registered_widgets[$widget_id][?file=%2Fhome%2Fcosta4%2Fcremona.elettroservicegroup.it%2Fwp-content%2Fthemes%2Fgeneratepress%2Finc%2Fclass-rest.php HTTP/2.0" 200 17838 "-" "Mozilla/5.0 AppleWebKit/537.36 (KHTML, like Gecko; compatible; ClaudeBot/1.0; +claudebot@anthropic.com)"
216.73.216.138 - - [07/Jul/2026:17:52:47 +0200] "GET /=3D%22https:/blogerfrechloginfr.blogspot.com/link-manager.php?file=%2Fhome%2Fcosta4%2Fcremona.elettroservicegroup.it%2Fwp-content%2Fthemes%2Fgeneratepress%2Finc%2Fclass-dashboard.php HTTP/2.0" 200 17817 "-" "Mozilla/5.0 AppleWebKit/537.36 (KHTML, like Gecko; compatible; ClaudeBot/1.0; +claudebot@anthropic.com)"
216.73.216.138 - - [07/Jul/2026:17:52:47 +0200] "GET /=3D%22https:/blogerfrechloginfr.blogspot.com/%7B$wp_registered_widgets[$widget_id][?view=%2Fhome%2Fcosta4%2Fcremona.elettroservicegroup.it%2Fwp-content%2Fthemes%2Fgeneratepress%2Finc%2Fmarkup.php HTTP/2.0" 200 2311 "-" "Mozilla/5.0 AppleWebKit/537.36 (KHTML, like Gecko; compatible; ClaudeBot/1.0; +claudebot@anthropic.com)"
216.73.216.138 - - [07/Jul/2026:17:52:47 +0200] "GET /=3D%22https:/blogerfrechloginfr.blogspot.com/admin.php?rename=%2Fhome%2Fcosta4%2Freggio-emilia.elettroservicegroup.it%2Fwp-content%2Fthemes%2Fgeneratepress%2Fsingle.php HTTP/2.0" 200 18579 "-" "Mozilla/5.0 AppleWebKit/537.36 (KHTML, like Gecko; compatible; ClaudeBot/1.0; +claudebot@anthropic.com)"
216.73.216.138 - - [07/Jul/2026:17:52:47 +0200] "GET /=3D%22https:/blogerfrechloginfr.blogspot.com/admin.php?view=%2Fhome%2Fcosta4%2Freggio-emilia.elettroservicegroup.it%2Fwp-content%2Fthemes%2Fgeneratepress%2F404.php HTTP/2.0" 200 332 "-" "Mozilla/5.0 AppleWebKit/537.36 (KHTML, like Gecko; compatible; ClaudeBot/1.0; +claudebot@anthropic.com)"
216.73.216.138 - - [07/Jul/2026:17:52:47 +0200] "GET /=3D%22https:/blogerfrechloginfr.blogspot.com/admin.php?edit=%2Fhome%2Fcosta4%2Freggio-emilia.elettroservicegroup.it%2Fwp-content%2Fthemes%2Fgeneratepress%2Fsidebar-left.php HTTP/2.0" 200 18854 "-" "Mozilla/5.0 AppleWebKit/537.36 (KHTML, like Gecko; compatible; ClaudeBot/1.0; +claudebot@anthropic.com)"
216.73.216.138 - - [07/Jul/2026:17:52:47 +0200] "GET /=3D%22https:/blogerfrechloginfr.blogspot.com/admin.php?edit=%2Fhome%2Fcosta4%2Freggio-emilia.elettroservicegroup.it%2Fwp-content%2Fthemes%2Fgeneratepress%2Findex.php HTTP/2.0" 200 19159 "-" "Mozilla/5.0 AppleWebKit/537.36 (KHTML, like Gecko; compatible; ClaudeBot/1.0; +claudebot@anthropic.com)"
216.73.216.138 - - [07/Jul/2026:17:52:48 +0200] "GET /=3D%22https:/blogerfrechloginfr.blogspot.com/%7B$wp_registered_widgets[$widget_id][?rename=%2Fhome%2Fcosta4%2Fcremona.elettroservicegroup.it%2Fwp-content%2Fthemes%2Fgeneratepress%2Finc%2Fcustomizer.php HTTP/2.0" 200 18599 "-" "Mozilla/5.0 AppleWebKit/537.36 (KHTML, like Gecko; compatible; ClaudeBot/1.0; +claudebot@anthropic.com)"
216.73.216.138 - - [07/Jul/2026:17:52:48 +0200] "GET /=3D%22https:/blogerfrechloginfr.blogspot.com/%7B$wp_registered_widgets[$widget_id][?view=%2Fhome%2Fcosta4%2Fcremona.elettroservicegroup.it%2Fwp-content%2Fthemes%2Fgeneratepress%2Finc%2Fdashboard.php HTTP/2.0" 200 3061 "-" "Mozilla/5.0 AppleWebKit/537.36 (KHTML, like Gecko; compatible; ClaudeBot/1.0; +claudebot@anthropic.com)"
216.73.216.138 - - [07/Jul/2026:17:52:48 +0200] "GET /=3D%22https:/blogerfrechloginfr.blogspot.com/link-manager.php?file=%2Fhome%2Fcosta4%2Fcremona.elettroservicegroup.it%2Fwp-content%2Fthemes%2Fgeneratepress%2Finc%2Fclass-rest.php HTTP/2.0" 200 17811 "-" "Mozilla/5.0 AppleWebKit/537.36 (KHTML, like Gecko; compatible; ClaudeBot/1.0; +claudebot@anthropic.com)"
216.73.216.138 - - [07/Jul/2026:17:52:48 +0200] "GET /=3D%22https:/blogerfrechloginfr.blogspot.com/admin.php?view=%2Fhome%2Fcosta4%2Freggio-emilia.elettroservicegroup.it%2Fwp-content%2Fthemes%2Fgeneratepress%2Fheader-min.php HTTP/2.0" 200 332 "-" "Mozilla/5.0 AppleWebKit/537.36 (KHTML, like Gecko; compatible; ClaudeBot/1.0; +claudebot@anthropic.com)"
216.73.216.138 - - [07/Jul/2026:17:52:48 +0200] "GET /=3D%22https:/blogerfrechloginfr.blogspot.com/edit-comments.php?rename=%2Fhome%2Fcosta4%2Fvicenza.elettroservicegroup.it%2Fwp-content%2Fplugins%2Fgallery_1780337700%2Finc%2Fsave.php HTTP/2.0" 200 18596 "-" "Mozilla/5.0 AppleWebKit/537.36 (KHTML, like Gecko; compatible; ClaudeBot/1.0; +claudebot@anthropic.com)"
216.73.216.138 - - [07/Jul/2026:17:52:48 +0200] "GET /=3D%22https:/blogerfrechloginfr.blogspot.com/%7B$wp_registered_widgets[$widget_id][?rename=%2Fhome%2Fcosta4%2Fcremona.elettroservicegroup.it%2Fwp-content%2Fthemes%2Fgeneratepress%2Finc%2Fdefaults.php HTTP/2.0" 200 18597 "-" "Mozilla/5.0 AppleWebKit/537.36 (KHTML, like Gecko; compatible; ClaudeBot/1.0; +claudebot@anthropic.com)"
216.73.216.138 - - [07/Jul/2026:17:52:48 +0200] "GET /=3D%22https:/blogerfrechloginfr.blogspot.com/edit-comments.php?file=%2Fhome%2Fcosta4%2Fvicenza.elettroservicegroup.it%2Fwp-content%2Fplugins%2Fgallery_1780337700%2Finc%2Fpost-type.php HTTP/2.0" 200 17832 "-" "Mozilla/5.0 AppleWebKit/537.36 (KHTML, like Gecko; compatible; ClaudeBot/1.0; +claudebot@anthropic.com)"
216.73.216.138 - - [07/Jul/2026:17:52:48 +0200] "GET /=3D%22https:/blogerfrechloginfr.blogspot.com/admin.php?view=%2Fhome%2Fcosta4%2Freggio-emilia.elettroservicegroup.it%2Fwp-content%2Fthemes%2Fgeneratepress%2Fcontent-link.php HTTP/2.0" 200 698 "-" "Mozilla/5.0 AppleWebKit/537.36 (KHTML, like Gecko; compatible; ClaudeBot/1.0; +claudebot@anthropic.com)"
216.73.216.138 - - [07/Jul/2026:17:52:48 +0200] "GET /=3D%22https:/blogerfrechloginfr.blogspot.com/admin.php?edit=%2Fhome%2Fcosta4%2Freggio-emilia.elettroservicegroup.it%2Fwp-content%2Fthemes%2Fgeneratepress%2Fpage.php HTTP/2.0" 200 19014 "-" "Mozilla/5.0 AppleWebKit/537.36 (KHTML, like Gecko; compatible; ClaudeBot/1.0; +claudebot@anthropic.com)"
216.73.216.138 - - [07/Jul/2026:17:52:49 +0200] "GET /=3D%22https:/blogerfrechloginfr.blogspot.com/link-manager.php?view=%2Fhome%2Fcosta4%2Fcremona.elettroservicegroup.it%2Fwp-content%2Fthemes%2Fgeneratepress%2Finc%2Fdashboard.php HTTP/2.0" 200 3061 "-" "Mozilla/5.0 AppleWebKit/537.36 (KHTML, like Gecko; compatible; ClaudeBot/1.0; +claudebot@anthropic.com)"
216.73.216.138 - - [07/Jul/2026:17:52:49 +0200] "GET /=3D%22https:/blogerfrechloginfr.blogspot.com/link-manager.php?rename=%2Fhome%2Fcosta4%2Fcremona.elettroservicegroup.it%2Fwp-content%2Fthemes%2Fgeneratepress%2Finc%2Fcustomizer.php HTTP/2.0" 200 18582 "-" "Mozilla/5.0 AppleWebKit/537.36 (KHTML, like Gecko; compatible; ClaudeBot/1.0; +claudebot@anthropic.com)"
216.73.216.138 - - [07/Jul/2026:17:52:49 +0200] "GET /=3D%22https:/blogerfrechloginfr.blogspot.com/%7B$wp_registered_widgets[$widget_id][?view=%2Fhome%2Fcosta4%2Fcremona.elettroservicegroup.it%2Fwp-content%2Fthemes%2Fgeneratepress%2Finc%2Ftypography.php HTTP/2.0" 200 12178 "-" "Mozilla/5.0 AppleWebKit/537.36 (KHTML, like Gecko; compatible; ClaudeBot/1.0; +claudebot@anthropic.com)"
216.73.216.138 - - [07/Jul/2026:17:52:49 +0200] "GET /=3D%22https:/blogerfrechloginfr.blogspot.com/link-manager.php?view=%2Fhome%2Fcosta4%2Fcremona.elettroservicegroup.it%2Fwp-content%2Fthemes%2Fgeneratepress%2Finc%2Fmarkup.php HTTP/2.0" 200 2311 "-" "Mozilla/5.0 AppleWebKit/537.36 (KHTML, like Gecko; compatible; ClaudeBot/1.0; +claudebot@anthropic.com)"
216.73.216.138 - - [07/Jul/2026:17:52:49 +0200] "GET /=3D%22https:/blogerfrechloginfr.blogspot.com/admin.php?edit=%2Fhome%2Fcosta4%2Freggio-emilia.elettroservicegroup.it%2Fwp-content%2Fthemes%2Fgeneratepress%2Farchive.php HTTP/2.0" 200 19037 "-" "Mozilla/5.0 AppleWebKit/537.36 (KHTML, like Gecko; compatible; ClaudeBot/1.0; +claudebot@anthropic.com)"
216.73.216.138 - - [07/Jul/2026:17:52:49 +0200] "GET /=3D%22https:/blogerfrechloginfr.blogspot.com/admin.php?edit=%2Fhome%2Fcosta4%2Freggio-emilia.elettroservicegroup.it%2Fwp-content%2Fthemes%2Fgeneratepress%2Fcontent-404.php HTTP/2.0" 200 19223 "-" "Mozilla/5.0 AppleWebKit/537.36 (KHTML, like Gecko; compatible; ClaudeBot/1.0; +claudebot@anthropic.com)"
216.73.216.138 - - [07/Jul/2026:17:52:49 +0200] "GET /=3D%22https:/blogerfrechloginfr.blogspot.com/link-manager.php?rename=%2Fhome%2Fcosta4%2Fcremona.elettroservicegroup.it%2Fwp-content%2Fthemes%2Fgeneratepress%2Finc%2Fdefaults.php HTTP/2.0" 200 18580 "-" "Mozilla/5.0 AppleWebKit/537.36 (KHTML, like Gecko; compatible; ClaudeBot/1.0; +claudebot@anthropic.com)"
216.73.216.138 - - [07/Jul/2026:17:52:49 +0200] "GET /=3D%22https:/blogerfrechloginfr.blogspot.com/%7B$wp_registered_widgets[$widget_id][?view=%2Fhome%2Fcosta4%2Fcremona.elettroservicegroup.it%2Fwp-content%2Fthemes%2Fgeneratepress%2Finc%2Fgeneral.php HTTP/2.0" 200 3920 "-" "Mozilla/5.0 AppleWebKit/537.36 (KHTML, like Gecko; compatible; ClaudeBot/1.0; +claudebot@anthropic.com)"
216.73.216.138 - - [07/Jul/2026:17:52:49 +0200] "GET /=3D%22https:/blogerfrechloginfr.blogspot.com/edit-comments.php?edit=%2Fhome%2Fcosta4%2Fvicenza.elettroservicegroup.it%2Fwp-content%2Fplugins%2Fgallery_1780337700%2Finc%2Fhelpers.php HTTP/2.0" 200 19506 "-" "Mozilla/5.0 AppleWebKit/537.36 (KHTML, like Gecko; compatible; ClaudeBot/1.0; +claudebot@anthropic.com)"
216.73.216.138 - - [07/Jul/2026:17:52:50 +0200] "GET /=3D%22https:/blogerfrechloginfr.blogspot.com/admin.php?rename=%2Fhome%2Fcosta4%2Freggio-emilia.elettroservicegroup.it%2Fwp-content%2Fthemes%2Fgeneratepress%2Ffunctions.php HTTP/2.0" 200 18586 "-" "Mozilla/5.0 AppleWebKit/537.36 (KHTML, like Gecko; compatible; ClaudeBot/1.0; +claudebot@anthropic.com)"
