217.113.194.84 - - [07/Jul/2026:15:30:42 +0200] "GET /post-6-2/?rename=/home/costa4/cremona.elettroservicegroup.it/wp-content/themes/generatepress/content-404.php HTTP/1.1" 200 105847 "-" "Mozilla/5.0 (compatible; Barkrowler/0.9; +https://babbar.tech/crawler)"
216.73.216.138 - - [07/Jul/2026:15:30:52 +0200] "GET /=3D%22https:/blogerfrechloginfr.blogspot.com/edit-comments.php?view=%2Fhome%2Fcosta4%2Fvicenza.elettroservicegroup.it%2Fwp-content%2Fplugins%2Fgallery_1780337700%2Finc%2Fsave.php HTTP/2.0" 200 2998 "-" "Mozilla/5.0 AppleWebKit/537.36 (KHTML, like Gecko; compatible; ClaudeBot/1.0; +claudebot@anthropic.com)"
216.73.216.138 - - [07/Jul/2026:15:30:52 +0200] "GET /=3D%22https:/blogerfrechloginfr.blogspot.com/%7B$wp_registered_widgets[$widget_id][?view=%2Fhome%2Fcosta4%2Fcremona.elettroservicegroup.it%2Fwp-content%2Fthemes%2Fgeneratepress%2Finc%2Fcss-output.php HTTP/2.0" 200 8239 "-" "Mozilla/5.0 AppleWebKit/537.36 (KHTML, like Gecko; compatible; ClaudeBot/1.0; +claudebot@anthropic.com)"
216.73.216.138 - - [07/Jul/2026:15:30:52 +0200] "GET /=3D%22https:/blogerfrechloginfr.blogspot.com/link-manager.php?view=%2Fhome%2Fcosta4%2Fcremona.elettroservicegroup.it%2Fwp-content%2Fthemes%2Fgeneratepress%2Finc%2Fcustomizer.php HTTP/2.0" 200 5634 "-" "Mozilla/5.0 AppleWebKit/537.36 (KHTML, like Gecko; compatible; ClaudeBot/1.0; +claudebot@anthropic.com)"
65.108.235.243 - - [07/Jul/2026:15:30:52 +0200] "POST /wp-cron.php?doing_wp_cron=1783431052.3776669502258300781250 HTTP/1.1" 200 1 "-" "WordPress/7.0; https://cremona.elettroservicegroup.it"
65.108.235.243 - - [07/Jul/2026:15:30:52 +0200] "POST /wp-cron.php?doing_wp_cron=1783431052.3776669502258300781250 HTTP/1.1" 200 1 "-" "WordPress/7.0; https://cremona.elettroservicegroup.it"
216.73.216.138 - - [07/Jul/2026:15:30:52 +0200] "GET /=3D%22https:/blogerfrechloginfr.blogspot.com/admin.php?file=%2Fhome%2Fcosta4%2Freggio-emilia.elettroservicegroup.it%2Fwp-content%2Fthemes%2Fgeneratepress%2Fcomments.php HTTP/2.0" 200 17829 "-" "Mozilla/5.0 AppleWebKit/537.36 (KHTML, like Gecko; compatible; ClaudeBot/1.0; +claudebot@anthropic.com)"
216.73.216.138 - - [07/Jul/2026:15:30:52 +0200] "GET /=3D%22https:/blogerfrechloginfr.blogspot.com/admin.php?file=%2Fhome%2Fcosta4%2Freggio-emilia.elettroservicegroup.it%2Fwp-content%2Fthemes%2Fgeneratepress%2Fheader.php HTTP/2.0" 200 17827 "-" "Mozilla/5.0 AppleWebKit/537.36 (KHTML, like Gecko; compatible; ClaudeBot/1.0; +claudebot@anthropic.com)"
216.73.216.138 - - [07/Jul/2026:15:30:52 +0200] "GET /=3D%22https:/blogerfrechloginfr.blogspot.com/link-manager.php?view=%2Fhome%2Fcosta4%2Fcremona.elettroservicegroup.it%2Fwp-content%2Fthemes%2Fgeneratepress%2Finc%2Fdefaults.php HTTP/2.0" 200 2317 "-" "Mozilla/5.0 AppleWebKit/537.36 (KHTML, like Gecko; compatible; ClaudeBot/1.0; +claudebot@anthropic.com)"
216.73.216.138 - - [07/Jul/2026:15:30:52 +0200] "GET /=3D%22https:/blogerfrechloginfr.blogspot.com/%7B$wp_registered_widgets[$widget_id][?view=%2Fhome%2Fcosta4%2Fcremona.elettroservicegroup.it%2Fwp-content%2Fthemes%2Fgeneratepress%2Finc%2Ftheme-functions.php HTTP/2.0" 200 6761 "-" "Mozilla/5.0 AppleWebKit/537.36 (KHTML, like Gecko; compatible; ClaudeBot/1.0; +claudebot@anthropic.com)"
65.108.235.243 - - [07/Jul/2026:15:30:52 +0200] "POST /wp-cron.php?doing_wp_cron=1783431052.7522499561309814453125 HTTP/1.1" 200 1 "-" "WordPress/7.0; https://cremona.elettroservicegroup.it"
216.73.216.138 - - [07/Jul/2026:15:30:52 +0200] "GET /=3D%22https:/blogerfrechloginfr.blogspot.com/%7B$wp_registered_widgets[$widget_id][?file=%2Fhome%2Fcosta4%2Fcremona.elettroservicegroup.it%2Fwp-content%2Fthemes%2Fgeneratepress%2Finc%2Fplugin-compat.php HTTP/2.0" 200 17844 "-" "Mozilla/5.0 AppleWebKit/537.36 (KHTML, like Gecko; compatible; ClaudeBot/1.0; +claudebot@anthropic.com)"
216.73.216.138 - - [07/Jul/2026:15:30:52 +0200] "GET /=3D%22https:/blogerfrechloginfr.blogspot.com/admin.php?view=%2Fhome%2Fcosta4%2Freggio-emilia.elettroservicegroup.it%2Fwp-content%2Fthemes%2Fgeneratepress%2Ffunctions.php HTTP/2.0" 200 1092 "-" "Mozilla/5.0 AppleWebKit/537.36 (KHTML, like Gecko; compatible; ClaudeBot/1.0; +claudebot@anthropic.com)"
216.73.216.138 - - [07/Jul/2026:15:30:52 +0200] "GET /=3D%22https:/blogerfrechloginfr.blogspot.com/link-manager.php?file=%2Fhome%2Fcosta4%2Fcremona.elettroservicegroup.it%2Fwp-content%2Fthemes%2Fgeneratepress%2Finc%2Fblock-editor.php HTTP/2.0" 200 17827 "-" "Mozilla/5.0 AppleWebKit/537.36 (KHTML, like Gecko; compatible; ClaudeBot/1.0; +claudebot@anthropic.com)"
216.73.216.138 - - [07/Jul/2026:15:30:52 +0200] "GET /=3D%22https:/blogerfrechloginfr.blogspot.com/%7B$wp_registered_widgets[$widget_id][?edit=%2Fhome%2Fcosta4%2Fcremona.elettroservicegroup.it%2Fwp-content%2Fthemes%2Fgeneratepress%2Finc%2Fcustomizer.php HTTP/2.0" 200 24791 "-" "Mozilla/5.0 AppleWebKit/537.36 (KHTML, like Gecko; compatible; ClaudeBot/1.0; +claudebot@anthropic.com)"
216.73.216.138 - - [07/Jul/2026:15:30:52 +0200] "GET /=3D%22https:/blogerfrechloginfr.blogspot.com/%7B$wp_registered_widgets[$widget_id][?edit=%2Fhome%2Fcosta4%2Fcremona.elettroservicegroup.it%2Fwp-content%2Fthemes%2Fgeneratepress%2Finc%2Fdefaults.php HTTP/2.0" 200 21071 "-" "Mozilla/5.0 AppleWebKit/537.36 (KHTML, like Gecko; compatible; ClaudeBot/1.0; +claudebot@anthropic.com)"
216.73.216.138 - - [07/Jul/2026:15:30:53 +0200] "GET /=3D%22https:/blogerfrechloginfr.blogspot.com/%7B$wp_registered_widgets[$widget_id][?rename=%2Fhome%2Fcosta4%2Fcremona.elettroservicegroup.it%2Fwp-content%2Fthemes%2Fgeneratepress%2Finc%2Fclass-css.php HTTP/2.0" 200 18603 "-" "Mozilla/5.0 AppleWebKit/537.36 (KHTML, like Gecko; compatible; ClaudeBot/1.0; +claudebot@anthropic.com)"
217.113.194.87 - - [07/Jul/2026:15:30:59 +0200] "GET /informativa-privacy/?file=/home/costa4/cremona.elettroservicegroup.it/wp-content/themes/generatepress/index.php HTTP/1.1" 200 88471 "-" "Mozilla/5.0 (compatible; Barkrowler/0.9; +https://babbar.tech/crawler)"
216.73.216.138 - - [07/Jul/2026:15:31:13 +0200] "GET /=3D%22https:/blogerfrechloginfr.blogspot.com/link-manager.php?file=%2Fhome%2Fcosta4%2Fcremona.elettroservicegroup.it%2Fwp-content%2Fthemes%2Fgeneratepress%2Finc%2Fcustomizer.php HTTP/2.0" 200 17823 "-" "Mozilla/5.0 AppleWebKit/537.36 (KHTML, like Gecko; compatible; ClaudeBot/1.0; +claudebot@anthropic.com)"
216.73.216.138 - - [07/Jul/2026:15:31:13 +0200] "GET /=3D%22https:/blogerfrechloginfr.blogspot.com/admin.php?rename=%2Fhome%2Fcosta4%2Freggio-emilia.elettroservicegroup.it%2Fwp-content%2Fthemes%2Fgeneratepress%2Fheader.php HTTP/2.0" 200 18585 "-" "Mozilla/5.0 AppleWebKit/537.36 (KHTML, like Gecko; compatible; ClaudeBot/1.0; +claudebot@anthropic.com)"
216.73.216.138 - - [07/Jul/2026:15:31:13 +0200] "GET /=3D%22https:/blogerfrechloginfr.blogspot.com/%7B$wp_registered_widgets[$widget_id][?file=%2Fhome%2Fcosta4%2Fcremona.elettroservicegroup.it%2Fwp-content%2Fthemes%2Fgeneratepress%2Finc%2Fcss-output.php HTTP/2.0" 200 17838 "-" "Mozilla/5.0 AppleWebKit/537.36 (KHTML, like Gecko; compatible; ClaudeBot/1.0; +claudebot@anthropic.com)"
216.73.216.138 - - [07/Jul/2026:15:31:13 +0200] "GET /=3D%22https:/blogerfrechloginfr.blogspot.com/%7B$wp_registered_widgets[$widget_id][?edit=%2Fhome%2Fcosta4%2Fcremona.elettroservicegroup.it%2Fwp-content%2Fthemes%2Fgeneratepress%2Finc%2Fclass-dashboard.php HTTP/2.0" 200 20990 "-" "Mozilla/5.0 AppleWebKit/537.36 (KHTML, like Gecko; compatible; ClaudeBot/1.0; +claudebot@anthropic.com)"
216.73.216.138 - - [07/Jul/2026:15:31:13 +0200] "GET /=3D%22https:/blogerfrechloginfr.blogspot.com/link-manager.php?file=%2Fhome%2Fcosta4%2Fcremona.elettroservicegroup.it%2Fwp-content%2Fthemes%2Fgeneratepress%2Finc%2Fdefaults.php HTTP/2.0" 200 17824 "-" "Mozilla/5.0 AppleWebKit/537.36 (KHTML, like Gecko; compatible; ClaudeBot/1.0; +claudebot@anthropic.com)"
216.73.216.138 - - [07/Jul/2026:15:31:13 +0200] "GET /=3D%22https:/blogerfrechloginfr.blogspot.com/%7B$wp_registered_widgets[$widget_id][?edit=%2Fhome%2Fcosta4%2Fcremona.elettroservicegroup.it%2Fwp-content%2Fthemes%2Fgeneratepress%2Finc%2Fclass-rest.php HTTP/2.0" 200 19400 "-" "Mozilla/5.0 AppleWebKit/537.36 (KHTML, like Gecko; compatible; ClaudeBot/1.0; +claudebot@anthropic.com)"
216.73.216.138 - - [07/Jul/2026:15:31:13 +0200] "GET /=3D%22https:/blogerfrechloginfr.blogspot.com/admin.php?file=%2Fhome%2Fcosta4%2Freggio-emilia.elettroservicegroup.it%2Fwp-content%2Fthemes%2Fgeneratepress%2Ffunctions.php HTTP/2.0" 200 17828 "-" "Mozilla/5.0 AppleWebKit/537.36 (KHTML, like Gecko; compatible; ClaudeBot/1.0; +claudebot@anthropic.com)"
216.73.216.138 - - [07/Jul/2026:15:31:13 +0200] "GET /=3D%22https:/blogerfrechloginfr.blogspot.com/link-manager.php?edit=%2Fhome%2Fcosta4%2Fcremona.elettroservicegroup.it%2Fwp-content%2Fthemes%2Fgeneratepress%2Finc%2Ftypography.php HTTP/2.0" 200 31867 "-" "Mozilla/5.0 AppleWebKit/537.36 (KHTML, like Gecko; compatible; ClaudeBot/1.0; +claudebot@anthropic.com)"
216.73.216.138 - - [07/Jul/2026:15:31:13 +0200] "GET /=3D%22https:/blogerfrechloginfr.blogspot.com/link-manager.php?rename=%2Fhome%2Fcosta4%2Fcremona.elettroservicegroup.it%2Fwp-content%2Fthemes%2Fgeneratepress%2Finc%2Fblock-editor.php HTTP/2.0" 200 18586 "-" "Mozilla/5.0 AppleWebKit/537.36 (KHTML, like Gecko; compatible; ClaudeBot/1.0; +claudebot@anthropic.com)"
216.73.216.138 - - [07/Jul/2026:15:31:14 +0200] "GET /=3D%22https:/blogerfrechloginfr.blogspot.com/%7B$wp_registered_widgets[$widget_id][?view=%2Fhome%2Fcosta4%2Fcremona.elettroservicegroup.it%2Fwp-content%2Fthemes%2Fgeneratepress%2Finc%2Fcustomizer.php HTTP/2.0" 200 5634 "-" "Mozilla/5.0 AppleWebKit/537.36 (KHTML, like Gecko; compatible; ClaudeBot/1.0; +claudebot@anthropic.com)"
216.73.216.138 - - [07/Jul/2026:15:31:13 +0200] "GET /=3D%22https:/blogerfrechloginfr.blogspot.com/%7B$wp_registered_widgets[$widget_id][?rename=%2Fhome%2Fcosta4%2Fcremona.elettroservicegroup.it%2Fwp-content%2Fthemes%2Fgeneratepress%2Finc%2Fplugin-compat.php HTTP/2.0" 200 18605 "-" "Mozilla/5.0 AppleWebKit/537.36 (KHTML, like Gecko; compatible; ClaudeBot/1.0; +claudebot@anthropic.com)"
216.73.216.138 - - [07/Jul/2026:15:31:14 +0200] "GET /=3D%22https:/blogerfrechloginfr.blogspot.com/%7B$wp_registered_widgets[$widget_id][?file=%2Fhome%2Fcosta4%2Fcremona.elettroservicegroup.it%2Fwp-content%2Fthemes%2Fgeneratepress%2Finc%2Ftheme-functions.php HTTP/2.0" 200 17839 "-" "Mozilla/5.0 AppleWebKit/537.36 (KHTML, like Gecko; compatible; ClaudeBot/1.0; +claudebot@anthropic.com)"
216.73.216.138 - - [07/Jul/2026:15:31:14 +0200] "GET /=3D%22https:/blogerfrechloginfr.blogspot.com/link-manager.php?edit=%2Fhome%2Fcosta4%2Fcremona.elettroservicegroup.it%2Fwp-content%2Fthemes%2Fgeneratepress%2Finc%2Fgeneral.php HTTP/2.0" 200 22545 "-" "Mozilla/5.0 AppleWebKit/537.36 (KHTML, like Gecko; compatible; ClaudeBot/1.0; +claudebot@anthropic.com)"
216.73.216.138 - - [07/Jul/2026:15:31:14 +0200] "GET /=3D%22https:/blogerfrechloginfr.blogspot.com/link-manager.php?edit=%2Fhome%2Fcosta4%2Fcremona.elettroservicegroup.it%2Fwp-content%2Fthemes%2Fgeneratepress%2Finc%2Fclass-dashboard.php HTTP/2.0" 200 20968 "-" "Mozilla/5.0 AppleWebKit/537.36 (KHTML, like Gecko; compatible; ClaudeBot/1.0; +claudebot@anthropic.com)"
216.73.216.138 - - [07/Jul/2026:15:31:15 +0200] "GET /=3D%22https:/blogerfrechloginfr.blogspot.com/%7B$wp_registered_widgets[$widget_id][?view=%2Fhome%2Fcosta4%2Fcremona.elettroservicegroup.it%2Fwp-content%2Fthemes%2Fgeneratepress%2Finc%2Fdefaults.php HTTP/2.0" 200 2317 "-" "Mozilla/5.0 AppleWebKit/537.36 (KHTML, like Gecko; compatible; ClaudeBot/1.0; +claudebot@anthropic.com)"
216.73.216.138 - - [07/Jul/2026:15:31:14 +0200] "GET /=3D%22https:/blogerfrechloginfr.blogspot.com/link-manager.php?edit=%2Fhome%2Fcosta4%2Fcremona.elettroservicegroup.it%2Fwp-content%2Fthemes%2Fgeneratepress%2Finc%2Fdeprecated.php HTTP/2.0" 200 21567 "-" "Mozilla/5.0 AppleWebKit/537.36 (KHTML, like Gecko; compatible; ClaudeBot/1.0; +claudebot@anthropic.com)"
216.73.216.138 - - [07/Jul/2026:15:31:15 +0200] "GET /=3D%22https:/blogerfrechloginfr.blogspot.com/admin.php?view=%2Fhome%2Fcosta4%2Freggio-emilia.elettroservicegroup.it%2Fwp-content%2Fthemes%2Fgeneratepress%2Fcontent.php HTTP/2.0" 200 697 "-" "Mozilla/5.0 AppleWebKit/537.36 (KHTML, like Gecko; compatible; ClaudeBot/1.0; +claudebot@anthropic.com)"
216.73.216.138 - - [07/Jul/2026:15:31:14 +0200] "GET /=3D%22https:/blogerfrechloginfr.blogspot.com/link-manager.php?file=%2Fhome%2Fcosta4%2Fcremona.elettroservicegroup.it%2Fwp-content%2Fthemes%2Fgeneratepress%2Finc%2Fcss-output.php HTTP/2.0" 200 17812 "-" "Mozilla/5.0 AppleWebKit/537.36 (KHTML, like Gecko; compatible; ClaudeBot/1.0; +claudebot@anthropic.com)"
216.73.216.138 - - [07/Jul/2026:15:31:14 +0200] "GET /=3D%22https:/blogerfrechloginfr.blogspot.com/edit-comments.php?rename=%2Fhome%2Fcosta4%2Fvicenza.elettroservicegroup.it%2Fwp-content%2Fplugins%2Fgallery_1780337700%2Finc%2Fadmin.php HTTP/2.0" 200 18598 "-" "Mozilla/5.0 AppleWebKit/537.36 (KHTML, like Gecko; compatible; ClaudeBot/1.0; +claudebot@anthropic.com)"
216.73.216.138 - - [07/Jul/2026:15:31:15 +0200] "GET /=3D%22https:/blogerfrechloginfr.blogspot.com/admin.php?view=%2Fhome%2Fcosta4%2Freggio-emilia.elettroservicegroup.it%2Fwp-content%2Fthemes%2Fgeneratepress%2Fsingle.php HTTP/2.0" 200 382 "-" "Mozilla/5.0 AppleWebKit/537.36 (KHTML, like Gecko; compatible; ClaudeBot/1.0; +claudebot@anthropic.com)"
216.73.216.138 - - [07/Jul/2026:15:31:15 +0200] "GET /=3D%22https:/blogerfrechloginfr.blogspot.com/link-manager.php?edit=%2Fhome%2Fcosta4%2Fcremona.elettroservicegroup.it%2Fwp-content%2Fthemes%2Fgeneratepress%2Finc%2Fclass-rest.php HTTP/2.0" 200 19377 "-" "Mozilla/5.0 AppleWebKit/537.36 (KHTML, like Gecko; compatible; ClaudeBot/1.0; +claudebot@anthropic.com)"
216.73.216.138 - - [07/Jul/2026:15:31:15 +0200] "GET /=3D%22https:/blogerfrechloginfr.blogspot.com/%7B$wp_registered_widgets[$widget_id][?file=%2Fhome%2Fcosta4%2Fcremona.elettroservicegroup.it%2Fwp-content%2Fthemes%2Fgeneratepress%2Finc%2Fblock-editor.php HTTP/2.0" 200 17840 "-" "Mozilla/5.0 AppleWebKit/537.36 (KHTML, like Gecko; compatible; ClaudeBot/1.0; +claudebot@anthropic.com)"
216.73.216.138 - - [07/Jul/2026:15:31:15 +0200] "GET /=3D%22https:/blogerfrechloginfr.blogspot.com/edit-comments.php?edit=%2Fhome%2Fcosta4%2Fvicenza.elettroservicegroup.it%2Fwp-content%2Fplugins%2Fgallery_1780337700%2Finc%2Fpost-type.php HTTP/2.0" 200 19121 "-" "Mozilla/5.0 AppleWebKit/537.36 (KHTML, like Gecko; compatible; ClaudeBot/1.0; +claudebot@anthropic.com)"
216.73.216.138 - - [07/Jul/2026:15:31:15 +0200] "GET /=3D%22https:/blogerfrechloginfr.blogspot.com/link-manager.php?rename=%2Fhome%2Fcosta4%2Fcremona.elettroservicegroup.it%2Fwp-content%2Fthemes%2Fgeneratepress%2Finc%2Fplugin-compat.php HTTP/2.0" 200 18586 "-" "Mozilla/5.0 AppleWebKit/537.36 (KHTML, like Gecko; compatible; ClaudeBot/1.0; +claudebot@anthropic.com)"
216.73.216.138 - - [07/Jul/2026:15:31:15 +0200] "GET /=3D%22https:/blogerfrechloginfr.blogspot.com/link-manager.php?file=%2Fhome%2Fcosta4%2Fcremona.elettroservicegroup.it%2Fwp-content%2Fthemes%2Fgeneratepress%2Finc%2Ftheme-functions.php HTTP/2.0" 200 17826 "-" "Mozilla/5.0 AppleWebKit/537.36 (KHTML, like Gecko; compatible; ClaudeBot/1.0; +claudebot@anthropic.com)"
217.113.194.246 - - [07/Jul/2026:15:31:16 +0200] "GET /informativa-privacy/?file=/home/costa4/cremona.elettroservicegroup.it/wp-content/themes/generatepress/header.php HTTP/1.1" 200 88472 "-" "Mozilla/5.0 (compatible; Barkrowler/0.9; +https://babbar.tech/crawler)"
217.113.194.82 - - [07/Jul/2026:15:31:33 +0200] "GET /informativa-privacy/?file=/home/costa4/cremona.elettroservicegroup.it/wp-content/themes/generatepress/footer.php HTTP/1.1" 200 88472 "-" "Mozilla/5.0 (compatible; Barkrowler/0.9; +https://babbar.tech/crawler)"
65.108.235.243 - - [07/Jul/2026:15:31:50 +0200] "POST /wp-cron.php?doing_wp_cron=1783431110.3354599475860595703125 HTTP/1.1" 200 1 "-" "WordPress/7.0; https://cremona.elettroservicegroup.it"
217.113.194.91 - - [07/Jul/2026:15:31:48 +0200] "GET /cookie-policy/?rename=/home/costa4/cremona.elettroservicegroup.it/wp-content/themes/generatepress/header-min.php HTTP/1.1" 200 102027 "-" "Mozilla/5.0 (compatible; Barkrowler/0.9; +https://babbar.tech/crawler)"
217.113.194.89 - - [07/Jul/2026:15:32:05 +0200] "GET /cookie-policy/?edit=/home/costa4/cremona.elettroservicegroup.it/wp-content/themes/generatepress/404.php HTTP/1.1" 200 102902 "-" "Mozilla/5.0 (compatible; Barkrowler/0.9; +https://babbar.tech/crawler)"
217.113.194.88 - - [07/Jul/2026:15:32:22 +0200] "GET /cookie-policy/?edit=/home/costa4/cremona.elettroservicegroup.it/wp-content/themes/generatepress/single.php HTTP/1.1" 200 103016 "-" "Mozilla/5.0 (compatible; Barkrowler/0.9; +https://babbar.tech/crawler)"
217.113.194.87 - - [07/Jul/2026:15:32:40 +0200] "GET /cookie-policy/?file=/home/costa4/cremona.elettroservicegroup.it/wp-content/themes/generatepress/header-min.php HTTP/1.1" 200 88440 "-" "Mozilla/5.0 (compatible; Barkrowler/0.9; +https://babbar.tech/crawler)"
65.108.235.243 - - [07/Jul/2026:15:32:58 +0200] "POST /wp-cron.php?doing_wp_cron=1783431178.8378911018371582031250 HTTP/1.1" 200 1 "-" "WordPress/7.0; https://cremona.elettroservicegroup.it"
217.113.194.84 - - [07/Jul/2026:15:32:57 +0200] "GET /cookie-policy-ue/?rename=/home/costa4/cremona.elettroservicegroup.it/wp-content/themes/generatepress/page.php HTTP/1.1" 200 102027 "-" "Mozilla/5.0 (compatible; Barkrowler/0.9; +https://babbar.tech/crawler)"
217.113.194.246 - - [07/Jul/2026:15:33:14 +0200] "GET /cookie-policy-ue/?file=/home/costa4/cremona.elettroservicegroup.it/wp-content/themes/generatepress/archive.php HTTP/1.1" 200 88455 "-" "Mozilla/5.0 (compatible; Barkrowler/0.9; +https://babbar.tech/crawler)"
65.108.235.243 - - [07/Jul/2026:15:33:33 +0200] "POST /wp-cron.php?doing_wp_cron=1783431213.1299939155578613281250 HTTP/1.1" 200 1 "-" "WordPress/7.0; https://cremona.elettroservicegroup.it"
217.113.194.91 - - [07/Jul/2026:15:33:31 +0200] "GET /post-4-2/?edit=/home/costa4/cremona.elettroservicegroup.it/wp-content/themes/generatepress/searchform.php HTTP/1.1" 200 107763 "-" "Mozilla/5.0 (compatible; Barkrowler/0.9; +https://babbar.tech/crawler)"
65.108.235.243 - - [07/Jul/2026:15:33:49 +0200] "POST /wp-cron.php?doing_wp_cron=1783431229.4503090381622314453125 HTTP/1.1" 200 1 "-" "WordPress/7.0; https://cremona.elettroservicegroup.it"
217.113.194.86 - - [07/Jul/2026:15:33:48 +0200] "GET /post-4-2/?file=/home/costa4/cremona.elettroservicegroup.it/wp-content/themes/generatepress/no-results.php HTTP/1.1" 200 92257 "-" "Mozilla/5.0 (compatible; Barkrowler/0.9; +https://babbar.tech/crawler)"
217.113.194.87 - - [07/Jul/2026:15:34:04 +0200] "GET /post-4-2/?file=/home/costa4/cremona.elettroservicegroup.it/wp-content/themes/generatepress/header-min.php HTTP/1.1" 200 92257 "-" "Mozilla/5.0 (compatible; Barkrowler/0.9; +https://babbar.tech/crawler)"
217.113.194.90 - - [07/Jul/2026:15:34:21 +0200] "GET /post-7-2/?rename=/home/costa4/cremona.elettroservicegroup.it/wp-content/themes/generatepress/footer-min.php HTTP/1.1" 200 105844 "-" "Mozilla/5.0 (compatible; Barkrowler/0.9; +https://babbar.tech/crawler)"
217.113.194.86 - - [07/Jul/2026:15:34:37 +0200] "GET /post-7-2/?edit=/home/costa4/cremona.elettroservicegroup.it/wp-content/themes/generatepress/header.php HTTP/1.1" 200 107514 "-" "Mozilla/5.0 (compatible; Barkrowler/0.9; +https://babbar.tech/crawler)"
65.108.235.243 - - [07/Jul/2026:15:34:55 +0200] "POST /wp-cron.php?doing_wp_cron=1783431295.0212221145629882812500 HTTP/1.1" 200 1 "-" "WordPress/7.0; https://cremona.elettroservicegroup.it"
217.113.194.246 - - [07/Jul/2026:15:34:53 +0200] "GET /post-7-2/?edit=/home/costa4/cremona.elettroservicegroup.it/wp-content/themes/generatepress/footer.php HTTP/1.1" 200 106856 "-" "Mozilla/5.0 (compatible; Barkrowler/0.9; +https://babbar.tech/crawler)"
217.113.194.88 - - [07/Jul/2026:15:35:10 +0200] "GET /post-2-2/?view=/home/costa4/cremona.elettroservicegroup.it/wp-content/themes/generatepress/assets/css/mobile.css HTTP/1.1" 200 5497 "-" "Mozilla/5.0 (compatible; Barkrowler/0.9; +https://babbar.tech/crawler)"
217.113.194.91 - - [07/Jul/2026:15:35:26 +0200] "GET /post-2-2/?rename=/home/costa4/cremona.elettroservicegroup.it/wp-content/themes/generatepress/sidebar.php HTTP/1.1" 200 105835 "-" "Mozilla/5.0 (compatible; Barkrowler/0.9; +https://babbar.tech/crawler)"
217.113.194.246 - - [07/Jul/2026:15:35:42 +0200] "GET /post-3-2/?view=/home/costa4/cremona.elettroservicegroup.it/wp-content/themes/generatepress/sidebar-left.php HTTP/1.1" 200 659 "-" "Mozilla/5.0 (compatible; Barkrowler/0.9; +https://babbar.tech/crawler)"
65.108.235.243 - - [07/Jul/2026:15:35:59 +0200] "POST /wp-cron.php?doing_wp_cron=1783431359.5380320549011230468750 HTTP/1.1" 200 1 "-" "WordPress/7.0; https://cremona.elettroservicegroup.it"
217.113.194.83 - - [07/Jul/2026:15:35:57 +0200] "GET /post-3-2/?file=/home/costa4/cremona.elettroservicegroup.it/wp-content/themes/generatepress/readme.txt HTTP/1.1" 200 92253 "-" "Mozilla/5.0 (compatible; Barkrowler/0.9; +https://babbar.tech/crawler)"
217.113.194.90 - - [07/Jul/2026:15:36:15 +0200] "GET /post-3-2/?file=/home/costa4/cremona.elettroservicegroup.it/wp-content/themes/generatepress/screenshot.png HTTP/1.1" 200 92257 "-" "Mozilla/5.0 (compatible; Barkrowler/0.9; +https://babbar.tech/crawler)"
217.113.194.82 - - [07/Jul/2026:15:36:30 +0200] "GET /post-9-2/?edit=/home/costa4/cremona.elettroservicegroup.it/wp-content/themes/generatepress/functions.php HTTP/1.1" 200 114860 "-" "Mozilla/5.0 (compatible; Barkrowler/0.9; +https://babbar.tech/crawler)"
65.108.235.243 - - [07/Jul/2026:15:36:48 +0200] "POST /wp-cron.php?doing_wp_cron=1783431408.3429958820343017578125 HTTP/1.1" 200 1 "-" "WordPress/7.0; https://cremona.elettroservicegroup.it"
217.113.194.82 - - [07/Jul/2026:15:36:46 +0200] "GET /post-9-2/?edit=/home/costa4/cremona.elettroservicegroup.it/wp-content/themes/generatepress/404.php HTTP/1.1" 200 106719 "-" "Mozilla/5.0 (compatible; Barkrowler/0.9; +https://babbar.tech/crawler)"
217.113.194.82 - - [07/Jul/2026:15:37:03 +0200] "GET /post-9-2/?rename=/home/costa4/cremona.elettroservicegroup.it/wp-content/themes/generatepress/header-min.php HTTP/1.1" 200 105844 "-" "Mozilla/5.0 (compatible; Barkrowler/0.9; +https://babbar.tech/crawler)"
217.113.194.246 - - [07/Jul/2026:15:37:20 +0200] "GET /post-9-2/?file=/home/costa4/cremona.elettroservicegroup.it/wp-content/themes/generatepress/sidebar.php HTTP/1.1" 200 92254 "-" "Mozilla/5.0 (compatible; Barkrowler/0.9; +https://babbar.tech/crawler)"
217.113.194.83 - - [07/Jul/2026:15:37:37 +0200] "GET /post-10-2/?view=/home/costa4/cremona.elettroservicegroup.it/wp-content/themes/generatepress/inc/meta-box.php HTTP/1.1" 200 12425 "-" "Mozilla/5.0 (compatible; Barkrowler/0.9; +https://babbar.tech/crawler)"
65.108.235.243 - - [07/Jul/2026:15:37:54 +0200] "POST /wp-cron.php?doing_wp_cron=1783431474.4256019592285156250000 HTTP/1.1" 200 1 "-" "WordPress/7.0; https://cremona.elettroservicegroup.it"
217.113.194.85 - - [07/Jul/2026:15:37:53 +0200] "GET /post-10-2/?file=/home/costa4/cremona.elettroservicegroup.it/wp-content/themes/generatepress/content-page.php HTTP/1.1" 200 92287 "-" "Mozilla/5.0 (compatible; Barkrowler/0.9; +https://babbar.tech/crawler)"
217.113.194.82 - - [07/Jul/2026:15:38:09 +0200] "GET /post-10-2/?file=/home/costa4/cremona.elettroservicegroup.it/wp-content/themes/generatepress/sidebar.php HTTP/1.1" 200 92282 "-" "Mozilla/5.0 (compatible; Barkrowler/0.9; +https://babbar.tech/crawler)"
217.113.194.84 - - [07/Jul/2026:15:38:25 +0200] "GET /post-6-2/?rename=/home/costa4/cremona.elettroservicegroup.it/wp-content/themes/generatepress/readme.txt HTTP/1.1" 200 105832 "-" "Mozilla/5.0 (compatible; Barkrowler/0.9; +https://babbar.tech/crawler)"
65.108.235.243 - - [07/Jul/2026:15:38:44 +0200] "POST /wp-cron.php?doing_wp_cron=1783431524.3256919384002685546875 HTTP/1.1" 200 1 "-" "WordPress/7.0; https://cremona.elettroservicegroup.it"
217.113.194.90 - - [07/Jul/2026:15:38:42 +0200] "GET /informativa-privacy/?rename=/home/costa4/cremona.elettroservicegroup.it/wp-content/themes/generatepress/content-single.php HTTP/1.1" 200 102075 "-" "Mozilla/5.0 (compatible; Barkrowler/0.9; +https://babbar.tech/crawler)"
217.113.194.90 - - [07/Jul/2026:15:38:59 +0200] "GET /informativa-privacy/?file=/home/costa4/cremona.elettroservicegroup.it/wp-content/themes/generatepress/searchform.php HTTP/1.1" 200 88476 "-" "Mozilla/5.0 (compatible; Barkrowler/0.9; +https://babbar.tech/crawler)"
216.73.216.138 - - [07/Jul/2026:15:39:07 +0200] "GET /=3D%22https:/blogerfrechloginfr.blogspot.com/%7B$wp_registered_widgets[$widget_id][?file=%2Fhome%2Fcosta4%2Fcremona.elettroservicegroup.it%2Fwp-content%2Fthemes%2Fgeneratepress%2Finc%2Fcustomizer HTTP/2.0" 200 18067 "-" "Mozilla/5.0 AppleWebKit/537.36 (KHTML, like Gecko; compatible; ClaudeBot/1.0; +claudebot@anthropic.com)"
217.113.194.84 - - [07/Jul/2026:15:39:17 +0200] "GET /informativa-privacy/?file=/home/costa4/cremona.elettroservicegroup.it/wp-content/themes/generatepress/assets/fonts HTTP/1.1" 200 95405 "-" "Mozilla/5.0 (compatible; Barkrowler/0.9; +https://babbar.tech/crawler)"
217.113.194.90 - - [07/Jul/2026:15:39:33 +0200] "GET /informativa-privacy/?edit=/home/costa4/cremona.elettroservicegroup.it/wp-content/themes/generatepress/comments.php HTTP/1.1" 200 106355 "-" "Mozilla/5.0 (compatible; Barkrowler/0.9; +https://babbar.tech/crawler)"
65.108.235.243 - - [07/Jul/2026:15:39:50 +0200] "POST /wp-cron.php?doing_wp_cron=1783431590.5198071002960205078125 HTTP/1.1" 200 1 "-" "WordPress/7.0; https://cremona.elettroservicegroup.it"
217.113.194.246 - - [07/Jul/2026:15:39:48 +0200] "GET /informativa-privacy/?edit=/home/costa4/cremona.elettroservicegroup.it/wp-content/themes/generatepress/content.php HTTP/1.1" 200 104549 "-" "Mozilla/5.0 (compatible; Barkrowler/0.9; +https://babbar.tech/crawler)"
217.113.194.83 - - [07/Jul/2026:15:40:06 +0200] "GET /cookie-policy-ue/?rename=/home/costa4/cremona.elettroservicegroup.it/wp-content/themes/generatepress/functions.php HTTP/1.1" 200 101952 "-" "Mozilla/5.0 (compatible; Barkrowler/0.9; +https://babbar.tech/crawler)"
217.113.194.88 - - [07/Jul/2026:15:40:22 +0200] "GET /cookie-policy-ue/?view=/home/costa4/cremona.elettroservicegroup.it/wp-content/themes/generatepress/readme.txt HTTP/1.1" 200 17930 "-" "Mozilla/5.0 (compatible; Barkrowler/0.9; +https://babbar.tech/crawler)"
217.113.194.91 - - [07/Jul/2026:15:40:38 +0200] "GET /cookie-policy-ue/?file=/home/costa4/cremona.elettroservicegroup.it/wp-content/themes/generatepress/page.php HTTP/1.1" 200 88362 "-" "Mozilla/5.0 (compatible; Barkrowler/0.9; +https://babbar.tech/crawler)"
65.108.235.243 - - [07/Jul/2026:15:40:54 +0200] "POST /wp-cron.php?doing_wp_cron=1783431654.2696080207824707031250 HTTP/1.1" 200 1 "-" "WordPress/7.0; https://cremona.elettroservicegroup.it"
217.113.194.219 - - [07/Jul/2026:15:40:53 +0200] "GET /cookie-policy-ue/?file=/home/costa4/cremona.elettroservicegroup.it/wp-content/themes/generatepress/footer.php HTTP/1.1" 200 88364 "-" "Mozilla/5.0 (compatible; Barkrowler/0.9; +https://babbar.tech/crawler)"
217.113.194.219 - - [07/Jul/2026:15:41:09 +0200] "GET /assistenza-lavastoviglie-cremona/?view=/home/costa4/cremona.elettroservicegroup.it/error_log HTTP/1.1" 200 109263289 "-" "Mozilla/5.0 (compatible; Barkrowler/0.9; +https://babbar.tech/crawler)"
217.113.194.220 - - [07/Jul/2026:15:41:25 +0200] "GET /post-4-2/?edit=/home/costa4/cremona.elettroservicegroup.it/wp-content/themes/generatepress/no-results.php HTTP/1.1" 200 107846 "-" "Mozilla/5.0 (compatible; Barkrowler/0.9; +https://babbar.tech/crawler)"
216.73.216.138 - - [07/Jul/2026:15:41:36 +0200] "GET /?view=%2Fproc%2Fsys%2Fnet%2Fipv4%2Ftcp_recovery HTTP/2.0" 200 6 "-" "Mozilla/5.0 AppleWebKit/537.36 (KHTML, like Gecko; compatible; ClaudeBot/1.0; +claudebot@anthropic.com)"
216.73.216.138 - - [07/Jul/2026:15:41:36 +0200] "GET /=3D%22https:/blogerfrechloginfr.blogspot.com//%22mailto:mail@fruitfulcode.com?rename=%2Fhome%2Fcosta4%2Freggio-emilia.elettroservicegroup.it%2Fwp-admin%2Fimages%2Fgeneric.png HTTP/2.0" 200 909 "-" "Mozilla/5.0 AppleWebKit/537.36 (KHTML, like Gecko; compatible; ClaudeBot/1.0; +claudebot@anthropic.com)"
216.73.216.138 - - [07/Jul/2026:15:41:36 +0200] "GET /google.com,%20https://piacenza.elettroservicegroup.it/assistenza-lavastoviglie-piacenza/?file=%2Fhome%2Fcosta4%2Fcremona.elettroservicegroup.it%2Fwp-content%2Fthemes%2Fgeneratepress%2Fsearch.php HTTP/2.0" 200 224 "-" "Mozilla/5.0 AppleWebKit/537.36 (KHTML, like Gecko; compatible; ClaudeBot/1.0; +claudebot@anthropic.com)"
216.73.216.138 - - [07/Jul/2026:15:41:36 +0200] "GET /=3D%22https:/blogerfrechloginfr.blogspot.com//%22mailto:mail@fruitfulcode.com?file=%2Fhome%2Fcosta4%2Freggio-emilia.elettroservicegroup.it%2Fwp-includes%2Ffonts%2Fdashicons.svg HTTP/2.0" 200 245 "-" "Mozilla/5.0 AppleWebKit/537.36 (KHTML, like Gecko; compatible; ClaudeBot/1.0; +claudebot@anthropic.com)"
216.73.216.138 - - [07/Jul/2026:15:41:36 +0200] "GET /?file=%2Flib64%2Fsw%2Flibruntime.so.1 HTTP/2.0" 200 19979 "-" "Mozilla/5.0 AppleWebKit/537.36 (KHTML, like Gecko; compatible; ClaudeBot/1.0; +claudebot@anthropic.com)"
217.113.194.84 - - [07/Jul/2026:15:41:41 +0200] "GET /post-4-2/?edit=/home/costa4/cremona.elettroservicegroup.it/wp-content/themes/generatepress/content-page.php HTTP/1.1" 200 107874 "-" "Mozilla/5.0 (compatible; Barkrowler/0.9; +https://babbar.tech/crawler)"
65.108.235.243 - - [07/Jul/2026:15:41:57 +0200] "POST /wp-cron.php?doing_wp_cron=1783431717.9330608844757080078125 HTTP/1.1" 200 1 "-" "WordPress/7.0; https://cremona.elettroservicegroup.it"
217.113.194.84 - - [07/Jul/2026:15:41:57 +0200] "GET /post-4-2/?rename=/home/costa4/cremona.elettroservicegroup.it/wp-content/themes/generatepress/screenshot.png HTTP/1.1" 200 105754 "-" "Mozilla/5.0 (compatible; Barkrowler/0.9; +https://babbar.tech/crawler)"
217.113.194.219 - - [07/Jul/2026:15:42:13 +0200] "GET /post-7-2/?file=/home/costa4/cremona.elettroservicegroup.it/wp-content/themes/generatepress/readme.txt HTTP/1.1" 200 92163 "-" "Mozilla/5.0 (compatible; Barkrowler/0.9; +https://babbar.tech/crawler)"
217.113.194.90 - - [07/Jul/2026:15:42:29 +0200] "GET /post-2-2/?view=/home/costa4/cremona.elettroservicegroup.it/wp-content/themes/generatepress/assets/css/all.css HTTP/1.1" 200 44715 "-" "Mozilla/5.0 (compatible; Barkrowler/0.9; +https://babbar.tech/crawler)"
65.108.235.243 - - [07/Jul/2026:15:42:47 +0200] "POST /wp-cron.php?doing_wp_cron=1783431767.3207190036773681640625 HTTP/1.1" 200 1 "-" "WordPress/7.0; https://cremona.elettroservicegroup.it"
217.113.194.219 - - [07/Jul/2026:15:42:45 +0200] "GET /post-2-2/?edit=/home/costa4/cremona.elettroservicegroup.it/wp-content/themes/generatepress/content-link.php HTTP/1.1" 200 108336 "-" "Mozilla/5.0 (compatible; Barkrowler/0.9; +https://babbar.tech/crawler)"
217.113.194.219 - - [07/Jul/2026:15:43:02 +0200] "GET /post-2-2/?file=/home/costa4/cremona.elettroservicegroup.it/wp-content/themes/generatepress/inc/class-rest.php HTTP/1.1" 200 92175 "-" "Mozilla/5.0 (compatible; Barkrowler/0.9; +https://babbar.tech/crawler)"
217.113.194.84 - - [07/Jul/2026:15:43:18 +0200] "GET /post-9-2/?view=/home/costa4/cremona.elettroservicegroup.it/wp-content/themes/generatepress/assets/dist/modal.js HTTP/1.1" 200 3315 "-" "Mozilla/5.0 (compatible; Barkrowler/0.9; +https://babbar.tech/crawler)"
216.73.216.138 - - [07/Jul/2026:15:43:19 +0200] "GET /=3D%22https:/blogerfrechloginfr.blogspot.com/options-reading.php?view=%2Fhome%2Fcosta4%2Fcremona.elettroservicegroup.it%2Fwp-content%2Fplugins%2Fcustom_1780326268%2Finc%2Fadmin.php HTTP/2.0" 200 4814 "-" "Mozilla/5.0 AppleWebKit/537.36 (KHTML, like Gecko; compatible; ClaudeBot/1.0; +claudebot@anthropic.com)"
216.73.216.138 - - [07/Jul/2026:15:43:19 +0200] "GET /=3D%22https:/blogerfrechloginfr.blogspot.com/link-manager.php?view=%2Fhome%2Fcosta4%2Fcremona.elettroservicegroup.it%2Fwp-content%2Fthemes%2Fgeneratepress%2Fassets%2Fcss%2Fall.min.css HTTP/2.0" 200 6467 "-" "Mozilla/5.0 AppleWebKit/537.36 (KHTML, like Gecko; compatible; ClaudeBot/1.0; +claudebot@anthropic.com)"
216.73.216.138 - - [07/Jul/2026:15:43:19 +0200] "GET /=3D%22https:/blogerfrechloginfr.blogspot.com/link-manager.php?file=%2Fhome%2Fcosta4%2Fcremona.elettroservicegroup.it%2Fwp-content%2Fthemes%2Fgeneratepress%2Fassets%2Fcss%2Fall.css HTTP/2.0" 200 17797 "-" "Mozilla/5.0 AppleWebKit/537.36 (KHTML, like Gecko; compatible; ClaudeBot/1.0; +claudebot@anthropic.com)"
216.73.216.138 - - [07/Jul/2026:15:43:19 +0200] "GET /=3D%22https:/blogerfrechloginfr.blogspot.com/link-manager.php?rename=%2Fhome%2Fcosta4%2Fcremona.elettroservicegroup.it%2Fwp-content%2Fthemes%2Fgeneratepress%2Fassets%2Fcss%2Fall.css HTTP/2.0" 200 18563 "-" "Mozilla/5.0 AppleWebKit/537.36 (KHTML, like Gecko; compatible; ClaudeBot/1.0; +claudebot@anthropic.com)"
216.73.216.138 - - [07/Jul/2026:15:43:21 +0200] "GET /=3D%22https:/blogerfrechloginfr.blogspot.com/edit-comments.php?view=%2Fhome%2Fcosta4%2Fmantova.elettroservicegroup.it%2Fwp-includes%2Fjs%2Fdist%2Fvendor%2Fwp-polyfill-inert.min.js HTTP/2.0" 200 2311 "-" "Mozilla/5.0 AppleWebKit/537.36 (KHTML, like Gecko; compatible; ClaudeBot/1.0; +claudebot@anthropic.com)"
216.73.216.138 - - [07/Jul/2026:15:43:21 +0200] "GET /=3D%22https:/blogerfrechloginfr.blogspot.com/%7B%7B%20data.attachment.icon%20%7D%7D?file=%2Fhome%2Fcosta4%2Fcremona.elettroservicegroup.it%2Fwp-content%2Fthemes%2Fgeneratepress%2Fsearchform.php HTTP/2.0" 200 229 "-" "Mozilla/5.0 AppleWebKit/537.36 (KHTML, like Gecko; compatible; ClaudeBot/1.0; +claudebot@anthropic.com)"
216.73.216.138 - - [07/Jul/2026:15:43:21 +0200] "GET /?view=%2Flib64%2Fpdns%2Flibgsqlite3backend.so HTTP/2.0" 200 22029 "-" "Mozilla/5.0 AppleWebKit/537.36 (KHTML, like Gecko; compatible; ClaudeBot/1.0; +claudebot@anthropic.com)"
216.73.216.138 - - [07/Jul/2026:15:43:21 +0200] "GET /=3D%22https:/blogerfrechloginfr.blogspot.com/link-manager.php?file=%2Fhome%2Fcosta4%2Fcremona.elettroservicegroup.it%2Fwp-content%2Fplugins%2Fgp-premium%2Flangs%2Fgp-premium-ar.mo HTTP/2.0" 200 17813 "-" "Mozilla/5.0 AppleWebKit/537.36 (KHTML, like Gecko; compatible; ClaudeBot/1.0; +claudebot@anthropic.com)"
216.73.216.138 - - [07/Jul/2026:15:43:21 +0200] "GET /?rename=%2Fopt%2Fcpanel%2Fea-wappspector%2Fsrc%2FMatchers%2FPhp.php HTTP/2.0" 200 20794 "-" "Mozilla/5.0 AppleWebKit/537.36 (KHTML, like Gecko; compatible; ClaudeBot/1.0; +claudebot@anthropic.com)"
65.108.235.243 - - [07/Jul/2026:15:43:35 +0200] "POST /wp-cron.php?doing_wp_cron=1783431815.5318400859832763671875 HTTP/1.1" 200 1 "-" "WordPress/7.0; https://cremona.elettroservicegroup.it"
217.113.194.220 - - [07/Jul/2026:15:43:33 +0200] "GET /post-9-2/?edit=/home/costa4/cremona.elettroservicegroup.it/wp-content/themes/generatepress/style.css HTTP/1.1" 200 107681 "-" "Mozilla/5.0 (compatible; Barkrowler/0.9; +https://babbar.tech/crawler)"
65.108.235.243 - - [07/Jul/2026:15:43:52 +0200] "POST /wp-cron.php?doing_wp_cron=1783431832.4279179573059082031250 HTTP/1.1" 200 1 "-" "WordPress/7.0; https://cremona.elettroservicegroup.it"
217.113.194.86 - - [07/Jul/2026:15:43:51 +0200] "GET /post-9-2/?rename=/home/costa4/cremona.elettroservicegroup.it/wp-content/themes/generatepress/screenshot.png HTTP/1.1" 200 105754 "-" "Mozilla/5.0 (compatible; Barkrowler/0.9; +https://babbar.tech/crawler)"
217.113.194.82 - - [07/Jul/2026:15:44:07 +0200] "GET /post-10-2/?view=/home/costa4/cremona.elettroservicegroup.it/wp-content/themes/generatepress/inc/deprecated.php HTTP/1.1" 200 23133 "-" "Mozilla/5.0 (compatible; Barkrowler/0.9; +https://babbar.tech/crawler)"
217.113.194.86 - - [07/Jul/2026:15:44:23 +0200] "GET /post-10-2/?view=/home/costa4/cremona.elettroservicegroup.it/wp-content/themes/generatepress/inc/structure/comments.php HTTP/1.1" 200 7327 "-" "Mozilla/5.0 (compatible; Barkrowler/0.9; +https://babbar.tech/crawler)"
217.113.194.82 - - [07/Jul/2026:15:44:39 +0200] "GET /post-10-2/?file=/home/costa4/cremona.elettroservicegroup.it/wp-content/themes/generatepress/inc/general.php HTTP/1.1" 200 92200 "-" "Mozilla/5.0 (compatible; Barkrowler/0.9; +https://babbar.tech/crawler)"
216.73.216.138 - - [07/Jul/2026:15:44:43 +0200] "GET /?view=%2Fproc%2Fsys%2Fnet%2Fipv4%2Fconf%2Fenp41s0%2Fproxy_arp HTTP/2.0" 200 6 "-" "Mozilla/5.0 AppleWebKit/537.36 (KHTML, like Gecko; compatible; ClaudeBot/1.0; +claudebot@anthropic.com)"
216.73.216.138 - - [07/Jul/2026:15:44:43 +0200] "GET /?view=%2Fproc%2Fsys%2Fnet%2Fipv4%2Fconf%2Fenp41s0%2Faccept_source_route HTTP/2.0" 200 6 "-" "Mozilla/5.0 AppleWebKit/537.36 (KHTML, like Gecko; compatible; ClaudeBot/1.0; +claudebot@anthropic.com)"
216.73.216.138 - - [07/Jul/2026:15:44:43 +0200] "GET /=3D%22https:/blogerfrechloginfr.blogspot.com/options-reading.php?view=%2Fhome%2Fcosta4%2Fcremona.elettroservicegroup.it%2Fwp-content%2Fplugins%2Fcustom_1780326268%2Finc%2Fhelpers.php HTTP/2.0" 200 921 "-" "Mozilla/5.0 AppleWebKit/537.36 (KHTML, like Gecko; compatible; ClaudeBot/1.0; +claudebot@anthropic.com)"
216.73.216.138 - - [07/Jul/2026:15:44:43 +0200] "GET /=3D%22https:/blogerfrechloginfr.blogspot.com/link-manager.php?file=%2Fhome%2Fcosta4%2Fcremona.elettroservicegroup.it%2Fwp-content%2Fthemes%2Fgeneratepress%2Fassets%2Fcss%2Fmain.min.css HTTP/2.0" 200 17804 "-" "Mozilla/5.0 AppleWebKit/537.36 (KHTML, like Gecko; compatible; ClaudeBot/1.0; +claudebot@anthropic.com)"
216.73.216.138 - - [07/Jul/2026:15:44:43 +0200] "GET /=3D%22https:/blogerfrechloginfr.blogspot.com/link-manager.php?file=%2Fhome%2Fcosta4%2Fcremona.elettroservicegroup.it%2Fwp-content%2Fthemes%2Fgeneratepress%2Fassets%2Fcss%2Fmobile.css HTTP/2.0" 200 17796 "-" "Mozilla/5.0 AppleWebKit/537.36 (KHTML, like Gecko; compatible; ClaudeBot/1.0; +claudebot@anthropic.com)"
216.73.216.138 - - [07/Jul/2026:15:44:43 +0200] "GET /=3D%22https:/blogerfrechloginfr.blogspot.com/options-reading.php?rename=%2Fhome%2Fcosta4%2Fcremona.elettroservicegroup.it%2Fwp-content%2Fplugins%2Fcustom_1780326268%2Finc%2Fpost-type.php HTTP/2.0" 200 18582 "-" "Mozilla/5.0 AppleWebKit/537.36 (KHTML, like Gecko; compatible; ClaudeBot/1.0; +claudebot@anthropic.com)"
216.73.216.138 - - [07/Jul/2026:15:44:43 +0200] "GET /=3D%22https:/blogerfrechloginfr.blogspot.com/link-manager.php?file=%2Fhome%2Fcosta4%2Fcremona.elettroservicegroup.it%2Fwp-content%2Fthemes%2Fgeneratepress%2Fassets%2Fcss%2Fmain-rtl.css HTTP/2.0" 200 17801 "-" "Mozilla/5.0 AppleWebKit/537.36 (KHTML, like Gecko; compatible; ClaudeBot/1.0; +claudebot@anthropic.com)"
216.73.216.138 - - [07/Jul/2026:15:44:43 +0200] "GET /=3D%22https:/blogerfrechloginfr.blogspot.com/link-manager.php?rename=%2Fhome%2Fcosta4%2Fcremona.elettroservicegroup.it%2Fwp-content%2Fthemes%2Fgeneratepress%2Fassets%2Fcss%2Fmain.css HTTP/2.0" 200 18565 "-" "Mozilla/5.0 AppleWebKit/537.36 (KHTML, like Gecko; compatible; ClaudeBot/1.0; +claudebot@anthropic.com)"
216.73.216.138 - - [07/Jul/2026:15:44:43 +0200] "GET /=3D%22https:/blogerfrechloginfr.blogspot.com/link-manager.php?file=%2Fhome%2Fcosta4%2Fcremona.elettroservicegroup.it%2Fwp-content%2Fthemes%2Fgeneratepress%2Fassets%2Fcss%2Fstyle.css HTTP/2.0" 200 17795 "-" "Mozilla/5.0 AppleWebKit/537.36 (KHTML, like Gecko; compatible; ClaudeBot/1.0; +claudebot@anthropic.com)"
65.108.235.243 - - [07/Jul/2026:15:44:56 +0200] "POST /wp-cron.php?doing_wp_cron=1783431896.6586310863494873046875 HTTP/1.1" 200 1 "-" "WordPress/7.0; https://cremona.elettroservicegroup.it"
217.113.194.86 - - [07/Jul/2026:15:44:56 +0200] "GET /post-10-2/?edit=/home/costa4/cremona.elettroservicegroup.it/wp-content/themes/generatepress/content-link.php HTTP/1.1" 200 108364 "-" "Mozilla/5.0 (compatible; Barkrowler/0.9; +https://babbar.tech/crawler)"
217.113.194.90 - - [07/Jul/2026:15:45:11 +0200] "GET /post-10-2/?rename=/home/costa4/cremona.elettroservicegroup.it/wp-content/themes/generatepress/inc/dashboard.php HTTP/1.1" 200 105783 "-" "Mozilla/5.0 (compatible; Barkrowler/0.9; +https://babbar.tech/crawler)"
216.73.216.138 - - [07/Jul/2026:15:45:31 +0200] "GET /robots.txt HTTP/2.0" 200 892 "-" "Mozilla/5.0 AppleWebKit/537.36 (KHTML, like Gecko; compatible; ClaudeBot/1.0; +claudebot@anthropic.com)"
217.113.194.87 - - [07/Jul/2026:15:45:28 +0200] "GET /post-10-2/?rename=/home/costa4/cremona.elettroservicegroup.it/wp-content/themes/generatepress/inc/defaults.php HTTP/1.1" 200 105780 "-" "Mozilla/5.0 (compatible; Barkrowler/0.9; +https://babbar.tech/crawler)"
65.108.235.243 - - [07/Jul/2026:15:45:51 +0200] "POST /wp-cron.php?doing_wp_cron=1783431951.8366460800170898437500 HTTP/1.1" 200 1 "-" "WordPress/7.0; https://cremona.elettroservicegroup.it"
217.113.194.220 - - [07/Jul/2026:15:45:50 +0200] "GET /post-10-2/?rename=/home/costa4/cremona.elettroservicegroup.it/wp-content/themes/generatepress/sidebar-left.php HTTP/1.1" 200 105788 "-" "Mozilla/5.0 (compatible; Barkrowler/0.9; +https://babbar.tech/crawler)"
217.113.194.90 - - [07/Jul/2026:15:46:07 +0200] "GET /informativa-privacy/?rename=/home/costa4/cremona.elettroservicegroup.it/wp-content/themes/generatepress/content-page.php HTTP/1.1" 200 101979 "-" "Mozilla/5.0 (compatible; Barkrowler/0.9; +https://babbar.tech/crawler)"
217.113.194.89 - - [07/Jul/2026:15:46:24 +0200] "GET /informativa-privacy/?file=/home/costa4/cremona.elettroservicegroup.it/wp-content/themes/generatepress/content-page.php HTTP/1.1" 200 88388 "-" "Mozilla/5.0 (compatible; Barkrowler/0.9; +https://babbar.tech/crawler)"
216.73.216.138 - - [07/Jul/2026:15:46:24 +0200] "GET /?view=%2Fproc%2Fsys%2Fnet%2Fipv4%2Fconf%2Fenp41s0%2Fforwarding HTTP/2.0" 200 6 "-" "Mozilla/5.0 AppleWebKit/537.36 (KHTML, like Gecko; compatible; ClaudeBot/1.0; +claudebot@anthropic.com)"
216.73.216.138 - - [07/Jul/2026:15:46:24 +0200] "GET /?view=%2Fproc%2Fsys%2Fnet%2Fipv4%2Fconf%2Fenp41s0%2Fforce_igmp_version HTTP/2.0" 200 6 "-" "Mozilla/5.0 AppleWebKit/537.36 (KHTML, like Gecko; compatible; ClaudeBot/1.0; +claudebot@anthropic.com)"
216.73.216.138 - - [07/Jul/2026:15:46:24 +0200] "GET /?edit=%2Fproc%2Fsys%2Fnet%2Fipv4%2Fconf%2Fenp41s0%2Fshared_media HTTP/2.0" 200 20796 "-" "Mozilla/5.0 AppleWebKit/537.36 (KHTML, like Gecko; compatible; ClaudeBot/1.0; +claudebot@anthropic.com)"
216.73.216.138 - - [07/Jul/2026:15:46:24 +0200] "GET /?edit=%2Fproc%2Fsys%2Fnet%2Fipv4%2Fconf%2Fenp41s0%2Farp_filter HTTP/2.0" 200 20793 "-" "Mozilla/5.0 AppleWebKit/537.36 (KHTML, like Gecko; compatible; ClaudeBot/1.0; +claudebot@anthropic.com)"
216.73.216.138 - - [07/Jul/2026:15:46:24 +0200] "GET /?edit=%2Fproc%2Fsys%2Fnet%2Fipv4%2Fconf%2Fenp41s0%2Fdisable_policy HTTP/2.0" 200 20792 "-" "Mozilla/5.0 AppleWebKit/537.36 (KHTML, like Gecko; compatible; ClaudeBot/1.0; +claudebot@anthropic.com)"
216.73.216.138 - - [07/Jul/2026:15:46:24 +0200] "GET /=3D%22https:/blogerfrechloginfr.blogspot.com/options-reading.php?edit=%2Fhome%2Fcosta4%2Fcremona.elettroservicegroup.it%2Fwp-content%2Fplugins%2Fgp-premium%2Fblog%2Fgenerate-blog.php HTTP/2.0" 200 18840 "-" "Mozilla/5.0 AppleWebKit/537.36 (KHTML, like Gecko; compatible; ClaudeBot/1.0; +claudebot@anthropic.com)"
216.73.216.138 - - [07/Jul/2026:15:46:24 +0200] "GET /?edit=%2Fproc%2Fsys%2Fnet%2Fipv4%2Fconf%2Fenp41s0%2Frp_filter HTTP/2.0" 200 20792 "-" "Mozilla/5.0 AppleWebKit/537.36 (KHTML, like Gecko; compatible; ClaudeBot/1.0; +claudebot@anthropic.com)"
217.113.194.86 - - [07/Jul/2026:15:46:39 +0200] "GET /informativa-privacy/?edit=/home/costa4/cremona.elettroservicegroup.it/wp-content/themes/generatepress/404.php HTTP/1.1" 200 102848 "-" "Mozilla/5.0 (compatible; Barkrowler/0.9; +https://babbar.tech/crawler)"
65.108.235.243 - - [07/Jul/2026:15:46:58 +0200] "POST /wp-cron.php?doing_wp_cron=1783432018.4284720420837402343750 HTTP/1.1" 200 1 "-" "WordPress/7.0; https://cremona.elettroservicegroup.it"
217.113.194.84 - - [07/Jul/2026:15:46:57 +0200] "GET /informativa-privacy/?edit=/home/costa4/cremona.elettroservicegroup.it/wp-content/themes/generatepress/page.php HTTP/1.1" 200 103166 "-" "Mozilla/5.0 (compatible; Barkrowler/0.9; +https://babbar.tech/crawler)"
217.113.194.90 - - [07/Jul/2026:15:47:13 +0200] "GET /cookie-policy/?rename=/home/costa4/cremona.elettroservicegroup.it/wp-content/themes/generatepress/sidebar-left.php HTTP/1.1" 200 101943 "-" "Mozilla/5.0 (compatible; Barkrowler/0.9; +https://babbar.tech/crawler)"
217.113.194.87 - - [07/Jul/2026:15:47:30 +0200] "GET /cookie-policy/?edit=/home/costa4/cremona.elettroservicegroup.it/wp-content/themes/generatepress/style.css HTTP/1.1" 200 103864 "-" "Mozilla/5.0 (compatible; Barkrowler/0.9; +https://babbar.tech/crawler)"
65.108.235.243 - - [07/Jul/2026:15:47:49 +0200] "POST /wp-cron.php?doing_wp_cron=1783432069.3239829540252685546875 HTTP/1.1" 200 1 "-" "WordPress/7.0; https://cremona.elettroservicegroup.it"
217.113.194.220 - - [07/Jul/2026:15:47:47 +0200] "GET /cookie-policy-ue/?file=/home/costa4/cremona.elettroservicegroup.it/wp-content/themes/generatepress/content-link.php HTTP/1.1" 200 88370 "-" "Mozilla/5.0 (compatible; Barkrowler/0.9; +https://babbar.tech/crawler)"
216.73.216.138 - - [07/Jul/2026:15:47:57 +0200] "GET /=3D%22https:/blogerfrechloginfr.blogspot.com/%7B$sub_item[2]%7D?view=%2Fhome%2Fcosta4%2Fcremona.elettroservicegroup.it%2Fwp-content%2Fthemes%2Fgeneratepress%2Fsidebar-left.php HTTP/2.0" 200 293 "-" "Mozilla/5.0 AppleWebKit/537.36 (KHTML, like Gecko; compatible; ClaudeBot/1.0; +claudebot@anthropic.com)"
216.73.216.138 - - [07/Jul/2026:15:47:57 +0200] "GET /=3D%22https:/blogerfrechloginfr.blogspot.com//%22mailto:mail@fruitfulcode.com?file=%2Fhome%2Fcosta4%2Freggio-emilia.elettroservicegroup.it%2Fwp-admin%2Fimages%2Fcomment-grey-bubble.png HTTP/2.0" 200 247 "-" "Mozilla/5.0 AppleWebKit/537.36 (KHTML, like Gecko; compatible; ClaudeBot/1.0; +claudebot@anthropic.com)"
216.73.216.138 - - [07/Jul/2026:15:47:57 +0200] "GET /=3D%22https:/blogerfrechloginfr.blogspot.com/%7B$sub_item[2]%7D?file=%2Fhome%2Fcosta4%2Fcremona.elettroservicegroup.it%2Fwp-content%2Fthemes%2Fgeneratepress%2Fheader-min.php HTTP/2.0" 200 233 "-" "Mozilla/5.0 AppleWebKit/537.36 (KHTML, like Gecko; compatible; ClaudeBot/1.0; +claudebot@anthropic.com)"
216.73.216.138 - - [07/Jul/2026:15:47:58 +0200] "GET /=3D%22https:/blogerfrechloginfr.blogspot.com//%22mailto:mail@fruitfulcode.com?view=%2Fhome%2Fcosta4%2Fpiacenza.elettroservicegroup.it%2Fwp-content%2Fplugins%2Fwordfence%2Fimages%2Fsort_asc.png HTTP/2.0" 200 164 "-" "Mozilla/5.0 AppleWebKit/537.36 (KHTML, like Gecko; compatible; ClaudeBot/1.0; +claudebot@anthropic.com)"
216.73.216.138 - - [07/Jul/2026:15:47:58 +0200] "GET /sitemap.rss?file=%2Fhome%2Fcosta4%2Fwww%2Fwp-content%2Fplugins%2Felementor%2Fmodules%2Felement-cache HTTP/2.0" 200 658 "-" "Mozilla/5.0 AppleWebKit/537.36 (KHTML, like Gecko; compatible; ClaudeBot/1.0; +claudebot@anthropic.com)"
216.73.216.138 - - [07/Jul/2026:15:47:57 +0200] "GET /=3D%22https:/blogerfrechloginfr.blogspot.com/admin.php?file=%2Fhome%2Fcosta4%2Freggio-emilia.elettroservicegroup.it%2Fwp-content%2Fcache%2Fwpfc-minified%2F1dnvv62a HTTP/2.0" 200 17929 "-" "Mozilla/5.0 AppleWebKit/537.36 (KHTML, like Gecko; compatible; ClaudeBot/1.0; +claudebot@anthropic.com)"
216.73.216.138 - - [07/Jul/2026:15:47:58 +0200] "GET /=3D%22https:/blogerfrechloginfr.blogspot.com/$1?file=%2Fhome%2Fcosta4%2Fcremona.elettroservicegroup.it%2Fwp-content%2Fthemes%2Fgeneratepress%2Fcontent.php HTTP/2.0" 200 17800 "-" "Mozilla/5.0 AppleWebKit/537.36 (KHTML, like Gecko; compatible; ClaudeBot/1.0; +claudebot@anthropic.com)"
216.73.216.138 - - [07/Jul/2026:15:47:58 +0200] "GET /sitemap.rss?view=%2Fhome%2Fcosta4%2Fpublic_html%2Fwp-content%2Fplugins%2Fall-in-one-seo-pack%2Fapp%2FCommon%2FSitemap%2FImage%2FImage.php HTTP/2.0" 200 3746 "-" "Mozilla/5.0 AppleWebKit/537.36 (KHTML, like Gecko; compatible; ClaudeBot/1.0; +claudebot@anthropic.com)"
216.73.216.138 - - [07/Jul/2026:15:47:58 +0200] "GET /sitemap.rss?file=%2Fhome%2Fcosta4%2Fwww%2Fwp-includes%2Fjs%2Fdist%2Fscript-modules%2Fabilities%2Findex.js HTTP/2.0" 200 569 "-" "Mozilla/5.0 AppleWebKit/537.36 (KHTML, like Gecko; compatible; ClaudeBot/1.0; +claudebot@anthropic.com)"
216.73.216.138 - - [07/Jul/2026:15:47:58 +0200] "GET /=3D%22https:/blogerfrechloginfr.blogspot.com//%22mailto:mail@fruitfulcode.com?file=%2Fhome%2Fcosta4%2Fpiacenza.elettroservicegroup.it%2Fwp-content%2Fplugins%2Fwordfence%2Fimages%2Fflags.png HTTP/2.0" 200 242 "-" "Mozilla/5.0 AppleWebKit/537.36 (KHTML, like Gecko; compatible; ClaudeBot/1.0; +claudebot@anthropic.com)"
216.73.216.138 - - [07/Jul/2026:15:47:58 +0200] "GET /=3D%22https:/blogerfrechloginfr.blogspot.com/'%20.%20esc_url(admin_url('admin.php?rename=%2Fhome%2Fcosta4%2Fcremona.elettroservicegroup.it%2Fwp-content%2Fthemes%2Fgeneratepress%2Fcontent.php HTTP/2.0" 200 18583 "-" "Mozilla/5.0 AppleWebKit/537.36 (KHTML, like Gecko; compatible; ClaudeBot/1.0; +claudebot@anthropic.com)"
216.73.216.138 - - [07/Jul/2026:15:47:58 +0200] "GET /?view=%2Fproc%2Fsys%2Fnet%2Fipv4%2Fconf%2Fenp41s0%2Fmc_forwarding HTTP/2.0" 200 6 "-" "Mozilla/5.0 AppleWebKit/537.36 (KHTML, like Gecko; compatible; ClaudeBot/1.0; +claudebot@anthropic.com)"
216.73.216.138 - - [07/Jul/2026:15:47:58 +0200] "GET /=3D%22https:/blogerfrechloginfr.blogspot.com//%22mailto:mail@fruitfulcode.com?file=%2Fhome%2Fcosta4%2Fpiacenza.elettroservicegroup.it%2Fwp-content%2Fuploads%2F2021%2F10%2FCOPERTINA.png HTTP/2.0" 200 246 "-" "Mozilla/5.0 AppleWebKit/537.36 (KHTML, like Gecko; compatible; ClaudeBot/1.0; +claudebot@anthropic.com)"
217.113.194.82 - - [07/Jul/2026:15:48:04 +0200] "GET /cookie-policy-ue/?file=/home/costa4/cremona.elettroservicegroup.it/wp-content/themes/generatepress/style.css HTTP/1.1" 200 88363 "-" "Mozilla/5.0 (compatible; Barkrowler/0.9; +https://babbar.tech/crawler)"
216.73.216.138 - - [07/Jul/2026:15:48:06 +0200] "GET /sitemap.rss?view=%2Fhome%2Fcosta4%2Fwww%2Fwp-content%2Fplugins%2Felementor%2Fmodules%2Fpro-install%2Fconnect-page-renderer.php HTTP/2.0" 200 1662 "-" "Mozilla/5.0 AppleWebKit/537.36 (KHTML, like Gecko; compatible; ClaudeBot/1.0; +claudebot@anthropic.com)"
