91.147.122.46 - - [07/Jul/2026:17:43:10 +0200] "GET /wp-content/plugins/elementor/assets/lib/backbone/backbone.marionette.min.js?ver=2.4.5.e1 HTTP/2.0" 200 11288 "https://verona.elettroservicegroup.it/wp-admin/" "Mozilla/5.0 (Macintosh; Intel Mac OS X 10_15_7) AppleWebKit/605.1.15 (KHTML, like Gecko) Version/17.0 Safari/605.1.15"
91.147.122.46 - - [07/Jul/2026:17:43:10 +0200] "GET /wp-content/plugins/elementor/assets/js/common-modules.min.js?ver=4.1.4 HTTP/2.0" 200 26659 "https://verona.elettroservicegroup.it/wp-admin/" "Mozilla/5.0 (Macintosh; Intel Mac OS X 10_15_7) AppleWebKit/605.1.15 (KHTML, like Gecko) Version/17.0 Safari/605.1.15"
91.147.122.46 - - [07/Jul/2026:17:43:10 +0200] "GET /wp-content/plugins/elementor/assets/js/web-cli.min.js?ver=4.1.4 HTTP/2.0" 200 37480 "https://verona.elettroservicegroup.it/wp-admin/" "Mozilla/5.0 (Macintosh; Intel Mac OS X 10_15_7) AppleWebKit/605.1.15 (KHTML, like Gecko) Version/17.0 Safari/605.1.15"
91.147.122.46 - - [07/Jul/2026:17:43:10 +0200] "GET /wp-includes/js/wp-auth-check.min.js?ver=7.0 HTTP/2.0" 200 704 "https://verona.elettroservicegroup.it/wp-admin/" "Mozilla/5.0 (Macintosh; Intel Mac OS X 10_15_7) AppleWebKit/605.1.15 (KHTML, like Gecko) Version/17.0 Safari/605.1.15"
91.147.122.46 - - [07/Jul/2026:17:43:10 +0200] "GET /wp-content/plugins/elementor/assets/js/dev-tools.min.js?ver=4.1.4 HTTP/2.0" 200 2349 "https://verona.elettroservicegroup.it/wp-admin/" "Mozilla/5.0 (Macintosh; Intel Mac OS X 10_15_7) AppleWebKit/605.1.15 (KHTML, like Gecko) Version/17.0 Safari/605.1.15"
91.147.122.46 - - [07/Jul/2026:17:43:10 +0200] "GET /wp-includes/js/heartbeat.min.js?ver=7.0 HTTP/2.0" 200 1947 "https://verona.elettroservicegroup.it/wp-admin/" "Mozilla/5.0 (Macintosh; Intel Mac OS X 10_15_7) AppleWebKit/605.1.15 (KHTML, like Gecko) Version/17.0 Safari/605.1.15"
91.147.122.46 - - [07/Jul/2026:17:43:10 +0200] "GET /wp-content/plugins/elementor/assets/lib/dialog/dialog.min.js?ver=4.9.0 HTTP/2.0" 200 3595 "https://verona.elettroservicegroup.it/wp-admin/" "Mozilla/5.0 (Macintosh; Intel Mac OS X 10_15_7) AppleWebKit/605.1.15 (KHTML, like Gecko) Version/17.0 Safari/605.1.15"
91.147.122.46 - - [07/Jul/2026:17:43:10 +0200] "GET /wp-includes/js/dist/vendor/react.min.js?ver=18.3.1.1 HTTP/2.0" 200 4125 "https://verona.elettroservicegroup.it/wp-admin/" "Mozilla/5.0 (Macintosh; Intel Mac OS X 10_15_7) AppleWebKit/605.1.15 (KHTML, like Gecko) Version/17.0 Safari/605.1.15"
91.147.122.46 - - [07/Jul/2026:17:43:10 +0200] "GET /wp-content/plugins/elementor/assets/js/app-loader.min.js?ver=4.1.4 HTTP/2.0" 200 23346 "https://verona.elettroservicegroup.it/wp-admin/" "Mozilla/5.0 (Macintosh; Intel Mac OS X 10_15_7) AppleWebKit/605.1.15 (KHTML, like Gecko) Version/17.0 Safari/605.1.15"
91.147.122.46 - - [07/Jul/2026:17:43:10 +0200] "GET /wp-content/plugins/elementor/assets/js/common.min.js?ver=4.1.4 HTTP/2.0" 200 122228 "https://verona.elettroservicegroup.it/wp-admin/" "Mozilla/5.0 (Macintosh; Intel Mac OS X 10_15_7) AppleWebKit/605.1.15 (KHTML, like Gecko) Version/17.0 Safari/605.1.15"
91.147.122.46 - - [07/Jul/2026:17:43:10 +0200] "GET /wp-includes/js/dist/vendor/react-dom.min.js?ver=18.3.1.1 HTTP/2.0" 200 41037 "https://verona.elettroservicegroup.it/wp-admin/" "Mozilla/5.0 (Macintosh; Intel Mac OS X 10_15_7) AppleWebKit/605.1.15 (KHTML, like Gecko) Version/17.0 Safari/605.1.15"
91.147.122.46 - - [07/Jul/2026:17:43:11 +0200] "GET /wp-includes/js/dist/vendor/react-jsx-runtime.min.js?ver=18.3.1 HTTP/2.0" 200 617 "https://verona.elettroservicegroup.it/wp-admin/" "Mozilla/5.0 (Macintosh; Intel Mac OS X 10_15_7) AppleWebKit/605.1.15 (KHTML, like Gecko) Version/17.0 Safari/605.1.15"
91.147.122.46 - - [07/Jul/2026:17:43:11 +0200] "GET /wp-includes/js/dist/escape-html.min.js?ver=3f093e5cca67aa0f8b56 HTTP/2.0" 200 515 "https://verona.elettroservicegroup.it/wp-admin/" "Mozilla/5.0 (Macintosh; Intel Mac OS X 10_15_7) AppleWebKit/605.1.15 (KHTML, like Gecko) Version/17.0 Safari/605.1.15"
91.147.122.46 - - [07/Jul/2026:17:43:11 +0200] "GET /wp-includes/js/dist/is-shallow-equal.min.js?ver=5d84b9f3cb50d2ce7d04 HTTP/2.0" 200 500 "https://verona.elettroservicegroup.it/wp-admin/" "Mozilla/5.0 (Macintosh; Intel Mac OS X 10_15_7) AppleWebKit/605.1.15 (KHTML, like Gecko) Version/17.0 Safari/605.1.15"
91.147.122.46 - - [07/Jul/2026:17:43:11 +0200] "GET /wp-includes/js/dist/keycodes.min.js?ver=aa1a141e3468afe7f852 HTTP/2.0" 200 1470 "https://verona.elettroservicegroup.it/wp-admin/" "Mozilla/5.0 (Macintosh; Intel Mac OS X 10_15_7) AppleWebKit/605.1.15 (KHTML, like Gecko) Version/17.0 Safari/605.1.15"
91.147.122.46 - - [07/Jul/2026:17:43:11 +0200] "GET /wp-includes/js/dist/priority-queue.min.js?ver=1f0e89e247bc0bd3f9b9 HTTP/2.0" 200 1492 "https://verona.elettroservicegroup.it/wp-admin/" "Mozilla/5.0 (Macintosh; Intel Mac OS X 10_15_7) AppleWebKit/605.1.15 (KHTML, like Gecko) Version/17.0 Safari/605.1.15"
91.147.122.46 - - [07/Jul/2026:17:43:11 +0200] "GET /wp-includes/js/dist/dom.min.js?ver=66a6cf58e0c4cd128af0 HTTP/2.0" 200 4807 "https://verona.elettroservicegroup.it/wp-admin/" "Mozilla/5.0 (Macintosh; Intel Mac OS X 10_15_7) AppleWebKit/605.1.15 (KHTML, like Gecko) Version/17.0 Safari/605.1.15"
91.147.122.46 - - [07/Jul/2026:17:43:11 +0200] "GET /wp-includes/js/dist/element.min.js?ver=15ba804677f72a8db97b HTTP/2.0" 200 5015 "https://verona.elettroservicegroup.it/wp-admin/" "Mozilla/5.0 (Macintosh; Intel Mac OS X 10_15_7) AppleWebKit/605.1.15 (KHTML, like Gecko) Version/17.0 Safari/605.1.15"
91.147.122.46 - - [07/Jul/2026:17:43:11 +0200] "GET /wp-includes/js/dist/undo-manager.min.js?ver=27bb0ae036a2c9d4a1b5 HTTP/2.0" 200 846 "https://verona.elettroservicegroup.it/wp-admin/" "Mozilla/5.0 (Macintosh; Intel Mac OS X 10_15_7) AppleWebKit/605.1.15 (KHTML, like Gecko) Version/17.0 Safari/605.1.15"
91.147.122.46 - - [07/Jul/2026:17:43:11 +0200] "GET /wp-includes/js/dist/compose.min.js?ver=edb5a8c0b5bf71686403 HTTP/2.0" 200 10733 "https://verona.elettroservicegroup.it/wp-admin/" "Mozilla/5.0 (Macintosh; Intel Mac OS X 10_15_7) AppleWebKit/605.1.15 (KHTML, like Gecko) Version/17.0 Safari/605.1.15"
91.147.122.46 - - [07/Jul/2026:17:43:11 +0200] "GET /wp-includes/js/dist/html-entities.min.js?ver=8c6fa5b869dfeadc4af2 HTTP/2.0" 200 418 "https://verona.elettroservicegroup.it/wp-admin/" "Mozilla/5.0 (Macintosh; Intel Mac OS X 10_15_7) AppleWebKit/605.1.15 (KHTML, like Gecko) Version/17.0 Safari/605.1.15"
91.147.122.46 - - [07/Jul/2026:17:43:11 +0200] "GET /wp-includes/js/dist/primitives.min.js?ver=a5c905ec27bcd76ef287 HTTP/2.0" 200 923 "https://verona.elettroservicegroup.it/wp-admin/" "Mozilla/5.0 (Macintosh; Intel Mac OS X 10_15_7) AppleWebKit/605.1.15 (KHTML, like Gecko) Version/17.0 Safari/605.1.15"
91.147.122.46 - - [07/Jul/2026:17:43:11 +0200] "GET /wp-includes/js/dist/private-apis.min.js?ver=835912f0086b9e59aed4 HTTP/2.0" 200 977 "https://verona.elettroservicegroup.it/wp-admin/" "Mozilla/5.0 (Macintosh; Intel Mac OS X 10_15_7) AppleWebKit/605.1.15 (KHTML, like Gecko) Version/17.0 Safari/605.1.15"
91.147.122.46 - - [07/Jul/2026:17:43:11 +0200] "GET /wp-includes/js/dist/warning.min.js?ver=36fdbdc984d93aee8a97 HTTP/2.0" 200 387 "https://verona.elettroservicegroup.it/wp-admin/" "Mozilla/5.0 (Macintosh; Intel Mac OS X 10_15_7) AppleWebKit/605.1.15 (KHTML, like Gecko) Version/17.0 Safari/605.1.15"
91.147.122.46 - - [07/Jul/2026:17:43:11 +0200] "GET /wp-includes/js/dist/redux-routine.min.js?ver=64f9f5001aabc046c605 HTTP/2.0" 200 3203 "https://verona.elettroservicegroup.it/wp-admin/" "Mozilla/5.0 (Macintosh; Intel Mac OS X 10_15_7) AppleWebKit/605.1.15 (KHTML, like Gecko) Version/17.0 Safari/605.1.15"
91.147.122.46 - - [07/Jul/2026:17:43:11 +0200] "GET /wp-includes/js/dist/data.min.js?ver=1756b6a2676c1b3369ab HTTP/2.0" 200 9408 "https://verona.elettroservicegroup.it/wp-admin/" "Mozilla/5.0 (Macintosh; Intel Mac OS X 10_15_7) AppleWebKit/605.1.15 (KHTML, like Gecko) Version/17.0 Safari/605.1.15"
91.147.122.46 - - [07/Jul/2026:17:43:11 +0200] "GET /wp-includes/js/dist/rich-text.min.js?ver=16449e6108f48327f368 HTTP/2.0" 200 13474 "https://verona.elettroservicegroup.it/wp-admin/" "Mozilla/5.0 (Macintosh; Intel Mac OS X 10_15_7) AppleWebKit/605.1.15 (KHTML, like Gecko) Version/17.0 Safari/605.1.15"
91.147.122.46 - - [07/Jul/2026:17:43:11 +0200] "GET /wp-includes/js/dist/components.min.js?ver=5dedfe13f08880193a28 HTTP/2.0" 200 246347 "https://verona.elettroservicegroup.it/wp-admin/" "Mozilla/5.0 (Macintosh; Intel Mac OS X 10_15_7) AppleWebKit/605.1.15 (KHTML, like Gecko) Version/17.0 Safari/605.1.15"
91.147.122.46 - - [07/Jul/2026:17:43:13 +0200] "GET /wp-includes/js/dist/blob.min.js?ver=198af75fe06d924090d8 HTTP/2.0" 200 539 "https://verona.elettroservicegroup.it/wp-admin/" "Mozilla/5.0 (Macintosh; Intel Mac OS X 10_15_7) AppleWebKit/605.1.15 (KHTML, like Gecko) Version/17.0 Safari/605.1.15"
91.147.122.46 - - [07/Jul/2026:17:43:13 +0200] "GET /wp-includes/js/dist/keyboard-shortcuts.min.js?ver=2ed78d3b4c23f38804e0 HTTP/2.0" 200 1460 "https://verona.elettroservicegroup.it/wp-admin/" "Mozilla/5.0 (Macintosh; Intel Mac OS X 10_15_7) AppleWebKit/605.1.15 (KHTML, like Gecko) Version/17.0 Safari/605.1.15"
91.147.122.46 - - [07/Jul/2026:17:43:13 +0200] "GET /wp-includes/js/dist/block-serialization-default-parser.min.js?ver=bff55bd3f1ce9df0c99c HTTP/2.0" 200 1070 "https://verona.elettroservicegroup.it/wp-admin/" "Mozilla/5.0 (Macintosh; Intel Mac OS X 10_15_7) AppleWebKit/605.1.15 (KHTML, like Gecko) Version/17.0 Safari/605.1.15"
91.147.122.46 - - [07/Jul/2026:17:43:13 +0200] "GET /wp-includes/js/dist/autop.min.js?ver=9d0d0901b46f0a9027c9 HTTP/2.0" 200 2045 "https://verona.elettroservicegroup.it/wp-admin/" "Mozilla/5.0 (Macintosh; Intel Mac OS X 10_15_7) AppleWebKit/605.1.15 (KHTML, like Gecko) Version/17.0 Safari/605.1.15"
91.147.122.46 - - [07/Jul/2026:17:43:13 +0200] "GET /wp-includes/js/dist/shortcode.min.js?ver=11742fe18cc215d3d5ab HTTP/2.0" 200 1478 "https://verona.elettroservicegroup.it/wp-admin/" "Mozilla/5.0 (Macintosh; Intel Mac OS X 10_15_7) AppleWebKit/605.1.15 (KHTML, like Gecko) Version/17.0 Safari/605.1.15"
91.147.122.46 - - [07/Jul/2026:17:43:13 +0200] "GET /wp-includes/js/dist/api-fetch.min.js?ver=d7efe4dc1468d36c39b8 HTTP/2.0" 200 2676 "https://verona.elettroservicegroup.it/wp-admin/" "Mozilla/5.0 (Macintosh; Intel Mac OS X 10_15_7) AppleWebKit/605.1.15 (KHTML, like Gecko) Version/17.0 Safari/605.1.15"
91.147.122.46 - - [07/Jul/2026:17:43:13 +0200] "GET /wp-includes/js/dist/commands.min.js?ver=e3d8bba53f4ffea4fcd2 HTTP/2.0" 200 19301 "https://verona.elettroservicegroup.it/wp-admin/" "Mozilla/5.0 (Macintosh; Intel Mac OS X 10_15_7) AppleWebKit/605.1.15 (KHTML, like Gecko) Version/17.0 Safari/605.1.15"
91.147.122.46 - - [07/Jul/2026:17:43:13 +0200] "GET /wp-includes/js/dist/blocks.min.js?ver=ef38e42500165bfda301 HTTP/2.0" 200 53864 "https://verona.elettroservicegroup.it/wp-admin/" "Mozilla/5.0 (Macintosh; Intel Mac OS X 10_15_7) AppleWebKit/605.1.15 (KHTML, like Gecko) Version/17.0 Safari/605.1.15"
91.147.122.46 - - [07/Jul/2026:17:43:14 +0200] "GET /wp-includes/js/dist/token-list.min.js?ver=16f0aebdd39d87c2a84b HTTP/2.0" 200 656 "https://verona.elettroservicegroup.it/wp-admin/" "Mozilla/5.0 (Macintosh; Intel Mac OS X 10_15_7) AppleWebKit/605.1.15 (KHTML, like Gecko) Version/17.0 Safari/605.1.15"
91.147.122.46 - - [07/Jul/2026:17:43:14 +0200] "GET /wp-includes/js/dist/notices.min.js?ver=218d0173a31ae7269246 HTTP/2.0" 200 1735 "https://verona.elettroservicegroup.it/wp-admin/" "Mozilla/5.0 (Macintosh; Intel Mac OS X 10_15_7) AppleWebKit/605.1.15 (KHTML, like Gecko) Version/17.0 Safari/605.1.15"
91.147.122.46 - - [07/Jul/2026:17:43:14 +0200] "GET /wp-includes/js/dist/preferences-persistence.min.js?ver=e8033be98338d1861bca HTTP/2.0" 200 2034 "https://verona.elettroservicegroup.it/wp-admin/" "Mozilla/5.0 (Macintosh; Intel Mac OS X 10_15_7) AppleWebKit/605.1.15 (KHTML, like Gecko) Version/17.0 Safari/605.1.15"
91.147.122.46 - - [07/Jul/2026:17:43:14 +0200] "GET /wp-includes/js/dist/preferences.min.js?ver=035813168e404aa30193 HTTP/2.0" 200 3093 "https://verona.elettroservicegroup.it/wp-admin/" "Mozilla/5.0 (Macintosh; Intel Mac OS X 10_15_7) AppleWebKit/605.1.15 (KHTML, like Gecko) Version/17.0 Safari/605.1.15"
91.147.122.46 - - [07/Jul/2026:17:43:14 +0200] "GET /wp-includes/js/dist/style-engine.min.js?ver=faa37ce61b7ec8394b2a HTTP/2.0" 200 2218 "https://verona.elettroservicegroup.it/wp-admin/" "Mozilla/5.0 (Macintosh; Intel Mac OS X 10_15_7) AppleWebKit/605.1.15 (KHTML, like Gecko) Version/17.0 Safari/605.1.15"
91.147.122.46 - - [07/Jul/2026:17:43:14 +0200] "GET /wp-includes/js/dist/upload-media.min.js?ver=d359c2cccf866d7082d2 HTTP/2.0" 200 7521 "https://verona.elettroservicegroup.it/wp-admin/" "Mozilla/5.0 (Macintosh; Intel Mac OS X 10_15_7) AppleWebKit/605.1.15 (KHTML, like Gecko) Version/17.0 Safari/605.1.15"
91.147.122.46 - - [07/Jul/2026:17:43:14 +0200] "GET /wp-includes/js/dist/theme.min.js?ver=e22ce547a4420507b323 HTTP/2.0" 200 21178 "https://verona.elettroservicegroup.it/wp-admin/" "Mozilla/5.0 (Macintosh; Intel Mac OS X 10_15_7) AppleWebKit/605.1.15 (KHTML, like Gecko) Version/17.0 Safari/605.1.15"
91.147.122.46 - - [07/Jul/2026:17:43:14 +0200] "GET /wp-includes/js/dist/block-editor.min.js?ver=93c3566b7f24c15b7e17 HTTP/2.0" 200 303445 "https://verona.elettroservicegroup.it/wp-admin/" "Mozilla/5.0 (Macintosh; Intel Mac OS X 10_15_7) AppleWebKit/605.1.15 (KHTML, like Gecko) Version/17.0 Safari/605.1.15"
66.249.64.170 - - [07/Jul/2026:17:43:14 +0200] "GET /?h=4920945321100 HTTP/1.1" 301 312 "-" "Mozilla/5.0 (Linux; Android 6.0.1; Nexus 5X Build/MMB29P) AppleWebKit/537.36 (KHTML, like Gecko) Chrome/150.0.7871.46 Mobile Safari/537.36 (compatible; Googlebot/2.1; +http://www.google.com/bot.html)"
66.249.64.171 - - [07/Jul/2026:17:43:15 +0200] "GET /index.php/?h=4920945321100 HTTP/1.1" 301 - "-" "Mozilla/5.0 (Linux; Android 6.0.1; Nexus 5X Build/MMB29P) AppleWebKit/537.36 (KHTML, like Gecko) Chrome/150.0.7871.46 Mobile Safari/537.36 (compatible; Googlebot/2.1; +http://www.google.com/bot.html)"
91.147.122.46 - - [07/Jul/2026:17:43:15 +0200] "GET /wp-content/plugins/elementor/vendor/elementor/wp-one-package/assets/build/common.js?ver=1f031a48279dd8a7d4bd HTTP/2.0" 200 120 "https://verona.elettroservicegroup.it/wp-admin/" "Mozilla/5.0 (Macintosh; Intel Mac OS X 10_15_7) AppleWebKit/605.1.15 (KHTML, like Gecko) Version/17.0 Safari/605.1.15"
91.147.122.46 - - [07/Jul/2026:17:43:15 +0200] "GET /wp-content/plugins/google-analytics-for-wordpress/assets/js/admin-common.min.js?ver=10.2.2 HTTP/2.0" 200 530 "https://verona.elettroservicegroup.it/wp-admin/" "Mozilla/5.0 (Macintosh; Intel Mac OS X 10_15_7) AppleWebKit/605.1.15 (KHTML, like Gecko) Version/17.0 Safari/605.1.15"
91.147.122.46 - - [07/Jul/2026:17:43:15 +0200] "GET /wp-content/plugins/google-analytics-for-wordpress/assets/js/admin-setup-wizard.js?ver=10.2.2 HTTP/2.0" 200 738 "https://verona.elettroservicegroup.it/wp-admin/" "Mozilla/5.0 (Macintosh; Intel Mac OS X 10_15_7) AppleWebKit/605.1.15 (KHTML, like Gecko) Version/17.0 Safari/605.1.15"
91.147.122.46 - - [07/Jul/2026:17:43:15 +0200] "GET /wp-content/plugins/google-analytics-for-wordpress/assets/js/admin-metabox-sitenotes.js?ver=10.2.2 HTTP/2.0" 200 277 "https://verona.elettroservicegroup.it/wp-admin/" "Mozilla/5.0 (Macintosh; Intel Mac OS X 10_15_7) AppleWebKit/605.1.15 (KHTML, like Gecko) Version/17.0 Safari/605.1.15"
91.147.122.46 - - [07/Jul/2026:17:43:15 +0200] "GET /wp-includes/js/dist/router.min.js?ver=0249e6724784b1c2583b HTTP/2.0" 200 5736 "https://verona.elettroservicegroup.it/wp-admin/" "Mozilla/5.0 (Macintosh; Intel Mac OS X 10_15_7) AppleWebKit/605.1.15 (KHTML, like Gecko) Version/17.0 Safari/605.1.15"
91.147.122.46 - - [07/Jul/2026:17:43:15 +0200] "GET /wp-includes/js/dist/core-commands.min.js?ver=b209152e7e51279d7c28 HTTP/2.0" 200 3958 "https://verona.elettroservicegroup.it/wp-admin/" "Mozilla/5.0 (Macintosh; Intel Mac OS X 10_15_7) AppleWebKit/605.1.15 (KHTML, like Gecko) Version/17.0 Safari/605.1.15"
91.147.122.46 - - [07/Jul/2026:17:43:15 +0200] "GET /wp-includes/js/dist/core-data.min.js?ver=89931f90e4df5eb5f8a3 HTTP/2.0" 200 64814 "https://verona.elettroservicegroup.it/wp-admin/" "Mozilla/5.0 (Macintosh; Intel Mac OS X 10_15_7) AppleWebKit/605.1.15 (KHTML, like Gecko) Version/17.0 Safari/605.1.15"
91.147.122.46 - - [07/Jul/2026:17:43:15 +0200] "GET /wp-includes/js/dist/vendor/lodash.min.js?ver=4.18.1 HTTP/2.0" 200 25217 "https://verona.elettroservicegroup.it/wp-admin/" "Mozilla/5.0 (Macintosh; Intel Mac OS X 10_15_7) AppleWebKit/605.1.15 (KHTML, like Gecko) Version/17.0 Safari/605.1.15"
91.147.122.46 - - [07/Jul/2026:17:43:15 +0200] "GET /wp-content/plugins/seo-by-rank-math/assets/admin/js/dashboard.js?ver=1.0.273 HTTP/2.0" 200 1156 "https://verona.elettroservicegroup.it/wp-admin/" "Mozilla/5.0 (Macintosh; Intel Mac OS X 10_15_7) AppleWebKit/605.1.15 (KHTML, like Gecko) Version/17.0 Safari/605.1.15"
91.147.122.46 - - [07/Jul/2026:17:43:15 +0200] "GET /wp-content/plugins/elementor/assets/js/import-export-admin.min.js?ver=4.1.4 HTTP/2.0" 200 2032 "https://verona.elettroservicegroup.it/wp-admin/" "Mozilla/5.0 (Macintosh; Intel Mac OS X 10_15_7) AppleWebKit/605.1.15 (KHTML, like Gecko) Version/17.0 Safari/605.1.15"
91.147.122.46 - - [07/Jul/2026:17:43:15 +0200] "GET /wp-content/plugins/elementor/assets/js/admin-modules.min.js?ver=4.1.4 HTTP/2.0" 200 4659 "https://verona.elettroservicegroup.it/wp-admin/" "Mozilla/5.0 (Macintosh; Intel Mac OS X 10_15_7) AppleWebKit/605.1.15 (KHTML, like Gecko) Version/17.0 Safari/605.1.15"
91.147.122.46 - - [07/Jul/2026:17:43:15 +0200] "GET /wp-content/plugins/elementor/assets/js/editor-one-menu.min.js?ver=4.1.4 HTTP/2.0" 200 6305 "https://verona.elettroservicegroup.it/wp-admin/" "Mozilla/5.0 (Macintosh; Intel Mac OS X 10_15_7) AppleWebKit/605.1.15 (KHTML, like Gecko) Version/17.0 Safari/605.1.15"
91.147.122.46 - - [07/Jul/2026:17:43:15 +0200] "GET /wp-content/plugins/elementor/assets/js/import-export-customization-admin.min.js?ver=4.1.4 HTTP/2.0" 200 11155 "https://verona.elettroservicegroup.it/wp-admin/" "Mozilla/5.0 (Macintosh; Intel Mac OS X 10_15_7) AppleWebKit/605.1.15 (KHTML, like Gecko) Version/17.0 Safari/605.1.15"
91.147.122.46 - - [07/Jul/2026:17:43:15 +0200] "GET /wp-content/plugins/elementor/assets/js/admin.min.js?ver=4.1.4 HTTP/2.0" 200 20641 "https://verona.elettroservicegroup.it/wp-admin/" "Mozilla/5.0 (Macintosh; Intel Mac OS X 10_15_7) AppleWebKit/605.1.15 (KHTML, like Gecko) Version/17.0 Safari/605.1.15"
91.147.122.46 - - [07/Jul/2026:17:43:15 +0200] "GET /wp-content/plugins/seo-by-rank-math/assets/admin/js/components.js?ver=1.0.273 HTTP/2.0" 200 45278 "https://verona.elettroservicegroup.it/wp-admin/" "Mozilla/5.0 (Macintosh; Intel Mac OS X 10_15_7) AppleWebKit/605.1.15 (KHTML, like Gecko) Version/17.0 Safari/605.1.15"
91.147.122.46 - - [07/Jul/2026:17:43:15 +0200] "GET /wp-content/plugins/header-footer-elementor/admin/assets/js/ehf-admin.js?ver=2.9.0 HTTP/2.0" 200 3615 "https://verona.elettroservicegroup.it/wp-admin/" "Mozilla/5.0 (Macintosh; Intel Mac OS X 10_15_7) AppleWebKit/605.1.15 (KHTML, like Gecko) Version/17.0 Safari/605.1.15"
91.147.122.46 - - [07/Jul/2026:17:43:15 +0200] "GET /wp-content/plugins/elementor/assets/js/e-conversion-banner.min.js?ver=4.1.4 HTTP/2.0" 200 2937 "https://verona.elettroservicegroup.it/wp-admin/" "Mozilla/5.0 (Macintosh; Intel Mac OS X 10_15_7) AppleWebKit/605.1.15 (KHTML, like Gecko) Version/17.0 Safari/605.1.15"
91.147.122.46 - - [07/Jul/2026:17:43:15 +0200] "GET /wp-content/plugins/wp-fastest-cache/js/toolbar.js?ver=1783438982 HTTP/2.0" 200 1003 "https://verona.elettroservicegroup.it/wp-admin/" "Mozilla/5.0 (Macintosh; Intel Mac OS X 10_15_7) AppleWebKit/605.1.15 (KHTML, like Gecko) Version/17.0 Safari/605.1.15"
91.147.122.46 - - [07/Jul/2026:17:43:15 +0200] "GET /wp-content/plugins/wp-fastest-cache/js/column.js?ver=1783438982 HTTP/2.0" 200 437 "https://verona.elettroservicegroup.it/wp-admin/" "Mozilla/5.0 (Macintosh; Intel Mac OS X 10_15_7) AppleWebKit/605.1.15 (KHTML, like Gecko) Version/17.0 Safari/605.1.15"
91.147.122.46 - - [07/Jul/2026:17:43:15 +0200] "GET /wp-content/plugins/elementor/assets/js/packages/schema/schema.min.js?ver=4.1.4 HTTP/2.0" 200 54109 "https://verona.elettroservicegroup.it/wp-admin/" "Mozilla/5.0 (Macintosh; Intel Mac OS X 10_15_7) AppleWebKit/605.1.15 (KHTML, like Gecko) Version/17.0 Safari/605.1.15"
91.147.122.46 - - [07/Jul/2026:17:43:15 +0200] "GET /wp-content/plugins/elementor/assets/js/packages/elementor-mcp-common/elementor-mcp-common.min.js?ver=4.1.4 HTTP/2.0" 200 2720 "https://verona.elettroservicegroup.it/wp-admin/" "Mozilla/5.0 (Macintosh; Intel Mac OS X 10_15_7) AppleWebKit/605.1.15 (KHTML, like Gecko) Version/17.0 Safari/605.1.15"
91.147.122.46 - - [07/Jul/2026:17:43:15 +0200] "GET /wp-content/plugins/elementor/assets/js/packages/elementor-capabilities-mcp/elementor-capabilities-mcp.min.js?ver=4.1.4 HTTP/2.0" 200 81643 "https://verona.elettroservicegroup.it/wp-admin/" "Mozilla/5.0 (Macintosh; Intel Mac OS X 10_15_7) AppleWebKit/605.1.15 (KHTML, like Gecko) Version/17.0 Safari/605.1.15"
91.147.122.46 - - [07/Jul/2026:17:43:15 +0200] "GET /wp-content/plugins/elementor/assets/js/packages/editor-mcp/editor-mcp.min.js?ver=4.1.4 HTTP/2.0" 200 111413 "https://verona.elettroservicegroup.it/wp-admin/" "Mozilla/5.0 (Macintosh; Intel Mac OS X 10_15_7) AppleWebKit/605.1.15 (KHTML, like Gecko) Version/17.0 Safari/605.1.15"
91.147.122.46 - - [07/Jul/2026:17:43:15 +0200] "GET /wp-content/plugins/google-analytics-for-wordpress/lite/assets/vue/js/chunks/report-table-helper-bff2a505.min.js HTTP/2.0" 200 7477 "https://verona.elettroservicegroup.it/wp-content/plugins/google-analytics-for-wordpress/lite/assets/vue/js/widget.min.js?ver=10.2.2" "Mozilla/5.0 (Macintosh; Intel Mac OS X 10_15_7) AppleWebKit/605.1.15 (KHTML, like Gecko) Version/17.0 Safari/605.1.15"
91.147.122.46 - - [07/Jul/2026:17:43:15 +0200] "GET /wp-content/plugins/google-analytics-for-wordpress/lite/assets/vue/js/chunks/monsterinsights-helper-plugin-d5dab654.min.js HTTP/2.0" 200 39795 "https://verona.elettroservicegroup.it/wp-content/plugins/google-analytics-for-wordpress/lite/assets/vue/js/widget.min.js?ver=10.2.2" "Mozilla/5.0 (Macintosh; Intel Mac OS X 10_15_7) AppleWebKit/605.1.15 (KHTML, like Gecko) Version/17.0 Safari/605.1.15"
91.147.122.46 - - [07/Jul/2026:17:43:15 +0200] "GET /wp-content/plugins/google-analytics-for-wordpress/lite/assets/vue/js/chunks/vendor-1d873285.min.js HTTP/2.0" 200 466710 "https://verona.elettroservicegroup.it/wp-content/plugins/google-analytics-for-wordpress/lite/assets/vue/js/widget.min.js?ver=10.2.2" "Mozilla/5.0 (Macintosh; Intel Mac OS X 10_15_7) AppleWebKit/605.1.15 (KHTML, like Gecko) Version/17.0 Safari/605.1.15"
91.147.122.46 - - [07/Jul/2026:17:43:16 +0200] "GET /wp-content/plugins/header-footer-elementor/inc/lib/astra-notices/notices.js?ver=1.2.3 HTTP/2.0" 200 661 "https://verona.elettroservicegroup.it/wp-admin/" "Mozilla/5.0 (Macintosh; Intel Mac OS X 10_15_7) AppleWebKit/605.1.15 (KHTML, like Gecko) Version/17.0 Safari/605.1.15"
91.147.122.46 - - [07/Jul/2026:17:43:16 +0200] "GET /wp-content/plugins/search-exclude/jetpack_vendor/automattic/jetpack-assets/build/jetpack-script-data.js?minify=false&ver=063e99e8f3d8166cfb17 HTTP/2.0" 200 837 "https://verona.elettroservicegroup.it/wp-admin/" "Mozilla/5.0 (Macintosh; Intel Mac OS X 10_15_7) AppleWebKit/605.1.15 (KHTML, like Gecko) Version/17.0 Safari/605.1.15"
91.147.122.46 - - [07/Jul/2026:17:43:16 +0200] "GET /wp-content/plugins/google-analytics-for-wordpress/lite/assets/admin-bar/index.js?ver=9456bd1f8aae1e62dea8 HTTP/2.0" 200 4438 "https://verona.elettroservicegroup.it/wp-admin/" "Mozilla/5.0 (Macintosh; Intel Mac OS X 10_15_7) AppleWebKit/605.1.15 (KHTML, like Gecko) Version/17.0 Safari/605.1.15"
91.147.122.46 - - [07/Jul/2026:17:43:16 +0200] "GET /wp-includes/js/thickbox/loadingAnimation.gif HTTP/2.0" 200 15238 "https://verona.elettroservicegroup.it/wp-admin/" "Mozilla/5.0 (Macintosh; Intel Mac OS X 10_15_7) AppleWebKit/605.1.15 (KHTML, like Gecko) Version/17.0 Safari/605.1.15"
91.147.122.46 - - [07/Jul/2026:17:43:16 +0200] "GET /wp-json/rankmath/v1/dashboardWidget HTTP/2.0" 301 296 "https://verona.elettroservicegroup.it/wp-admin/" "Mozilla/5.0 (Macintosh; Intel Mac OS X 10_15_7) AppleWebKit/605.1.15 (KHTML, like Gecko) Version/17.0 Safari/605.1.15"
91.147.122.46 - - [07/Jul/2026:17:43:16 +0200] "GET /index.php/ HTTP/2.0" 301 - "https://verona.elettroservicegroup.it/wp-admin/" "Mozilla/5.0 (Macintosh; Intel Mac OS X 10_15_7) AppleWebKit/605.1.15 (KHTML, like Gecko) Version/17.0 Safari/605.1.15"
91.147.122.46 - - [07/Jul/2026:17:43:16 +0200] "POST /wp-admin/admin-ajax.php HTTP/2.0" 200 590 "https://verona.elettroservicegroup.it/wp-admin/" "Mozilla/5.0 (Macintosh; Intel Mac OS X 10_15_7) AppleWebKit/605.1.15 (KHTML, like Gecko) Version/17.0 Safari/605.1.15"
91.147.122.46 - - [07/Jul/2026:17:43:16 +0200] "POST /wp-admin/admin-ajax.php HTTP/2.0" 200 83 "https://verona.elettroservicegroup.it/wp-admin/" "Mozilla/5.0 (Macintosh; Intel Mac OS X 10_15_7) AppleWebKit/605.1.15 (KHTML, like Gecko) Version/17.0 Safari/605.1.15"
91.147.122.46 - - [07/Jul/2026:17:43:16 +0200] "GET /wp-admin/admin-ajax.php?action=dashboard-widgets&widget=dashboard_primary&pagenow=dashboard HTTP/2.0" 200 248 "https://verona.elettroservicegroup.it/wp-admin/" "Mozilla/5.0 (Macintosh; Intel Mac OS X 10_15_7) AppleWebKit/605.1.15 (KHTML, like Gecko) Version/17.0 Safari/605.1.15"
66.249.64.171 - - [07/Jul/2026:17:44:28 +0200] "GET /?h=15797953561100 HTTP/1.1" 301 313 "-" "Mozilla/5.0 (compatible; Googlebot/2.1; +http://www.google.com/bot.html)"
66.249.64.171 - - [07/Jul/2026:17:44:28 +0200] "GET /index.php/?h=15797953561100 HTTP/1.1" 301 - "-" "Mozilla/5.0 (compatible; Googlebot/2.1; +http://www.google.com/bot.html)"
212.193.3.149 - - [07/Jul/2026:17:44:54 +0200] "HEAD / HTTP/1.1" 301 - "-" "Mozilla/5.0 (compatible; Googlebot/2.1; +http://www.google.com/bot.html)"
66.249.64.169 - - [07/Jul/2026:17:45:26 +0200] "GET /productSearch/pictureSearch?id=5489486841100 HTTP/1.1" 301 313 "-" "Mozilla/5.0 (Linux; Android 6.0.1; Nexus 5X Build/MMB29P) AppleWebKit/537.36 (KHTML, like Gecko) Chrome/150.0.7871.46 Mobile Safari/537.36 (compatible; Googlebot/2.1; +http://www.google.com/bot.html)"
66.249.64.169 - - [07/Jul/2026:17:45:26 +0200] "GET /index.php/?id=5489486841100 HTTP/1.1" 301 - "-" "Mozilla/5.0 (Linux; Android 6.0.1; Nexus 5X Build/MMB29P) AppleWebKit/537.36 (KHTML, like Gecko) Chrome/150.0.7871.46 Mobile Safari/537.36 (compatible; Googlebot/2.1; +http://www.google.com/bot.html)"
66.249.64.169 - - [07/Jul/2026:17:50:00 +0200] "GET /?h=44074710561100 HTTP/1.1" 301 313 "-" "Mozilla/5.0 (compatible; Googlebot/2.1; +http://www.google.com/bot.html)"
66.249.64.169 - - [07/Jul/2026:17:50:00 +0200] "GET /index.php/?h=44074710561100 HTTP/1.1" 301 - "-" "Mozilla/5.0 (compatible; Googlebot/2.1; +http://www.google.com/bot.html)"
66.249.64.171 - - [07/Jul/2026:17:51:14 +0200] "GET /?h=1250774521100 HTTP/1.1" 301 312 "-" "Mozilla/5.0 (Linux; Android 6.0.1; Nexus 5X Build/MMB29P) AppleWebKit/537.36 (KHTML, like Gecko) Chrome/150.0.7871.46 Mobile Safari/537.36 (compatible; Googlebot/2.1; +http://www.google.com/bot.html)"
66.249.64.170 - - [07/Jul/2026:17:51:14 +0200] "GET /index.php/?h=1250774521100 HTTP/1.1" 301 - "-" "Mozilla/5.0 (Linux; Android 6.0.1; Nexus 5X Build/MMB29P) AppleWebKit/537.36 (KHTML, like Gecko) Chrome/150.0.7871.46 Mobile Safari/537.36 (compatible; Googlebot/2.1; +http://www.google.com/bot.html)"
66.249.64.170 - - [07/Jul/2026:17:51:47 +0200] "GET /?h=43989383081100 HTTP/1.1" 301 313 "-" "Mozilla/5.0 (compatible; Googlebot/2.1; +http://www.google.com/bot.html)"
66.249.64.169 - - [07/Jul/2026:17:51:48 +0200] "GET /index.php/?h=43989383081100 HTTP/1.1" 301 - "-" "Mozilla/5.0 (compatible; Googlebot/2.1; +http://www.google.com/bot.html)"
66.249.64.170 - - [07/Jul/2026:17:52:52 +0200] "GET /?h=16802740961100 HTTP/1.1" 301 313 "-" "Mozilla/5.0 (Linux; Android 6.0.1; Nexus 5X Build/MMB29P) AppleWebKit/537.36 (KHTML, like Gecko) Chrome/150.0.7871.46 Mobile Safari/537.36 (compatible; Googlebot/2.1; +http://www.google.com/bot.html)"
66.249.64.170 - - [07/Jul/2026:17:52:53 +0200] "GET /index.php/?h=16802740961100 HTTP/1.1" 301 - "-" "Mozilla/5.0 (Linux; Android 6.0.1; Nexus 5X Build/MMB29P) AppleWebKit/537.36 (KHTML, like Gecko) Chrome/150.0.7871.46 Mobile Safari/537.36 (compatible; Googlebot/2.1; +http://www.google.com/bot.html)"
185.158.106.84 - - [07/Jul/2026:17:54:40 +0200] "GET /18486-2/ HTTP/1.1" 200 11688 "https://verona.elettroservicegroup.it/" "Mozilla/5.0 (X11; Linux x86_64) AppleWebKit/537.36 (KHTML, like Gecko) Chrome/145.0.0.0 Safari/537.36"
216.73.216.138 - - [07/Jul/2026:17:55:15 +0200] "GET /?h=13145058201100 HTTP/2.0" 301 313 "-" "Mozilla/5.0 AppleWebKit/537.36 (KHTML, like Gecko; compatible; ClaudeBot/1.0; +claudebot@anthropic.com)"
216.73.216.138 - - [07/Jul/2026:17:55:15 +0200] "GET /?h=2531044801100 HTTP/2.0" 301 312 "-" "Mozilla/5.0 AppleWebKit/537.36 (KHTML, like Gecko; compatible; ClaudeBot/1.0; +claudebot@anthropic.com)"
216.73.216.138 - - [07/Jul/2026:17:55:15 +0200] "GET /?h=9940540601100 HTTP/2.0" 301 312 "-" "Mozilla/5.0 AppleWebKit/537.36 (KHTML, like Gecko; compatible; ClaudeBot/1.0; +claudebot@anthropic.com)"
216.73.216.138 - - [07/Jul/2026:17:55:15 +0200] "GET /?h=31362855641100 HTTP/2.0" 301 313 "-" "Mozilla/5.0 AppleWebKit/537.36 (KHTML, like Gecko; compatible; ClaudeBot/1.0; +claudebot@anthropic.com)"
216.73.216.138 - - [07/Jul/2026:17:55:15 +0200] "GET /?h=8514218441100 HTTP/2.0" 301 312 "-" "Mozilla/5.0 AppleWebKit/537.36 (KHTML, like Gecko; compatible; ClaudeBot/1.0; +claudebot@anthropic.com)"
216.73.216.138 - - [07/Jul/2026:17:55:15 +0200] "GET /index.php/?h=2531044801100 HTTP/2.0" 301 - "https://verona.elettroservicegroup.it/?h=2531044801100" "Mozilla/5.0 AppleWebKit/537.36 (KHTML, like Gecko; compatible; ClaudeBot/1.0; +claudebot@anthropic.com)"
216.73.216.138 - - [07/Jul/2026:17:55:15 +0200] "GET /index.php/?h=13145058201100 HTTP/2.0" 301 - "https://verona.elettroservicegroup.it/?h=13145058201100" "Mozilla/5.0 AppleWebKit/537.36 (KHTML, like Gecko; compatible; ClaudeBot/1.0; +claudebot@anthropic.com)"
216.73.216.138 - - [07/Jul/2026:17:55:15 +0200] "GET /index.php/?h=9940540601100 HTTP/2.0" 301 - "https://verona.elettroservicegroup.it/?h=9940540601100" "Mozilla/5.0 AppleWebKit/537.36 (KHTML, like Gecko; compatible; ClaudeBot/1.0; +claudebot@anthropic.com)"
216.73.216.138 - - [07/Jul/2026:17:55:15 +0200] "GET /index.php/?h=31362855641100 HTTP/2.0" 301 - "https://verona.elettroservicegroup.it/?h=31362855641100" "Mozilla/5.0 AppleWebKit/537.36 (KHTML, like Gecko; compatible; ClaudeBot/1.0; +claudebot@anthropic.com)"
216.73.216.138 - - [07/Jul/2026:17:55:15 +0200] "GET /sitemap.xml HTTP/2.0" 301 296 "-" "Mozilla/5.0 AppleWebKit/537.36 (KHTML, like Gecko; compatible; ClaudeBot/1.0; +claudebot@anthropic.com)"
216.73.216.138 - - [07/Jul/2026:17:55:15 +0200] "GET /index.php/?h=8514218441100 HTTP/2.0" 301 - "https://verona.elettroservicegroup.it/?h=8514218441100" "Mozilla/5.0 AppleWebKit/537.36 (KHTML, like Gecko; compatible; ClaudeBot/1.0; +claudebot@anthropic.com)"
216.73.216.138 - - [07/Jul/2026:17:55:15 +0200] "GET /index.php/ HTTP/2.0" 301 - "https://verona.elettroservicegroup.it/sitemap.xml" "Mozilla/5.0 AppleWebKit/537.36 (KHTML, like Gecko; compatible; ClaudeBot/1.0; +claudebot@anthropic.com)"
66.249.64.169 - - [07/Jul/2026:17:55:49 +0200] "GET /?h=40598947361100 HTTP/1.1" 301 313 "-" "Mozilla/5.0 (Linux; Android 6.0.1; Nexus 5X Build/MMB29P) AppleWebKit/537.36 (KHTML, like Gecko) Chrome/150.0.7871.46 Mobile Safari/537.36 (compatible; Googlebot/2.1; +http://www.google.com/bot.html)"
66.249.64.171 - - [07/Jul/2026:17:55:49 +0200] "GET /index.php/?h=40598947361100 HTTP/1.1" 301 - "-" "Mozilla/5.0 (Linux; Android 6.0.1; Nexus 5X Build/MMB29P) AppleWebKit/537.36 (KHTML, like Gecko) Chrome/150.0.7871.46 Mobile Safari/537.36 (compatible; Googlebot/2.1; +http://www.google.com/bot.html)"
212.193.3.149 - - [07/Jul/2026:17:55:49 +0200] "HEAD / HTTP/1.1" 301 - "-" "Mozilla/5.0 (compatible; Googlebot/2.1; +http://www.google.com/bot.html)"
66.249.64.171 - - [07/Jul/2026:17:56:36 +0200] "GET /?h=38061592481100 HTTP/1.1" 301 313 "-" "Mozilla/5.0 (Linux; Android 6.0.1; Nexus 5X Build/MMB29P) AppleWebKit/537.36 (KHTML, like Gecko) Chrome/150.0.7871.46 Mobile Safari/537.36 (compatible; Googlebot/2.1; +http://www.google.com/bot.html)"
66.249.64.169 - - [07/Jul/2026:17:56:36 +0200] "GET /index.php/?h=38061592481100 HTTP/1.1" 301 - "-" "Mozilla/5.0 (Linux; Android 6.0.1; Nexus 5X Build/MMB29P) AppleWebKit/537.36 (KHTML, like Gecko) Chrome/150.0.7871.46 Mobile Safari/537.36 (compatible; Googlebot/2.1; +http://www.google.com/bot.html)"
66.249.64.171 - - [07/Jul/2026:17:58:36 +0200] "GET /?h=19206114241100 HTTP/1.1" 301 313 "-" "Mozilla/5.0 (compatible; Googlebot/2.1; +http://www.google.com/bot.html)"
66.249.64.171 - - [07/Jul/2026:17:58:36 +0200] "GET /index.php/?h=19206114241100 HTTP/1.1" 301 - "-" "Mozilla/5.0 (compatible; Googlebot/2.1; +http://www.google.com/bot.html)"
66.249.64.169 - - [07/Jul/2026:17:58:59 +0200] "GET /productSearch/pictureSearch?id=7857246081100 HTTP/1.1" 301 313 "-" "Mozilla/5.0 (Linux; Android 6.0.1; Nexus 5X Build/MMB29P) AppleWebKit/537.36 (KHTML, like Gecko) Chrome/150.0.7871.46 Mobile Safari/537.36 (compatible; Googlebot/2.1; +http://www.google.com/bot.html)"
66.249.64.169 - - [07/Jul/2026:17:58:59 +0200] "GET /index.php/?id=7857246081100 HTTP/1.1" 301 - "-" "Mozilla/5.0 (Linux; Android 6.0.1; Nexus 5X Build/MMB29P) AppleWebKit/537.36 (KHTML, like Gecko) Chrome/150.0.7871.46 Mobile Safari/537.36 (compatible; Googlebot/2.1; +http://www.google.com/bot.html)"
66.249.64.169 - - [07/Jul/2026:17:59:24 +0200] "GET /?h=29011896321100 HTTP/1.1" 301 313 "-" "Mozilla/5.0 (compatible; Googlebot/2.1; +http://www.google.com/bot.html)"
66.249.64.169 - - [07/Jul/2026:17:59:25 +0200] "GET /index.php/?h=29011896321100 HTTP/1.1" 301 - "-" "Mozilla/5.0 (compatible; Googlebot/2.1; +http://www.google.com/bot.html)"
66.249.64.169 - - [07/Jul/2026:17:59:28 +0200] "GET /productSearch/pictureSearch?id=36161560321100 HTTP/1.1" 301 314 "-" "Mozilla/5.0 (Linux; Android 6.0.1; Nexus 5X Build/MMB29P) AppleWebKit/537.36 (KHTML, like Gecko) Chrome/150.0.7871.46 Mobile Safari/537.36 (compatible; Googlebot/2.1; +http://www.google.com/bot.html)"
66.249.64.169 - - [07/Jul/2026:17:59:28 +0200] "GET /index.php/?id=36161560321100 HTTP/1.1" 301 - "-" "Mozilla/5.0 (Linux; Android 6.0.1; Nexus 5X Build/MMB29P) AppleWebKit/537.36 (KHTML, like Gecko) Chrome/150.0.7871.46 Mobile Safari/537.36 (compatible; Googlebot/2.1; +http://www.google.com/bot.html)"
66.249.64.169 - - [07/Jul/2026:17:59:40 +0200] "GET /?h=17041938401100 HTTP/1.1" 301 313 "-" "Mozilla/5.0 (Linux; Android 6.0.1; Nexus 5X Build/MMB29P) AppleWebKit/537.36 (KHTML, like Gecko) Chrome/150.0.7871.46 Mobile Safari/537.36 (compatible; Googlebot/2.1; +http://www.google.com/bot.html)"
66.249.64.169 - - [07/Jul/2026:17:59:40 +0200] "GET /index.php/?h=17041938401100 HTTP/1.1" 301 - "-" "Mozilla/5.0 (Linux; Android 6.0.1; Nexus 5X Build/MMB29P) AppleWebKit/537.36 (KHTML, like Gecko) Chrome/150.0.7871.46 Mobile Safari/537.36 (compatible; Googlebot/2.1; +http://www.google.com/bot.html)"
66.249.64.171 - - [07/Jul/2026:18:00:30 +0200] "GET /?h=38506581481100 HTTP/1.1" 301 313 "-" "Mozilla/5.0 (Linux; Android 6.0.1; Nexus 5X Build/MMB29P) AppleWebKit/537.36 (KHTML, like Gecko) Chrome/150.0.7871.46 Mobile Safari/537.36 (compatible; Googlebot/2.1; +http://www.google.com/bot.html)"
66.249.64.171 - - [07/Jul/2026:18:00:30 +0200] "GET /index.php/?h=38506581481100 HTTP/1.1" 301 - "-" "Mozilla/5.0 (Linux; Android 6.0.1; Nexus 5X Build/MMB29P) AppleWebKit/537.36 (KHTML, like Gecko) Chrome/150.0.7871.46 Mobile Safari/537.36 (compatible; Googlebot/2.1; +http://www.google.com/bot.html)"
66.249.64.169 - - [07/Jul/2026:18:01:44 +0200] "GET /?h=15972025201100 HTTP/1.1" 301 313 "-" "Mozilla/5.0 (compatible; Googlebot/2.1; +http://www.google.com/bot.html)"
66.249.64.170 - - [07/Jul/2026:18:01:48 +0200] "GET /?h=15972025201100 HTTP/1.1" 301 313 "-" "Mozilla/5.0 (Linux; Android 6.0.1; Nexus 5X Build/MMB29P) AppleWebKit/537.36 (KHTML, like Gecko) Chrome/150.0.7871.46 Mobile Safari/537.36 (compatible; Googlebot/2.1; +http://www.google.com/bot.html)"
66.249.64.169 - - [07/Jul/2026:18:01:49 +0200] "GET /index.php/?h=15972025201100 HTTP/1.1" 301 - "-" "Mozilla/5.0 (compatible; Googlebot/2.1; +http://www.google.com/bot.html)"
66.249.64.169 - - [07/Jul/2026:18:01:50 +0200] "GET /index.php/?h=15972025201100 HTTP/1.1" 301 - "-" "Mozilla/5.0 (Linux; Android 6.0.1; Nexus 5X Build/MMB29P) AppleWebKit/537.36 (KHTML, like Gecko) Chrome/150.0.7871.46 Mobile Safari/537.36 (compatible; Googlebot/2.1; +http://www.google.com/bot.html)"
66.249.64.170 - - [07/Jul/2026:18:02:22 +0200] "GET /?h=40219979361100 HTTP/1.1" 301 313 "-" "Mozilla/5.0 (compatible; Googlebot/2.1; +http://www.google.com/bot.html)"
66.249.64.170 - - [07/Jul/2026:18:02:22 +0200] "GET /index.php/?h=40219979361100 HTTP/1.1" 301 - "-" "Mozilla/5.0 (compatible; Googlebot/2.1; +http://www.google.com/bot.html)"
216.73.216.138 - - [07/Jul/2026:18:03:26 +0200] "GET /?h=9276093321100 HTTP/2.0" 301 312 "-" "Mozilla/5.0 AppleWebKit/537.36 (KHTML, like Gecko; compatible; ClaudeBot/1.0; +claudebot@anthropic.com)"
216.73.216.138 - - [07/Jul/2026:18:03:26 +0200] "GET /index.php/?h=9276093321100 HTTP/2.0" 301 - "https://verona.elettroservicegroup.it/?h=9276093321100" "Mozilla/5.0 AppleWebKit/537.36 (KHTML, like Gecko; compatible; ClaudeBot/1.0; +claudebot@anthropic.com)"
40.77.167.40 - - [07/Jul/2026:18:04:27 +0200] "GET /slot-games-au/ HTTP/2.0" 301 296 "-" "Mozilla/5.0 AppleWebKit/537.36 (KHTML, like Gecko; compatible; bingbot/2.0; +http://www.bing.com/bingbot.htm) Chrome/116.0.1938.76 Safari/537.36"
65.108.235.243 - - [07/Jul/2026:18:04:55 +0200] "POST /wp-cron.php?doing_wp_cron=1783440294.9290928840637207031250 HTTP/1.1" 200 1 "-" "WordPress/7.0; https://verona.elettroservicegroup.it"
190.185.172.238 - - [07/Jul/2026:18:04:49 +0200] "POST /wp-login.php HTTP/1.1" 302 - "-" "Mozilla/5.0 (Windows NT 10.0; Win64; x64) AppleWebKit/537.36 (KHTML, like Gecko) Chrome/124.0 Safari/537.36"
65.108.235.243 - - [07/Jul/2026:18:04:56 +0200] "GET / HTTP/1.1" 301 296 "-" "WP Fastest Cache Preload Bot"
65.108.235.243 - - [07/Jul/2026:18:04:57 +0200] "GET /index.php/ HTTP/1.1" 301 - "-" "WP Fastest Cache Preload Bot"
190.185.172.238 - - [07/Jul/2026:18:04:57 +0200] "GET /wp-admin/admin-ajax.php?action=rest-nonce HTTP/1.1" 200 10 "-" "Mozilla/5.0 (Windows NT 10.0; Win64; x64) AppleWebKit/537.36 (KHTML, like Gecko) Chrome/124.0 Safari/537.36"
66.249.64.171 - - [07/Jul/2026:18:05:01 +0200] "GET /?h=43989189121100 HTTP/1.1" 301 313 "-" "Mozilla/5.0 (Linux; Android 6.0.1; Nexus 5X Build/MMB29P) AppleWebKit/537.36 (KHTML, like Gecko) Chrome/150.0.7871.46 Mobile Safari/537.36 (compatible; Googlebot/2.1; +http://www.google.com/bot.html)"
66.249.64.171 - - [07/Jul/2026:18:05:01 +0200] "GET /index.php/?h=43989189121100 HTTP/1.1" 301 - "-" "Mozilla/5.0 (Linux; Android 6.0.1; Nexus 5X Build/MMB29P) AppleWebKit/537.36 (KHTML, like Gecko) Chrome/150.0.7871.46 Mobile Safari/537.36 (compatible; Googlebot/2.1; +http://www.google.com/bot.html)"
190.185.172.238 - - [07/Jul/2026:18:05:01 +0200] "POST /wp-json/wp/v2/posts HTTP/1.1" 301 296 "-" "Mozilla/5.0 (Windows NT 10.0; Win64; x64) AppleWebKit/537.36 (KHTML, like Gecko) Chrome/124.0 Safari/537.36"
66.249.64.169 - - [07/Jul/2026:18:05:25 +0200] "GET /?h=21067160441100 HTTP/1.1" 301 313 "-" "Mozilla/5.0 (compatible; Googlebot/2.1; +http://www.google.com/bot.html)"
66.249.64.169 - - [07/Jul/2026:18:05:26 +0200] "GET /index.php/?h=21067160441100 HTTP/1.1" 301 - "-" "Mozilla/5.0 (compatible; Googlebot/2.1; +http://www.google.com/bot.html)"
66.249.64.169 - - [07/Jul/2026:18:05:57 +0200] "GET /?h=33718410321100 HTTP/1.1" 301 313 "-" "Mozilla/5.0 (Linux; Android 6.0.1; Nexus 5X Build/MMB29P) AppleWebKit/537.36 (KHTML, like Gecko) Chrome/150.0.7871.46 Mobile Safari/537.36 (compatible; Googlebot/2.1; +http://www.google.com/bot.html)"
66.249.64.169 - - [07/Jul/2026:18:05:57 +0200] "GET /index.php/?h=33718410321100 HTTP/1.1" 301 - "-" "Mozilla/5.0 (Linux; Android 6.0.1; Nexus 5X Build/MMB29P) AppleWebKit/537.36 (KHTML, like Gecko) Chrome/150.0.7871.46 Mobile Safari/537.36 (compatible; Googlebot/2.1; +http://www.google.com/bot.html)"
212.193.3.149 - - [07/Jul/2026:18:06:16 +0200] "HEAD / HTTP/1.1" 301 - "-" "Mozilla/5.0 (compatible; Googlebot/2.1; +http://www.google.com/bot.html)"
66.249.64.169 - - [07/Jul/2026:18:08:46 +0200] "GET /?h=28650354881100 HTTP/1.1" 301 313 "-" "Mozilla/5.0 (Linux; Android 6.0.1; Nexus 5X Build/MMB29P) AppleWebKit/537.36 (KHTML, like Gecko) Chrome/150.0.7871.46 Mobile Safari/537.36 (compatible; Googlebot/2.1; +http://www.google.com/bot.html)"
66.249.64.169 - - [07/Jul/2026:18:08:46 +0200] "GET /?h=28650354881100 HTTP/1.1" 301 313 "-" "Mozilla/5.0 (compatible; Googlebot/2.1; +http://www.google.com/bot.html)"
66.249.64.169 - - [07/Jul/2026:18:08:46 +0200] "GET /index.php/?h=28650354881100 HTTP/1.1" 301 - "-" "Mozilla/5.0 (Linux; Android 6.0.1; Nexus 5X Build/MMB29P) AppleWebKit/537.36 (KHTML, like Gecko) Chrome/150.0.7871.46 Mobile Safari/537.36 (compatible; Googlebot/2.1; +http://www.google.com/bot.html)"
66.249.64.169 - - [07/Jul/2026:18:08:46 +0200] "GET /index.php/?h=28650354881100 HTTP/1.1" 301 - "-" "Mozilla/5.0 (compatible; Googlebot/2.1; +http://www.google.com/bot.html)"
66.249.64.170 - - [07/Jul/2026:18:09:16 +0200] "GET /?h=15513623121100 HTTP/1.1" 301 313 "-" "Mozilla/5.0 (Linux; Android 6.0.1; Nexus 5X Build/MMB29P) AppleWebKit/537.36 (KHTML, like Gecko) Chrome/150.0.7871.46 Mobile Safari/537.36 (compatible; Googlebot/2.1; +http://www.google.com/bot.html)"
66.249.64.171 - - [07/Jul/2026:18:09:17 +0200] "GET /index.php/?h=15513623121100 HTTP/1.1" 301 - "-" "Mozilla/5.0 (Linux; Android 6.0.1; Nexus 5X Build/MMB29P) AppleWebKit/537.36 (KHTML, like Gecko) Chrome/150.0.7871.46 Mobile Safari/537.36 (compatible; Googlebot/2.1; +http://www.google.com/bot.html)"
66.249.64.171 - - [07/Jul/2026:18:10:29 +0200] "GET /?h=29283365721100 HTTP/1.1" 301 313 "-" "Mozilla/5.0 (compatible; Googlebot/2.1; +http://www.google.com/bot.html)"
66.249.64.170 - - [07/Jul/2026:18:10:30 +0200] "GET /index.php/?h=29283365721100 HTTP/1.1" 301 - "-" "Mozilla/5.0 (compatible; Googlebot/2.1; +http://www.google.com/bot.html)"
66.249.64.171 - - [07/Jul/2026:18:11:10 +0200] "GET /?h=29667167801100 HTTP/1.1" 301 313 "-" "Mozilla/5.0 (Linux; Android 6.0.1; Nexus 5X Build/MMB29P) AppleWebKit/537.36 (KHTML, like Gecko) Chrome/150.0.7871.46 Mobile Safari/537.36 (compatible; Googlebot/2.1; +http://www.google.com/bot.html)"
66.249.64.171 - - [07/Jul/2026:18:11:10 +0200] "GET /index.php/?h=29667167801100 HTTP/1.1" 301 - "-" "Mozilla/5.0 (Linux; Android 6.0.1; Nexus 5X Build/MMB29P) AppleWebKit/537.36 (KHTML, like Gecko) Chrome/150.0.7871.46 Mobile Safari/537.36 (compatible; Googlebot/2.1; +http://www.google.com/bot.html)"
66.249.64.171 - - [07/Jul/2026:18:13:46 +0200] "GET /?h=38798550961100 HTTP/1.1" 301 313 "-" "Mozilla/5.0 (compatible; Googlebot/2.1; +http://www.google.com/bot.html)"
66.249.64.169 - - [07/Jul/2026:18:13:46 +0200] "GET /index.php/?h=38798550961100 HTTP/1.1" 301 - "-" "Mozilla/5.0 (compatible; Googlebot/2.1; +http://www.google.com/bot.html)"
5.107.18.65 - - [07/Jul/2026:18:13:51 +0200] "POST /wp-login.php HTTP/1.1" 301 - "-" "Mozilla/5.0 (Windows NT 10.0; Win64; x64) AppleWebKit/537.36 (KHTML, like Gecko) Chrome/124.0 Safari/537.36"
65.108.235.243 - - [07/Jul/2026:18:13:58 +0200] "POST /wp-cron.php?doing_wp_cron=1783440838.4308259487152099609375 HTTP/1.1" 200 1 "-" "WordPress/7.0; https://verona.elettroservicegroup.it"
14.191.36.157 - - [07/Jul/2026:18:13:53 +0200] "POST /wp-login.php HTTP/1.1" 302 - "-" "Mozilla/5.0 (Windows NT 10.0; Win64; x64) AppleWebKit/537.36 (KHTML, like Gecko) Chrome/124.0 Safari/537.36"
14.191.36.157 - - [07/Jul/2026:18:14:00 +0200] "GET /wp-admin/admin-ajax.php?action=rest-nonce HTTP/1.1" 200 10 "-" "Mozilla/5.0 (Windows NT 10.0; Win64; x64) AppleWebKit/537.36 (KHTML, like Gecko) Chrome/124.0 Safari/537.36"
14.191.36.157 - - [07/Jul/2026:18:14:03 +0200] "POST /wp-json/wp/v2/posts HTTP/1.1" 301 296 "-" "Mozilla/5.0 (Windows NT 10.0; Win64; x64) AppleWebKit/537.36 (KHTML, like Gecko) Chrome/124.0 Safari/537.36"
66.249.64.170 - - [07/Jul/2026:18:14:44 +0200] "GET /?h=19565447521100 HTTP/1.1" 301 313 "-" "Mozilla/5.0 (compatible; Googlebot/2.1; +http://www.google.com/bot.html)"
66.249.64.171 - - [07/Jul/2026:18:14:45 +0200] "GET /index.php/?h=19565447521100 HTTP/1.1" 301 - "-" "Mozilla/5.0 (compatible; Googlebot/2.1; +http://www.google.com/bot.html)"
66.249.64.169 - - [07/Jul/2026:18:14:57 +0200] "GET /?h=16023305241100 HTTP/1.1" 301 313 "-" "Mozilla/5.0 (compatible; Googlebot/2.1; +http://www.google.com/bot.html)"
66.249.64.170 - - [07/Jul/2026:18:14:58 +0200] "GET /index.php/?h=16023305241100 HTTP/1.1" 301 - "-" "Mozilla/5.0 (compatible; Googlebot/2.1; +http://www.google.com/bot.html)"
212.193.3.149 - - [07/Jul/2026:18:15:19 +0200] "HEAD / HTTP/1.1" 301 - "-" "Mozilla/5.0 (compatible; Googlebot/2.1; +http://www.google.com/bot.html)"
199.247.209.2 - - [07/Jul/2026:18:17:51 +0200] "POST /wp-login.php HTTP/1.1" 301 - "-" "Mozilla/5.0 (Windows NT 10.0; Win64; x64) AppleWebKit/537.36 (KHTML, like Gecko) Chrome/124.0 Safari/537.36"
65.108.235.243 - - [07/Jul/2026:18:17:59 +0200] "POST /wp-cron.php?doing_wp_cron=1783441079.3684110641479492187500 HTTP/1.1" 200 1 "-" "WordPress/7.0; https://verona.elettroservicegroup.it"
23.243.118.24 - - [07/Jul/2026:18:17:55 +0200] "POST /wp-login.php HTTP/1.1" 302 - "-" "Mozilla/5.0 (Windows NT 10.0; Win64; x64) AppleWebKit/537.36 (KHTML, like Gecko) Chrome/124.0 Safari/537.36"
23.243.118.24 - - [07/Jul/2026:18:18:01 +0200] "GET /wp-admin/admin-ajax.php?action=rest-nonce HTTP/1.1" 200 10 "-" "Mozilla/5.0 (Windows NT 10.0; Win64; x64) AppleWebKit/537.36 (KHTML, like Gecko) Chrome/124.0 Safari/537.36"
23.243.118.24 - - [07/Jul/2026:18:18:05 +0200] "POST /wp-json/wp/v2/posts HTTP/1.1" 301 296 "-" "Mozilla/5.0 (Windows NT 10.0; Win64; x64) AppleWebKit/537.36 (KHTML, like Gecko) Chrome/124.0 Safari/537.36"
66.249.64.170 - - [07/Jul/2026:18:18:32 +0200] "GET /?h=5332841761100 HTTP/1.1" 301 312 "-" "Mozilla/5.0 (Linux; Android 6.0.1; Nexus 5X Build/MMB29P) AppleWebKit/537.36 (KHTML, like Gecko) Chrome/150.0.7871.46 Mobile Safari/537.36 (compatible; Googlebot/2.1; +http://www.google.com/bot.html)"
66.249.64.171 - - [07/Jul/2026:18:18:33 +0200] "GET /index.php/?h=5332841761100 HTTP/1.1" 301 - "-" "Mozilla/5.0 (Linux; Android 6.0.1; Nexus 5X Build/MMB29P) AppleWebKit/537.36 (KHTML, like Gecko) Chrome/150.0.7871.46 Mobile Safari/537.36 (compatible; Googlebot/2.1; +http://www.google.com/bot.html)"
66.249.64.170 - - [07/Jul/2026:18:19:21 +0200] "GET /?h=29734292881100 HTTP/1.1" 301 313 "-" "Mozilla/5.0 (Linux; Android 6.0.1; Nexus 5X Build/MMB29P) AppleWebKit/537.36 (KHTML, like Gecko) Chrome/150.0.7871.46 Mobile Safari/537.36 (compatible; Googlebot/2.1; +http://www.google.com/bot.html)"
66.249.64.170 - - [07/Jul/2026:18:19:22 +0200] "GET /index.php/?h=29734292881100 HTTP/1.1" 301 - "-" "Mozilla/5.0 (Linux; Android 6.0.1; Nexus 5X Build/MMB29P) AppleWebKit/537.36 (KHTML, like Gecko) Chrome/150.0.7871.46 Mobile Safari/537.36 (compatible; Googlebot/2.1; +http://www.google.com/bot.html)"
66.249.64.169 - - [07/Jul/2026:18:20:25 +0200] "GET /shop/sold?id=top43847896721100 HTTP/1.1" 301 317 "-" "Mozilla/5.0 (Linux; Android 6.0.1; Nexus 5X Build/MMB29P) AppleWebKit/537.36 (KHTML, like Gecko) Chrome/150.0.7871.46 Mobile Safari/537.36 (compatible; Googlebot/2.1; +http://www.google.com/bot.html)"
66.249.64.169 - - [07/Jul/2026:18:20:25 +0200] "GET /index.php/?id=top43847896721100 HTTP/1.1" 301 - "-" "Mozilla/5.0 (Linux; Android 6.0.1; Nexus 5X Build/MMB29P) AppleWebKit/537.36 (KHTML, like Gecko) Chrome/150.0.7871.46 Mobile Safari/537.36 (compatible; Googlebot/2.1; +http://www.google.com/bot.html)"
66.249.64.171 - - [07/Jul/2026:18:20:29 +0200] "GET /?h=19321177281100 HTTP/1.1" 301 313 "-" "Mozilla/5.0 (Linux; Android 6.0.1; Nexus 5X Build/MMB29P) AppleWebKit/537.36 (KHTML, like Gecko) Chrome/150.0.7871.46 Mobile Safari/537.36 (compatible; Googlebot/2.1; +http://www.google.com/bot.html)"
66.249.64.169 - - [07/Jul/2026:18:20:29 +0200] "GET /index.php/?h=19321177281100 HTTP/1.1" 301 - "-" "Mozilla/5.0 (Linux; Android 6.0.1; Nexus 5X Build/MMB29P) AppleWebKit/537.36 (KHTML, like Gecko) Chrome/150.0.7871.46 Mobile Safari/537.36 (compatible; Googlebot/2.1; +http://www.google.com/bot.html)"
212.193.3.149 - - [07/Jul/2026:18:25:56 +0200] "HEAD / HTTP/1.1" 301 - "-" "Mozilla/5.0 (compatible; Googlebot/2.1; +http://www.google.com/bot.html)"
66.249.64.171 - - [07/Jul/2026:18:29:44 +0200] "GET /?h=30847190601100 HTTP/1.1" 301 313 "-" "Mozilla/5.0 (compatible; Googlebot/2.1; +http://www.google.com/bot.html)"
66.249.64.170 - - [07/Jul/2026:18:29:44 +0200] "GET /index.php/?h=30847190601100 HTTP/1.1" 301 - "-" "Mozilla/5.0 (compatible; Googlebot/2.1; +http://www.google.com/bot.html)"
66.249.64.169 - - [07/Jul/2026:18:30:45 +0200] "GET /?h=14529753561100 HTTP/1.1" 301 313 "-" "Mozilla/5.0 (compatible; Googlebot/2.1; +http://www.google.com/bot.html)"
66.249.64.171 - - [07/Jul/2026:18:30:45 +0200] "GET /index.php/?h=14529753561100 HTTP/1.1" 301 - "-" "Mozilla/5.0 (compatible; Googlebot/2.1; +http://www.google.com/bot.html)"
216.73.216.138 - - [07/Jul/2026:18:31:32 +0200] "GET /robots.txt HTTP/2.0" 200 79 "-" "Mozilla/5.0 AppleWebKit/537.36 (KHTML, like Gecko; compatible; ClaudeBot/1.0; +claudebot@anthropic.com)"
216.73.216.138 - - [07/Jul/2026:18:31:33 +0200] "GET /?h=3666024121100 HTTP/2.0" 301 312 "-" "Mozilla/5.0 AppleWebKit/537.36 (KHTML, like Gecko; compatible; ClaudeBot/1.0; +claudebot@anthropic.com)"
