66.249.64.170 - - [07/Jul/2026:22:45:34 +0200] "GET /?h=9396497721100 HTTP/1.1" 301 312 "-" "Mozilla/5.0 (Linux; Android 6.0.1; Nexus 5X Build/MMB29P) AppleWebKit/537.36 (KHTML, like Gecko) Chrome/150.0.7871.46 Mobile Safari/537.36 (compatible; Googlebot/2.1; +http://www.google.com/bot.html)"
66.249.64.170 - - [07/Jul/2026:22:45:34 +0200] "GET /index.php/?h=9396497721100 HTTP/1.1" 301 - "-" "Mozilla/5.0 (Linux; Android 6.0.1; Nexus 5X Build/MMB29P) AppleWebKit/537.36 (KHTML, like Gecko) Chrome/150.0.7871.46 Mobile Safari/537.36 (compatible; Googlebot/2.1; +http://www.google.com/bot.html)"
66.249.64.171 - - [07/Jul/2026:22:47:33 +0200] "GET /?h=22993183241100 HTTP/1.1" 301 313 "-" "Mozilla/5.0 (Linux; Android 6.0.1; Nexus 5X Build/MMB29P) AppleWebKit/537.36 (KHTML, like Gecko) Chrome/150.0.7871.46 Mobile Safari/537.36 (compatible; Googlebot/2.1; +http://www.google.com/bot.html)"
66.249.64.170 - - [07/Jul/2026:22:47:34 +0200] "GET /index.php/?h=22993183241100 HTTP/1.1" 301 - "-" "Mozilla/5.0 (Linux; Android 6.0.1; Nexus 5X Build/MMB29P) AppleWebKit/537.36 (KHTML, like Gecko) Chrome/150.0.7871.46 Mobile Safari/537.36 (compatible; Googlebot/2.1; +http://www.google.com/bot.html)"
66.249.64.169 - - [07/Jul/2026:22:49:44 +0200] "GET /index.php/?h=16199197121100 HTTP/1.1" 301 - "-" "Mozilla/5.0 (Linux; Android 6.0.1; Nexus 5X Build/MMB29P) AppleWebKit/537.36 (KHTML, like Gecko) Chrome/150.0.7871.46 Mobile Safari/537.36 (compatible; Googlebot/2.1; +http://www.google.com/bot.html)"
212.193.3.149 - - [07/Jul/2026:22:50:12 +0200] "HEAD / HTTP/1.1" 301 - "-" "Mozilla/5.0 (compatible; Googlebot/2.1; +http://www.google.com/bot.html)"
66.249.64.171 - - [07/Jul/2026:22:52:12 +0200] "GET /?h=25904105081100 HTTP/1.1" 301 313 "-" "Mozilla/5.0 (Linux; Android 6.0.1; Nexus 5X Build/MMB29P) AppleWebKit/537.36 (KHTML, like Gecko) Chrome/150.0.7871.46 Mobile Safari/537.36 (compatible; Googlebot/2.1; +http://www.google.com/bot.html)"
66.249.64.170 - - [07/Jul/2026:22:52:12 +0200] "GET /index.php/?h=25904105081100 HTTP/1.1" 301 - "-" "Mozilla/5.0 (Linux; Android 6.0.1; Nexus 5X Build/MMB29P) AppleWebKit/537.36 (KHTML, like Gecko) Chrome/150.0.7871.46 Mobile Safari/537.36 (compatible; Googlebot/2.1; +http://www.google.com/bot.html)"
40.77.167.27 - - [07/Jul/2026:22:53:35 +0200] "GET /assistenza-lavatrici-verona/ HTTP/2.0" 301 296 "-" "Mozilla/5.0 AppleWebKit/537.36 (KHTML, like Gecko; compatible; bingbot/2.0; +http://www.bing.com/bingbot.htm) Chrome/116.0.1938.76 Safari/537.36"
66.249.64.169 - - [07/Jul/2026:22:54:28 +0200] "GET /?h=14868586761100 HTTP/1.1" 301 313 "-" "Mozilla/5.0 (Linux; Android 6.0.1; Nexus 5X Build/MMB29P) AppleWebKit/537.36 (KHTML, like Gecko) Chrome/150.0.7871.46 Mobile Safari/537.36 (compatible; Googlebot/2.1; +http://www.google.com/bot.html)"
66.249.64.171 - - [07/Jul/2026:22:54:29 +0200] "GET /index.php/?h=14868586761100 HTTP/1.1" 301 - "-" "Mozilla/5.0 (Linux; Android 6.0.1; Nexus 5X Build/MMB29P) AppleWebKit/537.36 (KHTML, like Gecko) Chrome/150.0.7871.46 Mobile Safari/537.36 (compatible; Googlebot/2.1; +http://www.google.com/bot.html)"
66.249.64.171 - - [07/Jul/2026:22:55:11 +0200] "GET /?h=40416983041100 HTTP/1.1" 301 313 "-" "Mozilla/5.0 (Linux; Android 6.0.1; Nexus 5X Build/MMB29P) AppleWebKit/537.36 (KHTML, like Gecko) Chrome/150.0.7871.46 Mobile Safari/537.36 (compatible; Googlebot/2.1; +http://www.google.com/bot.html)"
66.249.64.171 - - [07/Jul/2026:22:55:12 +0200] "GET /index.php/?h=40416983041100 HTTP/1.1" 301 - "-" "Mozilla/5.0 (Linux; Android 6.0.1; Nexus 5X Build/MMB29P) AppleWebKit/537.36 (KHTML, like Gecko) Chrome/150.0.7871.46 Mobile Safari/537.36 (compatible; Googlebot/2.1; +http://www.google.com/bot.html)"
196.16.2.84 - - [07/Jul/2026:22:55:20 +0200] "POST /xmlrpc.php HTTP/1.1" 403 52 "-" "Mozilla/5.0 (Macintosh; Intel Mac OS X 10_15_7) AppleWebKit/537.36 (KHTML, like Gecko) Chrome/122.0.0.0 Safari/537.36"
196.16.2.84 - - [07/Jul/2026:22:55:21 +0200] "POST /xmlrpc.php HTTP/1.1" 403 52 "-" "Mozilla/5.0 (Macintosh; Intel Mac OS X 10_15_7) AppleWebKit/537.36 (KHTML, like Gecko) Chrome/122.0.0.0 Safari/537.36"
196.16.2.84 - - [07/Jul/2026:22:55:21 +0200] "POST /xmlrpc.php HTTP/1.1" 403 52 "-" "Mozilla/5.0 (Macintosh; Intel Mac OS X 10_15_7) AppleWebKit/537.36 (KHTML, like Gecko) Chrome/122.0.0.0 Safari/537.36"
66.249.64.170 - - [07/Jul/2026:22:56:42 +0200] "GET /?h=22205093921100 HTTP/1.1" 301 313 "-" "Mozilla/5.0 (compatible; Googlebot/2.1; +http://www.google.com/bot.html)"
66.249.64.169 - - [07/Jul/2026:22:56:43 +0200] "GET /index.php/?h=22205093921100 HTTP/1.1" 301 - "-" "Mozilla/5.0 (compatible; Googlebot/2.1; +http://www.google.com/bot.html)"
212.70.9.192 - - [07/Jul/2026:22:56:44 +0200] "GET /?h=21988574881100 HTTP/1.1" 301 313 "-" "Mozilla/5.0 (X11; Linux x86_64) AppleWebKit/537.36 (KHTML, like Gecko) Chrome/139.0.0.0 Safari/537.36"
212.70.9.192 - - [07/Jul/2026:22:56:44 +0200] "GET /index.php/?h=21988574881100 HTTP/1.1" 301 - "-" "Mozilla/5.0 (X11; Linux x86_64) AppleWebKit/537.36 (KHTML, like Gecko) Chrome/139.0.0.0 Safari/537.36"
45.80.203.120 - - [07/Jul/2026:22:56:47 +0200] "GET /?h=21988574881100 HTTP/2.0" 301 313 "-" "Mozilla/5.0 (Macintosh; Intel Mac OS X 10_15_7) AppleWebKit/605.1.15 (KHTML, like Gecko) Version/18.5 Safari/605.1.15"
45.80.201.157 - - [07/Jul/2026:22:56:47 +0200] "GET /?h=21988574881100 HTTP/2.0" 301 313 "https://www.google.com/" "Mozilla/5.0 (Windows NT 10.0; Win64; x64) AppleWebKit/537.36 (KHTML, like Gecko) Chrome/149.0.0.0 Safari/537.36"
45.80.203.120 - - [07/Jul/2026:22:56:47 +0200] "GET /index.php/?h=21988574881100 HTTP/2.0" 301 - "https://verona.elettroservicegroup.it/?h=21988574881100" "Mozilla/5.0 (Macintosh; Intel Mac OS X 10_15_7) AppleWebKit/605.1.15 (KHTML, like Gecko) Version/18.5 Safari/605.1.15"
212.70.13.243 - - [07/Jul/2026:22:56:47 +0200] "GET /?h=21988574881100 HTTP/2.0" 301 313 "https://www.google.com/" "Mozilla/5.0 (Windows NT 10.0; Win64; x64) AppleWebKit/537.36 (KHTML, like Gecko) Chrome/149.0.0.0 Safari/537.36 Edg/149.0.0.0"
45.136.8.75 - - [07/Jul/2026:22:56:47 +0200] "GET /?h=21988574881100 HTTP/2.0" 301 313 "-" "Mozilla/5.0 (Windows NT 10.0; Win64; x64) AppleWebKit/537.36 (KHTML, like Gecko) Chrome/149.0.0.0 Safari/537.36"
45.80.201.157 - - [07/Jul/2026:22:56:47 +0200] "GET /index.php/?h=21988574881100 HTTP/2.0" 301 - "https://verona.elettroservicegroup.it/?h=21988574881100" "Mozilla/5.0 (Windows NT 10.0; Win64; x64) AppleWebKit/537.36 (KHTML, like Gecko) Chrome/149.0.0.0 Safari/537.36"
151.31.215.183 - - [07/Jul/2026:22:56:47 +0200] "GET /?h=21988574881100 HTTP/2.0" 301 313 "-" "Mozilla/5.0 (Macintosh; Intel Mac OS X 10_15_7) AppleWebKit/605.1.15 (KHTML, like Gecko) Version/18.5 Safari/605.1.15"
45.136.8.75 - - [07/Jul/2026:22:56:47 +0200] "GET /index.php/?h=21988574881100 HTTP/2.0" 301 - "https://verona.elettroservicegroup.it/?h=21988574881100" "Mozilla/5.0 (Windows NT 10.0; Win64; x64) AppleWebKit/537.36 (KHTML, like Gecko) Chrome/149.0.0.0 Safari/537.36"
212.70.13.243 - - [07/Jul/2026:22:56:47 +0200] "GET /index.php/?h=21988574881100 HTTP/2.0" 301 - "https://verona.elettroservicegroup.it/?h=21988574881100" "Mozilla/5.0 (Windows NT 10.0; Win64; x64) AppleWebKit/537.36 (KHTML, like Gecko) Chrome/149.0.0.0 Safari/537.36 Edg/149.0.0.0"
195.32.114.111 - - [07/Jul/2026:22:56:47 +0200] "GET /?h=21988574881100 HTTP/2.0" 301 313 "https://www.google.com/" "Mozilla/5.0 (Windows NT 10.0; Win64; x64) AppleWebKit/537.36 (KHTML, like Gecko) Chrome/149.0.0.0 Safari/537.36"
151.31.215.183 - - [07/Jul/2026:22:56:47 +0200] "GET /index.php/?h=21988574881100 HTTP/2.0" 301 - "https://verona.elettroservicegroup.it/?h=21988574881100" "Mozilla/5.0 (Macintosh; Intel Mac OS X 10_15_7) AppleWebKit/605.1.15 (KHTML, like Gecko) Version/18.5 Safari/605.1.15"
185.125.194.255 - - [07/Jul/2026:22:56:47 +0200] "GET /?h=21988574881100 HTTP/2.0" 301 313 "https://www.google.com/" "Mozilla/5.0 (Windows NT 10.0; Win64; x64) AppleWebKit/537.36 (KHTML, like Gecko) Chrome/149.0.0.0 Safari/537.36"
195.32.114.111 - - [07/Jul/2026:22:56:47 +0200] "GET /index.php/?h=21988574881100 HTTP/2.0" 301 - "https://verona.elettroservicegroup.it/?h=21988574881100" "Mozilla/5.0 (Windows NT 10.0; Win64; x64) AppleWebKit/537.36 (KHTML, like Gecko) Chrome/149.0.0.0 Safari/537.36"
185.125.194.255 - - [07/Jul/2026:22:56:47 +0200] "GET /index.php/?h=21988574881100 HTTP/2.0" 301 - "https://verona.elettroservicegroup.it/?h=21988574881100" "Mozilla/5.0 (Windows NT 10.0; Win64; x64) AppleWebKit/537.36 (KHTML, like Gecko) Chrome/149.0.0.0 Safari/537.36"
5.179.129.38 - - [07/Jul/2026:22:56:47 +0200] "GET /?h=21988574881100 HTTP/2.0" 301 313 "https://www.google.com/" "Mozilla/5.0 (Windows NT 10.0; Win64; x64) AppleWebKit/537.36 (KHTML, like Gecko) Chrome/149.0.0.0 Safari/537.36 Edg/149.0.0.0"
81.180.94.21 - - [07/Jul/2026:22:56:47 +0200] "GET /?h=21988574881100 HTTP/2.0" 301 313 "-" "Mozilla/5.0 (Macintosh; Intel Mac OS X 10_15_7) AppleWebKit/605.1.15 (KHTML, like Gecko) Version/18.5 Safari/605.1.15"
81.180.94.21 - - [07/Jul/2026:22:56:48 +0200] "GET /index.php/?h=21988574881100 HTTP/2.0" 301 - "https://verona.elettroservicegroup.it/?h=21988574881100" "Mozilla/5.0 (Macintosh; Intel Mac OS X 10_15_7) AppleWebKit/605.1.15 (KHTML, like Gecko) Version/18.5 Safari/605.1.15"
5.179.129.38 - - [07/Jul/2026:22:56:48 +0200] "GET /index.php/?h=21988574881100 HTTP/2.0" 301 - "https://verona.elettroservicegroup.it/?h=21988574881100" "Mozilla/5.0 (Windows NT 10.0; Win64; x64) AppleWebKit/537.36 (KHTML, like Gecko) Chrome/149.0.0.0 Safari/537.36 Edg/149.0.0.0"
178.19.145.70 - - [07/Jul/2026:22:56:48 +0200] "GET /?h=21988574881100 HTTP/2.0" 301 313 "https://www.google.com/" "Mozilla/5.0 (Windows NT 10.0; Win64; x64) AppleWebKit/537.36 (KHTML, like Gecko) Chrome/149.0.0.0 Safari/537.36"
31.204.54.29 - - [07/Jul/2026:22:56:48 +0200] "GET /?h=21988574881100 HTTP/2.0" 301 313 "https://www.google.com/" "Mozilla/5.0 (Windows NT 10.0; Win64; x64) AppleWebKit/537.36 (KHTML, like Gecko) Chrome/149.0.0.0 Safari/537.36 Edg/149.0.0.0"
80.96.90.5 - - [07/Jul/2026:22:56:48 +0200] "GET /?h=21988574881100 HTTP/2.0" 301 313 "https://www.google.com/" "Mozilla/5.0 (Windows NT 10.0; Win64; x64) AppleWebKit/537.36 (KHTML, like Gecko) Chrome/149.0.0.0 Safari/537.36"
178.19.145.70 - - [07/Jul/2026:22:56:48 +0200] "GET /index.php/?h=21988574881100 HTTP/2.0" 301 - "https://verona.elettroservicegroup.it/?h=21988574881100" "Mozilla/5.0 (Windows NT 10.0; Win64; x64) AppleWebKit/537.36 (KHTML, like Gecko) Chrome/149.0.0.0 Safari/537.36"
31.204.54.29 - - [07/Jul/2026:22:56:48 +0200] "GET /index.php/?h=21988574881100 HTTP/2.0" 301 - "https://verona.elettroservicegroup.it/?h=21988574881100" "Mozilla/5.0 (Windows NT 10.0; Win64; x64) AppleWebKit/537.36 (KHTML, like Gecko) Chrome/149.0.0.0 Safari/537.36 Edg/149.0.0.0"
80.96.90.5 - - [07/Jul/2026:22:56:48 +0200] "GET /index.php/?h=21988574881100 HTTP/2.0" 301 - "https://verona.elettroservicegroup.it/?h=21988574881100" "Mozilla/5.0 (Windows NT 10.0; Win64; x64) AppleWebKit/537.36 (KHTML, like Gecko) Chrome/149.0.0.0 Safari/537.36"
176.113.108.127 - - [07/Jul/2026:22:56:49 +0200] "GET /?h=21988574881100 HTTP/2.0" 301 313 "https://www.google.com/" "Mozilla/5.0 (Windows NT 10.0; Win64; x64) AppleWebKit/537.36 (KHTML, like Gecko) Chrome/149.0.0.0 Safari/537.36"
176.113.108.127 - - [07/Jul/2026:22:56:49 +0200] "GET /index.php/?h=21988574881100 HTTP/2.0" 301 - "https://verona.elettroservicegroup.it/?h=21988574881100" "Mozilla/5.0 (Windows NT 10.0; Win64; x64) AppleWebKit/537.36 (KHTML, like Gecko) Chrome/149.0.0.0 Safari/537.36"
80.96.91.63 - - [07/Jul/2026:22:56:57 +0200] "GET /?h=21988574881100 HTTP/2.0" 301 313 "-" "Mozilla/5.0 (Windows NT 10.0; Win64; x64) AppleWebKit/537.36 (KHTML, like Gecko) Chrome/149.0.0.0 Safari/537.36"
80.96.91.63 - - [07/Jul/2026:22:56:57 +0200] "GET /index.php/?h=21988574881100 HTTP/2.0" 301 - "https://verona.elettroservicegroup.it/?h=21988574881100" "Mozilla/5.0 (Windows NT 10.0; Win64; x64) AppleWebKit/537.36 (KHTML, like Gecko) Chrome/149.0.0.0 Safari/537.36"
128.116.139.129 - - [07/Jul/2026:22:56:58 +0200] "GET /?h=21988574881100 HTTP/2.0" 301 313 "-" "Mozilla/5.0 (Windows NT 10.0; Win64; x64) AppleWebKit/537.36 (KHTML, like Gecko) Chrome/147.0.0.0 Safari/537.36"
128.116.139.129 - - [07/Jul/2026:22:56:58 +0200] "GET /index.php/?h=21988574881100 HTTP/2.0" 301 - "-" "Mozilla/5.0 (Windows NT 10.0; Win64; x64) AppleWebKit/537.36 (KHTML, like Gecko) Chrome/147.0.0.0 Safari/537.36"
128.116.139.129 - - [07/Jul/2026:22:56:58 +0200] "GET /favicon.ico HTTP/2.0" 301 296 "https://verona.elettroservicegroup.it/index.php/?h=21988574881100" "Mozilla/5.0 (Windows NT 10.0; Win64; x64) AppleWebKit/537.36 (KHTML, like Gecko) Chrome/147.0.0.0 Safari/537.36"
128.116.139.129 - - [07/Jul/2026:22:56:58 +0200] "GET /index.php/ HTTP/2.0" 301 - "https://verona.elettroservicegroup.it/index.php/?h=21988574881100" "Mozilla/5.0 (Windows NT 10.0; Win64; x64) AppleWebKit/537.36 (KHTML, like Gecko) Chrome/147.0.0.0 Safari/537.36"
66.249.64.169 - - [07/Jul/2026:22:57:13 +0200] "GET /?h=15922684761100 HTTP/1.1" 301 313 "-" "Mozilla/5.0 (Linux; Android 6.0.1; Nexus 5X Build/MMB29P) AppleWebKit/537.36 (KHTML, like Gecko) Chrome/150.0.7871.46 Mobile Safari/537.36 (compatible; Googlebot/2.1; +http://www.google.com/bot.html)"
66.249.64.169 - - [07/Jul/2026:22:57:13 +0200] "GET /index.php/?h=15922684761100 HTTP/1.1" 301 - "-" "Mozilla/5.0 (Linux; Android 6.0.1; Nexus 5X Build/MMB29P) AppleWebKit/537.36 (KHTML, like Gecko) Chrome/150.0.7871.46 Mobile Safari/537.36 (compatible; Googlebot/2.1; +http://www.google.com/bot.html)"
66.249.64.169 - - [07/Jul/2026:22:57:30 +0200] "GET /?h=29963941521100 HTTP/1.1" 301 313 "-" "Mozilla/5.0 (Linux; Android 6.0.1; Nexus 5X Build/MMB29P) AppleWebKit/537.36 (KHTML, like Gecko) Chrome/150.0.7871.46 Mobile Safari/537.36 (compatible; Googlebot/2.1; +http://www.google.com/bot.html)"
66.249.64.169 - - [07/Jul/2026:22:57:30 +0200] "GET /index.php/?h=29963941521100 HTTP/1.1" 301 - "-" "Mozilla/5.0 (Linux; Android 6.0.1; Nexus 5X Build/MMB29P) AppleWebKit/537.36 (KHTML, like Gecko) Chrome/150.0.7871.46 Mobile Safari/537.36 (compatible; Googlebot/2.1; +http://www.google.com/bot.html)"
66.249.64.170 - - [07/Jul/2026:22:58:07 +0200] "GET /?h=18448730281100 HTTP/1.1" 301 313 "-" "Mozilla/5.0 (compatible; Googlebot/2.1; +http://www.google.com/bot.html)"
66.249.64.171 - - [07/Jul/2026:22:58:07 +0200] "GET /index.php/?h=18448730281100 HTTP/1.1" 301 - "-" "Mozilla/5.0 (compatible; Googlebot/2.1; +http://www.google.com/bot.html)"
66.249.64.169 - - [07/Jul/2026:22:59:40 +0200] "GET /?h=29890266561100 HTTP/1.1" 301 313 "-" "Mozilla/5.0 (Linux; Android 6.0.1; Nexus 5X Build/MMB29P) AppleWebKit/537.36 (KHTML, like Gecko) Chrome/150.0.7871.46 Mobile Safari/537.36 (compatible; Googlebot/2.1; +http://www.google.com/bot.html)"
66.249.64.169 - - [07/Jul/2026:22:59:40 +0200] "GET /?h=29890266561100 HTTP/1.1" 301 313 "-" "Mozilla/5.0 (compatible; Googlebot/2.1; +http://www.google.com/bot.html)"
66.249.64.169 - - [07/Jul/2026:22:59:40 +0200] "GET /?h=12174556961100 HTTP/1.1" 301 313 "-" "Mozilla/5.0 (compatible; Googlebot/2.1; +http://www.google.com/bot.html)"
66.249.64.170 - - [07/Jul/2026:22:59:40 +0200] "GET /index.php/?h=29890266561100 HTTP/1.1" 301 - "-" "Mozilla/5.0 (Linux; Android 6.0.1; Nexus 5X Build/MMB29P) AppleWebKit/537.36 (KHTML, like Gecko) Chrome/150.0.7871.46 Mobile Safari/537.36 (compatible; Googlebot/2.1; +http://www.google.com/bot.html)"
66.249.64.170 - - [07/Jul/2026:22:59:40 +0200] "GET /index.php/?h=29890266561100 HTTP/1.1" 301 - "-" "Mozilla/5.0 (compatible; Googlebot/2.1; +http://www.google.com/bot.html)"
66.249.64.171 - - [07/Jul/2026:22:59:41 +0200] "GET /index.php/?h=12174556961100 HTTP/1.1" 301 - "-" "Mozilla/5.0 (compatible; Googlebot/2.1; +http://www.google.com/bot.html)"
212.193.3.149 - - [07/Jul/2026:23:00:35 +0200] "HEAD / HTTP/1.1" 301 - "-" "Mozilla/5.0 (compatible; Googlebot/2.1; +http://www.google.com/bot.html)"
66.249.64.170 - - [07/Jul/2026:23:04:22 +0200] "GET /?h=16020470441100 HTTP/1.1" 301 313 "-" "Mozilla/5.0 (Linux; Android 6.0.1; Nexus 5X Build/MMB29P) AppleWebKit/537.36 (KHTML, like Gecko) Chrome/150.0.7871.46 Mobile Safari/537.36 (compatible; Googlebot/2.1; +http://www.google.com/bot.html)"
66.249.64.171 - - [07/Jul/2026:23:04:22 +0200] "GET /?h=16020470441100 HTTP/1.1" 301 313 "-" "Mozilla/5.0 (compatible; Googlebot/2.1; +http://www.google.com/bot.html)"
66.249.64.170 - - [07/Jul/2026:23:04:22 +0200] "GET /index.php/?h=16020470441100 HTTP/1.1" 301 - "-" "Mozilla/5.0 (Linux; Android 6.0.1; Nexus 5X Build/MMB29P) AppleWebKit/537.36 (KHTML, like Gecko) Chrome/150.0.7871.46 Mobile Safari/537.36 (compatible; Googlebot/2.1; +http://www.google.com/bot.html)"
66.249.64.170 - - [07/Jul/2026:23:04:22 +0200] "GET /index.php/?h=16020470441100 HTTP/1.1" 301 - "-" "Mozilla/5.0 (compatible; Googlebot/2.1; +http://www.google.com/bot.html)"
66.249.64.170 - - [07/Jul/2026:23:05:37 +0200] "GET /?h=33082490081100 HTTP/1.1" 301 313 "-" "Mozilla/5.0 (compatible; Googlebot/2.1; +http://www.google.com/bot.html)"
66.249.64.169 - - [07/Jul/2026:23:05:37 +0200] "GET /index.php/?h=33082490081100 HTTP/1.1" 301 - "-" "Mozilla/5.0 (compatible; Googlebot/2.1; +http://www.google.com/bot.html)"
66.249.64.170 - - [07/Jul/2026:23:05:50 +0200] "GET /productSearch/pictureSearch?id=4365608001100 HTTP/1.1" 301 313 "-" "Mozilla/5.0 (Linux; Android 6.0.1; Nexus 5X Build/MMB29P) AppleWebKit/537.36 (KHTML, like Gecko) Chrome/150.0.7871.46 Mobile Safari/537.36 (compatible; Googlebot/2.1; +http://www.google.com/bot.html)"
66.249.64.170 - - [07/Jul/2026:23:05:50 +0200] "GET /index.php/?id=4365608001100 HTTP/1.1" 301 - "-" "Mozilla/5.0 (Linux; Android 6.0.1; Nexus 5X Build/MMB29P) AppleWebKit/537.36 (KHTML, like Gecko) Chrome/150.0.7871.46 Mobile Safari/537.36 (compatible; Googlebot/2.1; +http://www.google.com/bot.html)"
66.249.64.169 - - [07/Jul/2026:23:06:43 +0200] "GET /?h=5385434761100 HTTP/1.1" 301 312 "-" "Mozilla/5.0 (compatible; Googlebot/2.1; +http://www.google.com/bot.html)"
66.249.64.170 - - [07/Jul/2026:23:06:44 +0200] "GET /index.php/?h=5385434761100 HTTP/1.1" 301 - "-" "Mozilla/5.0 (compatible; Googlebot/2.1; +http://www.google.com/bot.html)"
66.249.64.169 - - [07/Jul/2026:23:07:09 +0200] "GET /?h=15757445761100 HTTP/1.1" 301 313 "-" "Mozilla/5.0 (Linux; Android 6.0.1; Nexus 5X Build/MMB29P) AppleWebKit/537.36 (KHTML, like Gecko) Chrome/150.0.7871.46 Mobile Safari/537.36 (compatible; Googlebot/2.1; +http://www.google.com/bot.html)"
66.249.64.171 - - [07/Jul/2026:23:07:10 +0200] "GET /index.php/?h=15757445761100 HTTP/1.1" 301 - "-" "Mozilla/5.0 (Linux; Android 6.0.1; Nexus 5X Build/MMB29P) AppleWebKit/537.36 (KHTML, like Gecko) Chrome/150.0.7871.46 Mobile Safari/537.36 (compatible; Googlebot/2.1; +http://www.google.com/bot.html)"
66.249.64.170 - - [07/Jul/2026:23:07:46 +0200] "GET /?h=25865566721100 HTTP/1.1" 301 313 "-" "Mozilla/5.0 (Linux; Android 6.0.1; Nexus 5X Build/MMB29P) AppleWebKit/537.36 (KHTML, like Gecko) Chrome/150.0.7871.46 Mobile Safari/537.36 (compatible; Googlebot/2.1; +http://www.google.com/bot.html)"
66.249.64.169 - - [07/Jul/2026:23:07:47 +0200] "GET /index.php/?h=25865566721100 HTTP/1.1" 301 - "-" "Mozilla/5.0 (Linux; Android 6.0.1; Nexus 5X Build/MMB29P) AppleWebKit/537.36 (KHTML, like Gecko) Chrome/150.0.7871.46 Mobile Safari/537.36 (compatible; Googlebot/2.1; +http://www.google.com/bot.html)"
212.193.3.149 - - [07/Jul/2026:23:10:09 +0200] "HEAD / HTTP/1.1" 301 - "-" "Mozilla/5.0 (compatible; Googlebot/2.1; +http://www.google.com/bot.html)"
66.249.64.171 - - [07/Jul/2026:23:10:32 +0200] "GET /?h=38573557361100 HTTP/1.1" 301 313 "-" "Mozilla/5.0 (Linux; Android 6.0.1; Nexus 5X Build/MMB29P) AppleWebKit/537.36 (KHTML, like Gecko) Chrome/150.0.7871.46 Mobile Safari/537.36 (compatible; Googlebot/2.1; +http://www.google.com/bot.html)"
66.249.64.170 - - [07/Jul/2026:23:10:32 +0200] "GET /index.php/?h=38573557361100 HTTP/1.1" 301 - "-" "Mozilla/5.0 (Linux; Android 6.0.1; Nexus 5X Build/MMB29P) AppleWebKit/537.36 (KHTML, like Gecko) Chrome/150.0.7871.46 Mobile Safari/537.36 (compatible; Googlebot/2.1; +http://www.google.com/bot.html)"
66.249.64.171 - - [07/Jul/2026:23:11:50 +0200] "GET /?h=1073569681100 HTTP/1.1" 301 312 "-" "Mozilla/5.0 (compatible; Googlebot/2.1; +http://www.google.com/bot.html)"
66.249.64.170 - - [07/Jul/2026:23:11:50 +0200] "GET /?h=1073569681100 HTTP/1.1" 301 312 "-" "Mozilla/5.0 (Linux; Android 6.0.1; Nexus 5X Build/MMB29P) AppleWebKit/537.36 (KHTML, like Gecko) Chrome/150.0.7871.46 Mobile Safari/537.36 (compatible; Googlebot/2.1; +http://www.google.com/bot.html)"
66.249.64.171 - - [07/Jul/2026:23:11:50 +0200] "GET /index.php/?h=1073569681100 HTTP/1.1" 301 - "-" "Mozilla/5.0 (compatible; Googlebot/2.1; +http://www.google.com/bot.html)"
66.249.64.171 - - [07/Jul/2026:23:11:51 +0200] "GET /index.php/?h=1073569681100 HTTP/1.1" 301 - "-" "Mozilla/5.0 (Linux; Android 6.0.1; Nexus 5X Build/MMB29P) AppleWebKit/537.36 (KHTML, like Gecko) Chrome/150.0.7871.46 Mobile Safari/537.36 (compatible; Googlebot/2.1; +http://www.google.com/bot.html)"
66.249.64.171 - - [07/Jul/2026:23:12:09 +0200] "GET /?h=18505769441100 HTTP/1.1" 301 313 "-" "Mozilla/5.0 (Linux; Android 6.0.1; Nexus 5X Build/MMB29P) AppleWebKit/537.36 (KHTML, like Gecko) Chrome/150.0.7871.46 Mobile Safari/537.36 (compatible; Googlebot/2.1; +http://www.google.com/bot.html)"
66.249.64.171 - - [07/Jul/2026:23:12:09 +0200] "GET /index.php/?h=18505769441100 HTTP/1.1" 301 - "-" "Mozilla/5.0 (Linux; Android 6.0.1; Nexus 5X Build/MMB29P) AppleWebKit/537.36 (KHTML, like Gecko) Chrome/150.0.7871.46 Mobile Safari/537.36 (compatible; Googlebot/2.1; +http://www.google.com/bot.html)"
66.249.64.169 - - [07/Jul/2026:23:12:55 +0200] "GET /productSearch/pictureSearch?id=29422360441100 HTTP/1.1" 301 314 "-" "Mozilla/5.0 (compatible; Googlebot/2.1; +http://www.google.com/bot.html)"
66.249.64.169 - - [07/Jul/2026:23:12:55 +0200] "GET /index.php/?id=29422360441100 HTTP/1.1" 301 - "-" "Mozilla/5.0 (compatible; Googlebot/2.1; +http://www.google.com/bot.html)"
216.73.216.138 - - [07/Jul/2026:23:13:36 +0200] "GET /robots.txt HTTP/2.0" 200 79 "-" "Mozilla/5.0 AppleWebKit/537.36 (KHTML, like Gecko; compatible; ClaudeBot/1.0; +claudebot@anthropic.com)"
66.249.64.169 - - [07/Jul/2026:23:13:43 +0200] "GET /?h=40568674681100 HTTP/1.1" 301 313 "-" "Mozilla/5.0 (Linux; Android 6.0.1; Nexus 5X Build/MMB29P) AppleWebKit/537.36 (KHTML, like Gecko) Chrome/150.0.7871.46 Mobile Safari/537.36 (compatible; Googlebot/2.1; +http://www.google.com/bot.html)"
66.249.64.169 - - [07/Jul/2026:23:13:43 +0200] "GET /?h=40568674681100 HTTP/1.1" 301 313 "-" "Mozilla/5.0 (compatible; Googlebot/2.1; +http://www.google.com/bot.html)"
66.249.64.169 - - [07/Jul/2026:23:13:43 +0200] "GET /index.php/?h=40568674681100 HTTP/1.1" 301 - "-" "Mozilla/5.0 (compatible; Googlebot/2.1; +http://www.google.com/bot.html)"
66.249.64.171 - - [07/Jul/2026:23:13:43 +0200] "GET /index.php/?h=40568674681100 HTTP/1.1" 301 - "-" "Mozilla/5.0 (Linux; Android 6.0.1; Nexus 5X Build/MMB29P) AppleWebKit/537.36 (KHTML, like Gecko) Chrome/150.0.7871.46 Mobile Safari/537.36 (compatible; Googlebot/2.1; +http://www.google.com/bot.html)"
66.249.64.171 - - [07/Jul/2026:23:14:04 +0200] "GET /?h=659017481100 HTTP/1.1" 301 311 "-" "Mozilla/5.0 (Linux; Android 6.0.1; Nexus 5X Build/MMB29P) AppleWebKit/537.36 (KHTML, like Gecko) Chrome/150.0.7871.46 Mobile Safari/537.36 (compatible; Googlebot/2.1; +http://www.google.com/bot.html)"
66.249.64.169 - - [07/Jul/2026:23:14:04 +0200] "GET /index.php/?h=659017481100 HTTP/1.1" 301 - "-" "Mozilla/5.0 (Linux; Android 6.0.1; Nexus 5X Build/MMB29P) AppleWebKit/537.36 (KHTML, like Gecko) Chrome/150.0.7871.46 Mobile Safari/537.36 (compatible; Googlebot/2.1; +http://www.google.com/bot.html)"
66.249.64.170 - - [07/Jul/2026:23:14:34 +0200] "GET /?h=42409325241100 HTTP/1.1" 301 313 "-" "Mozilla/5.0 (Linux; Android 6.0.1; Nexus 5X Build/MMB29P) AppleWebKit/537.36 (KHTML, like Gecko) Chrome/150.0.7871.46 Mobile Safari/537.36 (compatible; Googlebot/2.1; +http://www.google.com/bot.html)"
66.249.64.169 - - [07/Jul/2026:23:14:34 +0200] "GET /index.php/?h=42409325241100 HTTP/1.1" 301 - "-" "Mozilla/5.0 (Linux; Android 6.0.1; Nexus 5X Build/MMB29P) AppleWebKit/537.36 (KHTML, like Gecko) Chrome/150.0.7871.46 Mobile Safari/537.36 (compatible; Googlebot/2.1; +http://www.google.com/bot.html)"
216.73.216.138 - - [07/Jul/2026:23:15:49 +0200] "GET /?h=37866468721100 HTTP/2.0" 301 313 "-" "Mozilla/5.0 AppleWebKit/537.36 (KHTML, like Gecko; compatible; ClaudeBot/1.0; +claudebot@anthropic.com)"
216.73.216.138 - - [07/Jul/2026:23:15:50 +0200] "GET /index.php/?h=37866468721100 HTTP/2.0" 301 - "https://verona.elettroservicegroup.it/?h=37866468721100" "Mozilla/5.0 AppleWebKit/537.36 (KHTML, like Gecko; compatible; ClaudeBot/1.0; +claudebot@anthropic.com)"
66.249.64.170 - - [07/Jul/2026:23:18:47 +0200] "GET /product/review/30509655441100 HTTP/1.1" 301 296 "-" "Mozilla/5.0 (Linux; Android 6.0.1; Nexus 5X Build/MMB29P) AppleWebKit/537.36 (KHTML, like Gecko) Chrome/150.0.7871.46 Mobile Safari/537.36 (compatible; Googlebot/2.1; +http://www.google.com/bot.html)"
66.249.64.169 - - [07/Jul/2026:23:18:48 +0200] "GET /?h=29774412761100 HTTP/1.1" 301 313 "-" "Mozilla/5.0 (Linux; Android 6.0.1; Nexus 5X Build/MMB29P) AppleWebKit/537.36 (KHTML, like Gecko) Chrome/150.0.7871.46 Mobile Safari/537.36 (compatible; Googlebot/2.1; +http://www.google.com/bot.html)"
66.249.64.170 - - [07/Jul/2026:23:18:48 +0200] "GET /index.php/?h=29774412761100 HTTP/1.1" 301 - "-" "Mozilla/5.0 (Linux; Android 6.0.1; Nexus 5X Build/MMB29P) AppleWebKit/537.36 (KHTML, like Gecko) Chrome/150.0.7871.46 Mobile Safari/537.36 (compatible; Googlebot/2.1; +http://www.google.com/bot.html)"
66.249.64.170 - - [07/Jul/2026:23:18:51 +0200] "GET /?h=34260543441100 HTTP/1.1" 301 313 "-" "Mozilla/5.0 (Linux; Android 6.0.1; Nexus 5X Build/MMB29P) AppleWebKit/537.36 (KHTML, like Gecko) Chrome/150.0.7871.46 Mobile Safari/537.36 (compatible; Googlebot/2.1; +http://www.google.com/bot.html)"
66.249.64.169 - - [07/Jul/2026:23:18:51 +0200] "GET /index.php/?h=34260543441100 HTTP/1.1" 301 - "-" "Mozilla/5.0 (Linux; Android 6.0.1; Nexus 5X Build/MMB29P) AppleWebKit/537.36 (KHTML, like Gecko) Chrome/150.0.7871.46 Mobile Safari/537.36 (compatible; Googlebot/2.1; +http://www.google.com/bot.html)"
212.193.3.149 - - [07/Jul/2026:23:20:48 +0200] "HEAD / HTTP/1.1" 301 - "-" "Mozilla/5.0 (compatible; Googlebot/2.1; +http://www.google.com/bot.html)"
66.249.64.170 - - [07/Jul/2026:23:20:51 +0200] "GET /?h=22627225481100 HTTP/1.1" 301 313 "-" "Mozilla/5.0 (Linux; Android 6.0.1; Nexus 5X Build/MMB29P) AppleWebKit/537.36 (KHTML, like Gecko) Chrome/150.0.7871.46 Mobile Safari/537.36 (compatible; Googlebot/2.1; +http://www.google.com/bot.html)"
66.249.64.169 - - [07/Jul/2026:23:20:52 +0200] "GET /index.php/?h=22627225481100 HTTP/1.1" 301 - "-" "Mozilla/5.0 (Linux; Android 6.0.1; Nexus 5X Build/MMB29P) AppleWebKit/537.36 (KHTML, like Gecko) Chrome/150.0.7871.46 Mobile Safari/537.36 (compatible; Googlebot/2.1; +http://www.google.com/bot.html)"
188.95.153.101 - - [07/Jul/2026:23:21:56 +0200] "GET /?h=42111432521100 HTTP/1.1" 301 313 "-" "Mozilla/5.0 (X11; Linux x86_64) AppleWebKit/537.36 (KHTML, like Gecko) Chrome/138.0.0.0 Safari/537.36"
188.95.153.101 - - [07/Jul/2026:23:21:56 +0200] "GET /index.php/?h=42111432521100 HTTP/1.1" 301 - "-" "Mozilla/5.0 (X11; Linux x86_64) AppleWebKit/537.36 (KHTML, like Gecko) Chrome/138.0.0.0 Safari/537.36"
193.254.27.117 - - [07/Jul/2026:23:21:58 +0200] "GET /?h=42111432521100 HTTP/2.0" 301 313 "-" "Mozilla/5.0 (Windows NT 10.0; Win64; x64) AppleWebKit/537.36 (KHTML, like Gecko) Chrome/149.0.0.0 Safari/537.36 Edg/149.0.0.0"
193.254.27.117 - - [07/Jul/2026:23:21:58 +0200] "GET /index.php/?h=42111432521100 HTTP/2.0" 301 - "https://verona.elettroservicegroup.it/?h=42111432521100" "Mozilla/5.0 (Windows NT 10.0; Win64; x64) AppleWebKit/537.36 (KHTML, like Gecko) Chrome/149.0.0.0 Safari/537.36 Edg/149.0.0.0"
193.254.28.29 - - [07/Jul/2026:23:21:58 +0200] "GET /?h=42111432521100 HTTP/2.0" 301 313 "https://verona.elettroservicegroup.it/" "Mozilla/5.0 (Windows NT 10.0; Win64; x64) AppleWebKit/537.36 (KHTML, like Gecko) Chrome/149.0.0.0 Safari/537.36"
193.254.28.29 - - [07/Jul/2026:23:21:58 +0200] "GET /index.php/?h=42111432521100 HTTP/2.0" 301 - "https://verona.elettroservicegroup.it/?h=42111432521100" "Mozilla/5.0 (Windows NT 10.0; Win64; x64) AppleWebKit/537.36 (KHTML, like Gecko) Chrome/149.0.0.0 Safari/537.36"
212.70.9.116 - - [07/Jul/2026:23:21:58 +0200] "GET /?h=42111432521100 HTTP/2.0" 301 313 "https://verona.elettroservicegroup.it/" "Mozilla/5.0 (Windows NT 10.0; Win64; x64; rv:152.0) Gecko/20100101 Firefox/152.0"
194.0.133.79 - - [07/Jul/2026:23:21:58 +0200] "GET /?h=42111432521100 HTTP/2.0" 301 313 "https://verona.elettroservicegroup.it/" "Mozilla/5.0 (Windows NT 10.0; Win64; x64) AppleWebKit/537.36 (KHTML, like Gecko) Chrome/149.0.0.0 Safari/537.36"
212.70.9.116 - - [07/Jul/2026:23:21:58 +0200] "GET /index.php/?h=42111432521100 HTTP/2.0" 301 - "https://verona.elettroservicegroup.it/?h=42111432521100" "Mozilla/5.0 (Windows NT 10.0; Win64; x64; rv:152.0) Gecko/20100101 Firefox/152.0"
194.0.133.79 - - [07/Jul/2026:23:21:58 +0200] "GET /index.php/?h=42111432521100 HTTP/2.0" 301 - "https://verona.elettroservicegroup.it/?h=42111432521100" "Mozilla/5.0 (Windows NT 10.0; Win64; x64) AppleWebKit/537.36 (KHTML, like Gecko) Chrome/149.0.0.0 Safari/537.36"
93.44.171.166 - - [07/Jul/2026:23:21:59 +0200] "GET /?h=42111432521100 HTTP/2.0" 301 313 "https://verona.elettroservicegroup.it/" "Mozilla/5.0 (Windows NT 10.0; Win64; x64; rv:152.0) Gecko/20100101 Firefox/152.0"
45.136.8.114 - - [07/Jul/2026:23:21:59 +0200] "GET /?h=42111432521100 HTTP/2.0" 301 313 "-" "Mozilla/5.0 (Windows NT 10.0; Win64; x64) AppleWebKit/537.36 (KHTML, like Gecko) Chrome/149.0.0.0 Safari/537.36"
93.44.171.166 - - [07/Jul/2026:23:21:59 +0200] "GET /index.php/?h=42111432521100 HTTP/2.0" 301 - "https://verona.elettroservicegroup.it/?h=42111432521100" "Mozilla/5.0 (Windows NT 10.0; Win64; x64; rv:152.0) Gecko/20100101 Firefox/152.0"
45.136.8.114 - - [07/Jul/2026:23:21:59 +0200] "GET /index.php/?h=42111432521100 HTTP/2.0" 301 - "https://verona.elettroservicegroup.it/?h=42111432521100" "Mozilla/5.0 (Windows NT 10.0; Win64; x64) AppleWebKit/537.36 (KHTML, like Gecko) Chrome/149.0.0.0 Safari/537.36"
84.33.67.165 - - [07/Jul/2026:23:21:59 +0200] "GET /?h=42111432521100 HTTP/2.0" 301 313 "https://verona.elettroservicegroup.it/" "Mozilla/5.0 (Windows NT 10.0; Win64; x64) AppleWebKit/537.36 (KHTML, like Gecko) Chrome/149.0.0.0 Safari/537.36"
94.163.167.4 - - [07/Jul/2026:23:21:59 +0200] "GET /?h=42111432521100 HTTP/2.0" 301 313 "https://verona.elettroservicegroup.it/" "Mozilla/5.0 (Windows NT 10.0; Win64; x64) AppleWebKit/537.36 (KHTML, like Gecko) Chrome/149.0.0.0 Safari/537.36"
151.35.99.113 - - [07/Jul/2026:23:21:59 +0200] "GET /?h=42111432521100 HTTP/2.0" 301 313 "-" "Mozilla/5.0 (Windows NT 10.0; Win64; x64) AppleWebKit/537.36 (KHTML, like Gecko) Chrome/149.0.0.0 Safari/537.36 Edg/149.0.0.0"
151.35.99.113 - - [07/Jul/2026:23:21:59 +0200] "GET /index.php/?h=42111432521100 HTTP/2.0" 301 - "https://verona.elettroservicegroup.it/?h=42111432521100" "Mozilla/5.0 (Windows NT 10.0; Win64; x64) AppleWebKit/537.36 (KHTML, like Gecko) Chrome/149.0.0.0 Safari/537.36 Edg/149.0.0.0"
84.33.67.165 - - [07/Jul/2026:23:21:59 +0200] "GET /index.php/?h=42111432521100 HTTP/2.0" 301 - "https://verona.elettroservicegroup.it/?h=42111432521100" "Mozilla/5.0 (Windows NT 10.0; Win64; x64) AppleWebKit/537.36 (KHTML, like Gecko) Chrome/149.0.0.0 Safari/537.36"
31.204.54.85 - - [07/Jul/2026:23:21:59 +0200] "GET /?h=42111432521100 HTTP/2.0" 301 313 "https://verona.elettroservicegroup.it/" "Mozilla/5.0 (Windows NT 10.0; Win64; x64; rv:152.0) Gecko/20100101 Firefox/152.0"
93.45.87.51 - - [07/Jul/2026:23:21:59 +0200] "GET /?h=42111432521100 HTTP/2.0" 301 313 "-" "Mozilla/5.0 (Windows NT 10.0; Win64; x64) AppleWebKit/537.36 (KHTML, like Gecko) Chrome/149.0.0.0 Safari/537.36"
31.204.54.85 - - [07/Jul/2026:23:21:59 +0200] "GET /index.php/?h=42111432521100 HTTP/2.0" 301 - "https://verona.elettroservicegroup.it/?h=42111432521100" "Mozilla/5.0 (Windows NT 10.0; Win64; x64; rv:152.0) Gecko/20100101 Firefox/152.0"
94.163.167.4 - - [07/Jul/2026:23:21:59 +0200] "GET /index.php/?h=42111432521100 HTTP/2.0" 301 - "https://verona.elettroservicegroup.it/?h=42111432521100" "Mozilla/5.0 (Windows NT 10.0; Win64; x64) AppleWebKit/537.36 (KHTML, like Gecko) Chrome/149.0.0.0 Safari/537.36"
93.45.87.51 - - [07/Jul/2026:23:21:59 +0200] "GET /index.php/?h=42111432521100 HTTP/2.0" 301 - "https://verona.elettroservicegroup.it/?h=42111432521100" "Mozilla/5.0 (Windows NT 10.0; Win64; x64) AppleWebKit/537.36 (KHTML, like Gecko) Chrome/149.0.0.0 Safari/537.36"
80.96.91.63 - - [07/Jul/2026:23:22:00 +0200] "GET /?h=42111432521100 HTTP/2.0" 301 313 "https://verona.elettroservicegroup.it/" "Mozilla/5.0 (Windows NT 10.0; Win64; x64) AppleWebKit/537.36 (KHTML, like Gecko) Chrome/149.0.0.0 Safari/537.36"
80.96.90.233 - - [07/Jul/2026:23:22:00 +0200] "GET /?h=42111432521100 HTTP/2.0" 301 313 "-" "Mozilla/5.0 (Windows NT 10.0; Win64; x64) AppleWebKit/537.36 (KHTML, like Gecko) Chrome/149.0.0.0 Safari/537.36 Edg/149.0.0.0"
80.96.91.63 - - [07/Jul/2026:23:22:00 +0200] "GET /index.php/?h=42111432521100 HTTP/2.0" 301 - "https://verona.elettroservicegroup.it/?h=42111432521100" "Mozilla/5.0 (Windows NT 10.0; Win64; x64) AppleWebKit/537.36 (KHTML, like Gecko) Chrome/149.0.0.0 Safari/537.36"
80.96.90.233 - - [07/Jul/2026:23:22:00 +0200] "GET /index.php/?h=42111432521100 HTTP/2.0" 301 - "https://verona.elettroservicegroup.it/?h=42111432521100" "Mozilla/5.0 (Windows NT 10.0; Win64; x64) AppleWebKit/537.36 (KHTML, like Gecko) Chrome/149.0.0.0 Safari/537.36 Edg/149.0.0.0"
80.96.91.177 - - [07/Jul/2026:23:22:00 +0200] "GET /?h=42111432521100 HTTP/2.0" 301 313 "https://verona.elettroservicegroup.it/" "Mozilla/5.0 (Windows NT 10.0; Win64; x64) AppleWebKit/537.36 (KHTML, like Gecko) Chrome/149.0.0.0 Safari/537.36"
80.96.91.177 - - [07/Jul/2026:23:22:00 +0200] "GET /index.php/?h=42111432521100 HTTP/2.0" 301 - "https://verona.elettroservicegroup.it/?h=42111432521100" "Mozilla/5.0 (Windows NT 10.0; Win64; x64) AppleWebKit/537.36 (KHTML, like Gecko) Chrome/149.0.0.0 Safari/537.36"
80.96.91.154 - - [07/Jul/2026:23:22:00 +0200] "GET /?h=42111432521100 HTTP/2.0" 301 313 "-" "Mozilla/5.0 (Windows NT 10.0; Win64; x64) AppleWebKit/537.36 (KHTML, like Gecko) Chrome/149.0.0.0 Safari/537.36"
80.96.91.154 - - [07/Jul/2026:23:22:00 +0200] "GET /index.php/?h=42111432521100 HTTP/2.0" 301 - "https://verona.elettroservicegroup.it/?h=42111432521100" "Mozilla/5.0 (Windows NT 10.0; Win64; x64) AppleWebKit/537.36 (KHTML, like Gecko) Chrome/149.0.0.0 Safari/537.36"
2.156.97.206 - - [07/Jul/2026:23:22:02 +0200] "GET /?h=42111432521100 HTTP/2.0" 301 313 "-" "Mozilla/5.0 (Windows NT 10.0; Win64; x64) AppleWebKit/537.36 (KHTML, like Gecko) Chrome/150.0.0.0 Safari/537.36"
2.156.97.206 - - [07/Jul/2026:23:22:02 +0200] "GET /index.php/?h=42111432521100 HTTP/2.0" 301 - "-" "Mozilla/5.0 (Windows NT 10.0; Win64; x64) AppleWebKit/537.36 (KHTML, like Gecko) Chrome/150.0.0.0 Safari/537.36"
2.156.97.206 - - [07/Jul/2026:23:22:03 +0200] "GET /favicon.ico HTTP/2.0" 301 296 "https://verona.elettroservicegroup.it/index.php/?h=42111432521100" "Mozilla/5.0 (Windows NT 10.0; Win64; x64) AppleWebKit/537.36 (KHTML, like Gecko) Chrome/150.0.0.0 Safari/537.36"
2.156.97.206 - - [07/Jul/2026:23:22:03 +0200] "GET /index.php/ HTTP/2.0" 301 - "https://verona.elettroservicegroup.it/index.php/?h=42111432521100" "Mozilla/5.0 (Windows NT 10.0; Win64; x64) AppleWebKit/537.36 (KHTML, like Gecko) Chrome/150.0.0.0 Safari/537.36"
66.249.64.170 - - [07/Jul/2026:23:25:34 +0200] "GET /?h=19849002121100 HTTP/1.1" 301 313 "-" "Mozilla/5.0 (Linux; Android 6.0.1; Nexus 5X Build/MMB29P) AppleWebKit/537.36 (KHTML, like Gecko) Chrome/150.0.7871.46 Mobile Safari/537.36 (compatible; Googlebot/2.1; +http://www.google.com/bot.html)"
66.249.64.169 - - [07/Jul/2026:23:25:34 +0200] "GET /index.php/?h=19849002121100 HTTP/1.1" 301 - "-" "Mozilla/5.0 (Linux; Android 6.0.1; Nexus 5X Build/MMB29P) AppleWebKit/537.36 (KHTML, like Gecko) Chrome/150.0.7871.46 Mobile Safari/537.36 (compatible; Googlebot/2.1; +http://www.google.com/bot.html)"
66.249.64.169 - - [07/Jul/2026:23:27:09 +0200] "GET /?h=41057483721100 HTTP/1.1" 301 313 "-" "Mozilla/5.0 (compatible; Googlebot/2.1; +http://www.google.com/bot.html)"
66.249.64.169 - - [07/Jul/2026:23:27:09 +0200] "GET /index.php/?h=41057483721100 HTTP/1.1" 301 - "-" "Mozilla/5.0 (compatible; Googlebot/2.1; +http://www.google.com/bot.html)"
66.249.64.170 - - [07/Jul/2026:23:27:31 +0200] "GET /?h=29920121481100 HTTP/1.1" 301 313 "-" "Mozilla/5.0 (compatible; Googlebot/2.1; +http://www.google.com/bot.html)"
66.249.64.170 - - [07/Jul/2026:23:27:31 +0200] "GET /index.php/?h=29920121481100 HTTP/1.1" 301 - "-" "Mozilla/5.0 (compatible; Googlebot/2.1; +http://www.google.com/bot.html)"
66.249.64.169 - - [07/Jul/2026:23:28:14 +0200] "GET /?h=32984808841100 HTTP/1.1" 301 313 "-" "Mozilla/5.0 (compatible; Googlebot/2.1; +http://www.google.com/bot.html)"
66.249.64.169 - - [07/Jul/2026:23:28:14 +0200] "GET /index.php/?h=32984808841100 HTTP/1.1" 301 - "-" "Mozilla/5.0 (compatible; Googlebot/2.1; +http://www.google.com/bot.html)"
66.249.64.171 - - [07/Jul/2026:23:29:00 +0200] "GET /?h=18165533761100 HTTP/1.1" 301 313 "-" "Mozilla/5.0 (Linux; Android 6.0.1; Nexus 5X Build/MMB29P) AppleWebKit/537.36 (KHTML, like Gecko) Chrome/150.0.7871.46 Mobile Safari/537.36 (compatible; Googlebot/2.1; +http://www.google.com/bot.html)"
66.249.64.170 - - [07/Jul/2026:23:29:01 +0200] "GET /index.php/?h=18165533761100 HTTP/1.1" 301 - "-" "Mozilla/5.0 (Linux; Android 6.0.1; Nexus 5X Build/MMB29P) AppleWebKit/537.36 (KHTML, like Gecko) Chrome/150.0.7871.46 Mobile Safari/537.36 (compatible; Googlebot/2.1; +http://www.google.com/bot.html)"
66.249.64.170 - - [07/Jul/2026:23:29:25 +0200] "GET /?h=11910174561100 HTTP/1.1" 301 313 "-" "Mozilla/5.0 (compatible; Googlebot/2.1; +http://www.google.com/bot.html)"
66.249.64.170 - - [07/Jul/2026:23:29:25 +0200] "GET /index.php/?h=11910174561100 HTTP/1.1" 301 - "-" "Mozilla/5.0 (compatible; Googlebot/2.1; +http://www.google.com/bot.html)"
212.193.3.149 - - [07/Jul/2026:23:30:02 +0200] "HEAD / HTTP/1.1" 301 - "-" "Mozilla/5.0 (compatible; Googlebot/2.1; +http://www.google.com/bot.html)"
66.249.64.170 - - [07/Jul/2026:23:31:59 +0200] "GET /?h=29381882481100 HTTP/1.1" 301 313 "-" "Mozilla/5.0 (compatible; Googlebot/2.1; +http://www.google.com/bot.html)"
66.249.64.170 - - [07/Jul/2026:23:31:59 +0200] "GET /index.php/?h=29381882481100 HTTP/1.1" 301 - "-" "Mozilla/5.0 (compatible; Googlebot/2.1; +http://www.google.com/bot.html)"
66.249.64.170 - - [07/Jul/2026:23:34:17 +0200] "GET /?h=33158462721100 HTTP/1.1" 301 313 "-" "Mozilla/5.0 (Linux; Android 6.0.1; Nexus 5X Build/MMB29P) AppleWebKit/537.36 (KHTML, like Gecko) Chrome/150.0.7871.46 Mobile Safari/537.36 (compatible; Googlebot/2.1; +http://www.google.com/bot.html)"
66.249.64.171 - - [07/Jul/2026:23:34:18 +0200] "GET /index.php/?h=33158462721100 HTTP/1.1" 301 - "-" "Mozilla/5.0 (Linux; Android 6.0.1; Nexus 5X Build/MMB29P) AppleWebKit/537.36 (KHTML, like Gecko) Chrome/150.0.7871.46 Mobile Safari/537.36 (compatible; Googlebot/2.1; +http://www.google.com/bot.html)"
66.249.64.169 - - [07/Jul/2026:23:35:06 +0200] "GET /?h=22700706481100 HTTP/1.1" 301 313 "-" "Mozilla/5.0 (compatible; Googlebot/2.1; +http://www.google.com/bot.html)"
66.249.64.171 - - [07/Jul/2026:23:35:07 +0200] "GET /index.php/?h=22700706481100 HTTP/1.1" 301 - "-" "Mozilla/5.0 (compatible; Googlebot/2.1; +http://www.google.com/bot.html)"
66.249.64.171 - - [07/Jul/2026:23:39:27 +0200] "GET /?h=5066877841100 HTTP/1.1" 301 312 "-" "Mozilla/5.0 (Linux; Android 6.0.1; Nexus 5X Build/MMB29P) AppleWebKit/537.36 (KHTML, like Gecko) Chrome/150.0.7871.46 Mobile Safari/537.36 (compatible; Googlebot/2.1; +http://www.google.com/bot.html)"
66.249.64.171 - - [07/Jul/2026:23:39:28 +0200] "GET /index.php/?h=5066877841100 HTTP/1.1" 301 - "-" "Mozilla/5.0 (Linux; Android 6.0.1; Nexus 5X Build/MMB29P) AppleWebKit/537.36 (KHTML, like Gecko) Chrome/150.0.7871.46 Mobile Safari/537.36 (compatible; Googlebot/2.1; +http://www.google.com/bot.html)"
66.249.64.169 - - [07/Jul/2026:23:40:25 +0200] "GET /productSearch/pictureSearch?id=32677218121100 HTTP/1.1" 301 314 "-" "Mozilla/5.0 (Linux; Android 6.0.1; Nexus 5X Build/MMB29P) AppleWebKit/537.36 (KHTML, like Gecko) Chrome/150.0.7871.46 Mobile Safari/537.36 (compatible; Googlebot/2.1; +http://www.google.com/bot.html)"
66.249.64.169 - - [07/Jul/2026:23:40:25 +0200] "GET /index.php/?id=32677218121100 HTTP/1.1" 301 - "-" "Mozilla/5.0 (Linux; Android 6.0.1; Nexus 5X Build/MMB29P) AppleWebKit/537.36 (KHTML, like Gecko) Chrome/150.0.7871.46 Mobile Safari/537.36 (compatible; Googlebot/2.1; +http://www.google.com/bot.html)"
212.193.3.149 - - [07/Jul/2026:23:40:40 +0200] "HEAD / HTTP/1.1" 301 - "-" "Mozilla/5.0 (compatible; Googlebot/2.1; +http://www.google.com/bot.html)"
66.249.64.169 - - [07/Jul/2026:23:40:52 +0200] "GET /?h=39109170441100 HTTP/1.1" 301 313 "-" "Mozilla/5.0 (Linux; Android 6.0.1; Nexus 5X Build/MMB29P) AppleWebKit/537.36 (KHTML, like Gecko) Chrome/150.0.7871.46 Mobile Safari/537.36 (compatible; Googlebot/2.1; +http://www.google.com/bot.html)"
66.249.64.169 - - [07/Jul/2026:23:40:52 +0200] "GET /index.php/?h=39109170441100 HTTP/1.1" 301 - "-" "Mozilla/5.0 (Linux; Android 6.0.1; Nexus 5X Build/MMB29P) AppleWebKit/537.36 (KHTML, like Gecko) Chrome/150.0.7871.46 Mobile Safari/537.36 (compatible; Googlebot/2.1; +http://www.google.com/bot.html)"
66.249.64.170 - - [07/Jul/2026:23:42:13 +0200] "GET /?h=43895208041100 HTTP/1.1" 301 313 "-" "Mozilla/5.0 (compatible; Googlebot/2.1; +http://www.google.com/bot.html)"
66.249.64.170 - - [07/Jul/2026:23:42:13 +0200] "GET /index.php/?h=43895208041100 HTTP/1.1" 301 - "-" "Mozilla/5.0 (compatible; Googlebot/2.1; +http://www.google.com/bot.html)"
66.249.64.169 - - [07/Jul/2026:23:44:24 +0200] "GET /productSearch/pictureSearch?id=43968211601100 HTTP/1.1" 301 314 "-" "Mozilla/5.0 (Linux; Android 6.0.1; Nexus 5X Build/MMB29P) AppleWebKit/537.36 (KHTML, like Gecko) Chrome/150.0.7871.46 Mobile Safari/537.36 (compatible; Googlebot/2.1; +http://www.google.com/bot.html)"
66.249.64.171 - - [07/Jul/2026:23:44:26 +0200] "GET /index.php/?id=43968211601100 HTTP/1.1" 301 - "-" "Mozilla/5.0 (Linux; Android 6.0.1; Nexus 5X Build/MMB29P) AppleWebKit/537.36 (KHTML, like Gecko) Chrome/150.0.7871.46 Mobile Safari/537.36 (compatible; Googlebot/2.1; +http://www.google.com/bot.html)"
66.249.64.171 - - [07/Jul/2026:23:45:32 +0200] "GET /?h=27568938361100 HTTP/1.1" 301 313 "-" "Mozilla/5.0 (Linux; Android 6.0.1; Nexus 5X Build/MMB29P) AppleWebKit/537.36 (KHTML, like Gecko) Chrome/150.0.7871.46 Mobile Safari/537.36 (compatible; Googlebot/2.1; +http://www.google.com/bot.html)"
66.249.64.169 - - [07/Jul/2026:23:45:32 +0200] "GET /index.php/?h=27568938361100 HTTP/1.1" 301 - "-" "Mozilla/5.0 (Linux; Android 6.0.1; Nexus 5X Build/MMB29P) AppleWebKit/537.36 (KHTML, like Gecko) Chrome/150.0.7871.46 Mobile Safari/537.36 (compatible; Googlebot/2.1; +http://www.google.com/bot.html)"
66.249.64.170 - - [07/Jul/2026:23:46:11 +0200] "GET /?h=4236147161100 HTTP/1.1" 301 312 "-" "Mozilla/5.0 (Linux; Android 6.0.1; Nexus 5X Build/MMB29P) AppleWebKit/537.36 (KHTML, like Gecko) Chrome/150.0.7871.46 Mobile Safari/537.36 (compatible; Googlebot/2.1; +http://www.google.com/bot.html)"
66.249.64.171 - - [07/Jul/2026:23:46:12 +0200] "GET /index.php/?h=4236147161100 HTTP/1.1" 301 - "-" "Mozilla/5.0 (Linux; Android 6.0.1; Nexus 5X Build/MMB29P) AppleWebKit/537.36 (KHTML, like Gecko) Chrome/150.0.7871.46 Mobile Safari/537.36 (compatible; Googlebot/2.1; +http://www.google.com/bot.html)"
216.73.216.138 - - [07/Jul/2026:23:49:20 +0200] "GET /sitemap.xml HTTP/2.0" 301 296 "-" "Mozilla/5.0 AppleWebKit/537.36 (KHTML, like Gecko; compatible; ClaudeBot/1.0; +claudebot@anthropic.com)"
216.73.216.138 - - [07/Jul/2026:23:49:20 +0200] "GET /wp-content/maintenance/assets/images/twitter.svg HTTP/2.0" 200 437 "-" "Mozilla/5.0 AppleWebKit/537.36 (KHTML, like Gecko; compatible; ClaudeBot/1.0; +claudebot@anthropic.com)"
216.73.216.138 - - [07/Jul/2026:23:49:20 +0200] "GET /index.php/ HTTP/2.0" 301 - "https://verona.elettroservicegroup.it/sitemap.xml" "Mozilla/5.0 AppleWebKit/537.36 (KHTML, like Gecko; compatible; ClaudeBot/1.0; +claudebot@anthropic.com)"
212.193.3.149 - - [07/Jul/2026:23:50:17 +0200] "HEAD / HTTP/1.1" 301 - "-" "Mozilla/5.0 (compatible; Googlebot/2.1; +http://www.google.com/bot.html)"
66.249.64.171 - - [07/Jul/2026:23:51:27 +0200] "GET /product/review/31411972281100 HTTP/1.1" 301 296 "-" "Mozilla/5.0 (Linux; Android 6.0.1; Nexus 5X Build/MMB29P) AppleWebKit/537.36 (KHTML, like Gecko) Chrome/150.0.7871.46 Mobile Safari/537.36 (compatible; Googlebot/2.1; +http://www.google.com/bot.html)"
66.249.64.170 - - [07/Jul/2026:23:54:13 +0200] "GET /?h=5256361841100 HTTP/1.1" 301 312 "-" "Mozilla/5.0 (Linux; Android 6.0.1; Nexus 5X Build/MMB29P) AppleWebKit/537.36 (KHTML, like Gecko) Chrome/150.0.7871.46 Mobile Safari/537.36 (compatible; Googlebot/2.1; +http://www.google.com/bot.html)"
66.249.64.171 - - [07/Jul/2026:23:54:13 +0200] "GET /index.php/?h=5256361841100 HTTP/1.1" 301 - "-" "Mozilla/5.0 (Linux; Android 6.0.1; Nexus 5X Build/MMB29P) AppleWebKit/537.36 (KHTML, like Gecko) Chrome/150.0.7871.46 Mobile Safari/537.36 (compatible; Googlebot/2.1; +http://www.google.com/bot.html)"
66.249.64.169 - - [07/Jul/2026:23:54:45 +0200] "GET /productSearch/pictureSearch?id=18863565961100 HTTP/1.1" 301 314 "-" "Mozilla/5.0 (Linux; Android 6.0.1; Nexus 5X Build/MMB29P) AppleWebKit/537.36 (KHTML, like Gecko) Chrome/150.0.7871.46 Mobile Safari/537.36 (compatible; Googlebot/2.1; +http://www.google.com/bot.html)"
66.249.64.170 - - [07/Jul/2026:23:54:45 +0200] "GET /index.php/?id=18863565961100 HTTP/1.1" 301 - "-" "Mozilla/5.0 (Linux; Android 6.0.1; Nexus 5X Build/MMB29P) AppleWebKit/537.36 (KHTML, like Gecko) Chrome/150.0.7871.46 Mobile Safari/537.36 (compatible; Googlebot/2.1; +http://www.google.com/bot.html)"
66.249.64.171 - - [07/Jul/2026:23:55:38 +0200] "GET /?h=434725121100 HTTP/1.1" 301 311 "-" "Mozilla/5.0 (Linux; Android 6.0.1; Nexus 5X Build/MMB29P) AppleWebKit/537.36 (KHTML, like Gecko) Chrome/150.0.7871.46 Mobile Safari/537.36 (compatible; Googlebot/2.1; +http://www.google.com/bot.html)"
66.249.64.171 - - [07/Jul/2026:23:55:39 +0200] "GET /index.php/?h=434725121100 HTTP/1.1" 301 - "-" "Mozilla/5.0 (Linux; Android 6.0.1; Nexus 5X Build/MMB29P) AppleWebKit/537.36 (KHTML, like Gecko) Chrome/150.0.7871.46 Mobile Safari/537.36 (compatible; Googlebot/2.1; +http://www.google.com/bot.html)"
66.249.64.170 - - [07/Jul/2026:23:55:39 +0200] "GET /?h=434725121100 HTTP/1.1" 301 311 "-" "Mozilla/5.0 (compatible; Googlebot/2.1; +http://www.google.com/bot.html)"
66.249.64.171 - - [07/Jul/2026:23:55:39 +0200] "GET /index.php/?h=434725121100 HTTP/1.1" 301 - "-" "Mozilla/5.0 (compatible; Googlebot/2.1; +http://www.google.com/bot.html)"
66.249.64.170 - - [07/Jul/2026:23:55:39 +0200] "GET /?h=20285889561100 HTTP/1.1" 301 313 "-" "Mozilla/5.0 (Linux; Android 6.0.1; Nexus 5X Build/MMB29P) AppleWebKit/537.36 (KHTML, like Gecko) Chrome/150.0.7871.46 Mobile Safari/537.36 (compatible; Googlebot/2.1; +http://www.google.com/bot.html)"
66.249.64.171 - - [07/Jul/2026:23:55:39 +0200] "GET /?h=20285889561100 HTTP/1.1" 301 313 "-" "Mozilla/5.0 (compatible; Googlebot/2.1; +http://www.google.com/bot.html)"
66.249.64.171 - - [07/Jul/2026:23:55:39 +0200] "GET /index.php/?h=20285889561100 HTTP/1.1" 301 - "-" "Mozilla/5.0 (Linux; Android 6.0.1; Nexus 5X Build/MMB29P) AppleWebKit/537.36 (KHTML, like Gecko) Chrome/150.0.7871.46 Mobile Safari/537.36 (compatible; Googlebot/2.1; +http://www.google.com/bot.html)"
66.249.64.169 - - [07/Jul/2026:23:55:40 +0200] "GET /index.php/?h=20285889561100 HTTP/1.1" 301 - "-" "Mozilla/5.0 (compatible; Googlebot/2.1; +http://www.google.com/bot.html)"
66.249.64.171 - - [07/Jul/2026:23:57:19 +0200] "GET /?h=37945306001100 HTTP/1.1" 301 313 "-" "Mozilla/5.0 (Linux; Android 6.0.1; Nexus 5X Build/MMB29P) AppleWebKit/537.36 (KHTML, like Gecko) Chrome/150.0.7871.46 Mobile Safari/537.36 (compatible; Googlebot/2.1; +http://www.google.com/bot.html)"
66.249.64.169 - - [07/Jul/2026:23:57:19 +0200] "GET /index.php/?h=37945306001100 HTTP/1.1" 301 - "-" "Mozilla/5.0 (Linux; Android 6.0.1; Nexus 5X Build/MMB29P) AppleWebKit/537.36 (KHTML, like Gecko) Chrome/150.0.7871.46 Mobile Safari/537.36 (compatible; Googlebot/2.1; +http://www.google.com/bot.html)"
66.249.64.170 - - [08/Jul/2026:00:00:42 +0200] "GET /?h=1159165721100 HTTP/1.1" 301 312 "-" "Mozilla/5.0 (compatible; Googlebot/2.1; +http://www.google.com/bot.html)"
66.249.64.170 - - [08/Jul/2026:00:00:42 +0200] "GET /index.php/?h=1159165721100 HTTP/1.1" 301 - "-" "Mozilla/5.0 (compatible; Googlebot/2.1; +http://www.google.com/bot.html)"
66.249.64.169 - - [08/Jul/2026:00:00:54 +0200] "GET /productSearch/pictureSearch?id=14938874881100 HTTP/1.1" 301 314 "-" "Mozilla/5.0 (Linux; Android 6.0.1; Nexus 5X Build/MMB29P) AppleWebKit/537.36 (KHTML, like Gecko) Chrome/150.0.7871.46 Mobile Safari/537.36 (compatible; Googlebot/2.1; +http://www.google.com/bot.html)"
66.249.64.169 - - [08/Jul/2026:00:00:54 +0200] "GET /index.php/?id=14938874881100 HTTP/1.1" 301 - "-" "Mozilla/5.0 (Linux; Android 6.0.1; Nexus 5X Build/MMB29P) AppleWebKit/537.36 (KHTML, like Gecko) Chrome/150.0.7871.46 Mobile Safari/537.36 (compatible; Googlebot/2.1; +http://www.google.com/bot.html)"
