66.249.64.170 - - [08/Jul/2026:00:01:34 +0200] "GET /?h=23224547681100 HTTP/1.1" 301 313 "-" "Mozilla/5.0 (Linux; Android 6.0.1; Nexus 5X Build/MMB29P) AppleWebKit/537.36 (KHTML, like Gecko) Chrome/150.0.7871.46 Mobile Safari/537.36 (compatible; Googlebot/2.1; +http://www.google.com/bot.html)"
66.249.64.169 - - [08/Jul/2026:00:01:35 +0200] "GET /index.php/?h=23224547681100 HTTP/1.1" 301 - "-" "Mozilla/5.0 (Linux; Android 6.0.1; Nexus 5X Build/MMB29P) AppleWebKit/537.36 (KHTML, like Gecko) Chrome/150.0.7871.46 Mobile Safari/537.36 (compatible; Googlebot/2.1; +http://www.google.com/bot.html)"
66.249.64.169 - - [08/Jul/2026:00:03:48 +0200] "GET /?h=12104447881100 HTTP/1.1" 301 313 "-" "Mozilla/5.0 (compatible; Googlebot/2.1; +http://www.google.com/bot.html)"
66.249.64.169 - - [08/Jul/2026:00:03:48 +0200] "GET /index.php/?h=12104447881100 HTTP/1.1" 301 - "-" "Mozilla/5.0 (compatible; Googlebot/2.1; +http://www.google.com/bot.html)"
66.249.64.169 - - [08/Jul/2026:00:03:55 +0200] "GET /?h=43957827281100 HTTP/1.1" 301 313 "-" "Mozilla/5.0 (compatible; Googlebot/2.1; +http://www.google.com/bot.html)"
66.249.64.170 - - [08/Jul/2026:00:03:55 +0200] "GET /index.php/?h=43957827281100 HTTP/1.1" 301 - "-" "Mozilla/5.0 (compatible; Googlebot/2.1; +http://www.google.com/bot.html)"
66.249.64.169 - - [08/Jul/2026:00:05:40 +0200] "GET /product/review/20624424361100 HTTP/1.1" 301 296 "-" "Mozilla/5.0 (Linux; Android 6.0.1; Nexus 5X Build/MMB29P) AppleWebKit/537.36 (KHTML, like Gecko) Chrome/150.0.7871.46 Mobile Safari/537.36 (compatible; Googlebot/2.1; +http://www.google.com/bot.html)"
65.108.235.243 - - [08/Jul/2026:00:07:53 +0200] "POST /wp-cron.php?doing_wp_cron=1783462073.1319820880889892578125 HTTP/1.1" 200 1 "-" "WordPress/7.0; https://verona.elettroservicegroup.it"
45.187.230.19 - - [08/Jul/2026:00:07:48 +0200] "POST /wp-login.php HTTP/1.1" 302 - "-" "Mozilla/5.0 (Windows NT 10.0; Win64; x64) AppleWebKit/537.36 (KHTML, like Gecko) Chrome/124.0 Safari/537.36"
65.108.235.243 - - [08/Jul/2026:00:07:55 +0200] "POST /wp-json/complianz/v1/wsc-scan HTTP/1.1" 301 296 "-" "WordPress/7.0; https://verona.elettroservicegroup.it"
65.108.235.243 - - [08/Jul/2026:00:07:55 +0200] "POST /index.php/ HTTP/1.1" 301 - "-" "WordPress/7.0; https://verona.elettroservicegroup.it"
65.108.235.243 - - [08/Jul/2026:00:07:55 +0200] "GET / HTTP/1.1" 301 296 "-" "WP Fastest Cache Preload Bot"
65.108.235.243 - - [08/Jul/2026:00:07:56 +0200] "GET /index.php/ HTTP/1.1" 301 - "-" "WP Fastest Cache Preload Bot"
45.187.230.19 - - [08/Jul/2026:00:07:55 +0200] "GET /wp-admin/admin-ajax.php?action=rest-nonce HTTP/1.1" 200 10 "-" "Mozilla/5.0 (Windows NT 10.0; Win64; x64) AppleWebKit/537.36 (KHTML, like Gecko) Chrome/124.0 Safari/537.36"
45.187.230.19 - - [08/Jul/2026:00:07:58 +0200] "POST /wp-json/wp/v2/posts HTTP/1.1" 301 296 "-" "Mozilla/5.0 (Windows NT 10.0; Win64; x64) AppleWebKit/537.36 (KHTML, like Gecko) Chrome/124.0 Safari/537.36"
66.249.64.171 - - [08/Jul/2026:00:09:25 +0200] "GET /product/category/view_more/31265607081100 HTTP/1.1" 301 296 "-" "Mozilla/5.0 (Linux; Android 6.0.1; Nexus 5X Build/MMB29P) AppleWebKit/537.36 (KHTML, like Gecko) Chrome/150.0.7871.46 Mobile Safari/537.36 (compatible; Googlebot/2.1; +http://www.google.com/bot.html)"
212.193.3.149 - - [08/Jul/2026:00:09:47 +0200] "HEAD / HTTP/1.1" 301 - "-" "Mozilla/5.0 (compatible; Googlebot/2.1; +http://www.google.com/bot.html)"
66.249.64.169 - - [08/Jul/2026:00:12:20 +0200] "GET /?h=3581457561100 HTTP/1.1" 301 312 "-" "Mozilla/5.0 (Linux; Android 6.0.1; Nexus 5X Build/MMB29P) AppleWebKit/537.36 (KHTML, like Gecko) Chrome/150.0.7871.46 Mobile Safari/537.36 (compatible; Googlebot/2.1; +http://www.google.com/bot.html)"
66.249.64.169 - - [08/Jul/2026:00:12:20 +0200] "GET /index.php/?h=3581457561100 HTTP/1.1" 301 - "-" "Mozilla/5.0 (Linux; Android 6.0.1; Nexus 5X Build/MMB29P) AppleWebKit/537.36 (KHTML, like Gecko) Chrome/150.0.7871.46 Mobile Safari/537.36 (compatible; Googlebot/2.1; +http://www.google.com/bot.html)"
66.249.64.170 - - [08/Jul/2026:00:14:35 +0200] "GET /?h=38353039761100 HTTP/1.1" 301 313 "-" "Mozilla/5.0 (compatible; Googlebot/2.1; +http://www.google.com/bot.html)"
66.249.64.169 - - [08/Jul/2026:00:14:35 +0200] "GET /index.php/?h=38353039761100 HTTP/1.1" 301 - "-" "Mozilla/5.0 (compatible; Googlebot/2.1; +http://www.google.com/bot.html)"
66.249.64.170 - - [08/Jul/2026:00:15:20 +0200] "GET /?h=38190501281100 HTTP/1.1" 301 313 "-" "Mozilla/5.0 (Linux; Android 6.0.1; Nexus 5X Build/MMB29P) AppleWebKit/537.36 (KHTML, like Gecko) Chrome/150.0.7871.46 Mobile Safari/537.36 (compatible; Googlebot/2.1; +http://www.google.com/bot.html)"
66.249.64.170 - - [08/Jul/2026:00:15:20 +0200] "GET /index.php/?h=38190501281100 HTTP/1.1" 301 - "-" "Mozilla/5.0 (Linux; Android 6.0.1; Nexus 5X Build/MMB29P) AppleWebKit/537.36 (KHTML, like Gecko) Chrome/150.0.7871.46 Mobile Safari/537.36 (compatible; Googlebot/2.1; +http://www.google.com/bot.html)"
66.249.64.169 - - [08/Jul/2026:00:15:43 +0200] "GET /?h=455717561100 HTTP/1.1" 301 311 "-" "Mozilla/5.0 (Linux; Android 6.0.1; Nexus 5X Build/MMB29P) AppleWebKit/537.36 (KHTML, like Gecko) Chrome/150.0.7871.46 Mobile Safari/537.36 (compatible; Googlebot/2.1; +http://www.google.com/bot.html)"
66.249.64.169 - - [08/Jul/2026:00:15:43 +0200] "GET /index.php/?h=455717561100 HTTP/1.1" 301 - "-" "Mozilla/5.0 (Linux; Android 6.0.1; Nexus 5X Build/MMB29P) AppleWebKit/537.36 (KHTML, like Gecko) Chrome/150.0.7871.46 Mobile Safari/537.36 (compatible; Googlebot/2.1; +http://www.google.com/bot.html)"
66.249.64.169 - - [08/Jul/2026:00:18:30 +0200] "GET /?h=16967711401100 HTTP/1.1" 301 313 "-" "Mozilla/5.0 (compatible; Googlebot/2.1; +http://www.google.com/bot.html)"
66.249.64.169 - - [08/Jul/2026:00:18:30 +0200] "GET /index.php/?h=16967711401100 HTTP/1.1" 301 - "-" "Mozilla/5.0 (compatible; Googlebot/2.1; +http://www.google.com/bot.html)"
216.73.216.138 - - [08/Jul/2026:00:19:03 +0200] "GET /robots.txt HTTP/2.0" 200 79 "-" "Mozilla/5.0 AppleWebKit/537.36 (KHTML, like Gecko; compatible; ClaudeBot/1.0; +claudebot@anthropic.com)"
212.193.3.149 - - [08/Jul/2026:00:19:39 +0200] "HEAD / HTTP/1.1" 301 - "-" "Mozilla/5.0 (compatible; Googlebot/2.1; +http://www.google.com/bot.html)"
66.249.64.170 - - [08/Jul/2026:00:22:17 +0200] "GET /?h=16118360561100 HTTP/1.1" 301 313 "-" "Mozilla/5.0 (compatible; Googlebot/2.1; +http://www.google.com/bot.html)"
66.249.64.170 - - [08/Jul/2026:00:22:18 +0200] "GET /index.php/?h=16118360561100 HTTP/1.1" 301 - "-" "Mozilla/5.0 (compatible; Googlebot/2.1; +http://www.google.com/bot.html)"
94.154.43.183 - - [08/Jul/2026:00:22:39 +0200] "GET /.env HTTP/1.1" 301 - "-" "Mozilla/5.0 (Windows NT 10.0; Win64; x64) AppleWebKit/537.36 (KHTML, like Gecko) Chrome/147.0.0.0 Safari/537.36"
66.249.64.170 - - [08/Jul/2026:00:24:53 +0200] "GET /?h=41958278721100 HTTP/1.1" 301 313 "-" "Mozilla/5.0 (Linux; Android 6.0.1; Nexus 5X Build/MMB29P) AppleWebKit/537.36 (KHTML, like Gecko) Chrome/150.0.7871.46 Mobile Safari/537.36 (compatible; Googlebot/2.1; +http://www.google.com/bot.html)"
66.249.64.169 - - [08/Jul/2026:00:24:53 +0200] "GET /index.php/?h=41958278721100 HTTP/1.1" 301 - "-" "Mozilla/5.0 (Linux; Android 6.0.1; Nexus 5X Build/MMB29P) AppleWebKit/537.36 (KHTML, like Gecko) Chrome/150.0.7871.46 Mobile Safari/537.36 (compatible; Googlebot/2.1; +http://www.google.com/bot.html)"
66.249.64.170 - - [08/Jul/2026:00:25:06 +0200] "GET /?h=7206898201100 HTTP/1.1" 301 312 "-" "Mozilla/5.0 (compatible; Googlebot/2.1; +http://www.google.com/bot.html)"
66.249.64.170 - - [08/Jul/2026:00:25:06 +0200] "GET /index.php/?h=7206898201100 HTTP/1.1" 301 - "-" "Mozilla/5.0 (compatible; Googlebot/2.1; +http://www.google.com/bot.html)"
66.249.64.170 - - [08/Jul/2026:00:25:40 +0200] "GET /?h=39327614161100 HTTP/1.1" 301 313 "-" "Mozilla/5.0 (Linux; Android 6.0.1; Nexus 5X Build/MMB29P) AppleWebKit/537.36 (KHTML, like Gecko) Chrome/150.0.7871.46 Mobile Safari/537.36 (compatible; Googlebot/2.1; +http://www.google.com/bot.html)"
66.249.64.169 - - [08/Jul/2026:00:25:40 +0200] "GET /index.php/?h=39327614161100 HTTP/1.1" 301 - "-" "Mozilla/5.0 (Linux; Android 6.0.1; Nexus 5X Build/MMB29P) AppleWebKit/537.36 (KHTML, like Gecko) Chrome/150.0.7871.46 Mobile Safari/537.36 (compatible; Googlebot/2.1; +http://www.google.com/bot.html)"
52.167.144.228 - - [08/Jul/2026:00:28:58 +0200] "GET /aristocrat-pokies-hack/ HTTP/2.0" 301 296 "-" "Mozilla/5.0 AppleWebKit/537.36 (KHTML, like Gecko; compatible; bingbot/2.0; +http://www.bing.com/bingbot.htm) Chrome/116.0.1938.76 Safari/537.36"
66.249.64.170 - - [08/Jul/2026:00:29:19 +0200] "GET /?h=24575225441100 HTTP/1.1" 301 313 "-" "Mozilla/5.0 (Linux; Android 6.0.1; Nexus 5X Build/MMB29P) AppleWebKit/537.36 (KHTML, like Gecko) Chrome/150.0.7871.46 Mobile Safari/537.36 (compatible; Googlebot/2.1; +http://www.google.com/bot.html)"
66.249.64.171 - - [08/Jul/2026:00:29:19 +0200] "GET /index.php/?h=24575225441100 HTTP/1.1" 301 - "-" "Mozilla/5.0 (Linux; Android 6.0.1; Nexus 5X Build/MMB29P) AppleWebKit/537.36 (KHTML, like Gecko) Chrome/150.0.7871.46 Mobile Safari/537.36 (compatible; Googlebot/2.1; +http://www.google.com/bot.html)"
66.249.64.169 - - [08/Jul/2026:00:29:28 +0200] "GET /?h=12470002801100 HTTP/1.1" 301 313 "-" "Mozilla/5.0 (Linux; Android 6.0.1; Nexus 5X Build/MMB29P) AppleWebKit/537.36 (KHTML, like Gecko) Chrome/150.0.7871.46 Mobile Safari/537.36 (compatible; Googlebot/2.1; +http://www.google.com/bot.html)"
66.249.64.169 - - [08/Jul/2026:00:29:28 +0200] "GET /index.php/?h=12470002801100 HTTP/1.1" 301 - "-" "Mozilla/5.0 (Linux; Android 6.0.1; Nexus 5X Build/MMB29P) AppleWebKit/537.36 (KHTML, like Gecko) Chrome/150.0.7871.46 Mobile Safari/537.36 (compatible; Googlebot/2.1; +http://www.google.com/bot.html)"
212.193.3.149 - - [08/Jul/2026:00:29:29 +0200] "HEAD / HTTP/1.1" 301 - "-" "Mozilla/5.0 (compatible; Googlebot/2.1; +http://www.google.com/bot.html)"
61.231.80.23 - - [08/Jul/2026:00:30:32 +0200] "GET /18486-2/ HTTP/1.1" 301 296 "https://verona.elettroservicegroup.it/18486-2/" "Mozilla/5.0 (Windows NT 6.1; WOW64) AppleWebKit/537.36 (KHTML, like Gecko) Chrome/39.0.5054.698 Safari/537.36"
61.231.80.23 - - [08/Jul/2026:00:30:32 +0200] "GET /index.php/ HTTP/1.1" 301 - "https://verona.elettroservicegroup.it/18486-2/" "Mozilla/5.0 (Windows NT 6.1; WOW64) AppleWebKit/537.36 (KHTML, like Gecko) Chrome/39.0.5054.698 Safari/537.36"
66.249.64.170 - - [08/Jul/2026:00:33:12 +0200] "GET /?h=26517660241100 HTTP/1.1" 301 313 "-" "Mozilla/5.0 (Linux; Android 6.0.1; Nexus 5X Build/MMB29P) AppleWebKit/537.36 (KHTML, like Gecko) Chrome/150.0.7871.46 Mobile Safari/537.36 (compatible; Googlebot/2.1; +http://www.google.com/bot.html)"
66.249.64.170 - - [08/Jul/2026:00:33:12 +0200] "GET /index.php/?h=26517660241100 HTTP/1.1" 301 - "-" "Mozilla/5.0 (Linux; Android 6.0.1; Nexus 5X Build/MMB29P) AppleWebKit/537.36 (KHTML, like Gecko) Chrome/150.0.7871.46 Mobile Safari/537.36 (compatible; Googlebot/2.1; +http://www.google.com/bot.html)"
66.249.64.170 - - [08/Jul/2026:00:33:59 +0200] "GET /?h=38063397801100 HTTP/1.1" 301 313 "-" "Mozilla/5.0 (Linux; Android 6.0.1; Nexus 5X Build/MMB29P) AppleWebKit/537.36 (KHTML, like Gecko) Chrome/150.0.7871.46 Mobile Safari/537.36 (compatible; Googlebot/2.1; +http://www.google.com/bot.html)"
66.249.64.170 - - [08/Jul/2026:00:34:00 +0200] "GET /index.php/?h=38063397801100 HTTP/1.1" 301 - "-" "Mozilla/5.0 (Linux; Android 6.0.1; Nexus 5X Build/MMB29P) AppleWebKit/537.36 (KHTML, like Gecko) Chrome/150.0.7871.46 Mobile Safari/537.36 (compatible; Googlebot/2.1; +http://www.google.com/bot.html)"
66.249.64.169 - - [08/Jul/2026:00:38:10 +0200] "GET /?h=18199357401100 HTTP/1.1" 301 313 "-" "Mozilla/5.0 (compatible; Googlebot/2.1; +http://www.google.com/bot.html)"
66.249.64.171 - - [08/Jul/2026:00:38:11 +0200] "GET /index.php/?h=18199357401100 HTTP/1.1" 301 - "-" "Mozilla/5.0 (compatible; Googlebot/2.1; +http://www.google.com/bot.html)"
216.73.216.138 - - [08/Jul/2026:00:38:58 +0200] "GET /?h=4832245921100 HTTP/2.0" 301 312 "-" "Mozilla/5.0 AppleWebKit/537.36 (KHTML, like Gecko; compatible; ClaudeBot/1.0; +claudebot@anthropic.com)"
216.73.216.138 - - [08/Jul/2026:00:38:58 +0200] "GET /index.php/?h=4832245921100 HTTP/2.0" 301 - "https://verona.elettroservicegroup.it/?h=4832245921100" "Mozilla/5.0 AppleWebKit/537.36 (KHTML, like Gecko; compatible; ClaudeBot/1.0; +claudebot@anthropic.com)"
212.193.3.149 - - [08/Jul/2026:00:39:45 +0200] "HEAD / HTTP/1.1" 301 - "-" "Mozilla/5.0 (compatible; Googlebot/2.1; +http://www.google.com/bot.html)"
61.231.80.23 - - [08/Jul/2026:00:40:31 +0200] "GET /18486-2/ HTTP/1.1" 301 296 "https://verona.elettroservicegroup.it/18486-2/" "Mozilla/5.0 (Windows NT 6.1; WOW64) AppleWebKit/537.36 (KHTML, like Gecko) Chrome/32.0.9030.318 Safari/537.36"
61.231.80.23 - - [08/Jul/2026:00:40:31 +0200] "GET /index.php/ HTTP/1.1" 301 - "https://verona.elettroservicegroup.it/18486-2/" "Mozilla/5.0 (Windows NT 6.1; WOW64) AppleWebKit/537.36 (KHTML, like Gecko) Chrome/32.0.9030.318 Safari/537.36"
66.249.64.170 - - [08/Jul/2026:00:42:45 +0200] "GET /?h=16664253521100 HTTP/1.1" 301 313 "-" "Mozilla/5.0 (compatible; Googlebot/2.1; +http://www.google.com/bot.html)"
66.249.64.169 - - [08/Jul/2026:00:42:45 +0200] "GET /index.php/?h=16664253521100 HTTP/1.1" 301 - "-" "Mozilla/5.0 (compatible; Googlebot/2.1; +http://www.google.com/bot.html)"
66.249.64.170 - - [08/Jul/2026:00:44:10 +0200] "GET /product/review/7768770481100 HTTP/1.1" 301 296 "-" "Mozilla/5.0 (Linux; Android 6.0.1; Nexus 5X Build/MMB29P) AppleWebKit/537.36 (KHTML, like Gecko) Chrome/150.0.7871.46 Mobile Safari/537.36 (compatible; Googlebot/2.1; +http://www.google.com/bot.html)"
66.249.64.169 - - [08/Jul/2026:00:46:37 +0200] "GET /?h=29752868281100 HTTP/1.1" 301 313 "-" "Mozilla/5.0 (Linux; Android 6.0.1; Nexus 5X Build/MMB29P) AppleWebKit/537.36 (KHTML, like Gecko) Chrome/150.0.7871.46 Mobile Safari/537.36 (compatible; Googlebot/2.1; +http://www.google.com/bot.html)"
66.249.64.171 - - [08/Jul/2026:00:46:37 +0200] "GET /index.php/?h=29752868281100 HTTP/1.1" 301 - "-" "Mozilla/5.0 (Linux; Android 6.0.1; Nexus 5X Build/MMB29P) AppleWebKit/537.36 (KHTML, like Gecko) Chrome/150.0.7871.46 Mobile Safari/537.36 (compatible; Googlebot/2.1; +http://www.google.com/bot.html)"
212.193.3.149 - - [08/Jul/2026:00:49:21 +0200] "HEAD / HTTP/1.1" 301 - "-" "Mozilla/5.0 (compatible; Googlebot/2.1; +http://www.google.com/bot.html)"
40.77.167.37 - - [08/Jul/2026:00:50:50 +0200] "GET /19056-2/ HTTP/2.0" 301 296 "-" "Mozilla/5.0 AppleWebKit/537.36 (KHTML, like Gecko; compatible; bingbot/2.0; +http://www.bing.com/bingbot.htm) Chrome/116.0.1938.76 Safari/537.36"
65.108.235.243 - - [08/Jul/2026:00:51:04 +0200] "POST /wp-cron.php?doing_wp_cron=1783464664.9184670448303222656250 HTTP/1.1" 200 1 "-" "WordPress/7.0; https://verona.elettroservicegroup.it"
151.63.226.68 - - [08/Jul/2026:00:50:58 +0200] "POST /wp-login.php HTTP/1.1" 302 - "-" "Mozilla/5.0 (Windows NT 10.0; Win64; x64) AppleWebKit/537.36 (KHTML, like Gecko) Chrome/124.0 Safari/537.36"
65.108.235.243 - - [08/Jul/2026:00:51:06 +0200] "GET / HTTP/1.1" 301 296 "-" "WP Fastest Cache Preload Bot"
65.108.235.243 - - [08/Jul/2026:00:51:06 +0200] "GET /index.php/ HTTP/1.1" 301 - "-" "WP Fastest Cache Preload Bot"
151.63.226.68 - - [08/Jul/2026:00:51:06 +0200] "GET /wp-admin/admin-ajax.php?action=rest-nonce HTTP/1.1" 200 10 "-" "Mozilla/5.0 (Windows NT 10.0; Win64; x64) AppleWebKit/537.36 (KHTML, like Gecko) Chrome/124.0 Safari/537.36"
151.63.226.68 - - [08/Jul/2026:00:51:08 +0200] "POST /wp-json/wp/v2/posts HTTP/1.1" 301 296 "-" "Mozilla/5.0 (Windows NT 10.0; Win64; x64) AppleWebKit/537.36 (KHTML, like Gecko) Chrome/124.0 Safari/537.36"
65.108.235.243 - - [08/Jul/2026:00:53:54 +0200] "POST /wp-cron.php?doing_wp_cron=1783464834.7217400074005126953125 HTTP/1.1" 200 1 "-" "WordPress/7.0; https://verona.elettroservicegroup.it"
5.193.163.157 - - [08/Jul/2026:00:53:51 +0200] "POST /wp-login.php HTTP/1.1" 302 - "-" "Mozilla/5.0 (Windows NT 10.0; Win64; x64) AppleWebKit/537.36 (KHTML, like Gecko) Chrome/124.0 Safari/537.36"
5.193.163.157 - - [08/Jul/2026:00:53:57 +0200] "GET /wp-admin/admin-ajax.php?action=rest-nonce HTTP/1.1" 200 10 "-" "Mozilla/5.0 (Windows NT 10.0; Win64; x64) AppleWebKit/537.36 (KHTML, like Gecko) Chrome/124.0 Safari/537.36"
5.193.163.157 - - [08/Jul/2026:00:54:00 +0200] "POST /wp-json/wp/v2/posts HTTP/1.1" 301 296 "-" "Mozilla/5.0 (Windows NT 10.0; Win64; x64) AppleWebKit/537.36 (KHTML, like Gecko) Chrome/124.0 Safari/537.36"
66.249.64.170 - - [08/Jul/2026:00:54:34 +0200] "GET /?h=5293318681100 HTTP/1.1" 301 312 "-" "Mozilla/5.0 (compatible; Googlebot/2.1; +http://www.google.com/bot.html)"
66.249.64.169 - - [08/Jul/2026:00:54:35 +0200] "GET /index.php/?h=5293318681100 HTTP/1.1" 301 - "-" "Mozilla/5.0 (compatible; Googlebot/2.1; +http://www.google.com/bot.html)"
66.249.64.171 - - [08/Jul/2026:00:55:31 +0200] "GET /productSearch/pictureSearch?id=4494606321100 HTTP/1.1" 301 313 "-" "Mozilla/5.0 (Linux; Android 6.0.1; Nexus 5X Build/MMB29P) AppleWebKit/537.36 (KHTML, like Gecko) Chrome/150.0.7871.46 Mobile Safari/537.36 (compatible; Googlebot/2.1; +http://www.google.com/bot.html)"
66.249.64.169 - - [08/Jul/2026:00:55:32 +0200] "GET /index.php/?id=4494606321100 HTTP/1.1" 301 - "-" "Mozilla/5.0 (Linux; Android 6.0.1; Nexus 5X Build/MMB29P) AppleWebKit/537.36 (KHTML, like Gecko) Chrome/150.0.7871.46 Mobile Safari/537.36 (compatible; Googlebot/2.1; +http://www.google.com/bot.html)"
65.108.235.243 - - [08/Jul/2026:00:55:50 +0200] "POST /wp-cron.php?doing_wp_cron=1783464950.7568709850311279296875 HTTP/1.1" 200 1 "-" "WordPress/7.0; https://verona.elettroservicegroup.it"
37.252.221.204 - - [08/Jul/2026:00:55:48 +0200] "POST /wp-login.php HTTP/1.1" 302 - "-" "Mozilla/5.0 (Windows NT 10.0; Win64; x64) AppleWebKit/537.36 (KHTML, like Gecko) Chrome/124.0 Safari/537.36"
37.252.221.204 - - [08/Jul/2026:00:55:55 +0200] "GET /wp-admin/admin-ajax.php?action=rest-nonce HTTP/1.1" 200 10 "-" "Mozilla/5.0 (Windows NT 10.0; Win64; x64) AppleWebKit/537.36 (KHTML, like Gecko) Chrome/124.0 Safari/537.36"
37.252.221.204 - - [08/Jul/2026:00:55:58 +0200] "POST /wp-json/wp/v2/posts HTTP/1.1" 301 296 "-" "Mozilla/5.0 (Windows NT 10.0; Win64; x64) AppleWebKit/537.36 (KHTML, like Gecko) Chrome/124.0 Safari/537.36"
66.249.64.169 - - [08/Jul/2026:00:56:56 +0200] "GET /?h=323481601100 HTTP/1.1" 301 311 "-" "Mozilla/5.0 (Linux; Android 6.0.1; Nexus 5X Build/MMB29P) AppleWebKit/537.36 (KHTML, like Gecko) Chrome/150.0.7871.46 Mobile Safari/537.36 (compatible; Googlebot/2.1; +http://www.google.com/bot.html)"
66.249.64.171 - - [08/Jul/2026:00:56:56 +0200] "GET /index.php/?h=323481601100 HTTP/1.1" 301 - "-" "Mozilla/5.0 (Linux; Android 6.0.1; Nexus 5X Build/MMB29P) AppleWebKit/537.36 (KHTML, like Gecko) Chrome/150.0.7871.46 Mobile Safari/537.36 (compatible; Googlebot/2.1; +http://www.google.com/bot.html)"
40.77.167.132 - - [08/Jul/2026:00:57:29 +0200] "GET /19110-2/ HTTP/2.0" 301 296 "-" "Mozilla/5.0 AppleWebKit/537.36 (KHTML, like Gecko; compatible; bingbot/2.0; +http://www.bing.com/bingbot.htm) Chrome/116.0.1938.76 Safari/537.36"
66.249.64.170 - - [08/Jul/2026:00:57:37 +0200] "GET /?h=9678545401100 HTTP/1.1" 301 312 "-" "Mozilla/5.0 (Linux; Android 6.0.1; Nexus 5X Build/MMB29P) AppleWebKit/537.36 (KHTML, like Gecko) Chrome/150.0.7871.46 Mobile Safari/537.36 (compatible; Googlebot/2.1; +http://www.google.com/bot.html)"
66.249.64.169 - - [08/Jul/2026:00:57:38 +0200] "GET /index.php/?h=9678545401100 HTTP/1.1" 301 - "-" "Mozilla/5.0 (Linux; Android 6.0.1; Nexus 5X Build/MMB29P) AppleWebKit/537.36 (KHTML, like Gecko) Chrome/150.0.7871.46 Mobile Safari/537.36 (compatible; Googlebot/2.1; +http://www.google.com/bot.html)"
66.249.64.170 - - [08/Jul/2026:00:58:11 +0200] "GET /?h=41012768481100 HTTP/1.1" 301 313 "-" "Mozilla/5.0 (compatible; Googlebot/2.1; +http://www.google.com/bot.html)"
66.249.64.170 - - [08/Jul/2026:00:58:11 +0200] "GET /index.php/?h=41012768481100 HTTP/1.1" 301 - "-" "Mozilla/5.0 (compatible; Googlebot/2.1; +http://www.google.com/bot.html)"
66.249.64.171 - - [08/Jul/2026:00:58:15 +0200] "GET /shop/sold?id=top40222142761100 HTTP/1.1" 301 317 "-" "Mozilla/5.0 (Linux; Android 6.0.1; Nexus 5X Build/MMB29P) AppleWebKit/537.36 (KHTML, like Gecko) Chrome/150.0.7871.46 Mobile Safari/537.36 (compatible; Googlebot/2.1; +http://www.google.com/bot.html)"
66.249.64.170 - - [08/Jul/2026:00:58:15 +0200] "GET /index.php/?id=top40222142761100 HTTP/1.1" 301 - "-" "Mozilla/5.0 (Linux; Android 6.0.1; Nexus 5X Build/MMB29P) AppleWebKit/537.36 (KHTML, like Gecko) Chrome/150.0.7871.46 Mobile Safari/537.36 (compatible; Googlebot/2.1; +http://www.google.com/bot.html)"
66.249.64.170 - - [08/Jul/2026:00:58:53 +0200] "GET /?h=14822528721100 HTTP/1.1" 301 313 "-" "Mozilla/5.0 (Linux; Android 6.0.1; Nexus 5X Build/MMB29P) AppleWebKit/537.36 (KHTML, like Gecko) Chrome/150.0.7871.46 Mobile Safari/537.36 (compatible; Googlebot/2.1; +http://www.google.com/bot.html)"
66.249.64.169 - - [08/Jul/2026:00:58:53 +0200] "GET /index.php/?h=14822528721100 HTTP/1.1" 301 - "-" "Mozilla/5.0 (Linux; Android 6.0.1; Nexus 5X Build/MMB29P) AppleWebKit/537.36 (KHTML, like Gecko) Chrome/150.0.7871.46 Mobile Safari/537.36 (compatible; Googlebot/2.1; +http://www.google.com/bot.html)"
212.193.3.149 - - [08/Jul/2026:00:59:00 +0200] "HEAD / HTTP/1.1" 301 - "-" "Mozilla/5.0 (compatible; Googlebot/2.1; +http://www.google.com/bot.html)"
66.249.64.170 - - [08/Jul/2026:00:59:25 +0200] "GET /?h=1397557481100 HTTP/1.1" 301 312 "-" "Mozilla/5.0 (compatible; Googlebot/2.1; +http://www.google.com/bot.html)"
66.249.64.169 - - [08/Jul/2026:00:59:25 +0200] "GET /index.php/?h=1397557481100 HTTP/1.1" 301 - "-" "Mozilla/5.0 (compatible; Googlebot/2.1; +http://www.google.com/bot.html)"
66.249.64.170 - - [08/Jul/2026:00:59:40 +0200] "GET /?h=15203704881100 HTTP/1.1" 301 313 "-" "Mozilla/5.0 (Linux; Android 6.0.1; Nexus 5X Build/MMB29P) AppleWebKit/537.36 (KHTML, like Gecko) Chrome/150.0.7871.46 Mobile Safari/537.36 (compatible; Googlebot/2.1; +http://www.google.com/bot.html)"
66.249.64.170 - - [08/Jul/2026:00:59:40 +0200] "GET /index.php/?h=15203704881100 HTTP/1.1" 301 - "-" "Mozilla/5.0 (Linux; Android 6.0.1; Nexus 5X Build/MMB29P) AppleWebKit/537.36 (KHTML, like Gecko) Chrome/150.0.7871.46 Mobile Safari/537.36 (compatible; Googlebot/2.1; +http://www.google.com/bot.html)"
114.119.137.190 - - [08/Jul/2026:00:59:56 +0200] "GET /sitemap.xml HTTP/1.1" 301 296 "-" "Mozilla/5.0 (Linux; Android 7.0;) AppleWebKit/537.36 (KHTML, like Gecko) Mobile Safari/537.36 (compatible; PetalBot;+https://webmaster.petalsearch.com/site/petalbot)"
66.249.64.169 - - [08/Jul/2026:00:59:56 +0200] "GET /?h=39093310481100 HTTP/1.1" 301 313 "-" "Mozilla/5.0 (compatible; Googlebot/2.1; +http://www.google.com/bot.html)"
66.249.64.169 - - [08/Jul/2026:00:59:56 +0200] "GET /index.php/?h=39093310481100 HTTP/1.1" 301 - "-" "Mozilla/5.0 (compatible; Googlebot/2.1; +http://www.google.com/bot.html)"
114.119.137.190 - - [08/Jul/2026:00:59:58 +0200] "GET /index.php/ HTTP/1.1" 301 - "-" "Mozilla/5.0 (Linux; Android 7.0;) AppleWebKit/537.36 (KHTML, like Gecko) Mobile Safari/537.36 (compatible; PetalBot;+https://webmaster.petalsearch.com/site/petalbot)"
66.249.64.171 - - [08/Jul/2026:01:00:24 +0200] "GET /?h=4942161561100 HTTP/1.1" 301 312 "-" "Mozilla/5.0 (compatible; Googlebot/2.1; +http://www.google.com/bot.html)"
66.249.64.171 - - [08/Jul/2026:01:00:25 +0200] "GET /index.php/?h=4942161561100 HTTP/1.1" 301 - "-" "Mozilla/5.0 (compatible; Googlebot/2.1; +http://www.google.com/bot.html)"
66.249.64.169 - - [08/Jul/2026:01:01:04 +0200] "GET /?h=41483733201100 HTTP/1.1" 301 313 "-" "Mozilla/5.0 (Linux; Android 6.0.1; Nexus 5X Build/MMB29P) AppleWebKit/537.36 (KHTML, like Gecko) Chrome/150.0.7871.46 Mobile Safari/537.36 (compatible; Googlebot/2.1; +http://www.google.com/bot.html)"
66.249.64.169 - - [08/Jul/2026:01:01:04 +0200] "GET /index.php/?h=41483733201100 HTTP/1.1" 301 - "-" "Mozilla/5.0 (Linux; Android 6.0.1; Nexus 5X Build/MMB29P) AppleWebKit/537.36 (KHTML, like Gecko) Chrome/150.0.7871.46 Mobile Safari/537.36 (compatible; Googlebot/2.1; +http://www.google.com/bot.html)"
66.249.64.169 - - [08/Jul/2026:01:01:52 +0200] "GET /product/category/view_more/23914463401100 HTTP/1.1" 301 296 "-" "Mozilla/5.0 (Linux; Android 6.0.1; Nexus 5X Build/MMB29P) AppleWebKit/537.36 (KHTML, like Gecko) Chrome/150.0.7871.46 Mobile Safari/537.36 (compatible; Googlebot/2.1; +http://www.google.com/bot.html)"
66.249.64.171 - - [08/Jul/2026:01:05:43 +0200] "GET /?h=36435491521100 HTTP/1.1" 301 313 "-" "Mozilla/5.0 (Linux; Android 6.0.1; Nexus 5X Build/MMB29P) AppleWebKit/537.36 (KHTML, like Gecko) Chrome/150.0.7871.46 Mobile Safari/537.36 (compatible; Googlebot/2.1; +http://www.google.com/bot.html)"
66.249.64.170 - - [08/Jul/2026:01:05:43 +0200] "GET /?h=36435491521100 HTTP/1.1" 301 313 "-" "Mozilla/5.0 (compatible; Googlebot/2.1; +http://www.google.com/bot.html)"
66.249.64.171 - - [08/Jul/2026:01:05:43 +0200] "GET /index.php/?h=36435491521100 HTTP/1.1" 301 - "-" "Mozilla/5.0 (compatible; Googlebot/2.1; +http://www.google.com/bot.html)"
66.249.64.169 - - [08/Jul/2026:01:05:43 +0200] "GET /index.php/?h=36435491521100 HTTP/1.1" 301 - "-" "Mozilla/5.0 (Linux; Android 6.0.1; Nexus 5X Build/MMB29P) AppleWebKit/537.36 (KHTML, like Gecko) Chrome/150.0.7871.46 Mobile Safari/537.36 (compatible; Googlebot/2.1; +http://www.google.com/bot.html)"
66.249.64.170 - - [08/Jul/2026:01:06:12 +0200] "GET /?h=24755429201100 HTTP/1.1" 301 313 "-" "Mozilla/5.0 (compatible; Googlebot/2.1; +http://www.google.com/bot.html)"
66.249.64.169 - - [08/Jul/2026:01:06:12 +0200] "GET /index.php/?h=24755429201100 HTTP/1.1" 301 - "-" "Mozilla/5.0 (compatible; Googlebot/2.1; +http://www.google.com/bot.html)"
66.249.64.170 - - [08/Jul/2026:01:06:51 +0200] "GET /?h=44062177761100 HTTP/1.1" 301 313 "-" "Mozilla/5.0 (compatible; Googlebot/2.1; +http://www.google.com/bot.html)"
66.249.64.169 - - [08/Jul/2026:01:06:51 +0200] "GET /index.php/?h=44062177761100 HTTP/1.1" 301 - "-" "Mozilla/5.0 (compatible; Googlebot/2.1; +http://www.google.com/bot.html)"
66.249.64.169 - - [08/Jul/2026:01:07:23 +0200] "GET /productSearch/pictureSearch?id=26444149401100 HTTP/1.1" 301 314 "-" "Mozilla/5.0 (Linux; Android 6.0.1; Nexus 5X Build/MMB29P) AppleWebKit/537.36 (KHTML, like Gecko) Chrome/150.0.7871.46 Mobile Safari/537.36 (compatible; Googlebot/2.1; +http://www.google.com/bot.html)"
66.249.64.170 - - [08/Jul/2026:01:07:24 +0200] "GET /index.php/?id=26444149401100 HTTP/1.1" 301 - "-" "Mozilla/5.0 (Linux; Android 6.0.1; Nexus 5X Build/MMB29P) AppleWebKit/537.36 (KHTML, like Gecko) Chrome/150.0.7871.46 Mobile Safari/537.36 (compatible; Googlebot/2.1; +http://www.google.com/bot.html)"
66.249.64.170 - - [08/Jul/2026:01:07:28 +0200] "GET /?h=37216583361100 HTTP/1.1" 301 313 "-" "Mozilla/5.0 (compatible; Googlebot/2.1; +http://www.google.com/bot.html)"
66.249.64.169 - - [08/Jul/2026:01:07:29 +0200] "GET /index.php/?h=37216583361100 HTTP/1.1" 301 - "-" "Mozilla/5.0 (compatible; Googlebot/2.1; +http://www.google.com/bot.html)"
212.193.3.149 - - [08/Jul/2026:01:10:08 +0200] "HEAD / HTTP/1.1" 301 - "-" "Mozilla/5.0 (compatible; Googlebot/2.1; +http://www.google.com/bot.html)"
66.249.64.170 - - [08/Jul/2026:01:11:40 +0200] "GET /?h=35375902961100 HTTP/1.1" 301 313 "-" "Mozilla/5.0 (compatible; Googlebot/2.1; +http://www.google.com/bot.html)"
66.249.64.170 - - [08/Jul/2026:01:11:40 +0200] "GET /index.php/?h=35375902961100 HTTP/1.1" 301 - "-" "Mozilla/5.0 (compatible; Googlebot/2.1; +http://www.google.com/bot.html)"
66.249.64.171 - - [08/Jul/2026:01:12:55 +0200] "GET /?h=37981158761100 HTTP/1.1" 301 313 "-" "Mozilla/5.0 (Linux; Android 6.0.1; Nexus 5X Build/MMB29P) AppleWebKit/537.36 (KHTML, like Gecko) Chrome/150.0.7871.46 Mobile Safari/537.36 (compatible; Googlebot/2.1; +http://www.google.com/bot.html)"
66.249.64.170 - - [08/Jul/2026:01:12:55 +0200] "GET /index.php/?h=37981158761100 HTTP/1.1" 301 - "-" "Mozilla/5.0 (Linux; Android 6.0.1; Nexus 5X Build/MMB29P) AppleWebKit/537.36 (KHTML, like Gecko) Chrome/150.0.7871.46 Mobile Safari/537.36 (compatible; Googlebot/2.1; +http://www.google.com/bot.html)"
66.249.64.169 - - [08/Jul/2026:01:16:53 +0200] "GET /?h=30974532801100 HTTP/1.1" 301 313 "-" "Mozilla/5.0 (Linux; Android 6.0.1; Nexus 5X Build/MMB29P) AppleWebKit/537.36 (KHTML, like Gecko) Chrome/150.0.7871.46 Mobile Safari/537.36 (compatible; Googlebot/2.1; +http://www.google.com/bot.html)"
66.249.64.171 - - [08/Jul/2026:01:16:53 +0200] "GET /index.php/?h=30974532801100 HTTP/1.1" 301 - "-" "Mozilla/5.0 (Linux; Android 6.0.1; Nexus 5X Build/MMB29P) AppleWebKit/537.36 (KHTML, like Gecko) Chrome/150.0.7871.46 Mobile Safari/537.36 (compatible; Googlebot/2.1; +http://www.google.com/bot.html)"
66.249.64.170 - - [08/Jul/2026:01:17:56 +0200] "GET /?h=41017050521100 HTTP/1.1" 301 313 "-" "Mozilla/5.0 (Linux; Android 6.0.1; Nexus 5X Build/MMB29P) AppleWebKit/537.36 (KHTML, like Gecko) Chrome/150.0.7871.46 Mobile Safari/537.36 (compatible; Googlebot/2.1; +http://www.google.com/bot.html)"
66.249.64.170 - - [08/Jul/2026:01:17:56 +0200] "GET /index.php/?h=41017050521100 HTTP/1.1" 301 - "-" "Mozilla/5.0 (Linux; Android 6.0.1; Nexus 5X Build/MMB29P) AppleWebKit/537.36 (KHTML, like Gecko) Chrome/150.0.7871.46 Mobile Safari/537.36 (compatible; Googlebot/2.1; +http://www.google.com/bot.html)"
212.193.3.149 - - [08/Jul/2026:01:19:36 +0200] "HEAD / HTTP/1.1" 301 - "-" "Mozilla/5.0 (compatible; Googlebot/2.1; +http://www.google.com/bot.html)"
66.249.64.169 - - [08/Jul/2026:01:20:19 +0200] "GET /?h=29420510361100 HTTP/1.1" 301 313 "-" "Mozilla/5.0 (compatible; Googlebot/2.1; +http://www.google.com/bot.html)"
66.249.64.171 - - [08/Jul/2026:01:20:19 +0200] "GET /index.php/?h=29420510361100 HTTP/1.1" 301 - "-" "Mozilla/5.0 (compatible; Googlebot/2.1; +http://www.google.com/bot.html)"
66.249.64.169 - - [08/Jul/2026:01:22:13 +0200] "GET /?h=15351174161100 HTTP/1.1" 301 313 "-" "Mozilla/5.0 (Linux; Android 6.0.1; Nexus 5X Build/MMB29P) AppleWebKit/537.36 (KHTML, like Gecko) Chrome/150.0.7871.46 Mobile Safari/537.36 (compatible; Googlebot/2.1; +http://www.google.com/bot.html)"
66.249.64.170 - - [08/Jul/2026:01:22:14 +0200] "GET /index.php/?h=15351174161100 HTTP/1.1" 301 - "-" "Mozilla/5.0 (Linux; Android 6.0.1; Nexus 5X Build/MMB29P) AppleWebKit/537.36 (KHTML, like Gecko) Chrome/150.0.7871.46 Mobile Safari/537.36 (compatible; Googlebot/2.1; +http://www.google.com/bot.html)"
66.249.64.170 - - [08/Jul/2026:01:23:49 +0200] "GET /?h=15565962481100 HTTP/1.1" 301 313 "-" "Mozilla/5.0 (compatible; Googlebot/2.1; +http://www.google.com/bot.html)"
66.249.64.171 - - [08/Jul/2026:01:23:49 +0200] "GET /index.php/?h=15565962481100 HTTP/1.1" 301 - "-" "Mozilla/5.0 (compatible; Googlebot/2.1; +http://www.google.com/bot.html)"
216.73.216.138 - - [08/Jul/2026:01:24:16 +0200] "GET /robots.txt HTTP/2.0" 200 79 "-" "Mozilla/5.0 AppleWebKit/537.36 (KHTML, like Gecko; compatible; ClaudeBot/1.0; +claudebot@anthropic.com)"
66.249.64.171 - - [08/Jul/2026:01:24:30 +0200] "GET /?h=38448468081100 HTTP/1.1" 301 313 "-" "Mozilla/5.0 (compatible; Googlebot/2.1; +http://www.google.com/bot.html)"
66.249.64.171 - - [08/Jul/2026:01:24:30 +0200] "GET /index.php/?h=38448468081100 HTTP/1.1" 301 - "-" "Mozilla/5.0 (compatible; Googlebot/2.1; +http://www.google.com/bot.html)"
66.249.64.169 - - [08/Jul/2026:01:24:51 +0200] "GET /product/review/35524416641100 HTTP/1.1" 301 296 "-" "Mozilla/5.0 (Linux; Android 6.0.1; Nexus 5X Build/MMB29P) AppleWebKit/537.36 (KHTML, like Gecko) Chrome/150.0.7871.46 Mobile Safari/537.36 (compatible; Googlebot/2.1; +http://www.google.com/bot.html)"
94.154.43.185 - - [08/Jul/2026:01:25:05 +0200] "GET / HTTP/1.1" 301 - "-" "Mozilla/5.0 (Windows NT 10.0; Win64; x64) AppleWebKit/537.36 (KHTML, like Gecko) Chrome/147.0.0.0 Safari/537.36"
74.7.241.140 - - [08/Jul/2026:01:25:42 +0200] "GET /robots.txt HTTP/2.0" 200 79 "-" "Mozilla/5.0 (Macintosh; Intel Mac OS X 10_15_7) AppleWebKit/537.36 (KHTML, like Gecko) Chrome/131.0.0.0 Safari/537.36; compatible; OAI-SearchBot/1.4; robots.txt; +https://openai.com/searchbot"
74.7.227.58 - - [08/Jul/2026:01:25:42 +0200] "GET / HTTP/2.0" 301 - "-" "Mozilla/5.0 AppleWebKit/537.36 (KHTML, like Gecko; compatible; GPTBot/1.4; +https://openai.com/gptbot)"
66.249.64.170 - - [08/Jul/2026:01:26:50 +0200] "GET /?h=18771658761100 HTTP/1.1" 301 313 "-" "Mozilla/5.0 (Linux; Android 6.0.1; Nexus 5X Build/MMB29P) AppleWebKit/537.36 (KHTML, like Gecko) Chrome/150.0.7871.46 Mobile Safari/537.36 (compatible; Googlebot/2.1; +http://www.google.com/bot.html)"
66.249.64.170 - - [08/Jul/2026:01:26:50 +0200] "GET /index.php/?h=18771658761100 HTTP/1.1" 301 - "-" "Mozilla/5.0 (Linux; Android 6.0.1; Nexus 5X Build/MMB29P) AppleWebKit/537.36 (KHTML, like Gecko) Chrome/150.0.7871.46 Mobile Safari/537.36 (compatible; Googlebot/2.1; +http://www.google.com/bot.html)"
66.249.64.170 - - [08/Jul/2026:01:28:40 +0200] "GET /?h=36387583401100 HTTP/1.1" 301 313 "-" "Mozilla/5.0 (compatible; Googlebot/2.1; +http://www.google.com/bot.html)"
66.249.64.170 - - [08/Jul/2026:01:28:40 +0200] "GET /index.php/?h=36387583401100 HTTP/1.1" 301 - "-" "Mozilla/5.0 (compatible; Googlebot/2.1; +http://www.google.com/bot.html)"
212.193.3.149 - - [08/Jul/2026:01:29:35 +0200] "HEAD / HTTP/1.1" 301 - "-" "Mozilla/5.0 (compatible; Googlebot/2.1; +http://www.google.com/bot.html)"
66.249.64.169 - - [08/Jul/2026:01:29:37 +0200] "GET /?h=38059294801100 HTTP/1.1" 301 313 "-" "Mozilla/5.0 (Linux; Android 6.0.1; Nexus 5X Build/MMB29P) AppleWebKit/537.36 (KHTML, like Gecko) Chrome/150.0.7871.46 Mobile Safari/537.36 (compatible; Googlebot/2.1; +http://www.google.com/bot.html)"
66.249.64.171 - - [08/Jul/2026:01:29:38 +0200] "GET /index.php/?h=38059294801100 HTTP/1.1" 301 - "-" "Mozilla/5.0 (Linux; Android 6.0.1; Nexus 5X Build/MMB29P) AppleWebKit/537.36 (KHTML, like Gecko) Chrome/150.0.7871.46 Mobile Safari/537.36 (compatible; Googlebot/2.1; +http://www.google.com/bot.html)"
66.249.64.169 - - [08/Jul/2026:01:30:18 +0200] "GET /?h=29675687121100 HTTP/1.1" 301 313 "-" "Mozilla/5.0 (compatible; Googlebot/2.1; +http://www.google.com/bot.html)"
66.249.64.169 - - [08/Jul/2026:01:30:18 +0200] "GET /index.php/?h=29675687121100 HTTP/1.1" 301 - "-" "Mozilla/5.0 (compatible; Googlebot/2.1; +http://www.google.com/bot.html)"
66.249.64.171 - - [08/Jul/2026:01:31:02 +0200] "GET /?h=21439653161100 HTTP/1.1" 301 313 "-" "Mozilla/5.0 (Linux; Android 6.0.1; Nexus 5X Build/MMB29P) AppleWebKit/537.36 (KHTML, like Gecko) Chrome/150.0.7871.46 Mobile Safari/537.36 (compatible; Googlebot/2.1; +http://www.google.com/bot.html)"
66.249.64.170 - - [08/Jul/2026:01:31:02 +0200] "GET /index.php/?h=21439653161100 HTTP/1.1" 301 - "-" "Mozilla/5.0 (Linux; Android 6.0.1; Nexus 5X Build/MMB29P) AppleWebKit/537.36 (KHTML, like Gecko) Chrome/150.0.7871.46 Mobile Safari/537.36 (compatible; Googlebot/2.1; +http://www.google.com/bot.html)"
66.249.64.169 - - [08/Jul/2026:01:32:01 +0200] "GET /?h=31381043121100 HTTP/1.1" 301 313 "-" "Mozilla/5.0 (compatible; Googlebot/2.1; +http://www.google.com/bot.html)"
66.249.64.170 - - [08/Jul/2026:01:32:02 +0200] "GET /index.php/?h=31381043121100 HTTP/1.1" 301 - "-" "Mozilla/5.0 (compatible; Googlebot/2.1; +http://www.google.com/bot.html)"
66.249.64.170 - - [08/Jul/2026:01:35:13 +0200] "GET /productSearch/pictureSearch?id=37144087081100 HTTP/1.1" 301 314 "-" "Mozilla/5.0 (Linux; Android 6.0.1; Nexus 5X Build/MMB29P) AppleWebKit/537.36 (KHTML, like Gecko) Chrome/150.0.7871.46 Mobile Safari/537.36 (compatible; Googlebot/2.1; +http://www.google.com/bot.html)"
66.249.64.169 - - [08/Jul/2026:01:35:14 +0200] "GET /index.php/?id=37144087081100 HTTP/1.1" 301 - "-" "Mozilla/5.0 (Linux; Android 6.0.1; Nexus 5X Build/MMB29P) AppleWebKit/537.36 (KHTML, like Gecko) Chrome/150.0.7871.46 Mobile Safari/537.36 (compatible; Googlebot/2.1; +http://www.google.com/bot.html)"
66.249.64.169 - - [08/Jul/2026:01:35:34 +0200] "GET /?h=7357247041100 HTTP/1.1" 301 312 "-" "Mozilla/5.0 (Linux; Android 6.0.1; Nexus 5X Build/MMB29P) AppleWebKit/537.36 (KHTML, like Gecko) Chrome/150.0.7871.46 Mobile Safari/537.36 (compatible; Googlebot/2.1; +http://www.google.com/bot.html)"
66.249.64.169 - - [08/Jul/2026:01:35:34 +0200] "GET /index.php/?h=7357247041100 HTTP/1.1" 301 - "-" "Mozilla/5.0 (Linux; Android 6.0.1; Nexus 5X Build/MMB29P) AppleWebKit/537.36 (KHTML, like Gecko) Chrome/150.0.7871.46 Mobile Safari/537.36 (compatible; Googlebot/2.1; +http://www.google.com/bot.html)"
66.249.64.169 - - [08/Jul/2026:01:35:51 +0200] "GET /?h=37764818761100 HTTP/1.1" 301 313 "-" "Mozilla/5.0 (Linux; Android 6.0.1; Nexus 5X Build/MMB29P) AppleWebKit/537.36 (KHTML, like Gecko) Chrome/150.0.7871.46 Mobile Safari/537.36 (compatible; Googlebot/2.1; +http://www.google.com/bot.html)"
66.249.64.169 - - [08/Jul/2026:01:35:52 +0200] "GET /index.php/?h=37764818761100 HTTP/1.1" 301 - "-" "Mozilla/5.0 (Linux; Android 6.0.1; Nexus 5X Build/MMB29P) AppleWebKit/537.36 (KHTML, like Gecko) Chrome/150.0.7871.46 Mobile Safari/537.36 (compatible; Googlebot/2.1; +http://www.google.com/bot.html)"
66.249.64.170 - - [08/Jul/2026:01:36:22 +0200] "GET /?h=34936031521100 HTTP/1.1" 301 313 "-" "Mozilla/5.0 (Linux; Android 6.0.1; Nexus 5X Build/MMB29P) AppleWebKit/537.36 (KHTML, like Gecko) Chrome/150.0.7871.46 Mobile Safari/537.36 (compatible; Googlebot/2.1; +http://www.google.com/bot.html)"
66.249.64.171 - - [08/Jul/2026:01:36:23 +0200] "GET /index.php/?h=34936031521100 HTTP/1.1" 301 - "-" "Mozilla/5.0 (Linux; Android 6.0.1; Nexus 5X Build/MMB29P) AppleWebKit/537.36 (KHTML, like Gecko) Chrome/150.0.7871.46 Mobile Safari/537.36 (compatible; Googlebot/2.1; +http://www.google.com/bot.html)"
66.249.64.169 - - [08/Jul/2026:01:36:46 +0200] "GET /?h=43610549361100 HTTP/1.1" 301 313 "-" "Mozilla/5.0 (Linux; Android 6.0.1; Nexus 5X Build/MMB29P) AppleWebKit/537.36 (KHTML, like Gecko) Chrome/150.0.7871.46 Mobile Safari/537.36 (compatible; Googlebot/2.1; +http://www.google.com/bot.html)"
66.249.64.170 - - [08/Jul/2026:01:36:46 +0200] "GET /index.php/?h=43610549361100 HTTP/1.1" 301 - "-" "Mozilla/5.0 (Linux; Android 6.0.1; Nexus 5X Build/MMB29P) AppleWebKit/537.36 (KHTML, like Gecko) Chrome/150.0.7871.46 Mobile Safari/537.36 (compatible; Googlebot/2.1; +http://www.google.com/bot.html)"
212.193.3.149 - - [08/Jul/2026:01:39:31 +0200] "HEAD / HTTP/1.1" 301 - "-" "Mozilla/5.0 (compatible; Googlebot/2.1; +http://www.google.com/bot.html)"
66.249.64.171 - - [08/Jul/2026:01:39:46 +0200] "GET /?h=21720059641100 HTTP/1.1" 301 313 "-" "Mozilla/5.0 (Linux; Android 6.0.1; Nexus 5X Build/MMB29P) AppleWebKit/537.36 (KHTML, like Gecko) Chrome/150.0.7871.46 Mobile Safari/537.36 (compatible; Googlebot/2.1; +http://www.google.com/bot.html)"
66.249.64.170 - - [08/Jul/2026:01:39:46 +0200] "GET /productSearch/pictureSearch?id=17165834081100 HTTP/1.1" 301 314 "-" "Mozilla/5.0 (Linux; Android 6.0.1; Nexus 5X Build/MMB29P) AppleWebKit/537.36 (KHTML, like Gecko) Chrome/150.0.7871.46 Mobile Safari/537.36 (compatible; Googlebot/2.1; +http://www.google.com/bot.html)"
66.249.64.169 - - [08/Jul/2026:01:39:46 +0200] "GET /index.php/?h=21720059641100 HTTP/1.1" 301 - "-" "Mozilla/5.0 (Linux; Android 6.0.1; Nexus 5X Build/MMB29P) AppleWebKit/537.36 (KHTML, like Gecko) Chrome/150.0.7871.46 Mobile Safari/537.36 (compatible; Googlebot/2.1; +http://www.google.com/bot.html)"
66.249.64.171 - - [08/Jul/2026:01:39:46 +0200] "GET /index.php/?id=17165834081100 HTTP/1.1" 301 - "-" "Mozilla/5.0 (Linux; Android 6.0.1; Nexus 5X Build/MMB29P) AppleWebKit/537.36 (KHTML, like Gecko) Chrome/150.0.7871.46 Mobile Safari/537.36 (compatible; Googlebot/2.1; +http://www.google.com/bot.html)"
40.77.167.144 - - [08/Jul/2026:01:39:48 +0200] "GET / HTTP/2.0" 301 296 "-" "Mozilla/5.0 AppleWebKit/537.36 (KHTML, like Gecko; compatible; bingbot/2.0; +http://www.bing.com/bingbot.htm) Chrome/116.0.1938.76 Safari/537.36"
40.77.167.144 - - [08/Jul/2026:01:39:49 +0200] "GET /index.php/ HTTP/2.0" 301 - "-" "Mozilla/5.0 AppleWebKit/537.36 (KHTML, like Gecko; compatible; bingbot/2.0; +http://www.bing.com/bingbot.htm) Chrome/116.0.1938.76 Safari/537.36"
66.249.64.171 - - [08/Jul/2026:01:43:02 +0200] "GET /?h=26038385081100 HTTP/1.1" 301 313 "-" "Mozilla/5.0 (Linux; Android 6.0.1; Nexus 5X Build/MMB29P) AppleWebKit/537.36 (KHTML, like Gecko) Chrome/150.0.7871.46 Mobile Safari/537.36 (compatible; Googlebot/2.1; +http://www.google.com/bot.html)"
66.249.64.171 - - [08/Jul/2026:01:43:02 +0200] "GET /index.php/?h=26038385081100 HTTP/1.1" 301 - "-" "Mozilla/5.0 (Linux; Android 6.0.1; Nexus 5X Build/MMB29P) AppleWebKit/537.36 (KHTML, like Gecko) Chrome/150.0.7871.46 Mobile Safari/537.36 (compatible; Googlebot/2.1; +http://www.google.com/bot.html)"
66.249.64.169 - - [08/Jul/2026:01:45:27 +0200] "GET /?h=24642111801100 HTTP/1.1" 301 313 "-" "Mozilla/5.0 (Linux; Android 6.0.1; Nexus 5X Build/MMB29P) AppleWebKit/537.36 (KHTML, like Gecko) Chrome/150.0.7871.46 Mobile Safari/537.36 (compatible; Googlebot/2.1; +http://www.google.com/bot.html)"
66.249.64.170 - - [08/Jul/2026:01:45:28 +0200] "GET /index.php/?h=24642111801100 HTTP/1.1" 301 - "-" "Mozilla/5.0 (Linux; Android 6.0.1; Nexus 5X Build/MMB29P) AppleWebKit/537.36 (KHTML, like Gecko) Chrome/150.0.7871.46 Mobile Safari/537.36 (compatible; Googlebot/2.1; +http://www.google.com/bot.html)"
66.249.64.169 - - [08/Jul/2026:01:46:51 +0200] "GET /?h=26241834201100 HTTP/1.1" 301 313 "-" "Mozilla/5.0 (compatible; Googlebot/2.1; +http://www.google.com/bot.html)"
66.249.64.170 - - [08/Jul/2026:01:46:51 +0200] "GET /index.php/?h=26241834201100 HTTP/1.1" 301 - "-" "Mozilla/5.0 (compatible; Googlebot/2.1; +http://www.google.com/bot.html)"
65.108.235.243 - - [08/Jul/2026:01:47:57 +0200] "POST /wp-cron.php?doing_wp_cron=1783468076.8245730400085449218750 HTTP/1.1" 200 1 "-" "WordPress/7.0; https://verona.elettroservicegroup.it"
94.130.19.166 - - [08/Jul/2026:01:47:55 +0200] "POST /wp-login.php HTTP/1.1" 302 - "-" "Googlebot/2.1 (+http://www.google.com/bot.html)"
65.108.235.243 - - [08/Jul/2026:01:47:57 +0200] "POST /wp-json/complianz/v1/wsc-scan HTTP/1.1" 301 296 "-" "WordPress/7.0; https://verona.elettroservicegroup.it"
65.108.235.243 - - [08/Jul/2026:01:47:57 +0200] "POST /index.php/ HTTP/1.1" 301 - "-" "WordPress/7.0; https://verona.elettroservicegroup.it"
65.108.235.243 - - [08/Jul/2026:01:47:57 +0200] "GET / HTTP/1.1" 301 296 "-" "WP Fastest Cache Preload Bot"
65.108.235.243 - - [08/Jul/2026:01:47:57 +0200] "GET /index.php/ HTTP/1.1" 301 - "-" "WP Fastest Cache Preload Bot"
94.130.19.166 - - [08/Jul/2026:01:47:57 +0200] "GET /wp-admin/ HTTP/1.1" 200 92384 "https://verona.elettroservicegroup.it/wp-login.php" "Googlebot/2.1 (+http://www.google.com/bot.html)"
94.130.19.166 - - [08/Jul/2026:01:47:57 +0200] "GET /wp-admin/profile.php HTTP/1.1" 200 110201 "-" "Googlebot/2.1 (+http://www.google.com/bot.html)"
94.130.19.166 - - [08/Jul/2026:01:47:58 +0200] "POST /wp-login.php HTTP/1.1" 302 - "-" "Googlebot/2.1 (+http://www.google.com/bot.html)"
94.130.19.166 - - [08/Jul/2026:01:47:58 +0200] "GET /wp-admin/ HTTP/1.1" 200 92388 "https://verona.elettroservicegroup.it/wp-login.php" "Googlebot/2.1 (+http://www.google.com/bot.html)"
94.130.19.166 - - [08/Jul/2026:01:47:59 +0200] "GET /wp-admin/profile.php HTTP/1.1" 200 110248 "-" "Googlebot/2.1 (+http://www.google.com/bot.html)"
94.130.19.166 - - [08/Jul/2026:01:47:59 +0200] "POST /wp-login.php HTTP/1.1" 302 - "-" "Googlebot/2.1 (+http://www.google.com/bot.html)"
94.130.19.166 - - [08/Jul/2026:01:48:00 +0200] "GET /wp-admin/ HTTP/1.1" 200 92388 "https://verona.elettroservicegroup.it/wp-login.php" "Googlebot/2.1 (+http://www.google.com/bot.html)"
94.130.19.166 - - [08/Jul/2026:01:48:00 +0200] "GET /wp-admin/profile.php HTTP/1.1" 200 110309 "-" "Googlebot/2.1 (+http://www.google.com/bot.html)"
94.130.19.166 - - [08/Jul/2026:01:48:00 +0200] "POST /wp-login.php HTTP/1.1" 302 - "-" "Googlebot/2.1 (+http://www.google.com/bot.html)"
94.130.19.166 - - [08/Jul/2026:01:48:01 +0200] "GET /wp-admin/ HTTP/1.1" 200 92387 "https://verona.elettroservicegroup.it/wp-login.php" "Googlebot/2.1 (+http://www.google.com/bot.html)"
94.130.19.166 - - [08/Jul/2026:01:48:01 +0200] "GET /wp-admin/profile.php HTTP/1.1" 200 110368 "-" "Googlebot/2.1 (+http://www.google.com/bot.html)"
66.249.64.169 - - [08/Jul/2026:01:48:11 +0200] "GET /?h=22233800001100 HTTP/1.1" 301 313 "-" "Mozilla/5.0 (compatible; Googlebot/2.1; +http://www.google.com/bot.html)"
66.249.64.171 - - [08/Jul/2026:01:48:11 +0200] "GET /index.php/?h=22233800001100 HTTP/1.1" 301 - "-" "Mozilla/5.0 (compatible; Googlebot/2.1; +http://www.google.com/bot.html)"
212.193.3.149 - - [08/Jul/2026:01:49:05 +0200] "HEAD / HTTP/1.1" 301 - "-" "Mozilla/5.0 (compatible; Googlebot/2.1; +http://www.google.com/bot.html)"
66.249.64.169 - - [08/Jul/2026:01:49:25 +0200] "GET /?h=29670599401100 HTTP/1.1" 301 313 "-" "Mozilla/5.0 (compatible; Googlebot/2.1; +http://www.google.com/bot.html)"
66.249.64.170 - - [08/Jul/2026:01:49:25 +0200] "GET /index.php/?h=29670599401100 HTTP/1.1" 301 - "-" "Mozilla/5.0 (compatible; Googlebot/2.1; +http://www.google.com/bot.html)"
66.249.64.169 - - [08/Jul/2026:01:49:32 +0200] "GET /?h=39731811881100 HTTP/1.1" 301 313 "-" "Mozilla/5.0 (Linux; Android 6.0.1; Nexus 5X Build/MMB29P) AppleWebKit/537.36 (KHTML, like Gecko) Chrome/150.0.7871.46 Mobile Safari/537.36 (compatible; Googlebot/2.1; +http://www.google.com/bot.html)"
66.249.64.169 - - [08/Jul/2026:01:49:32 +0200] "GET /index.php/?h=39731811881100 HTTP/1.1" 301 - "-" "Mozilla/5.0 (Linux; Android 6.0.1; Nexus 5X Build/MMB29P) AppleWebKit/537.36 (KHTML, like Gecko) Chrome/150.0.7871.46 Mobile Safari/537.36 (compatible; Googlebot/2.1; +http://www.google.com/bot.html)"
66.249.64.171 - - [08/Jul/2026:01:51:07 +0200] "GET /?h=32557321001100 HTTP/1.1" 301 313 "-" "Mozilla/5.0 (Linux; Android 6.0.1; Nexus 5X Build/MMB29P) AppleWebKit/537.36 (KHTML, like Gecko) Chrome/150.0.7871.46 Mobile Safari/537.36 (compatible; Googlebot/2.1; +http://www.google.com/bot.html)"
66.249.64.170 - - [08/Jul/2026:01:51:07 +0200] "GET /index.php/?h=32557321001100 HTTP/1.1" 301 - "-" "Mozilla/5.0 (Linux; Android 6.0.1; Nexus 5X Build/MMB29P) AppleWebKit/537.36 (KHTML, like Gecko) Chrome/150.0.7871.46 Mobile Safari/537.36 (compatible; Googlebot/2.1; +http://www.google.com/bot.html)"
66.249.64.171 - - [08/Jul/2026:01:52:12 +0200] "GET /shop/sold?id=top6271876721100 HTTP/1.1" 301 316 "-" "Mozilla/5.0 (Linux; Android 6.0.1; Nexus 5X Build/MMB29P) AppleWebKit/537.36 (KHTML, like Gecko) Chrome/150.0.7871.46 Mobile Safari/537.36 (compatible; Googlebot/2.1; +http://www.google.com/bot.html)"
66.249.64.169 - - [08/Jul/2026:01:52:13 +0200] "GET /index.php/?id=top6271876721100 HTTP/1.1" 301 - "-" "Mozilla/5.0 (Linux; Android 6.0.1; Nexus 5X Build/MMB29P) AppleWebKit/537.36 (KHTML, like Gecko) Chrome/150.0.7871.46 Mobile Safari/537.36 (compatible; Googlebot/2.1; +http://www.google.com/bot.html)"
66.249.64.170 - - [08/Jul/2026:01:57:21 +0200] "GET /?h=8495001481100 HTTP/1.1" 301 312 "-" "Mozilla/5.0 (compatible; Googlebot/2.1; +http://www.google.com/bot.html)"
66.249.64.170 - - [08/Jul/2026:01:57:21 +0200] "GET /index.php/?h=8495001481100 HTTP/1.1" 301 - "-" "Mozilla/5.0 (compatible; Googlebot/2.1; +http://www.google.com/bot.html)"
66.249.64.171 - - [08/Jul/2026:01:57:24 +0200] "GET /?h=17022303681100 HTTP/1.1" 301 313 "-" "Mozilla/5.0 (Linux; Android 6.0.1; Nexus 5X Build/MMB29P) AppleWebKit/537.36 (KHTML, like Gecko) Chrome/150.0.7871.46 Mobile Safari/537.36 (compatible; Googlebot/2.1; +http://www.google.com/bot.html)"
66.249.64.169 - - [08/Jul/2026:01:57:25 +0200] "GET /index.php/?h=17022303681100 HTTP/1.1" 301 - "-" "Mozilla/5.0 (Linux; Android 6.0.1; Nexus 5X Build/MMB29P) AppleWebKit/537.36 (KHTML, like Gecko) Chrome/150.0.7871.46 Mobile Safari/537.36 (compatible; Googlebot/2.1; +http://www.google.com/bot.html)"
66.249.64.169 - - [08/Jul/2026:01:57:31 +0200] "GET /?h=6744930241100 HTTP/1.1" 301 312 "-" "Mozilla/5.0 (compatible; Googlebot/2.1; +http://www.google.com/bot.html)"
66.249.64.170 - - [08/Jul/2026:01:57:31 +0200] "GET /index.php/?h=6744930241100 HTTP/1.1" 301 - "-" "Mozilla/5.0 (compatible; Googlebot/2.1; +http://www.google.com/bot.html)"
66.249.64.169 - - [08/Jul/2026:01:57:46 +0200] "GET /?h=27891762401100 HTTP/1.1" 301 313 "-" "Mozilla/5.0 (compatible; Googlebot/2.1; +http://www.google.com/bot.html)"
66.249.64.169 - - [08/Jul/2026:01:57:46 +0200] "GET /index.php/?h=27891762401100 HTTP/1.1" 301 - "-" "Mozilla/5.0 (compatible; Googlebot/2.1; +http://www.google.com/bot.html)"
66.249.64.171 - - [08/Jul/2026:01:58:13 +0200] "GET /?h=39785180721100 HTTP/1.1" 301 313 "-" "Mozilla/5.0 (compatible; Googlebot/2.1; +http://www.google.com/bot.html)"
66.249.64.171 - - [08/Jul/2026:01:58:13 +0200] "GET /index.php/?h=39785180721100 HTTP/1.1" 301 - "-" "Mozilla/5.0 (compatible; Googlebot/2.1; +http://www.google.com/bot.html)"
212.193.3.149 - - [08/Jul/2026:01:58:48 +0200] "HEAD / HTTP/1.1" 301 - "-" "Mozilla/5.0 (compatible; Googlebot/2.1; +http://www.google.com/bot.html)"
66.249.64.171 - - [08/Jul/2026:01:59:59 +0200] "GET /?h=39276856321100 HTTP/1.1" 301 313 "-" "Mozilla/5.0 (Linux; Android 6.0.1; Nexus 5X Build/MMB29P) AppleWebKit/537.36 (KHTML, like Gecko) Chrome/150.0.7871.46 Mobile Safari/537.36 (compatible; Googlebot/2.1; +http://www.google.com/bot.html)"
66.249.64.170 - - [08/Jul/2026:02:00:00 +0200] "GET /index.php/?h=39276856321100 HTTP/1.1" 301 - "-" "Mozilla/5.0 (Linux; Android 6.0.1; Nexus 5X Build/MMB29P) AppleWebKit/537.36 (KHTML, like Gecko) Chrome/150.0.7871.46 Mobile Safari/537.36 (compatible; Googlebot/2.1; +http://www.google.com/bot.html)"
66.249.64.169 - - [08/Jul/2026:02:01:50 +0200] "GET /?h=9323703041100 HTTP/1.1" 301 312 "-" "Mozilla/5.0 (Linux; Android 6.0.1; Nexus 5X Build/MMB29P) AppleWebKit/537.36 (KHTML, like Gecko) Chrome/150.0.7871.46 Mobile Safari/537.36 (compatible; Googlebot/2.1; +http://www.google.com/bot.html)"
