65.108.235.243 - - [03/Jun/2026:14:24:06 +0200] "POST /wp-cron.php?doing_wp_cron=1780489446.5397529602050781250000 HTTP/1.1" 200 1 "-" "WordPress/7.0; https://brescia.elettroservicegroup.it"
172.203.190.134 - - [03/Jun/2026:14:24:05 +0200] "GET /robots.txt HTTP/2.0" 200 106 "-" "Mozilla/5.0 (Macintosh; Intel Mac OS X 10_15_7) AppleWebKit/537.36 (KHTML, like Gecko) Chrome/131.0.0.0 Safari/537.36; compatible; OAI-SearchBot/1.0; +https://openai.com/searchbot"
72.14.201.19 - - [03/Jun/2026:15:34:11 +0200] "GET / HTTP/2.0" 200 19891 "https://www.google.com/" "Mozilla/5.0 (Macintosh; Intel Mac OS X 10_15_7) AppleWebKit/537.36 (KHTML, like Gecko) Chrome/148.0.0.0 Safari/537.36"
65.108.235.243 - - [03/Jun/2026:15:34:12 +0200] "POST /wp-cron.php?doing_wp_cron=1780493652.1308600902557373046875 HTTP/1.1" 200 1 "-" "WordPress/7.0; https://brescia.elettroservicegroup.it"
142.250.32.38 - - [03/Jun/2026:15:34:10 +0200] "GET /.well-known/traffic-advice HTTP/1.1" 404 17783 "-" "Chrome Privacy Preserving Prefetch Proxy"
65.108.235.243 - - [03/Jun/2026:15:37:48 +0200] "POST /wp-cron.php?doing_wp_cron=1780493868.1834828853607177734375 HTTP/1.1" 200 1 "-" "WordPress/7.0; https://brescia.elettroservicegroup.it"
162.120.188.143 - - [03/Jun/2026:15:37:46 +0200] "GET / HTTP/2.0" 200 19891 "https://www.google.com/" "Mozilla/5.0 (Macintosh; Intel Mac OS X 10_15_7) AppleWebKit/537.36 (KHTML, like Gecko) Chrome/148.0.0.0 Safari/537.36"
65.108.235.243 - - [03/Jun/2026:15:39:22 +0200] "POST /wp-cron.php?doing_wp_cron=1780493962.9503879547119140625000 HTTP/1.1" 200 1 "-" "WordPress/7.0; https://brescia.elettroservicegroup.it"
162.120.188.140 - - [03/Jun/2026:15:39:21 +0200] "GET / HTTP/2.0" 200 19891 "https://www.google.com/" "Mozilla/5.0 (Macintosh; Intel Mac OS X 10_15_7) AppleWebKit/537.36 (KHTML, like Gecko) Chrome/148.0.0.0 Safari/537.36"
101.57.42.153 - - [03/Jun/2026:15:39:30 +0200] "GET /wp-content/plugins/gp-premium/blog/functions/css/style.min.css?ver=2.5.5 HTTP/2.0" 200 1018 "https://brescia.elettroservicegroup.it/" "Mozilla/5.0 (Macintosh; Intel Mac OS X 10_15_7) AppleWebKit/537.36 (KHTML, like Gecko) Chrome/148.0.0.0 Safari/537.36"
101.57.42.153 - - [03/Jun/2026:15:39:30 +0200] "GET /wp-content/plugins/header-footer-elementor/assets/css/header-footer-elementor.css?ver=2.8.8 HTTP/2.0" 200 260 "https://brescia.elettroservicegroup.it/" "Mozilla/5.0 (Macintosh; Intel Mac OS X 10_15_7) AppleWebKit/537.36 (KHTML, like Gecko) Chrome/148.0.0.0 Safari/537.36"
101.57.42.153 - - [03/Jun/2026:15:39:30 +0200] "GET /wp-content/plugins/essential-addons-for-elementor-lite/assets/front-end/css/view/general.min.css?ver=6.6.5 HTTP/2.0" 200 1422 "https://brescia.elettroservicegroup.it/" "Mozilla/5.0 (Macintosh; Intel Mac OS X 10_15_7) AppleWebKit/537.36 (KHTML, like Gecko) Chrome/148.0.0.0 Safari/537.36"
101.57.42.153 - - [03/Jun/2026:15:39:30 +0200] "GET /wp-content/plugins/all-in-one-seo-pack/dist/Lite/assets/css/table-of-contents/global.e90f6d47.css?ver=4.9.7.2 HTTP/2.0" 200 420 "https://brescia.elettroservicegroup.it/" "Mozilla/5.0 (Macintosh; Intel Mac OS X 10_15_7) AppleWebKit/537.36 (KHTML, like Gecko) Chrome/148.0.0.0 Safari/537.36"
101.57.42.153 - - [03/Jun/2026:15:39:30 +0200] "GET /wp-content/uploads/elementor/google-fonts/css/robotoslab.css?ver=1742275294 HTTP/2.0" 200 717 "https://brescia.elettroservicegroup.it/" "Mozilla/5.0 (Macintosh; Intel Mac OS X 10_15_7) AppleWebKit/537.36 (KHTML, like Gecko) Chrome/148.0.0.0 Safari/537.36"
101.57.42.153 - - [03/Jun/2026:15:39:30 +0200] "GET /wp-content/plugins/gp-premium/menu-plus/functions/css/navigation-branding-flex.min.css?ver=2.5.5 HTTP/2.0" 200 542 "https://brescia.elettroservicegroup.it/" "Mozilla/5.0 (Macintosh; Intel Mac OS X 10_15_7) AppleWebKit/537.36 (KHTML, like Gecko) Chrome/148.0.0.0 Safari/537.36"
101.57.42.153 - - [03/Jun/2026:15:39:30 +0200] "GET /wp-content/uploads/elementor/css/post-14146.css?ver=1780381067 HTTP/2.0" 200 428 "https://brescia.elettroservicegroup.it/" "Mozilla/5.0 (Macintosh; Intel Mac OS X 10_15_7) AppleWebKit/537.36 (KHTML, like Gecko) Chrome/148.0.0.0 Safari/537.36"
101.57.42.153 - - [03/Jun/2026:15:39:30 +0200] "GET /wp-content/plugins/elementor/assets/lib/font-awesome/css/solid.css?ver=5.15.3 HTTP/2.0" 200 299 "https://brescia.elettroservicegroup.it/" "Mozilla/5.0 (Macintosh; Intel Mac OS X 10_15_7) AppleWebKit/537.36 (KHTML, like Gecko) Chrome/148.0.0.0 Safari/537.36"
101.57.42.153 - - [03/Jun/2026:15:39:30 +0200] "GET /wp-content/plugins/elementor/assets/css/widget-icon-list.min.css?ver=3.24.3 HTTP/2.0" 200 928 "https://brescia.elettroservicegroup.it/" "Mozilla/5.0 (Macintosh; Intel Mac OS X 10_15_7) AppleWebKit/537.36 (KHTML, like Gecko) Chrome/148.0.0.0 Safari/537.36"
101.57.42.153 - - [03/Jun/2026:15:39:30 +0200] "GET /wp-content/plugins/elementor/assets/lib/eicons/css/elementor-icons.min.css?ver=5.49.0 HTTP/2.0" 200 4115 "https://brescia.elettroservicegroup.it/" "Mozilla/5.0 (Macintosh; Intel Mac OS X 10_15_7) AppleWebKit/537.36 (KHTML, like Gecko) Chrome/148.0.0.0 Safari/537.36"
101.57.42.153 - - [03/Jun/2026:15:39:30 +0200] "GET /wp-content/plugins/elementor/assets/css/frontend.min.css?ver=4.1.1 HTTP/2.0" 200 6618 "https://brescia.elettroservicegroup.it/" "Mozilla/5.0 (Macintosh; Intel Mac OS X 10_15_7) AppleWebKit/537.36 (KHTML, like Gecko) Chrome/148.0.0.0 Safari/537.36"
101.57.42.153 - - [03/Jun/2026:15:39:30 +0200] "GET /wp-content/plugins/header-footer-elementor/inc/widgets-css/frontend.css?ver=2.8.8 HTTP/2.0" 200 8711 "https://brescia.elettroservicegroup.it/" "Mozilla/5.0 (Macintosh; Intel Mac OS X 10_15_7) AppleWebKit/537.36 (KHTML, like Gecko) Chrome/148.0.0.0 Safari/537.36"
101.57.42.153 - - [03/Jun/2026:15:39:30 +0200] "GET /wp-content/plugins/elementor/assets/lib/font-awesome/css/brands.css?ver=5.15.3 HTTP/2.0" 200 298 "https://brescia.elettroservicegroup.it/" "Mozilla/5.0 (Macintosh; Intel Mac OS X 10_15_7) AppleWebKit/537.36 (KHTML, like Gecko) Chrome/148.0.0.0 Safari/537.36"
101.57.42.153 - - [03/Jun/2026:15:39:30 +0200] "GET /wp-content/plugins/wpfront-notification-bar/css/wpfront-notification-bar.min.css?ver=3.5.1.05102 HTTP/2.0" 200 665 "https://brescia.elettroservicegroup.it/" "Mozilla/5.0 (Macintosh; Intel Mac OS X 10_15_7) AppleWebKit/537.36 (KHTML, like Gecko) Chrome/148.0.0.0 Safari/537.36"
101.57.42.153 - - [03/Jun/2026:15:39:30 +0200] "GET /wp-content/plugins/elementor/assets/lib/eicons/css/elementor-icons.min.css?ver=5.34.0 HTTP/2.0" 200 4115 "https://brescia.elettroservicegroup.it/" "Mozilla/5.0 (Macintosh; Intel Mac OS X 10_15_7) AppleWebKit/537.36 (KHTML, like Gecko) Chrome/148.0.0.0 Safari/537.36"
101.57.42.153 - - [03/Jun/2026:15:39:30 +0200] "GET /wp-content/plugins/elementor/assets/lib/font-awesome/css/v4-shims.min.css?ver=4.1.1 HTTP/2.0" 200 3986 "https://brescia.elettroservicegroup.it/" "Mozilla/5.0 (Macintosh; Intel Mac OS X 10_15_7) AppleWebKit/537.36 (KHTML, like Gecko) Chrome/148.0.0.0 Safari/537.36"
101.57.42.153 - - [03/Jun/2026:15:39:30 +0200] "GET /wp-content/uploads/elementor/google-fonts/css/roboto.css?ver=1742275292 HTTP/2.0" 200 1886 "https://brescia.elettroservicegroup.it/" "Mozilla/5.0 (Macintosh; Intel Mac OS X 10_15_7) AppleWebKit/537.36 (KHTML, like Gecko) Chrome/148.0.0.0 Safari/537.36"
101.57.42.153 - - [03/Jun/2026:15:39:30 +0200] "GET /wp-content/plugins/elementor/assets/lib/font-awesome/css/all.min.css?ver=4.1.1 HTTP/2.0" 200 12402 "https://brescia.elettroservicegroup.it/" "Mozilla/5.0 (Macintosh; Intel Mac OS X 10_15_7) AppleWebKit/537.36 (KHTML, like Gecko) Chrome/148.0.0.0 Safari/537.36"
101.57.42.153 - - [03/Jun/2026:15:39:30 +0200] "GET /wp-content/plugins/elementor/assets/lib/font-awesome/css/fontawesome.css?ver=5.15.3 HTTP/2.0" 200 12535 "https://brescia.elettroservicegroup.it/" "Mozilla/5.0 (Macintosh; Intel Mac OS X 10_15_7) AppleWebKit/537.36 (KHTML, like Gecko) Chrome/148.0.0.0 Safari/537.36"
101.57.42.153 - - [03/Jun/2026:15:39:30 +0200] "GET /wp-includes/css/dist/block-library/style.min.css?ver=7.0 HTTP/2.0" 200 15998 "https://brescia.elettroservicegroup.it/" "Mozilla/5.0 (Macintosh; Intel Mac OS X 10_15_7) AppleWebKit/537.36 (KHTML, like Gecko) Chrome/148.0.0.0 Safari/537.36"
101.57.42.153 - - [03/Jun/2026:15:39:30 +0200] "GET /wp-content/uploads/2021/10/cropped-cropped-cropped-logo_white_background.png HTTP/2.0" 200 38971 "https://brescia.elettroservicegroup.it/" "Mozilla/5.0 (Macintosh; Intel Mac OS X 10_15_7) AppleWebKit/537.36 (KHTML, like Gecko) Chrome/148.0.0.0 Safari/537.36"
101.57.42.153 - - [03/Jun/2026:15:39:30 +0200] "GET /wp-content/uploads/elementor/css/post-14366.css?ver=1780381067 HTTP/2.0" 200 297 "https://brescia.elettroservicegroup.it/" "Mozilla/5.0 (Macintosh; Intel Mac OS X 10_15_7) AppleWebKit/537.36 (KHTML, like Gecko) Chrome/148.0.0.0 Safari/537.36"
101.57.42.153 - - [03/Jun/2026:15:39:30 +0200] "GET /wp-content/plugins/complianz-gdpr-premium/assets/css/cookieblocker.min.css?ver=1780326839 HTTP/2.0" 200 615 "https://brescia.elettroservicegroup.it/" "Mozilla/5.0 (Macintosh; Intel Mac OS X 10_15_7) AppleWebKit/537.36 (KHTML, like Gecko) Chrome/148.0.0.0 Safari/537.36"
101.57.42.153 - - [03/Jun/2026:15:39:30 +0200] "GET /wp-content/plugins/elementor/assets/css/widget-social-icons.min.css?ver=3.24.0 HTTP/2.0" 200 1039 "https://brescia.elettroservicegroup.it/" "Mozilla/5.0 (Macintosh; Intel Mac OS X 10_15_7) AppleWebKit/537.36 (KHTML, like Gecko) Chrome/148.0.0.0 Safari/537.36"
101.57.42.153 - - [03/Jun/2026:15:39:30 +0200] "GET /wp-content/plugins/elementor/assets/lib/font-awesome/js/v4-shims.min.js?ver=4.1.1 HTTP/2.0" 200 4043 "https://brescia.elettroservicegroup.it/" "Mozilla/5.0 (Macintosh; Intel Mac OS X 10_15_7) AppleWebKit/537.36 (KHTML, like Gecko) Chrome/148.0.0.0 Safari/537.36"
101.57.42.153 - - [03/Jun/2026:15:39:30 +0200] "GET /wp-content/plugins/wpfront-notification-bar/js/wpfront-notification-bar.min.js?ver=3.5.1.05102 HTTP/2.0" 200 1497 "https://brescia.elettroservicegroup.it/" "Mozilla/5.0 (Macintosh; Intel Mac OS X 10_15_7) AppleWebKit/537.36 (KHTML, like Gecko) Chrome/148.0.0.0 Safari/537.36"
101.57.42.153 - - [03/Jun/2026:15:39:30 +0200] "GET /wp-content/themes/generatepress/assets/css/main.min.css?ver=3.6.1 HTTP/2.0" 200 4410 "https://brescia.elettroservicegroup.it/" "Mozilla/5.0 (Macintosh; Intel Mac OS X 10_15_7) AppleWebKit/537.36 (KHTML, like Gecko) Chrome/148.0.0.0 Safari/537.36"
101.57.42.153 - - [03/Jun/2026:15:39:30 +0200] "GET /wp-includes/js/jquery/jquery-migrate.min.js?ver=3.4.1 HTTP/2.0" 200 4685 "https://brescia.elettroservicegroup.it/" "Mozilla/5.0 (Macintosh; Intel Mac OS X 10_15_7) AppleWebKit/537.36 (KHTML, like Gecko) Chrome/148.0.0.0 Safari/537.36"
101.57.42.153 - - [03/Jun/2026:15:39:30 +0200] "GET /wp-includes/js/jquery/jquery.min.js?ver=3.7.1 HTTP/2.0" 200 29769 "https://brescia.elettroservicegroup.it/" "Mozilla/5.0 (Macintosh; Intel Mac OS X 10_15_7) AppleWebKit/537.36 (KHTML, like Gecko) Chrome/148.0.0.0 Safari/537.36"
101.57.42.153 - - [03/Jun/2026:15:39:30 +0200] "GET /wp-content/uploads/2018/02/post-9-150x150.jpg HTTP/2.0" 200 6240 "https://brescia.elettroservicegroup.it/" "Mozilla/5.0 (Macintosh; Intel Mac OS X 10_15_7) AppleWebKit/537.36 (KHTML, like Gecko) Chrome/148.0.0.0 Safari/537.36"
101.57.42.153 - - [03/Jun/2026:15:39:30 +0200] "GET /wp-content/uploads/2018/02/post-10-150x150.jpg HTTP/2.0" 200 8023 "https://brescia.elettroservicegroup.it/" "Mozilla/5.0 (Macintosh; Intel Mac OS X 10_15_7) AppleWebKit/537.36 (KHTML, like Gecko) Chrome/148.0.0.0 Safari/537.36"
101.57.42.153 - - [03/Jun/2026:15:39:30 +0200] "GET /wp-content/uploads/2018/02/post-8-150x150.jpg HTTP/2.0" 200 5869 "https://brescia.elettroservicegroup.it/" "Mozilla/5.0 (Macintosh; Intel Mac OS X 10_15_7) AppleWebKit/537.36 (KHTML, like Gecko) Chrome/148.0.0.0 Safari/537.36"
101.57.42.153 - - [03/Jun/2026:15:39:30 +0200] "GET /wp-content/plugins/gp-premium/menu-plus/functions/js/sticky.min.js?ver=2.5.5 HTTP/2.0" 200 2670 "https://brescia.elettroservicegroup.it/" "Mozilla/5.0 (Macintosh; Intel Mac OS X 10_15_7) AppleWebKit/537.36 (KHTML, like Gecko) Chrome/148.0.0.0 Safari/537.36"
101.57.42.153 - - [03/Jun/2026:15:39:30 +0200] "GET /wp-content/uploads/2018/02/post-7-150x150.jpg HTTP/2.0" 200 6653 "https://brescia.elettroservicegroup.it/" "Mozilla/5.0 (Macintosh; Intel Mac OS X 10_15_7) AppleWebKit/537.36 (KHTML, like Gecko) Chrome/148.0.0.0 Safari/537.36"
101.57.42.153 - - [03/Jun/2026:15:39:30 +0200] "GET /wp-content/themes/generatepress/assets/js/back-to-top.min.js?ver=3.6.1 HTTP/2.0" 200 336 "https://brescia.elettroservicegroup.it/" "Mozilla/5.0 (Macintosh; Intel Mac OS X 10_15_7) AppleWebKit/537.36 (KHTML, like Gecko) Chrome/148.0.0.0 Safari/537.36"
101.57.42.153 - - [03/Jun/2026:15:39:30 +0200] "GET /wp-content/uploads/2018/02/post-4-150x150.jpg HTTP/2.0" 200 6989 "https://brescia.elettroservicegroup.it/" "Mozilla/5.0 (Macintosh; Intel Mac OS X 10_15_7) AppleWebKit/537.36 (KHTML, like Gecko) Chrome/148.0.0.0 Safari/537.36"
101.57.42.153 - - [03/Jun/2026:15:39:30 +0200] "GET /wp-content/uploads/2018/02/post-6-150x150.jpg HTTP/2.0" 200 9015 "https://brescia.elettroservicegroup.it/" "Mozilla/5.0 (Macintosh; Intel Mac OS X 10_15_7) AppleWebKit/537.36 (KHTML, like Gecko) Chrome/148.0.0.0 Safari/537.36"
101.57.42.153 - - [03/Jun/2026:15:39:30 +0200] "GET /wp-content/themes/generatepress/assets/js/menu.min.js?ver=3.6.1 HTTP/2.0" 200 1688 "https://brescia.elettroservicegroup.it/" "Mozilla/5.0 (Macintosh; Intel Mac OS X 10_15_7) AppleWebKit/537.36 (KHTML, like Gecko) Chrome/148.0.0.0 Safari/537.36"
101.57.42.153 - - [03/Jun/2026:15:39:30 +0200] "GET /wp-content/plugins/essential-addons-for-elementor-lite/assets/front-end/js/view/general.min.js?ver=6.6.5 HTTP/2.0" 200 3900 "https://brescia.elettroservicegroup.it/" "Mozilla/5.0 (Macintosh; Intel Mac OS X 10_15_7) AppleWebKit/537.36 (KHTML, like Gecko) Chrome/148.0.0.0 Safari/537.36"
101.57.42.153 - - [03/Jun/2026:15:39:30 +0200] "GET /wp-content/plugins/elementor/assets/js/webpack.runtime.min.js?ver=4.1.1 HTTP/2.0" 200 2340 "https://brescia.elettroservicegroup.it/" "Mozilla/5.0 (Macintosh; Intel Mac OS X 10_15_7) AppleWebKit/537.36 (KHTML, like Gecko) Chrome/148.0.0.0 Safari/537.36"
101.57.42.153 - - [03/Jun/2026:15:39:30 +0200] "GET /wp-content/uploads/2018/02/post-3-150x150.jpg HTTP/2.0" 200 7222 "https://brescia.elettroservicegroup.it/" "Mozilla/5.0 (Macintosh; Intel Mac OS X 10_15_7) AppleWebKit/537.36 (KHTML, like Gecko) Chrome/148.0.0.0 Safari/537.36"
101.57.42.153 - - [03/Jun/2026:15:39:30 +0200] "GET /wp-content/uploads/2018/02/post-5-150x150.jpg HTTP/2.0" 200 7908 "https://brescia.elettroservicegroup.it/" "Mozilla/5.0 (Macintosh; Intel Mac OS X 10_15_7) AppleWebKit/537.36 (KHTML, like Gecko) Chrome/148.0.0.0 Safari/537.36"
101.57.42.153 - - [03/Jun/2026:15:39:30 +0200] "GET /wp-includes/js/jquery/ui/core.min.js?ver=1.13.3 HTTP/2.0" 200 6820 "https://brescia.elettroservicegroup.it/" "Mozilla/5.0 (Macintosh; Intel Mac OS X 10_15_7) AppleWebKit/537.36 (KHTML, like Gecko) Chrome/148.0.0.0 Safari/537.36"
101.57.42.153 - - [03/Jun/2026:15:39:30 +0200] "GET /wp-content/uploads/2018/02/post-2-150x150.jpg HTTP/2.0" 200 6281 "https://brescia.elettroservicegroup.it/" "Mozilla/5.0 (Macintosh; Intel Mac OS X 10_15_7) AppleWebKit/537.36 (KHTML, like Gecko) Chrome/148.0.0.0 Safari/537.36"
101.57.42.153 - - [03/Jun/2026:15:39:30 +0200] "GET /wp-content/plugins/elementor/assets/js/frontend.min.js?ver=4.1.1 HTTP/2.0" 200 10140 "https://brescia.elettroservicegroup.it/" "Mozilla/5.0 (Macintosh; Intel Mac OS X 10_15_7) AppleWebKit/537.36 (KHTML, like Gecko) Chrome/148.0.0.0 Safari/537.36"
101.57.42.153 - - [03/Jun/2026:15:39:30 +0200] "GET /wp-content/plugins/elementor/assets/js/frontend-modules.min.js?ver=4.1.1 HTTP/2.0" 200 15454 "https://brescia.elettroservicegroup.it/" "Mozilla/5.0 (Macintosh; Intel Mac OS X 10_15_7) AppleWebKit/537.36 (KHTML, like Gecko) Chrome/148.0.0.0 Safari/537.36"
101.57.42.153 - - [03/Jun/2026:15:39:30 +0200] "GET /wp-content/plugins/complianz-gdpr-premium/cookiebanner/js/complianz.min.js?ver=1780326839 HTTP/2.0" 200 10708 "https://brescia.elettroservicegroup.it/" "Mozilla/5.0 (Macintosh; Intel Mac OS X 10_15_7) AppleWebKit/537.36 (KHTML, like Gecko) Chrome/148.0.0.0 Safari/537.36"
101.57.42.153 - - [03/Jun/2026:15:39:30 +0200] "GET /wp-content/uploads/elementor/google-fonts/fonts/robotoslab-bngmuxzytxpivibgjjsb6ufn5qu.woff2 HTTP/2.0" 200 34328 "https://brescia.elettroservicegroup.it/wp-content/uploads/elementor/google-fonts/css/robotoslab.css?ver=1742275294" "Mozilla/5.0 (Macintosh; Intel Mac OS X 10_15_7) AppleWebKit/537.36 (KHTML, like Gecko) Chrome/148.0.0.0 Safari/537.36"
101.57.42.153 - - [03/Jun/2026:15:39:30 +0200] "GET /wp-content/uploads/elementor/google-fonts/fonts/robotoslab-bngmuxzytxpivibgjjsb6ufj5qw54a.woff2 HTTP/2.0" 200 21269 "https://brescia.elettroservicegroup.it/wp-content/uploads/elementor/google-fonts/css/robotoslab.css?ver=1742275294" "Mozilla/5.0 (Macintosh; Intel Mac OS X 10_15_7) AppleWebKit/537.36 (KHTML, like Gecko) Chrome/148.0.0.0 Safari/537.36"
101.57.42.153 - - [03/Jun/2026:15:39:30 +0200] "GET /wp-content/uploads/elementor/google-fonts/fonts/robotoslab-bngmuxzytxpivibgjjsb6ufd5qw54a.woff2 HTTP/2.0" 200 20757 "https://brescia.elettroservicegroup.it/wp-content/uploads/elementor/google-fonts/css/robotoslab.css?ver=1742275294" "Mozilla/5.0 (Macintosh; Intel Mac OS X 10_15_7) AppleWebKit/537.36 (KHTML, like Gecko) Chrome/148.0.0.0 Safari/537.36"
101.57.42.153 - - [03/Jun/2026:15:39:30 +0200] "GET /wp-content/plugins/elementor/assets/js/section-frontend-handlers.d85ab872da118940910d.bundle.min.js HTTP/2.0" 200 230 "https://brescia.elettroservicegroup.it/" "Mozilla/5.0 (Macintosh; Intel Mac OS X 10_15_7) AppleWebKit/537.36 (KHTML, like Gecko) Chrome/148.0.0.0 Safari/537.36"
101.57.42.153 - - [03/Jun/2026:15:39:30 +0200] "GET /wp-content/plugins/elementor/assets/js/shared-frontend-handlers.03caa53373b56d3bab67.bundle.min.js HTTP/2.0" 200 2515 "https://brescia.elettroservicegroup.it/" "Mozilla/5.0 (Macintosh; Intel Mac OS X 10_15_7) AppleWebKit/537.36 (KHTML, like Gecko) Chrome/148.0.0.0 Safari/537.36"
101.57.42.153 - - [03/Jun/2026:15:39:30 +0200] "GET /wp-content/plugins/elementor/assets/js/text-editor.45609661e409413f1cef.bundle.min.js HTTP/2.0" 200 592 "https://brescia.elettroservicegroup.it/" "Mozilla/5.0 (Macintosh; Intel Mac OS X 10_15_7) AppleWebKit/537.36 (KHTML, like Gecko) Chrome/148.0.0.0 Safari/537.36"
101.57.42.153 - - [03/Jun/2026:15:39:30 +0200] "GET /wp-content/uploads/2021/10/cropped-cropped-cropped-cropped-logo_white_background-32x32.png HTTP/2.0" 200 1525 "https://brescia.elettroservicegroup.it/" "Mozilla/5.0 (Macintosh; Intel Mac OS X 10_15_7) AppleWebKit/537.36 (KHTML, like Gecko) Chrome/148.0.0.0 Safari/537.36"
101.57.42.153 - - [03/Jun/2026:15:39:30 +0200] "GET /wp-includes/js/wp-emoji-release.min.js?ver=7.0 HTTP/2.0" 200 4940 "https://brescia.elettroservicegroup.it/" "Mozilla/5.0 (Macintosh; Intel Mac OS X 10_15_7) AppleWebKit/537.36 (KHTML, like Gecko) Chrome/148.0.0.0 Safari/537.36"
65.108.235.243 - - [03/Jun/2026:15:39:30 +0200] "POST /wp-cron.php?doing_wp_cron=1780493970.5738461017608642578125 HTTP/1.1" 200 1 "-" "WordPress/7.0; https://brescia.elettroservicegroup.it"
101.57.42.153 - - [03/Jun/2026:15:39:30 +0200] "GET /wp-json/complianz/v1/banner?lang=it&locale=it_IT&token=kkkbu HTTP/2.0" 200 83 "https://brescia.elettroservicegroup.it/" "Mozilla/5.0 (Macintosh; Intel Mac OS X 10_15_7) AppleWebKit/537.36 (KHTML, like Gecko) Chrome/148.0.0.0 Safari/537.36"
101.57.42.153 - - [03/Jun/2026:15:39:30 +0200] "GET /wp-content/uploads/complianz/css/banner-1-optin.css?v=22 HTTP/2.0" 200 2615 "https://brescia.elettroservicegroup.it/" "Mozilla/5.0 (Macintosh; Intel Mac OS X 10_15_7) AppleWebKit/537.36 (KHTML, like Gecko) Chrome/148.0.0.0 Safari/537.36"
47.128.23.240 - - [03/Jun/2026:15:47:02 +0200] "GET /robots.txt HTTP/1.1" 200 11865 "-" "Mozilla/5.0 (Linux; Android 5.0) AppleWebKit/537.36 (KHTML, like Gecko) Mobile Safari/537.36 (compatible; Bytespider; spider-feedback@bytedance.com)"
155.117.232.149 - - [03/Jun/2026:16:10:01 +0200] "GET /wp-json/link-vstavka/v1/health HTTP/1.1" 200 107 "-" "Mozilla/5.0 (Windows NT 10.0; Win64; x64) AppleWebKit/537.36 (KHTML, like Gecko) Chrome/124.0 Safari/537.36"
155.117.232.149 - - [03/Jun/2026:16:10:02 +0200] "GET /wp-admin/admin-ajax.php?action=lvb_bridge&lvb_action=health HTTP/1.1" 200 107 "-" "Mozilla/5.0 (Windows NT 10.0; Win64; x64) AppleWebKit/537.36 (KHTML, like Gecko) Chrome/124.0 Safari/537.36"
155.117.232.149 - - [03/Jun/2026:16:10:02 +0200] "GET /?lvb_bridge=1&lvb_action=health HTTP/1.1" 200 107 "-" "Mozilla/5.0 (Windows NT 10.0; Win64; x64) AppleWebKit/537.36 (KHTML, like Gecko) Chrome/124.0 Safari/537.36"
65.108.235.243 - - [03/Jun/2026:16:10:04 +0200] "POST /wp-cron.php?doing_wp_cron=1780495804.3623650074005126953125 HTTP/1.1" 200 1 "-" "WordPress/7.0; https://brescia.elettroservicegroup.it"
155.117.232.149 - - [03/Jun/2026:16:10:03 +0200] "GET /wp-login.php HTTP/1.1" 302 - "https://brescia.elettroservicegroup.it/wp-login.php" "Mozilla/5.0 (Windows NT 10.0; Win64; x64) AppleWebKit/537.36 (KHTML, like Gecko) Chrome/124.0 Safari/537.36"
155.117.232.149 - - [03/Jun/2026:16:10:04 +0200] "GET /wp-login.php HTTP/1.1" 302 - "https://brescia.elettroservicegroup.it/wp-login.php" "Mozilla/5.0 (Windows NT 10.0; Win64; x64) AppleWebKit/537.36 (KHTML, like Gecko) Chrome/124.0 Safari/537.36"
66.56.86.65 - - [03/Jun/2026:16:26:10 +0200] "POST /xmlrpc.php HTTP/1.1" 403 52 "-" "Mozilla/5.0 (Macintosh; Intel Mac OS X 10_15_7) AppleWebKit/537.36 (KHTML, like Gecko) Chrome/120.0.0.0 Safari/537.36"
66.56.86.65 - - [03/Jun/2026:16:26:10 +0200] "POST /xmlrpc.php HTTP/1.1" 403 52 "-" "Mozilla/5.0 (Macintosh; Intel Mac OS X 10_15_7) AppleWebKit/537.36 (KHTML, like Gecko) Chrome/120.0.0.0 Safari/537.36"
66.56.86.65 - - [03/Jun/2026:16:26:10 +0200] "POST /xmlrpc.php HTTP/1.1" 403 52 "-" "Mozilla/5.0 (Macintosh; Intel Mac OS X 10_15_7) AppleWebKit/537.36 (KHTML, like Gecko) Chrome/120.0.0.0 Safari/537.36"
66.56.86.65 - - [03/Jun/2026:16:26:10 +0200] "POST /xmlrpc.php HTTP/1.1" 403 52 "-" "Mozilla/5.0 (Macintosh; Intel Mac OS X 10_15_7) AppleWebKit/537.36 (KHTML, like Gecko) Chrome/120.0.0.0 Safari/537.36"
66.56.86.57 - - [03/Jun/2026:16:58:25 +0200] "POST /xmlrpc.php HTTP/1.1" 403 52 "-" "Mozilla/5.0 (Windows NT 10.0; WOW64; x64) AppleWebKit/537.36 (KHTML, like Gecko) Chrome/114.0.0.0 Safari/537.36 OPR/89.0.4447.51"
66.56.86.57 - - [03/Jun/2026:16:58:26 +0200] "POST /xmlrpc.php HTTP/1.1" 403 52 "-" "Mozilla/5.0 (Windows NT 10.0; WOW64; x64) AppleWebKit/537.36 (KHTML, like Gecko) Chrome/114.0.0.0 Safari/537.36 OPR/89.0.4447.51"
66.56.86.57 - - [03/Jun/2026:16:58:26 +0200] "POST /xmlrpc.php HTTP/1.1" 403 52 "-" "Mozilla/5.0 (Windows NT 10.0; WOW64; x64) AppleWebKit/537.36 (KHTML, like Gecko) Chrome/114.0.0.0 Safari/537.36 OPR/89.0.4447.51"
66.56.86.57 - - [03/Jun/2026:16:58:26 +0200] "POST /xmlrpc.php HTTP/1.1" 403 52 "-" "Mozilla/5.0 (Windows NT 10.0; WOW64; x64) AppleWebKit/537.36 (KHTML, like Gecko) Chrome/114.0.0.0 Safari/537.36 OPR/89.0.4447.51"
46.42.147.15 - - [03/Jun/2026:17:38:08 +0200] "POST /xmlrpc.php HTTP/1.1" 403 52 "-" "Mozilla/5.0 (Windows NT 10.0; Win64; x64) AppleWebKit/537.36 (KHTML, like Gecko) Chrome/124.0 Safari/537.36"
65.108.235.243 - - [03/Jun/2026:17:38:13 +0200] "POST /wp-cron.php?doing_wp_cron=1780501093.9660329818725585937500 HTTP/1.1" 200 1 "-" "WordPress/7.0; https://brescia.elettroservicegroup.it"
168.149.74.201 - - [03/Jun/2026:17:38:10 +0200] "POST /wp-login.php HTTP/1.1" 302 - "-" "Mozilla/5.0 (Windows NT 10.0; Win64; x64) AppleWebKit/537.36 (KHTML, like Gecko) Chrome/124.0 Safari/537.36"
2.63.201.37 - - [03/Jun/2026:17:38:15 +0200] "POST /wp-login.php HTTP/1.1" 200 9467 "-" "Mozilla/5.0 (Windows NT 10.0; Win64; x64) AppleWebKit/537.36 (KHTML, like Gecko) Chrome/124.0 Safari/537.36"
85.174.203.94 - - [03/Jun/2026:18:01:31 +0200] "POST /xmlrpc.php HTTP/1.1" 200 11778 "-" "Mozilla/5.0 (Windows NT 10.0; Win64; x64) AppleWebKit/537.36 (KHTML, like Gecko) Chrome/124.0 Safari/537.36"
65.108.235.243 - - [03/Jun/2026:18:01:33 +0200] "POST /wp-cron.php?doing_wp_cron=1780502493.5056540966033935546875 HTTP/1.1" 200 1 "-" "WordPress/7.0; https://brescia.elettroservicegroup.it"
176.175.77.134 - - [03/Jun/2026:18:01:32 +0200] "POST /wp-login.php HTTP/1.1" 200 9467 "-" "Mozilla/5.0 (Windows NT 10.0; Win64; x64) AppleWebKit/537.36 (KHTML, like Gecko) Chrome/124.0 Safari/537.36"
65.108.235.243 - - [03/Jun/2026:18:03:43 +0200] "POST /wp-cron.php?doing_wp_cron=1780502623.4204161167144775390625 HTTP/1.1" 200 1 "-" "WordPress/7.0; https://brescia.elettroservicegroup.it"
114.119.141.228 - - [03/Jun/2026:18:03:42 +0200] "GET /vicenza HTTP/1.1" 301 1 "https://brescia.elettroservicegroup.it/vicenza" "Mozilla/5.0 (Linux; Android 7.0;) AppleWebKit/537.36 (HTML, like Gecko) Mobile Safari/537.36 (compatible; PetalBot;+https://webmaster.petalsearch.com/site/petalbot)"
114.119.141.228 - - [03/Jun/2026:18:03:44 +0200] "GET /vicenza/ HTTP/1.1" 200 18612 "https://brescia.elettroservicegroup.it/vicenza" "Mozilla/5.0 (Linux; Android 7.0;) AppleWebKit/537.36 (HTML, like Gecko) Mobile Safari/537.36 (compatible; PetalBot;+https://webmaster.petalsearch.com/site/petalbot)"
65.108.235.243 - - [03/Jun/2026:18:05:07 +0200] "POST /wp-cron.php?doing_wp_cron=1780502707.6725149154663085937500 HTTP/1.1" 200 1 "-" "WordPress/7.0; https://brescia.elettroservicegroup.it"
114.119.148.161 - - [03/Jun/2026:18:05:06 +0200] "GET /post-9-2 HTTP/1.1" 301 1 "https://brescia.elettroservicegroup.it/mt-sample-background" "Mozilla/5.0 (Linux; Android 7.0;) AppleWebKit/537.36 (HTML, like Gecko) Mobile Safari/537.36 (compatible; PetalBot;+https://webmaster.petalsearch.com/site/petalbot)"
114.119.148.161 - - [03/Jun/2026:18:05:08 +0200] "GET /post-9-2/ HTTP/1.1" 200 18590 "https://brescia.elettroservicegroup.it/mt-sample-background" "Mozilla/5.0 (Linux; Android 7.0;) AppleWebKit/537.36 (HTML, like Gecko) Mobile Safari/537.36 (compatible; PetalBot;+https://webmaster.petalsearch.com/site/petalbot)"
65.108.235.243 - - [03/Jun/2026:18:06:31 +0200] "POST /wp-cron.php?doing_wp_cron=1780502790.9944028854370117187500 HTTP/1.1" 200 1 "-" "WordPress/7.0; https://brescia.elettroservicegroup.it"
114.119.137.153 - - [03/Jun/2026:18:06:29 +0200] "GET /post-4-2/ HTTP/1.1" 200 18590 "https://brescia.elettroservicegroup.it/franke-jpg/" "Mozilla/5.0 (Linux; Android 7.0;) AppleWebKit/537.36 (HTML, like Gecko) Mobile Safari/537.36 (compatible; PetalBot;+https://webmaster.petalsearch.com/site/petalbot)"
65.108.235.243 - - [03/Jun/2026:18:07:54 +0200] "POST /wp-cron.php?doing_wp_cron=1780502874.0024890899658203125000 HTTP/1.1" 200 1 "-" "WordPress/7.0; https://brescia.elettroservicegroup.it"
114.119.137.153 - - [03/Jun/2026:18:07:52 +0200] "GET /marchi-uniti-2/ HTTP/1.1" 200 18673 "https://brescia.elettroservicegroup.it/marchi-uniti-2/" "Mozilla/5.0 (Linux; Android 7.0;) AppleWebKit/537.36 (HTML, like Gecko) Mobile Safari/537.36 (compatible; PetalBot;+https://webmaster.petalsearch.com/site/petalbot)"
65.108.235.243 - - [03/Jun/2026:18:09:17 +0200] "POST /wp-cron.php?doing_wp_cron=1780502957.8886029720306396484375 HTTP/1.1" 200 1 "-" "WordPress/7.0; https://brescia.elettroservicegroup.it"
114.119.130.67 - - [03/Jun/2026:18:09:16 +0200] "GET /assistenza-asciugatrici HTTP/1.1" 404 17795 "https://brescia.elettroservicegroup.it/" "Mozilla/5.0 (Linux; Android 7.0;) AppleWebKit/537.36 (HTML, like Gecko) Mobile Safari/537.36 (compatible; PetalBot;+https://webmaster.petalsearch.com/site/petalbot)"
65.108.235.243 - - [03/Jun/2026:18:10:40 +0200] "POST /wp-cron.php?doing_wp_cron=1780503040.3360080718994140625000 HTTP/1.1" 200 1 "-" "WordPress/7.0; https://brescia.elettroservicegroup.it"
114.119.137.153 - - [03/Jun/2026:18:10:39 +0200] "GET /6-1-png HTTP/1.1" 301 1 "https://brescia.elettroservicegroup.it/6-1-png" "Mozilla/5.0 (Linux; Android 7.0;) AppleWebKit/537.36 (HTML, like Gecko) Mobile Safari/537.36 (compatible; PetalBot;+https://webmaster.petalsearch.com/site/petalbot)"
114.119.137.153 - - [03/Jun/2026:18:10:40 +0200] "GET /6-1-png/ HTTP/1.1" 200 18546 "https://brescia.elettroservicegroup.it/6-1-png" "Mozilla/5.0 (Linux; Android 7.0;) AppleWebKit/537.36 (HTML, like Gecko) Mobile Safari/537.36 (compatible; PetalBot;+https://webmaster.petalsearch.com/site/petalbot)"
65.108.235.243 - - [03/Jun/2026:19:21:08 +0200] "POST /wp-cron.php?doing_wp_cron=1780507268.9517309665679931640625 HTTP/1.1" 200 1 "-" "WordPress/7.0; https://brescia.elettroservicegroup.it"
52.167.144.57 - - [03/Jun/2026:19:21:07 +0200] "GET /robots.txt HTTP/2.0" 200 106 "-" "Mozilla/5.0 AppleWebKit/537.36 (KHTML, like Gecko; compatible; bingbot/2.0; +http://www.bing.com/bingbot.htm) Chrome/116.0.1938.76 Safari/537.36"
40.77.167.151 - - [03/Jun/2026:19:21:13 +0200] "GET /addl-sitemap.xml HTTP/2.0" 200 371 "-" "Mozilla/5.0 AppleWebKit/537.36 (KHTML, like Gecko; compatible; bingbot/2.0; +http://www.bing.com/bingbot.htm) Chrome/116.0.1938.76 Safari/537.36"
65.108.235.243 - - [03/Jun/2026:19:22:24 +0200] "POST /wp-cron.php?doing_wp_cron=1780507344.9009380340576171875000 HTTP/1.1" 200 1 "-" "WordPress/7.0; https://brescia.elettroservicegroup.it"
40.77.167.151 - - [03/Jun/2026:19:22:23 +0200] "GET /sitemap.xml HTTP/2.0" 200 339 "-" "Mozilla/5.0 AppleWebKit/537.36 (KHTML, like Gecko; compatible; bingbot/2.0; +http://www.bing.com/bingbot.htm) Chrome/116.0.1938.76 Safari/537.36"
65.108.235.243 - - [03/Jun/2026:20:09:12 +0200] "POST /wp-cron.php?doing_wp_cron=1780510152.5067980289459228515625 HTTP/1.1" 200 1 "-" "WordPress/7.0; https://brescia.elettroservicegroup.it"
17.22.237.55 - - [03/Jun/2026:20:09:11 +0200] "GET /robots.txt HTTP/2.0" 200 193 "-" "Mozilla/5.0 (Macintosh; Intel Mac OS X 10_15_7) AppleWebKit/605.1.15 (KHTML, like Gecko) Version/17.4 Safari/605.1.15 (Applebot/0.1; +http://www.apple.com/go/applebot)"
17.22.237.55 - - [03/Jun/2026:20:09:12 +0200] "GET /assistenza-elettrodomestici/copertina-washing-machine-2668472_1920/ HTTP/2.0" 404 91189 "-" "Mozilla/5.0 (Macintosh; Intel Mac OS X 10_15_7) AppleWebKit/605.1.15 (KHTML, like Gecko) Version/17.4 Safari/605.1.15 (Applebot/0.1; +http://www.apple.com/go/applebot)"
17.22.245.88 - - [03/Jun/2026:20:13:22 +0200] "GET /wp-includes/css/dist/block-library/style.min.css?ver=7.0 HTTP/2.0" 200 15998 "https://brescia.elettroservicegroup.it/assistenza-elettrodomestici/copertina-washing-machine-2668472_1920/" "Mozilla/5.0 (Macintosh; Intel Mac OS X 10_15_7) AppleWebKit/605.1.15 (KHTML, like Gecko) Version/17.4 Safari/605.1.15 (Applebot/0.1; +http://www.apple.com/go/applebot)"
17.22.245.88 - - [03/Jun/2026:20:13:24 +0200] "GET /wp-content/plugins/complianz-gdpr-premium/assets/css/cookieblocker.min.css?ver=1780326839 HTTP/2.0" 200 615 "https://brescia.elettroservicegroup.it/assistenza-elettrodomestici/copertina-washing-machine-2668472_1920/" "Mozilla/5.0 (Macintosh; Intel Mac OS X 10_15_7) AppleWebKit/605.1.15 (KHTML, like Gecko) Version/17.4 Safari/605.1.15 (Applebot/0.1; +http://www.apple.com/go/applebot)"
17.22.245.88 - - [03/Jun/2026:20:13:26 +0200] "GET /wp-content/plugins/header-footer-elementor/assets/css/header-footer-elementor.css?ver=2.8.8 HTTP/2.0" 200 260 "https://brescia.elettroservicegroup.it/assistenza-elettrodomestici/copertina-washing-machine-2668472_1920/" "Mozilla/5.0 (Macintosh; Intel Mac OS X 10_15_7) AppleWebKit/605.1.15 (KHTML, like Gecko) Version/17.4 Safari/605.1.15 (Applebot/0.1; +http://www.apple.com/go/applebot)"
17.22.245.88 - - [03/Jun/2026:20:13:27 +0200] "GET /wp-content/plugins/header-footer-elementor/inc/widgets-css/frontend.css?ver=2.8.8 HTTP/2.0" 200 8711 "https://brescia.elettroservicegroup.it/assistenza-elettrodomestici/copertina-washing-machine-2668472_1920/" "Mozilla/5.0 (Macintosh; Intel Mac OS X 10_15_7) AppleWebKit/605.1.15 (KHTML, like Gecko) Version/17.4 Safari/605.1.15 (Applebot/0.1; +http://www.apple.com/go/applebot)"
17.22.245.88 - - [03/Jun/2026:20:13:29 +0200] "GET /wp-content/plugins/elementor/assets/lib/eicons/css/elementor-icons.min.css?ver=5.49.0 HTTP/2.0" 200 4115 "https://brescia.elettroservicegroup.it/assistenza-elettrodomestici/copertina-washing-machine-2668472_1920/" "Mozilla/5.0 (Macintosh; Intel Mac OS X 10_15_7) AppleWebKit/605.1.15 (KHTML, like Gecko) Version/17.4 Safari/605.1.15 (Applebot/0.1; +http://www.apple.com/go/applebot)"
17.22.245.88 - - [03/Jun/2026:20:13:31 +0200] "GET /wp-content/plugins/all-in-one-seo-pack/dist/Lite/assets/css/table-of-contents/global.e90f6d47.css?ver=4.9.7.2 HTTP/2.0" 200 420 "https://brescia.elettroservicegroup.it/assistenza-elettrodomestici/copertina-washing-machine-2668472_1920/" "Mozilla/5.0 (Macintosh; Intel Mac OS X 10_15_7) AppleWebKit/605.1.15 (KHTML, like Gecko) Version/17.4 Safari/605.1.15 (Applebot/0.1; +http://www.apple.com/go/applebot)"
17.22.245.88 - - [03/Jun/2026:20:13:33 +0200] "GET /wp-content/plugins/elementor/assets/lib/font-awesome/css/v4-shims.min.css?ver=4.1.1 HTTP/2.0" 200 3986 "https://brescia.elettroservicegroup.it/assistenza-elettrodomestici/copertina-washing-machine-2668472_1920/" "Mozilla/5.0 (Macintosh; Intel Mac OS X 10_15_7) AppleWebKit/605.1.15 (KHTML, like Gecko) Version/17.4 Safari/605.1.15 (Applebot/0.1; +http://www.apple.com/go/applebot)"
17.22.245.88 - - [03/Jun/2026:20:13:35 +0200] "GET /wp-content/plugins/elementor/assets/css/widget-social-icons.min.css?ver=3.24.0 HTTP/2.0" 200 1039 "https://brescia.elettroservicegroup.it/assistenza-elettrodomestici/copertina-washing-machine-2668472_1920/" "Mozilla/5.0 (Macintosh; Intel Mac OS X 10_15_7) AppleWebKit/605.1.15 (KHTML, like Gecko) Version/17.4 Safari/605.1.15 (Applebot/0.1; +http://www.apple.com/go/applebot)"
17.22.245.88 - - [03/Jun/2026:20:13:37 +0200] "GET /wp-content/plugins/gp-premium/menu-plus/functions/css/navigation-branding-flex.min.css?ver=2.5.5 HTTP/2.0" 200 542 "https://brescia.elettroservicegroup.it/assistenza-elettrodomestici/copertina-washing-machine-2668472_1920/" "Mozilla/5.0 (Macintosh; Intel Mac OS X 10_15_7) AppleWebKit/605.1.15 (KHTML, like Gecko) Version/17.4 Safari/605.1.15 (Applebot/0.1; +http://www.apple.com/go/applebot)"
17.22.245.88 - - [03/Jun/2026:20:13:39 +0200] "GET /wp-content/plugins/elementor/assets/lib/font-awesome/js/v4-shims.min.js?ver=4.1.1 HTTP/2.0" 200 4043 "https://brescia.elettroservicegroup.it/assistenza-elettrodomestici/copertina-washing-machine-2668472_1920/" "Mozilla/5.0 (Macintosh; Intel Mac OS X 10_15_7) AppleWebKit/605.1.15 (KHTML, like Gecko) Version/17.4 Safari/605.1.15 (Applebot/0.1; +http://www.apple.com/go/applebot)"
17.22.245.88 - - [03/Jun/2026:20:13:41 +0200] "GET /wp-content/themes/generatepress/assets/js/back-to-top.min.js?ver=3.6.1 HTTP/2.0" 200 336 "https://brescia.elettroservicegroup.it/assistenza-elettrodomestici/copertina-washing-machine-2668472_1920/" "Mozilla/5.0 (Macintosh; Intel Mac OS X 10_15_7) AppleWebKit/605.1.15 (KHTML, like Gecko) Version/17.4 Safari/605.1.15 (Applebot/0.1; +http://www.apple.com/go/applebot)"
17.22.245.88 - - [03/Jun/2026:20:13:43 +0200] "GET /wp-includes/js/jquery/ui/core.min.js?ver=1.13.3 HTTP/2.0" 200 6820 "https://brescia.elettroservicegroup.it/assistenza-elettrodomestici/copertina-washing-machine-2668472_1920/" "Mozilla/5.0 (Macintosh; Intel Mac OS X 10_15_7) AppleWebKit/605.1.15 (KHTML, like Gecko) Version/17.4 Safari/605.1.15 (Applebot/0.1; +http://www.apple.com/go/applebot)"
17.22.245.88 - - [03/Jun/2026:20:13:45 +0200] "GET /wp-includes/js/wp-emoji-release.min.js?ver=7.0 HTTP/2.0" 200 4940 "https://brescia.elettroservicegroup.it/assistenza-elettrodomestici/copertina-washing-machine-2668472_1920/" "Mozilla/5.0 (Macintosh; Intel Mac OS X 10_15_7) AppleWebKit/605.1.15 (KHTML, like Gecko) Version/17.4 Safari/605.1.15 (Applebot/0.1; +http://www.apple.com/go/applebot)"
159.146.43.217 - - [03/Jun/2026:20:52:35 +0200] "POST /wp-login.php HTTP/1.1" 200 11711 "https://brescia.elettroservicegroup.it/wp-admin/" "Mozilla/5.0 (Windows NT 10.0; Win64; x64) AppleWebKit/537.36"
159.146.43.217 - - [03/Jun/2026:20:52:35 +0200] "GET /wp-admin/ HTTP/1.1" 200 11710 "www.google.com" "Mozilla/5.0 (Windows NT 10.0; Win64; x64) AppleWebKit/537.36"
65.108.235.243 - - [03/Jun/2026:21:00:55 +0200] "POST /wp-cron.php?doing_wp_cron=1780513255.2141640186309814453125 HTTP/1.1" 200 1 "-" "WordPress/7.0; https://brescia.elettroservicegroup.it"
114.119.138.37 - - [03/Jun/2026:21:00:53 +0200] "GET /tecnico-elettrodomestici HTTP/1.1" 301 1 "https://brescia.elettroservicegroup.it/tecnico-elettrodomestici" "Mozilla/5.0 (Linux; Android 7.0;) AppleWebKit/537.36 (HTML, like Gecko) Mobile Safari/537.36 (compatible; PetalBot;+https://webmaster.petalsearch.com/site/petalbot)"
114.119.138.37 - - [03/Jun/2026:21:00:55 +0200] "GET /tecnico-elettrodomestici/ HTTP/1.1" 200 18647 "https://brescia.elettroservicegroup.it/tecnico-elettrodomestici" "Mozilla/5.0 (Linux; Android 7.0;) AppleWebKit/537.36 (HTML, like Gecko) Mobile Safari/537.36 (compatible; PetalBot;+https://webmaster.petalsearch.com/site/petalbot)"
65.108.235.243 - - [03/Jun/2026:21:02:19 +0200] "POST /wp-cron.php?doing_wp_cron=1780513339.1442921161651611328125 HTTP/1.1" 200 1 "-" "WordPress/7.0; https://brescia.elettroservicegroup.it"
114.119.141.228 - - [03/Jun/2026:21:02:17 +0200] "GET /siemens-png/ HTTP/1.1" 200 18649 "https://brescia.elettroservicegroup.it/siemens-png/" "Mozilla/5.0 (Linux; Android 7.0;) AppleWebKit/537.36 (HTML, like Gecko) Mobile Safari/537.36 (compatible; PetalBot;+https://webmaster.petalsearch.com/site/petalbot)"
65.108.235.243 - - [03/Jun/2026:21:06:32 +0200] "POST /wp-cron.php?doing_wp_cron=1780513592.1771450042724609375000 HTTP/1.1" 200 1 "-" "WordPress/7.0; https://brescia.elettroservicegroup.it"
114.119.138.37 - - [03/Jun/2026:21:06:30 +0200] "GET /5pagam-2/ HTTP/1.1" 200 95001 "https://brescia.elettroservicegroup.it/5pagam-2/" "Mozilla/5.0 (Linux; Android 7.0;) AppleWebKit/537.36 (KHTML, like Gecko) Mobile Safari/537.36 (compatible; PetalBot;+https://webmaster.petalsearch.com/site/petalbot)"
4.227.232.143 - - [03/Jun/2026:21:11:08 +0200] "POST / HTTP/1.1" 200 11776 "https://www.brescia.elettroservicegroup.it/" "Mozilla/5.0 (Windows NT 10.0; Win64; x64) AppleWebKit/537.36 (KHTML, like Gecko) Chrome/145.0.0.0 Safari/537.36"
65.108.235.243 - - [03/Jun/2026:21:33:24 +0200] "POST /wp-cron.php?doing_wp_cron=1780515204.3973810672760009765625 HTTP/1.1" 200 1 "-" "WordPress/7.0; https://brescia.elettroservicegroup.it"
65.111.2.253 - - [03/Jun/2026:21:33:22 +0200] "GET /wp-login.php HTTP/1.1" 200 9036 "https://brescia.elettroservicegroup.it/wp-login.php" "Mozilla/5.0 (Macintosh; Intel Mac OS X 10_8_4) AppleWebKit/537.36 (KHTML, like Gecko) Chrome/36.0.1985.125 Safari/537.36"
65.108.235.243 - - [03/Jun/2026:21:33:27 +0200] "POST /wp-cron.php?doing_wp_cron=1780515207.4071559906005859375000 HTTP/1.1" 200 1 "-" "WordPress/7.0; https://brescia.elettroservicegroup.it"
65.111.2.253 - - [03/Jun/2026:21:33:27 +0200] "POST /wp-login.php HTTP/1.1" 200 9485 "https://brescia.elettroservicegroup.it/wp-login.php" "Mozilla/5.0 (Macintosh; Intel Mac OS X 10_8_4) AppleWebKit/537.36 (KHTML, like Gecko) Chrome/36.0.1985.125 Safari/537.36"
65.108.235.243 - - [03/Jun/2026:22:33:13 +0200] "POST /wp-cron.php?doing_wp_cron=1780518793.3861579895019531250000 HTTP/1.1" 200 1 "-" "WordPress/7.0; https://brescia.elettroservicegroup.it"
114.119.137.153 - - [03/Jun/2026:22:33:11 +0200] "GET /tecnico-elettrodomestici-1-jpg-2 HTTP/1.1" 301 1 "https://brescia.elettroservicegroup.it/tecnico-elettrodomestici-1-jpg-2" "Mozilla/5.0 (Linux; Android 7.0;) AppleWebKit/537.36 (HTML, like Gecko) Mobile Safari/537.36 (compatible; PetalBot;+https://webmaster.petalsearch.com/site/petalbot)"
114.119.137.153 - - [03/Jun/2026:22:33:14 +0200] "GET /tecnico-elettrodomestici-1-jpg-2/ HTTP/1.1" 200 18705 "https://brescia.elettroservicegroup.it/tecnico-elettrodomestici-1-jpg-2" "Mozilla/5.0 (Linux; Android 7.0;) AppleWebKit/537.36 (HTML, like Gecko) Mobile Safari/537.36 (compatible; PetalBot;+https://webmaster.petalsearch.com/site/petalbot)"
65.108.235.243 - - [03/Jun/2026:22:36:00 +0200] "POST /wp-cron.php?doing_wp_cron=1780518960.4215090274810791015625 HTTP/1.1" 200 1 "-" "WordPress/7.0; https://brescia.elettroservicegroup.it"
114.119.141.228 - - [03/Jun/2026:22:35:59 +0200] "GET /team-3 HTTP/1.1" 301 1 "https://brescia.elettroservicegroup.it/team-3" "Mozilla/5.0 (Linux; Android 7.0;) AppleWebKit/537.36 (HTML, like Gecko) Mobile Safari/537.36 (compatible; PetalBot;+https://webmaster.petalsearch.com/site/petalbot)"
114.119.141.228 - - [03/Jun/2026:22:36:01 +0200] "GET /team-3/ HTTP/1.1" 200 18582 "https://brescia.elettroservicegroup.it/team-3" "Mozilla/5.0 (Linux; Android 7.0;) AppleWebKit/537.36 (HTML, like Gecko) Mobile Safari/537.36 (compatible; PetalBot;+https://webmaster.petalsearch.com/site/petalbot)"
65.108.235.243 - - [03/Jun/2026:22:37:23 +0200] "POST /wp-cron.php?doing_wp_cron=1780519043.1966660022735595703125 HTTP/1.1" 200 1 "-" "WordPress/7.0; https://brescia.elettroservicegroup.it"
114.119.137.153 - - [03/Jun/2026:22:37:21 +0200] "GET /mantova-1080x720/ HTTP/1.1" 200 18685 "https://brescia.elettroservicegroup.it/mantova-1080x720" "Mozilla/5.0 (Linux; Android 7.0;) AppleWebKit/537.36 (HTML, like Gecko) Mobile Safari/537.36 (compatible; PetalBot;+https://webmaster.petalsearch.com/site/petalbot)"
65.108.235.243 - - [03/Jun/2026:22:40:09 +0200] "POST /wp-cron.php?doing_wp_cron=1780519209.8143360614776611328125 HTTP/1.1" 200 1 "-" "WordPress/7.0; https://brescia.elettroservicegroup.it"
114.119.137.153 - - [03/Jun/2026:22:40:08 +0200] "GET /img-20211006-wa0011/ HTTP/1.1" 200 18664 "https://brescia.elettroservicegroup.it/img-20211006-wa0011/" "Mozilla/5.0 (Linux; Android 7.0;) AppleWebKit/537.36 (HTML, like Gecko) Mobile Safari/537.36 (compatible; PetalBot;+https://webmaster.petalsearch.com/site/petalbot)"
65.108.235.243 - - [03/Jun/2026:22:41:34 +0200] "POST /wp-cron.php?doing_wp_cron=1780519294.2869920730590820312500 HTTP/1.1" 200 1 "-" "WordPress/7.0; https://brescia.elettroservicegroup.it"
114.119.132.207 - - [03/Jun/2026:22:41:32 +0200] "GET /cookie-policy/ HTTP/1.1" 404 17796 "https://brescia.elettroservicegroup.it/cookie-policy/" "Mozilla/5.0 (Linux; Android 7.0;) AppleWebKit/537.36 (HTML, like Gecko) Mobile Safari/537.36 (compatible; PetalBot;+https://webmaster.petalsearch.com/site/petalbot)"
65.108.235.243 - - [03/Jun/2026:22:46:48 +0200] "POST /wp-cron.php?doing_wp_cron=1780519608.9724769592285156250000 HTTP/1.1" 200 1 "-" "WordPress/7.0; https://brescia.elettroservicegroup.it"
87.250.224.239 - - [03/Jun/2026:22:46:47 +0200] "GET /robots.txt HTTP/1.1" 200 193 "-" "Mozilla/5.0 (compatible; YandexBot/3.0; +http://yandex.com/bots)"
87.250.224.232 - - [03/Jun/2026:22:46:49 +0200] "GET /wp-content/uploads/2021/10/cropped-cropped-cropped-cropped-logo_white_background-32x32.png HTTP/2.0" 200 1525 "-" "Mozilla/5.0 (compatible; YandexFavicons/1.0; +http://yandex.com/bots)"
65.108.235.243 - - [03/Jun/2026:22:49:54 +0200] "POST /wp-cron.php?doing_wp_cron=1780519794.8116009235382080078125 HTTP/1.1" 200 1 "-" "WordPress/7.0; https://brescia.elettroservicegroup.it"
114.119.138.37 - - [03/Jun/2026:22:49:53 +0200] "GET /5pagam/ HTTP/1.1" 200 18613 "https://brescia.elettroservicegroup.it/5pagam" "Mozilla/5.0 (Linux; Android 7.0;) AppleWebKit/537.36 (HTML, like Gecko) Mobile Safari/537.36 (compatible; PetalBot;+https://webmaster.petalsearch.com/site/petalbot)"
65.108.235.243 - - [03/Jun/2026:22:52:41 +0200] "POST /wp-cron.php?doing_wp_cron=1780519961.1704668998718261718750 HTTP/1.1" 200 1 "-" "WordPress/7.0; https://brescia.elettroservicegroup.it"
114.119.154.115 - - [03/Jun/2026:22:52:39 +0200] "GET /4-1-png HTTP/1.1" 301 1 "https://brescia.elettroservicegroup.it/4-1-png" "Mozilla/5.0 (Linux; Android 7.0;) AppleWebKit/537.36 (HTML, like Gecko) Mobile Safari/537.36 (compatible; PetalBot;+https://webmaster.petalsearch.com/site/petalbot)"
114.119.154.115 - - [03/Jun/2026:22:52:41 +0200] "GET /4-1-png/ HTTP/1.1" 200 18551 "https://brescia.elettroservicegroup.it/4-1-png" "Mozilla/5.0 (Linux; Android 7.0;) AppleWebKit/537.36 (HTML, like Gecko) Mobile Safari/537.36 (compatible; PetalBot;+https://webmaster.petalsearch.com/site/petalbot)"
65.108.235.243 - - [03/Jun/2026:23:39:50 +0200] "POST /wp-cron.php?doing_wp_cron=1780522790.5032799243927001953125 HTTP/1.1" 200 1 "-" "WordPress/7.0; https://brescia.elettroservicegroup.it"
18.144.205.40 - - [03/Jun/2026:23:39:49 +0200] "GET / HTTP/1.1" 301 - "-" "Mozilla/5.0 (X11; Linux x86_64) AppleWebKit/537.36 (KHTML, like Gecko) Chrome/131.0.0.0 Safari/537.36"
18.144.205.40 - - [03/Jun/2026:23:39:51 +0200] "POST / HTTP/1.1" 301 - "-" "Mozilla/5.0 (X11; Linux x86_64) AppleWebKit/537.36 (KHTML, like Gecko) Chrome/131.0.0.0 Safari/537.36"
18.144.205.40 - - [03/Jun/2026:23:39:51 +0200] "POST / HTTP/1.1" 301 - "-" "Mozilla/5.0 (X11; Linux x86_64) AppleWebKit/537.36 (KHTML, like Gecko) Chrome/131.0.0.0 Safari/537.36"
18.144.205.40 - - [03/Jun/2026:23:39:52 +0200] "POST / HTTP/1.1" 301 - "-" "Mozilla/5.0 (X11; Linux x86_64) AppleWebKit/537.36 (KHTML, like Gecko) Chrome/131.0.0.0 Safari/537.36"
18.144.205.40 - - [03/Jun/2026:23:39:52 +0200] "GET /.git/config HTTP/1.1" 301 - "-" "Mozilla/5.0 (X11; Linux x86_64) AppleWebKit/537.36 (KHTML, like Gecko) Chrome/131.0.0.0 Safari/537.36"
18.144.205.40 - - [03/Jun/2026:23:39:53 +0200] "GET /.git/config HTTP/1.1" 404 90859 "-" "Mozilla/5.0 (X11; Linux x86_64) AppleWebKit/537.36 (KHTML, like Gecko) Chrome/131.0.0.0 Safari/537.36"
18.144.205.40 - - [03/Jun/2026:23:39:54 +0200] "POST / HTTP/1.1" 301 - "-" "Mozilla/5.0 (X11; Linux x86_64) AppleWebKit/537.36 (KHTML, like Gecko) Chrome/131.0.0.0 Safari/537.36"
18.144.205.40 - - [03/Jun/2026:23:39:55 +0200] "GET /.env HTTP/1.1" 301 - "-" "Mozilla/5.0 (X11; Linux x86_64) AppleWebKit/537.36 (KHTML, like Gecko) Chrome/131.0.0.0 Safari/537.36"
18.144.205.40 - - [03/Jun/2026:23:39:56 +0200] "GET /.env HTTP/1.1" 404 90811 "-" "Mozilla/5.0 (X11; Linux x86_64) AppleWebKit/537.36 (KHTML, like Gecko) Chrome/131.0.0.0 Safari/537.36"
18.144.205.40 - - [03/Jun/2026:23:39:57 +0200] "GET /.env.local HTTP/1.1" 301 - "-" "Mozilla/5.0 (X11; Linux x86_64) AppleWebKit/537.36 (KHTML, like Gecko) Chrome/131.0.0.0 Safari/537.36"
18.144.205.40 - - [03/Jun/2026:23:39:57 +0200] "GET /.env.local HTTP/1.1" 404 90847 "-" "Mozilla/5.0 (X11; Linux x86_64) AppleWebKit/537.36 (KHTML, like Gecko) Chrome/131.0.0.0 Safari/537.36"
18.144.205.40 - - [03/Jun/2026:23:39:58 +0200] "GET /.env.production HTTP/1.1" 301 - "-" "Mozilla/5.0 (X11; Linux x86_64) AppleWebKit/537.36 (KHTML, like Gecko) Chrome/131.0.0.0 Safari/537.36"
18.144.205.40 - - [03/Jun/2026:23:39:59 +0200] "GET /.env.production HTTP/1.1" 404 90877 "-" "Mozilla/5.0 (X11; Linux x86_64) AppleWebKit/537.36 (KHTML, like Gecko) Chrome/131.0.0.0 Safari/537.36"
18.144.205.40 - - [03/Jun/2026:23:40:00 +0200] "GET /.env.staging HTTP/1.1" 301 - "-" "Mozilla/5.0 (X11; Linux x86_64) AppleWebKit/537.36 (KHTML, like Gecko) Chrome/131.0.0.0 Safari/537.36"
18.144.205.40 - - [03/Jun/2026:23:40:00 +0200] "GET /.env.staging HTTP/1.1" 404 90859 "-" "Mozilla/5.0 (X11; Linux x86_64) AppleWebKit/537.36 (KHTML, like Gecko) Chrome/131.0.0.0 Safari/537.36"
18.144.205.40 - - [03/Jun/2026:23:40:01 +0200] "GET /.env.development HTTP/1.1" 301 - "-" "Mozilla/5.0 (X11; Linux x86_64) AppleWebKit/537.36 (KHTML, like Gecko) Chrome/131.0.0.0 Safari/537.36"
18.144.205.40 - - [03/Jun/2026:23:40:02 +0200] "GET /.env.development HTTP/1.1" 404 90883 "-" "Mozilla/5.0 (X11; Linux x86_64) AppleWebKit/537.36 (KHTML, like Gecko) Chrome/131.0.0.0 Safari/537.36"
18.144.205.40 - - [03/Jun/2026:23:40:03 +0200] "GET /.env.test HTTP/1.1" 301 - "-" "Mozilla/5.0 (X11; Linux x86_64) AppleWebKit/537.36 (KHTML, like Gecko) Chrome/131.0.0.0 Safari/537.36"
18.144.205.40 - - [03/Jun/2026:23:40:04 +0200] "GET /.env.test HTTP/1.1" 404 90841 "-" "Mozilla/5.0 (X11; Linux x86_64) AppleWebKit/537.36 (KHTML, like Gecko) Chrome/131.0.0.0 Safari/537.36"
18.144.205.40 - - [03/Jun/2026:23:40:05 +0200] "GET /.env.remote HTTP/1.1" 301 - "-" "Mozilla/5.0 (X11; Linux x86_64) AppleWebKit/537.36 (KHTML, like Gecko) Chrome/131.0.0.0 Safari/537.36"
18.144.205.40 - - [03/Jun/2026:23:40:05 +0200] "GET /.env.remote HTTP/1.1" 404 90853 "-" "Mozilla/5.0 (X11; Linux x86_64) AppleWebKit/537.36 (KHTML, like Gecko) Chrome/131.0.0.0 Safari/537.36"
18.144.205.40 - - [03/Jun/2026:23:40:07 +0200] "GET /.env.bak HTTP/1.1" 301 - "-" "Mozilla/5.0 (X11; Linux x86_64) AppleWebKit/537.36 (KHTML, like Gecko) Chrome/131.0.0.0 Safari/537.36"
18.144.205.40 - - [03/Jun/2026:23:40:07 +0200] "GET /.env.bak HTTP/1.1" 404 90835 "-" "Mozilla/5.0 (X11; Linux x86_64) AppleWebKit/537.36 (KHTML, like Gecko) Chrome/131.0.0.0 Safari/537.36"
18.144.205.40 - - [03/Jun/2026:23:40:08 +0200] "GET /.env.backup HTTP/1.1" 301 - "-" "Mozilla/5.0 (X11; Linux x86_64) AppleWebKit/537.36 (KHTML, like Gecko) Chrome/131.0.0.0 Safari/537.36"
18.144.205.40 - - [03/Jun/2026:23:40:09 +0200] "GET /.env.backup HTTP/1.1" 404 90853 "-" "Mozilla/5.0 (X11; Linux x86_64) AppleWebKit/537.36 (KHTML, like Gecko) Chrome/131.0.0.0 Safari/537.36"
18.144.205.40 - - [03/Jun/2026:23:40:10 +0200] "GET /.env.save HTTP/1.1" 301 - "-" "Mozilla/5.0 (X11; Linux x86_64) AppleWebKit/537.36 (KHTML, like Gecko) Chrome/131.0.0.0 Safari/537.36"
18.144.205.40 - - [03/Jun/2026:23:40:11 +0200] "GET /.env.save HTTP/1.1" 404 90841 "-" "Mozilla/5.0 (X11; Linux x86_64) AppleWebKit/537.36 (KHTML, like Gecko) Chrome/131.0.0.0 Safari/537.36"
18.144.205.40 - - [03/Jun/2026:23:40:12 +0200] "GET /.env.old HTTP/1.1" 301 - "-" "Mozilla/5.0 (X11; Linux x86_64) AppleWebKit/537.36 (KHTML, like Gecko) Chrome/131.0.0.0 Safari/537.36"
18.144.205.40 - - [03/Jun/2026:23:40:12 +0200] "GET /.env.old HTTP/1.1" 404 90835 "-" "Mozilla/5.0 (X11; Linux x86_64) AppleWebKit/537.36 (KHTML, like Gecko) Chrome/131.0.0.0 Safari/537.36"
