89.101.91.102 - - [04/Jun/2026:17:42:19 +0200] "GET /wp-content/plugins/wp-fastest-cache/js/column.js?ver=1780587736 HTTP/2.0" 200 437 "https://elettroservicegroup.it/wp-admin/admin.php?page=WordfenceWAF&subpage=waf_options&source=dashboard" "Mozilla/5.0 (Windows NT 10.0; Win64; x64) AppleWebKit/537.36 (KHTML, like Gecko) Chrome/148.0.0.0 Safari/537.36"
89.101.91.102 - - [04/Jun/2026:17:42:19 +0200] "GET /wp-content/plugins/wp-fastest-cache/js/toolbar.js?ver=1780587736 HTTP/2.0" 200 1003 "https://elettroservicegroup.it/wp-admin/admin.php?page=WordfenceWAF&subpage=waf_options&source=dashboard" "Mozilla/5.0 (Windows NT 10.0; Win64; x64) AppleWebKit/537.36 (KHTML, like Gecko) Chrome/148.0.0.0 Safari/537.36"
89.101.91.102 - - [04/Jun/2026:17:42:20 +0200] "POST /wp-admin/admin-ajax.php HTTP/2.0" 200 1600 "https://elettroservicegroup.it/wp-admin/admin.php?page=WordfenceWAF&subpage=waf_options&source=dashboard" "Mozilla/5.0 (Windows NT 10.0; Win64; x64) AppleWebKit/537.36 (KHTML, like Gecko) Chrome/148.0.0.0 Safari/537.36"
65.108.235.243 - - [04/Jun/2026:17:43:15 +0200] "POST /wp-cron.php?doing_wp_cron=1780587795.3205709457397460937500 HTTP/1.1" 200 1 "-" "WordPress/7.0; https://elettroservicegroup.it"
89.101.91.102 - - [04/Jun/2026:17:43:12 +0200] "GET /wp-admin/admin.php?page=WFLS HTTP/2.0" 200 204201 "https://elettroservicegroup.it/wp-admin/admin.php?page=WordfenceWAF&subpage=waf_options&source=dashboard" "Mozilla/5.0 (Windows NT 10.0; Win64; x64) AppleWebKit/537.36 (KHTML, like Gecko) Chrome/148.0.0.0 Safari/537.36"
89.101.91.102 - - [04/Jun/2026:17:43:17 +0200] "GET /wp-content/plugins/wp-fastest-cache/css/toolbar.css?ver=1780587795 HTTP/2.0" 200 4578 "https://elettroservicegroup.it/wp-admin/admin.php?page=WFLS" "Mozilla/5.0 (Windows NT 10.0; Win64; x64) AppleWebKit/537.36 (KHTML, like Gecko) Chrome/148.0.0.0 Safari/537.36"
89.101.91.102 - - [04/Jun/2026:17:43:17 +0200] "GET /wp-content/plugins/wordfence/modules/login-security/js/admin.1778685035.js?ver=1.1.16 HTTP/2.0" 200 3433 "https://elettroservicegroup.it/wp-admin/admin.php?page=WFLS" "Mozilla/5.0 (Windows NT 10.0; Win64; x64) AppleWebKit/537.36 (KHTML, like Gecko) Chrome/148.0.0.0 Safari/537.36"
89.101.91.102 - - [04/Jun/2026:17:43:17 +0200] "GET /wp-content/plugins/wordfence/modules/login-security/js/wflsi18n.1778685035.js?ver=1.1.16 HTTP/2.0" 200 1973 "https://elettroservicegroup.it/wp-admin/admin.php?page=WFLS" "Mozilla/5.0 (Windows NT 10.0; Win64; x64) AppleWebKit/537.36 (KHTML, like Gecko) Chrome/148.0.0.0 Safari/537.36"
89.101.91.102 - - [04/Jun/2026:17:43:17 +0200] "GET /wp-content/plugins/wp-fastest-cache/css/style.css?ver=1780587795 HTTP/2.0" 200 6774 "https://elettroservicegroup.it/wp-admin/admin.php?page=WFLS" "Mozilla/5.0 (Windows NT 10.0; Win64; x64) AppleWebKit/537.36 (KHTML, like Gecko) Chrome/148.0.0.0 Safari/537.36"
89.101.91.102 - - [04/Jun/2026:17:43:17 +0200] "GET /wp-content/plugins/wordfence/modules/login-security/js/jquery.qrcode.min.1778685035.js?ver=1.1.16 HTTP/2.0" 200 4627 "https://elettroservicegroup.it/wp-admin/admin.php?page=WFLS" "Mozilla/5.0 (Windows NT 10.0; Win64; x64) AppleWebKit/537.36 (KHTML, like Gecko) Chrome/148.0.0.0 Safari/537.36"
89.101.91.102 - - [04/Jun/2026:17:43:17 +0200] "GET /wp-admin/load-styles.php?c=1&dir=ltr&load%5Bchunk_0%5D=dashicons,admin-bar,wp-pointer,common,forms,admin-menu,dashboard,list-tables,edit,revisions,media,themes,about,nav-menus,widgets&load%5Bchunk_1%5D=,site-icon,l10n,wp-base-styles,buttons,wp-auth-check,wp-components,wp-commands,wp-jquery-ui-dialog&ver=7.0 HTTP/2.0" 200 112386 "https://elettroservicegroup.it/wp-admin/admin.php?page=WFLS" "Mozilla/5.0 (Windows NT 10.0; Win64; x64) AppleWebKit/537.36 (KHTML, like Gecko) Chrome/148.0.0.0 Safari/537.36"
89.101.91.102 - - [04/Jun/2026:17:43:17 +0200] "GET /wp-content/plugins/wordfence/modules/login-security/css/admin.1778685035.css?ver=1.1.16 HTTP/2.0" 200 25511 "https://elettroservicegroup.it/wp-admin/admin.php?page=WFLS" "Mozilla/5.0 (Windows NT 10.0; Win64; x64) AppleWebKit/537.36 (KHTML, like Gecko) Chrome/148.0.0.0 Safari/537.36"
89.101.91.102 - - [04/Jun/2026:17:43:17 +0200] "GET /wp-content/plugins/wordfence/modules/login-security/css/ionicons.1778685035.css?ver=1.1.16 HTTP/2.0" 200 74976 "https://elettroservicegroup.it/wp-admin/admin.php?page=WFLS" "Mozilla/5.0 (Windows NT 10.0; Win64; x64) AppleWebKit/537.36 (KHTML, like Gecko) Chrome/148.0.0.0 Safari/537.36"
89.101.91.102 - - [04/Jun/2026:17:43:17 +0200] "GET /wp-admin/load-scripts.php?c=1&load%5Bchunk_0%5D=jquery-core,jquery-migrate,utils,jquery-ui-core,jquery-ui-menu,jquery-ui-tooltip,jquery-ui-mouse,jquery-ui-draggable,jquery-ui-r&load%5Bchunk_1%5D=esizable,jquery-ui-controlgroup,jquery-ui-checkboxradio,jquery-ui-button,jquery-ui-dialog&ver=7.0 HTTP/2.0" 200 59876 "https://elettroservicegroup.it/wp-admin/admin.php?page=WFLS" "Mozilla/5.0 (Windows NT 10.0; Win64; x64) AppleWebKit/537.36 (KHTML, like Gecko) Chrome/148.0.0.0 Safari/537.36"
89.101.91.102 - - [04/Jun/2026:17:43:25 +0200] "GET /wp-content/plugins/wp-fastest-cache/js/column.js?ver=1780587795 HTTP/2.0" 200 437 "https://elettroservicegroup.it/wp-admin/admin.php?page=WFLS" "Mozilla/5.0 (Windows NT 10.0; Win64; x64) AppleWebKit/537.36 (KHTML, like Gecko) Chrome/148.0.0.0 Safari/537.36"
89.101.91.102 - - [04/Jun/2026:17:43:25 +0200] "GET /wp-content/plugins/wp-fastest-cache/js/toolbar.js?ver=1780587795 HTTP/2.0" 200 1003 "https://elettroservicegroup.it/wp-admin/admin.php?page=WFLS" "Mozilla/5.0 (Windows NT 10.0; Win64; x64) AppleWebKit/537.36 (KHTML, like Gecko) Chrome/148.0.0.0 Safari/537.36"
89.101.91.102 - - [04/Jun/2026:17:43:30 +0200] "POST /wp-admin/admin-ajax.php HTTP/2.0" 200 1600 "https://elettroservicegroup.it/wp-admin/admin.php?page=WFLS" "Mozilla/5.0 (Windows NT 10.0; Win64; x64) AppleWebKit/537.36 (KHTML, like Gecko) Chrome/148.0.0.0 Safari/537.36"
89.101.91.102 - - [04/Jun/2026:17:44:17 +0200] "POST /wp-admin/admin-ajax.php HTTP/2.0" 421 362 "https://elettroservicegroup.it/wp-admin/admin.php?page=WFLS" "Mozilla/5.0 (Windows NT 10.0; Win64; x64) AppleWebKit/537.36 (KHTML, like Gecko) Chrome/148.0.0.0 Safari/537.36"
65.108.235.243 - - [04/Jun/2026:17:44:24 +0200] "POST /wp-cron.php?doing_wp_cron=1780587864.4763789176940917968750 HTTP/1.1" 200 1 "-" "WordPress/7.0; https://elettroservicegroup.it"
89.101.91.102 - - [04/Jun/2026:17:44:20 +0200] "POST /wp-admin/admin-ajax.php HTTP/2.0" 200 87 "https://elettroservicegroup.it/wp-admin/admin.php?page=WFLS" "Mozilla/5.0 (Windows NT 10.0; Win64; x64) AppleWebKit/537.36 (KHTML, like Gecko) Chrome/148.0.0.0 Safari/537.36"
89.101.91.102 - - [04/Jun/2026:17:44:30 +0200] "POST /wp-admin/admin-ajax.php HTTP/2.0" 421 362 "https://elettroservicegroup.it/wp-admin/admin.php?page=WFLS" "Mozilla/5.0 (Windows NT 10.0; Win64; x64) AppleWebKit/537.36 (KHTML, like Gecko) Chrome/148.0.0.0 Safari/537.36"
89.101.91.102 - - [04/Jun/2026:17:44:30 +0200] "POST /wp-admin/admin-ajax.php HTTP/2.0" 200 51 "https://elettroservicegroup.it/wp-admin/admin.php?page=WFLS" "Mozilla/5.0 (Windows NT 10.0; Win64; x64) AppleWebKit/537.36 (KHTML, like Gecko) Chrome/148.0.0.0 Safari/537.36"
89.101.91.102 - - [04/Jun/2026:17:44:31 +0200] "POST /wp-admin/admin-ajax.php HTTP/2.0" 200 1600 "https://elettroservicegroup.it/wp-admin/admin.php?page=WFLS" "Mozilla/5.0 (Windows NT 10.0; Win64; x64) AppleWebKit/537.36 (KHTML, like Gecko) Chrome/148.0.0.0 Safari/537.36"
65.108.235.243 - - [04/Jun/2026:17:46:55 +0200] "POST /wp-cron.php?doing_wp_cron=1780588015.6706140041351318359375 HTTP/1.1" 200 1 "-" "WordPress/7.0; https://elettroservicegroup.it"
216.73.217.169 - - [04/Jun/2026:17:46:51 +0200] "GET /robots.txt HTTP/2.0" 200 99 "-" "Mozilla/5.0 AppleWebKit/537.36 (KHTML, like Gecko; compatible; ClaudeBot/1.0; +claudebot@anthropic.com)"
216.73.217.169 - - [04/Jun/2026:17:50:30 +0200] "GET /?p=14935 HTTP/2.0" 301 1 "-" "Mozilla/5.0 AppleWebKit/537.36 (KHTML, like Gecko; compatible; ClaudeBot/1.0; +claudebot@anthropic.com)"
216.73.217.169 - - [04/Jun/2026:17:50:30 +0200] "GET /sitemap.xml HTTP/2.0" 200 311 "-" "Mozilla/5.0 AppleWebKit/537.36 (KHTML, like Gecko; compatible; ClaudeBot/1.0; +claudebot@anthropic.com)"
216.73.217.169 - - [04/Jun/2026:17:50:33 +0200] "GET /termini-e-condizioni/ HTTP/2.0" 200 18582 "https://elettroservicegroup.it/?p=14935" "Mozilla/5.0 AppleWebKit/537.36 (KHTML, like Gecko; compatible; ClaudeBot/1.0; +claudebot@anthropic.com)"
65.108.235.243 - - [04/Jun/2026:17:50:32 +0200] "POST /wp-cron.php?doing_wp_cron=1780588232.8877139091491699218750 HTTP/1.1" 200 1 "-" "WordPress/7.0; https://elettroservicegroup.it"
216.73.217.169 - - [04/Jun/2026:17:50:30 +0200] "GET /sitemap.rss HTTP/2.0" 200 722 "-" "Mozilla/5.0 AppleWebKit/537.36 (KHTML, like Gecko; compatible; ClaudeBot/1.0; +claudebot@anthropic.com)"
216.73.217.169 - - [04/Jun/2026:18:07:05 +0200] "GET /wp-includes/js/dist/a11y.min.js HTTP/2.0" 200 915 "-" "Mozilla/5.0 AppleWebKit/537.36 (KHTML, like Gecko; compatible; ClaudeBot/1.0; +claudebot@anthropic.com)"
216.73.217.169 - - [04/Jun/2026:18:07:05 +0200] "GET /wp-includes/js/dist/i18n.min.js HTTP/2.0" 200 2333 "-" "Mozilla/5.0 AppleWebKit/537.36 (KHTML, like Gecko; compatible; ClaudeBot/1.0; +claudebot@anthropic.com)"
216.73.217.169 - - [04/Jun/2026:18:07:05 +0200] "GET /wp-includes/js/wp-util.min.js HTTP/2.0" 200 693 "-" "Mozilla/5.0 AppleWebKit/537.36 (KHTML, like Gecko; compatible; ClaudeBot/1.0; +claudebot@anthropic.com)"
216.73.217.169 - - [04/Jun/2026:18:07:05 +0200] "GET /wp-includes/js/dist/dom-ready.min.js HTTP/2.0" 200 398 "-" "Mozilla/5.0 AppleWebKit/537.36 (KHTML, like Gecko; compatible; ClaudeBot/1.0; +claudebot@anthropic.com)"
216.73.217.169 - - [04/Jun/2026:18:07:05 +0200] "GET /wp-includes/js/underscore.min.js HTTP/2.0" 200 7243 "-" "Mozilla/5.0 AppleWebKit/537.36 (KHTML, like Gecko; compatible; ClaudeBot/1.0; +claudebot@anthropic.com)"
65.108.235.243 - - [04/Jun/2026:18:07:09 +0200] "POST /wp-cron.php?doing_wp_cron=1780589229.0695459842681884765625 HTTP/1.1" 200 1 "-" "WordPress/7.0; https://elettroservicegroup.it"
216.73.217.169 - - [04/Jun/2026:18:07:05 +0200] "GET /wp-login.php?action=lostpassword HTTP/2.0" 200 3806 "-" "Mozilla/5.0 AppleWebKit/537.36 (KHTML, like Gecko; compatible; ClaudeBot/1.0; +claudebot@anthropic.com)"
65.108.235.243 - - [04/Jun/2026:18:10:19 +0200] "POST /wp-cron.php?doing_wp_cron=1780589419.0939381122589111328125 HTTP/1.1" 200 1 "-" "WordPress/7.0; https://elettroservicegroup.it"
104.210.140.139 - - [04/Jun/2026:18:10:15 +0200] "GET /robots.txt HTTP/2.0" 200 99 "-" "Mozilla/5.0 (Macintosh; Intel Mac OS X 10_15_7) AppleWebKit/537.36 (KHTML, like Gecko) Chrome/131.0.0.0 Safari/537.36; compatible; OAI-SearchBot/1.0; +https://openai.com/searchbot"
65.108.235.243 - - [04/Jun/2026:18:26:50 +0200] "POST /wp-cron.php?doing_wp_cron=1780590410.8927869796752929687500 HTTP/1.1" 200 1 "-" "WordPress/7.0; https://elettroservicegroup.it"
66.249.64.98 - - [04/Jun/2026:18:26:48 +0200] "GET /wp-sitemap-taxonomies-category-1.xml HTTP/1.1" 404 17497 "-" "Mozilla/5.0 (compatible; Googlebot/2.1; +http://www.google.com/bot.html)"
216.73.217.169 - - [04/Jun/2026:18:42:17 +0200] "GET /wp-content/cache/wpfc-minified/33ers814/84jtn.js HTTP/2.0" 200 4728 "-" "Mozilla/5.0 AppleWebKit/537.36 (KHTML, like Gecko; compatible; ClaudeBot/1.0; +claudebot@anthropic.com)"
65.108.235.243 - - [04/Jun/2026:18:42:21 +0200] "POST /wp-cron.php?doing_wp_cron=1780591341.6282410621643066406250 HTTP/1.1" 200 1 "-" "WordPress/7.0; https://elettroservicegroup.it"
216.73.217.169 - - [04/Jun/2026:18:42:19 +0200] "GET /wp-content/uploads/elementor/css/post-14829.css HTTP/2.0" 404 18788 "-" "Mozilla/5.0 AppleWebKit/537.36 (KHTML, like Gecko; compatible; ClaudeBot/1.0; +claudebot@anthropic.com)"
65.108.235.243 - - [04/Jun/2026:18:57:44 +0200] "POST /wp-cron.php?doing_wp_cron=1780592264.7993960380554199218750 HTTP/1.1" 200 1 "-" "WordPress/7.0; https://elettroservicegroup.it"
66.249.64.96 - - [04/Jun/2026:18:57:43 +0200] "GET /wp-sitemap-users-1.xml HTTP/1.1" 404 17502 "-" "Mozilla/5.0 (compatible; Googlebot/2.1; +http://www.google.com/bot.html)"
65.108.235.243 - - [04/Jun/2026:19:17:19 +0200] "POST /wp-cron.php?doing_wp_cron=1780593439.4768919944763183593750 HTTP/1.1" 200 1 "-" "WordPress/7.0; https://elettroservicegroup.it"
216.73.217.169 - - [04/Jun/2026:19:17:17 +0200] "GET /robots.txt HTTP/2.0" 200 99 "-" "Mozilla/5.0 AppleWebKit/537.36 (KHTML, like Gecko; compatible; ClaudeBot/1.0; +claudebot@anthropic.com)"
216.73.217.169 - - [04/Jun/2026:19:17:19 +0200] "GET /wp-content/cache/wpfc-minified/m8vzkiox/84jtm.css HTTP/2.0" 200 23329 "-" "Mozilla/5.0 AppleWebKit/537.36 (KHTML, like Gecko; compatible; ClaudeBot/1.0; +claudebot@anthropic.com)"
216.73.217.169 - - [04/Jun/2026:19:17:19 +0200] "GET /wp-content/cache/wpfc-minified/fspqf2ba/84jtm.css HTTP/2.0" 200 16112 "-" "Mozilla/5.0 AppleWebKit/537.36 (KHTML, like Gecko; compatible; ClaudeBot/1.0; +claudebot@anthropic.com)"
216.73.217.169 - - [04/Jun/2026:19:17:19 +0200] "GET /embed/ HTTP/2.0" 301 1 "-" "Mozilla/5.0 AppleWebKit/537.36 (KHTML, like Gecko; compatible; ClaudeBot/1.0; +claudebot@anthropic.com)"
216.73.217.169 - - [04/Jun/2026:19:17:19 +0200] "GET /wp-blog-header%20copy%201.php HTTP/2.0" 404 17492 "-" "Mozilla/5.0 AppleWebKit/537.36 (KHTML, like Gecko; compatible; ClaudeBot/1.0; +claudebot@anthropic.com)"
173.252.87.47 - - [04/Jun/2026:19:58:08 +0200] "GET /robots.txt HTTP/2.0" 200 - "-" "facebookexternalhit/1.1 (+http://www.facebook.com/externalhit_uatext.php)"
65.108.235.243 - - [04/Jun/2026:19:58:13 +0200] "POST /wp-cron.php?doing_wp_cron=1780595893.8827888965606689453125 HTTP/1.1" 200 1 "-" "WordPress/7.0; https://elettroservicegroup.it"
173.252.87.30 - - [04/Jun/2026:19:58:08 +0200] "GET /robots.txt HTTP/2.0" 200 177 "-" "facebookexternalhit/1.1 (+http://www.facebook.com/externalhit_uatext.php)"
46.4.119.217 - - [04/Jun/2026:20:00:46 +0200] "GET / HTTP/1.1" 200 139482 "-" "AgencyIndexBot/1.0 (+https://agencyindex.ai/bot)"
65.108.235.243 - - [04/Jun/2026:20:46:55 +0200] "POST /wp-cron.php?doing_wp_cron=1780598815.0868051052093505859375 HTTP/1.1" 200 1 "-" "WordPress/7.0; https://elettroservicegroup.it"
40.84.216.81 - - [04/Jun/2026:20:46:52 +0200] "POST /wp/xmlrpc.php HTTP/1.1" 404 82591 "-" "Mozilla/5.0 (Windows NT 10.0; Win64; x64) AppleWebKit/537.36 (KHTML, like Gecko) Chrome/124.0.0.0 Safari/537.36"