159.146.43.217 - - [03/Jun/2026:19:43:25 +0200] "GET /wp-admin/ HTTP/1.1" 200 11764 "www.google.com" "Mozilla/5.0 (Windows NT 10.0; Win64; x64) AppleWebKit/537.36"
65.108.235.243 - - [03/Jun/2026:19:58:40 +0200] "POST /wp-cron.php?doing_wp_cron=1780509520.2921690940856933593750 HTTP/1.1" 200 1 "-" "WordPress/7.0; https://parma.elettroservicegroup.it"
45.3.45.100 - - [03/Jun/2026:19:58:38 +0200] "GET /wp-login.php HTTP/2.0" 200 2797 "-" "Mozilla/5.0 (Windows NT 10.0; Win64; x64) AppleWebKit/537.36 (KHTML, like Gecko) Chrome/124.0.0.0 Safari/537.36"
45.3.45.100 - - [03/Jun/2026:19:58:41 +0200] "GET /wp-login.php?wp_lang=en_US HTTP/2.0" 200 2026 "-" "Mozilla/5.0 (Macintosh; Intel Mac OS X 10_15_7) AppleWebKit/605.1.15 (KHTML, like Gecko) Version/18.0 Safari/605.1.15"
45.3.45.100 - - [03/Jun/2026:19:58:41 +0200] "POST /wp-login.php?wp_lang=en_US HTTP/2.0" 200 2146 "https://parma.elettroservicegroup.it/wp-login.php?wp_lang=en_US" "Mozilla/5.0 (Macintosh; Intel Mac OS X 10_15_7) AppleWebKit/605.1.15 (KHTML, like Gecko) Version/18.0 Safari/605.1.15"
65.111.26.70 - - [03/Jun/2026:19:58:43 +0200] "GET /wp-login.php?wp_lang=en_US HTTP/2.0" 200 2026 "-" "Mozilla/5.0 (Macintosh; Intel Mac OS X 10_15_7) AppleWebKit/605.1.15 (KHTML, like Gecko) Version/18.0 Safari/605.1.15"
65.111.26.70 - - [03/Jun/2026:19:58:44 +0200] "POST /wp-login.php?wp_lang=en_US HTTP/2.0" 200 2146 "https://parma.elettroservicegroup.it/wp-login.php?wp_lang=en_US" "Mozilla/5.0 (Macintosh; Intel Mac OS X 10_15_7) AppleWebKit/605.1.15 (KHTML, like Gecko) Version/18.0 Safari/605.1.15"
104.207.37.88 - - [03/Jun/2026:19:58:46 +0200] "GET /wp-login.php?wp_lang=en_US HTTP/2.0" 200 2026 "-" "Mozilla/5.0 (Windows NT 10.0; Win64; x64) AppleWebKit/537.36 (KHTML, like Gecko) Chrome/124.0.0.0 Safari/537.36"
104.207.37.88 - - [03/Jun/2026:19:58:46 +0200] "POST /wp-login.php?wp_lang=en_US HTTP/2.0" 200 2146 "https://parma.elettroservicegroup.it/wp-login.php?wp_lang=en_US" "Mozilla/5.0 (Windows NT 10.0; Win64; x64) AppleWebKit/537.36 (KHTML, like Gecko) Chrome/124.0.0.0 Safari/537.36"
45.3.62.66 - - [03/Jun/2026:19:58:48 +0200] "GET /wp-login.php?wp_lang=en_US HTTP/2.0" 200 2026 "-" "Mozilla/5.0 (Windows NT 10.0; Win64; x64) AppleWebKit/537.36 (KHTML, like Gecko) Chrome/124.0.0.0 Safari/537.36"
45.3.62.66 - - [03/Jun/2026:19:58:48 +0200] "POST /wp-login.php?wp_lang=en_US HTTP/2.0" 200 2146 "https://parma.elettroservicegroup.it/wp-login.php?wp_lang=en_US" "Mozilla/5.0 (Windows NT 10.0; Win64; x64) AppleWebKit/537.36 (KHTML, like Gecko) Chrome/124.0.0.0 Safari/537.36"
65.108.235.243 - - [03/Jun/2026:19:58:51 +0200] "POST /wp-cron.php?doing_wp_cron=1780509531.0659580230712890625000 HTTP/1.1" 200 1 "-" "WordPress/7.0; https://parma.elettroservicegroup.it"
209.50.174.123 - - [03/Jun/2026:19:58:50 +0200] "GET /wp-login.php?wp_lang=en_US HTTP/2.0" 200 2026 "-" "Mozilla/5.0 (Windows NT 10.0; Win64; x64) AppleWebKit/537.36 (KHTML, like Gecko) Chrome/124.0.0.0 Safari/537.36"
209.50.174.123 - - [03/Jun/2026:19:58:51 +0200] "POST /wp-login.php?wp_lang=en_US HTTP/2.0" 200 2146 "https://parma.elettroservicegroup.it/wp-login.php?wp_lang=en_US" "Mozilla/5.0 (Windows NT 10.0; Win64; x64) AppleWebKit/537.36 (KHTML, like Gecko) Chrome/124.0.0.0 Safari/537.36"
209.50.185.85 - - [03/Jun/2026:19:58:52 +0200] "GET /wp-login.php?wp_lang=en_US HTTP/2.0" 200 2026 "-" "Mozilla/5.0 (Macintosh; Intel Mac OS X 10_15_7) AppleWebKit/605.1.15 (KHTML, like Gecko) Version/18.0 Safari/605.1.15"
209.50.185.85 - - [03/Jun/2026:19:58:53 +0200] "POST /wp-login.php?wp_lang=en_US HTTP/2.0" 200 2146 "https://parma.elettroservicegroup.it/wp-login.php?wp_lang=en_US" "Mozilla/5.0 (Macintosh; Intel Mac OS X 10_15_7) AppleWebKit/605.1.15 (KHTML, like Gecko) Version/18.0 Safari/605.1.15"
209.50.167.56 - - [03/Jun/2026:19:58:54 +0200] "GET /wp-login.php?wp_lang=en_US HTTP/2.0" 200 11867 "-" "Mozilla/5.0 (Macintosh; Intel Mac OS X 10_15_7) AppleWebKit/605.1.15 (KHTML, like Gecko) Version/18.0 Safari/605.1.15"
216.26.251.122 - - [03/Jun/2026:19:58:56 +0200] "GET /wp-login.php?wp_lang=en_US HTTP/2.0" 200 11877 "-" "Mozilla/5.0 (Windows NT 10.0; Win64; x64) AppleWebKit/537.36 (KHTML, like Gecko) Chrome/124.0.0.0 Safari/537.36"
104.207.48.0 - - [03/Jun/2026:19:58:57 +0200] "GET /wp-login.php?wp_lang=en_US HTTP/2.0" 200 2026 "-" "Mozilla/5.0 (Windows NT 10.0; Win64; x64; rv:133.0) Gecko/20100101 Firefox/133.0"
104.207.48.0 - - [03/Jun/2026:19:58:57 +0200] "POST /wp-login.php?wp_lang=en_US HTTP/2.0" 200 2146 "https://parma.elettroservicegroup.it/wp-login.php?wp_lang=en_US" "Mozilla/5.0 (Windows NT 10.0; Win64; x64; rv:133.0) Gecko/20100101 Firefox/133.0"
65.111.2.234 - - [03/Jun/2026:19:58:59 +0200] "GET /wp-login.php?wp_lang=en_US HTTP/2.0" 200 11873 "-" "Mozilla/5.0 (Windows NT 10.0; Win64; x64) AppleWebKit/537.36 (KHTML, like Gecko) Chrome/124.0.0.0 Safari/537.36"
65.111.21.54 - - [03/Jun/2026:19:59:00 +0200] "GET /wp-login.php?wp_lang=en_US HTTP/2.0" 200 2026 "-" "Mozilla/5.0 (Windows NT 10.0; Win64; x64; rv:133.0) Gecko/20100101 Firefox/133.0"
65.111.21.54 - - [03/Jun/2026:19:59:01 +0200] "POST /wp-login.php?wp_lang=en_US HTTP/2.0" 200 2146 "https://parma.elettroservicegroup.it/wp-login.php?wp_lang=en_US" "Mozilla/5.0 (Windows NT 10.0; Win64; x64; rv:133.0) Gecko/20100101 Firefox/133.0"
209.50.165.82 - - [03/Jun/2026:19:59:03 +0200] "GET /wp-login.php?wp_lang=en_US HTTP/2.0" 200 2026 "-" "Mozilla/5.0 (Windows NT 10.0; Win64; x64) AppleWebKit/537.36 (KHTML, like Gecko) Chrome/124.0.0.0 Safari/537.36"
209.50.165.82 - - [03/Jun/2026:19:59:03 +0200] "POST /wp-login.php?wp_lang=en_US HTTP/2.0" 200 2146 "https://parma.elettroservicegroup.it/wp-login.php?wp_lang=en_US" "Mozilla/5.0 (Windows NT 10.0; Win64; x64) AppleWebKit/537.36 (KHTML, like Gecko) Chrome/124.0.0.0 Safari/537.36"
216.26.232.124 - - [03/Jun/2026:19:59:06 +0200] "GET /wp-login.php?wp_lang=en_US HTTP/2.0" 200 11873 "-" "Mozilla/5.0 (Windows NT 10.0; Win64; x64; rv:133.0) Gecko/20100101 Firefox/133.0"
65.111.2.200 - - [03/Jun/2026:19:59:07 +0200] "GET /wp-login.php?wp_lang=en_US HTTP/2.0" 200 2026 "-" "Mozilla/5.0 (Macintosh; Intel Mac OS X 10_15_7) AppleWebKit/605.1.15 (KHTML, like Gecko) Version/18.0 Safari/605.1.15"
65.111.2.200 - - [03/Jun/2026:19:59:08 +0200] "POST /wp-login.php?wp_lang=en_US HTTP/2.0" 200 2146 "https://parma.elettroservicegroup.it/wp-login.php?wp_lang=en_US" "Mozilla/5.0 (Macintosh; Intel Mac OS X 10_15_7) AppleWebKit/605.1.15 (KHTML, like Gecko) Version/18.0 Safari/605.1.15"
151.123.177.68 - - [03/Jun/2026:19:59:09 +0200] "GET /wp-login.php?wp_lang=en_US HTTP/2.0" 200 11865 "-" "Mozilla/5.0 (Macintosh; Intel Mac OS X 10_15_7) AppleWebKit/605.1.15 (KHTML, like Gecko) Version/18.0 Safari/605.1.15"
209.50.183.220 - - [03/Jun/2026:19:59:10 +0200] "GET /wp-login.php?wp_lang=en_US HTTP/2.0" 200 2026 "-" "Mozilla/5.0 (Windows NT 10.0; Win64; x64) AppleWebKit/537.36 (KHTML, like Gecko) Chrome/124.0.0.0 Safari/537.36"
209.50.183.220 - - [03/Jun/2026:19:59:10 +0200] "POST /wp-login.php?wp_lang=en_US HTTP/2.0" 200 2146 "https://parma.elettroservicegroup.it/wp-login.php?wp_lang=en_US" "Mozilla/5.0 (Windows NT 10.0; Win64; x64) AppleWebKit/537.36 (KHTML, like Gecko) Chrome/124.0.0.0 Safari/537.36"
65.108.235.243 - - [03/Jun/2026:19:59:12 +0200] "POST /wp-cron.php?doing_wp_cron=1780509552.8126358985900878906250 HTTP/1.1" 200 1 "-" "WordPress/7.0; https://parma.elettroservicegroup.it"
104.207.49.117 - - [03/Jun/2026:19:59:12 +0200] "GET /wp-login.php?wp_lang=en_US HTTP/2.0" 200 2026 "-" "Mozilla/5.0 (Macintosh; Intel Mac OS X 10_15_7) AppleWebKit/605.1.15 (KHTML, like Gecko) Version/18.0 Safari/605.1.15"
104.207.49.117 - - [03/Jun/2026:19:59:13 +0200] "POST /wp-login.php?wp_lang=en_US HTTP/2.0" 200 2146 "https://parma.elettroservicegroup.it/wp-login.php?wp_lang=en_US" "Mozilla/5.0 (Macintosh; Intel Mac OS X 10_15_7) AppleWebKit/605.1.15 (KHTML, like Gecko) Version/18.0 Safari/605.1.15"
45.3.46.112 - - [03/Jun/2026:19:59:14 +0200] "GET /wp-login.php?wp_lang=en_US HTTP/2.0" 200 2026 "-" "Mozilla/5.0 (Macintosh; Intel Mac OS X 10_15_7) AppleWebKit/605.1.15 (KHTML, like Gecko) Version/18.0 Safari/605.1.15"
45.3.46.112 - - [03/Jun/2026:19:59:15 +0200] "POST /wp-login.php?wp_lang=en_US HTTP/2.0" 200 2146 "https://parma.elettroservicegroup.it/wp-login.php?wp_lang=en_US" "Mozilla/5.0 (Macintosh; Intel Mac OS X 10_15_7) AppleWebKit/605.1.15 (KHTML, like Gecko) Version/18.0 Safari/605.1.15"
216.26.236.64 - - [03/Jun/2026:19:59:17 +0200] "GET /wp-login.php?wp_lang=en_US HTTP/2.0" 200 2026 "-" "Mozilla/5.0 (Macintosh; Intel Mac OS X 10_15_7) AppleWebKit/605.1.15 (KHTML, like Gecko) Version/18.0 Safari/605.1.15"
216.26.236.64 - - [03/Jun/2026:19:59:17 +0200] "POST /wp-login.php?wp_lang=en_US HTTP/2.0" 200 2146 "https://parma.elettroservicegroup.it/wp-login.php?wp_lang=en_US" "Mozilla/5.0 (Macintosh; Intel Mac OS X 10_15_7) AppleWebKit/605.1.15 (KHTML, like Gecko) Version/18.0 Safari/605.1.15"
104.207.39.209 - - [03/Jun/2026:19:59:20 +0200] "GET /wp-login.php?wp_lang=en_US HTTP/2.0" 200 2026 "-" "Mozilla/5.0 (Macintosh; Intel Mac OS X 10_15_7) AppleWebKit/605.1.15 (KHTML, like Gecko) Version/18.0 Safari/605.1.15"
104.207.39.209 - - [03/Jun/2026:19:59:20 +0200] "POST /wp-login.php?wp_lang=en_US HTTP/2.0" 200 2146 "https://parma.elettroservicegroup.it/wp-login.php?wp_lang=en_US" "Mozilla/5.0 (Macintosh; Intel Mac OS X 10_15_7) AppleWebKit/605.1.15 (KHTML, like Gecko) Version/18.0 Safari/605.1.15"
209.50.178.212 - - [03/Jun/2026:19:59:22 +0200] "GET /wp-login.php?wp_lang=en_US HTTP/2.0" 200 11847 "-" "Mozilla/5.0 (Windows NT 10.0; Win64; x64) AppleWebKit/537.36 (KHTML, like Gecko) Chrome/124.0.0.0 Safari/537.36"
65.111.21.26 - - [03/Jun/2026:19:59:23 +0200] "GET /wp-login.php?wp_lang=en_US HTTP/2.0" 200 11843 "-" "Mozilla/5.0 (Windows NT 10.0; Win64; x64) AppleWebKit/537.36 (KHTML, like Gecko) Chrome/124.0.0.0 Safari/537.36"
209.50.188.114 - - [03/Jun/2026:19:59:25 +0200] "GET /wp-login.php?wp_lang=en_US HTTP/2.0" 200 2026 "-" "Mozilla/5.0 (Windows NT 10.0; Win64; x64) AppleWebKit/537.36 (KHTML, like Gecko) Chrome/124.0.0.0 Safari/537.36"
209.50.188.114 - - [03/Jun/2026:19:59:25 +0200] "POST /wp-login.php?wp_lang=en_US HTTP/2.0" 200 2146 "https://parma.elettroservicegroup.it/wp-login.php?wp_lang=en_US" "Mozilla/5.0 (Windows NT 10.0; Win64; x64) AppleWebKit/537.36 (KHTML, like Gecko) Chrome/124.0.0.0 Safari/537.36"
40.77.167.154 - - [03/Jun/2026:19:59:26 +0200] "GET /sitemap.rss HTTP/2.0" 200 1348 "-" "Mozilla/5.0 AppleWebKit/537.36 (KHTML, like Gecko; compatible; bingbot/2.0; +http://www.bing.com/bingbot.htm) Chrome/116.0.1938.76 Safari/537.36"
45.3.44.223 - - [03/Jun/2026:19:59:27 +0200] "GET /wp-login.php?wp_lang=en_US HTTP/2.0" 200 2026 "-" "Mozilla/5.0 (Windows NT 10.0; Win64; x64) AppleWebKit/537.36 (KHTML, like Gecko) Chrome/124.0.0.0 Safari/537.36"
45.3.44.223 - - [03/Jun/2026:19:59:27 +0200] "POST /wp-login.php?wp_lang=en_US HTTP/2.0" 200 2146 "https://parma.elettroservicegroup.it/wp-login.php?wp_lang=en_US" "Mozilla/5.0 (Windows NT 10.0; Win64; x64) AppleWebKit/537.36 (KHTML, like Gecko) Chrome/124.0.0.0 Safari/537.36"
216.26.243.4 - - [03/Jun/2026:19:59:28 +0200] "GET /wp-login.php?wp_lang=en_US HTTP/2.0" 200 2026 "-" "Mozilla/5.0 (Windows NT 10.0; Win64; x64; rv:133.0) Gecko/20100101 Firefox/133.0"
216.26.243.4 - - [03/Jun/2026:19:59:29 +0200] "POST /wp-login.php?wp_lang=en_US HTTP/2.0" 200 2146 "https://parma.elettroservicegroup.it/wp-login.php?wp_lang=en_US" "Mozilla/5.0 (Windows NT 10.0; Win64; x64; rv:133.0) Gecko/20100101 Firefox/133.0"
104.207.33.134 - - [03/Jun/2026:19:59:30 +0200] "GET /wp-login.php?wp_lang=en_US HTTP/2.0" 200 2026 "-" "Mozilla/5.0 (Windows NT 10.0; Win64; x64) AppleWebKit/537.36 (KHTML, like Gecko) Chrome/124.0.0.0 Safari/537.36"
104.207.33.134 - - [03/Jun/2026:19:59:31 +0200] "POST /wp-login.php?wp_lang=en_US HTTP/2.0" 200 2146 "https://parma.elettroservicegroup.it/wp-login.php?wp_lang=en_US" "Mozilla/5.0 (Windows NT 10.0; Win64; x64) AppleWebKit/537.36 (KHTML, like Gecko) Chrome/124.0.0.0 Safari/537.36"
65.111.15.238 - - [03/Jun/2026:19:59:33 +0200] "GET /wp-login.php?wp_lang=en_US HTTP/2.0" 200 11837 "-" "Mozilla/5.0 (Windows NT 10.0; Win64; x64) AppleWebKit/537.36 (KHTML, like Gecko) Chrome/124.0.0.0 Safari/537.36"
65.111.13.148 - - [03/Jun/2026:19:59:34 +0200] "GET /wp-login.php?wp_lang=en_US HTTP/2.0" 200 2026 "-" "Mozilla/5.0 (Windows NT 10.0; Win64; x64; rv:133.0) Gecko/20100101 Firefox/133.0"
65.111.13.148 - - [03/Jun/2026:19:59:35 +0200] "POST /wp-login.php?wp_lang=en_US HTTP/2.0" 200 2146 "https://parma.elettroservicegroup.it/wp-login.php?wp_lang=en_US" "Mozilla/5.0 (Windows NT 10.0; Win64; x64; rv:133.0) Gecko/20100101 Firefox/133.0"
209.50.177.130 - - [03/Jun/2026:19:59:37 +0200] "GET /wp-login.php?wp_lang=en_US HTTP/2.0" 200 2026 "-" "Mozilla/5.0 (Windows NT 10.0; Win64; x64) AppleWebKit/537.36 (KHTML, like Gecko) Chrome/124.0.0.0 Safari/537.36"
209.50.177.130 - - [03/Jun/2026:19:59:38 +0200] "POST /wp-login.php?wp_lang=en_US HTTP/2.0" 200 2146 "https://parma.elettroservicegroup.it/wp-login.php?wp_lang=en_US" "Mozilla/5.0 (Windows NT 10.0; Win64; x64) AppleWebKit/537.36 (KHTML, like Gecko) Chrome/124.0.0.0 Safari/537.36"
216.26.236.3 - - [03/Jun/2026:19:59:40 +0200] "GET /wp-login.php?wp_lang=en_US HTTP/2.0" 200 11798 "-" "Mozilla/5.0 (Windows NT 10.0; Win64; x64) AppleWebKit/537.36 (KHTML, like Gecko) Chrome/124.0.0.0 Safari/537.36"
216.73.217.169 - - [03/Jun/2026:20:00:58 +0200] "GET /wp-content/cache/wpfc-minified/mbb024jo/4bjek.css HTTP/2.0" 200 11331 "-" "Mozilla/5.0 AppleWebKit/537.36 (KHTML, like Gecko; compatible; ClaudeBot/1.0; +claudebot@anthropic.com)"
216.73.217.169 - - [03/Jun/2026:20:00:58 +0200] "GET /wp-content/uploads/elementor/css/post-17315.css HTTP/2.0" 200 2060 "-" "Mozilla/5.0 AppleWebKit/537.36 (KHTML, like Gecko; compatible; ClaudeBot/1.0; +claudebot@anthropic.com)"
65.108.235.243 - - [03/Jun/2026:20:01:17 +0200] "POST /wp-cron.php?doing_wp_cron=1780509677.9772920608520507812500 HTTP/1.1" 200 1 "-" "WordPress/7.0; https://parma.elettroservicegroup.it"
216.73.217.169 - - [03/Jun/2026:20:01:16 +0200] "GET /?p=17315 HTTP/2.0" 301 1 "-" "Mozilla/5.0 AppleWebKit/537.36 (KHTML, like Gecko; compatible; ClaudeBot/1.0; +claudebot@anthropic.com)"
216.73.217.169 - - [03/Jun/2026:20:01:18 +0200] "GET /assistenza-lavastoviglie-smeg-parma/ HTTP/2.0" 200 22584 "https://parma.elettroservicegroup.it/?p=17315" "Mozilla/5.0 AppleWebKit/537.36 (KHTML, like Gecko; compatible; ClaudeBot/1.0; +claudebot@anthropic.com)"
216.73.217.169 - - [03/Jun/2026:20:01:22 +0200] "GET /wp-content/cache/wpfc-minified/qaafat52/4bjek.css HTTP/2.0" 200 16433 "-" "Mozilla/5.0 AppleWebKit/537.36 (KHTML, like Gecko; compatible; ClaudeBot/1.0; +claudebot@anthropic.com)"
216.73.217.169 - - [03/Jun/2026:20:01:38 +0200] "GET /wp-content/cache/wpfc-minified/f4mpgdct/4bjek.css HTTP/2.0" 200 7521 "-" "Mozilla/5.0 AppleWebKit/537.36 (KHTML, like Gecko; compatible; ClaudeBot/1.0; +claudebot@anthropic.com)"
216.73.217.169 - - [03/Jun/2026:20:01:58 +0200] "GET /wp-content/cache/wpfc-minified/bwue548/4bjek.css HTTP/2.0" 200 19030 "-" "Mozilla/5.0 AppleWebKit/537.36 (KHTML, like Gecko; compatible; ClaudeBot/1.0; +claudebot@anthropic.com)"
216.73.217.169 - - [03/Jun/2026:20:02:10 +0200] "GET /wp-content/cache/wpfc-minified/eqzpooq2/4bjek.css HTTP/2.0" 200 4410 "-" "Mozilla/5.0 AppleWebKit/537.36 (KHTML, like Gecko; compatible; ClaudeBot/1.0; +claudebot@anthropic.com)"
216.73.217.169 - - [03/Jun/2026:20:02:15 +0200] "GET /wp-content/cache/wpfc-minified/7aujoglc/4bx27.css HTTP/2.0" 200 16439 "-" "Mozilla/5.0 AppleWebKit/537.36 (KHTML, like Gecko; compatible; ClaudeBot/1.0; +claudebot@anthropic.com)"
216.73.217.169 - - [03/Jun/2026:20:02:33 +0200] "GET /wp-content/cache/wpfc-minified/fpvwzn7j/4bjek.css HTTP/2.0" 200 14485 "-" "Mozilla/5.0 AppleWebKit/537.36 (KHTML, like Gecko; compatible; ClaudeBot/1.0; +claudebot@anthropic.com)"
216.73.217.169 - - [03/Jun/2026:20:03:01 +0200] "GET /wp-content/cache/wpfc-minified/9aoba38s/4bjek.css HTTP/2.0" 200 418 "-" "Mozilla/5.0 AppleWebKit/537.36 (KHTML, like Gecko; compatible; ClaudeBot/1.0; +claudebot@anthropic.com)"
216.73.217.169 - - [03/Jun/2026:20:03:18 +0200] "GET /wp-content/uploads/2026/05/logo.png HTTP/2.0" 200 48185 "-" "Mozilla/5.0 AppleWebKit/537.36 (KHTML, like Gecko; compatible; ClaudeBot/1.0; +claudebot@anthropic.com)"
216.73.217.169 - - [03/Jun/2026:20:03:45 +0200] "GET /wp-content/cache/wpfc-minified/shydqzw/4bjek.js HTTP/2.0" 200 42193 "-" "Mozilla/5.0 AppleWebKit/537.36 (KHTML, like Gecko; compatible; ClaudeBot/1.0; +claudebot@anthropic.com)"
216.73.217.169 - - [03/Jun/2026:20:03:47 +0200] "GET /wp-content/plugins/elementor/assets/css/widget-image.min.css HTTP/2.0" 200 96 "-" "Mozilla/5.0 AppleWebKit/537.36 (KHTML, like Gecko; compatible; ClaudeBot/1.0; +claudebot@anthropic.com)"
216.73.217.169 - - [03/Jun/2026:20:03:48 +0200] "GET /wp-content/plugins/elementor/assets/css/widget-heading.min.css HTTP/2.0" 200 127 "-" "Mozilla/5.0 AppleWebKit/537.36 (KHTML, like Gecko; compatible; ClaudeBot/1.0; +claudebot@anthropic.com)"
216.73.217.169 - - [03/Jun/2026:20:04:10 +0200] "GET /wp-content/plugins/elementor/assets/css/frontend.min.css HTTP/2.0" 200 6618 "-" "Mozilla/5.0 AppleWebKit/537.36 (KHTML, like Gecko; compatible; ClaudeBot/1.0; +claudebot@anthropic.com)"
216.73.217.169 - - [03/Jun/2026:20:04:10 +0200] "GET /wp-includes/js/jquery/jquery.min.js HTTP/2.0" 200 29769 "-" "Mozilla/5.0 AppleWebKit/537.36 (KHTML, like Gecko; compatible; ClaudeBot/1.0; +claudebot@anthropic.com)"
216.73.217.169 - - [03/Jun/2026:20:04:16 +0200] "GET /wp-content/plugins/elementor/assets/css/widget-spacer.min.css HTTP/2.0" 200 287 "-" "Mozilla/5.0 AppleWebKit/537.36 (KHTML, like Gecko; compatible; ClaudeBot/1.0; +claudebot@anthropic.com)"
216.73.217.169 - - [03/Jun/2026:20:04:16 +0200] "GET /wp-includes/js/jquery/jquery-migrate.min.js HTTP/2.0" 200 4685 "-" "Mozilla/5.0 AppleWebKit/537.36 (KHTML, like Gecko; compatible; ClaudeBot/1.0; +claudebot@anthropic.com)"
216.73.217.169 - - [03/Jun/2026:20:04:35 +0200] "GET /wp-content/plugins/elementor/assets/lib/font-awesome/css/solid.css HTTP/2.0" 200 299 "-" "Mozilla/5.0 AppleWebKit/537.36 (KHTML, like Gecko; compatible; ClaudeBot/1.0; +claudebot@anthropic.com)"
216.73.217.169 - - [03/Jun/2026:20:04:36 +0200] "GET /wp-content/uploads/elementor/google-fonts/css/robotoslab.css HTTP/2.0" 200 715 "-" "Mozilla/5.0 AppleWebKit/537.36 (KHTML, like Gecko; compatible; ClaudeBot/1.0; +claudebot@anthropic.com)"
216.73.217.169 - - [03/Jun/2026:20:04:50 +0200] "GET /wp-content/plugins/elementor/assets/css/widget-icon-list.min.css HTTP/2.0" 200 928 "-" "Mozilla/5.0 AppleWebKit/537.36 (KHTML, like Gecko; compatible; ClaudeBot/1.0; +claudebot@anthropic.com)"
216.73.217.169 - - [03/Jun/2026:20:04:50 +0200] "GET /wp-content/uploads/elementor/google-fonts/css/roboto.css HTTP/2.0" 200 1880 "-" "Mozilla/5.0 AppleWebKit/537.36 (KHTML, like Gecko; compatible; ClaudeBot/1.0; +claudebot@anthropic.com)"
216.73.217.169 - - [03/Jun/2026:20:05:08 +0200] "GET /wp-content/plugins/header-footer-elementor/inc/widgets-css/frontend.css HTTP/2.0" 200 8711 "-" "Mozilla/5.0 AppleWebKit/537.36 (KHTML, like Gecko; compatible; ClaudeBot/1.0; +claudebot@anthropic.com)"
216.73.217.169 - - [03/Jun/2026:20:05:08 +0200] "GET /wp-content/plugins/elementor/assets/lib/font-awesome/css/regular.min.css HTTP/2.0" 200 282 "-" "Mozilla/5.0 AppleWebKit/537.36 (KHTML, like Gecko; compatible; ClaudeBot/1.0; +claudebot@anthropic.com)"
216.73.217.169 - - [03/Jun/2026:20:05:18 +0200] "GET /wp-content/plugins/elementor/assets/lib/font-awesome/css/solid.min.css HTTP/2.0" 200 286 "-" "Mozilla/5.0 AppleWebKit/537.36 (KHTML, like Gecko; compatible; ClaudeBot/1.0; +claudebot@anthropic.com)"
216.73.217.169 - - [03/Jun/2026:20:05:18 +0200] "GET /wp-content/plugins/elementor/assets/lib/animations/styles/bounceIn.min.css HTTP/2.0" 200 186 "-" "Mozilla/5.0 AppleWebKit/537.36 (KHTML, like Gecko; compatible; ClaudeBot/1.0; +claudebot@anthropic.com)"
216.73.217.169 - - [03/Jun/2026:20:05:36 +0200] "GET /wp-content/plugins/elementor/assets/lib/animations/styles/zoomIn.min.css HTTP/2.0" 200 87 "-" "Mozilla/5.0 AppleWebKit/537.36 (KHTML, like Gecko; compatible; ClaudeBot/1.0; +claudebot@anthropic.com)"
65.108.235.243 - - [03/Jun/2026:20:05:59 +0200] "POST /wp-cron.php?doing_wp_cron=1780509959.1898069381713867187500 HTTP/1.1" 200 1 "-" "WordPress/7.0; https://parma.elettroservicegroup.it"
216.73.217.169 - - [03/Jun/2026:20:05:57 +0200] "GET /robots.txt HTTP/2.0" 200 104 "-" "Mozilla/5.0 AppleWebKit/537.36 (KHTML, like Gecko; compatible; ClaudeBot/1.0; +claudebot@anthropic.com)"
216.73.217.169 - - [03/Jun/2026:20:05:59 +0200] "GET /wp-content/plugins/elementor/assets/lib/eicons/css/elementor-icons.min.css HTTP/2.0" 200 4115 "-" "Mozilla/5.0 AppleWebKit/537.36 (KHTML, like Gecko; compatible; ClaudeBot/1.0; +claudebot@anthropic.com)"
216.73.217.169 - - [03/Jun/2026:20:06:13 +0200] "GET /wp-content/plugins/elementor/assets/lib/font-awesome/css/all.min.css HTTP/2.0" 200 12402 "-" "Mozilla/5.0 AppleWebKit/537.36 (KHTML, like Gecko; compatible; ClaudeBot/1.0; +claudebot@anthropic.com)"
216.73.217.169 - - [03/Jun/2026:20:06:25 +0200] "GET /wp-content/plugins/elementor/assets/css/widget-social-icons.min.css HTTP/2.0" 200 1039 "-" "Mozilla/5.0 AppleWebKit/537.36 (KHTML, like Gecko; compatible; ClaudeBot/1.0; +claudebot@anthropic.com)"
216.73.217.169 - - [03/Jun/2026:20:06:36 +0200] "GET /wp-content/plugins/header-footer-elementor/assets/css/header-footer-elementor.css HTTP/2.0" 200 260 "-" "Mozilla/5.0 AppleWebKit/537.36 (KHTML, like Gecko; compatible; ClaudeBot/1.0; +claudebot@anthropic.com)"
65.108.235.243 - - [03/Jun/2026:20:07:07 +0200] "POST /wp-cron.php?doing_wp_cron=1780510027.7309470176696777343750 HTTP/1.1" 200 1 "-" "WordPress/7.0; https://parma.elettroservicegroup.it"
216.73.217.169 - - [03/Jun/2026:20:07:06 +0200] "GET /wp-content/plugins/elementor/assets/lib/font-awesome/css/fontawesome.css HTTP/2.0" 404 18162 "-" "Mozilla/5.0 AppleWebKit/537.36 (KHTML, like Gecko; compatible; ClaudeBot/1.0; +claudebot@anthropic.com)"
52.167.144.57 - - [03/Jun/2026:20:07:12 +0200] "GET /robots.txt HTTP/2.0" 200 104 "-" "Mozilla/5.0 AppleWebKit/537.36 (KHTML, like Gecko; compatible; bingbot/2.0; +http://www.bing.com/bingbot.htm) Chrome/116.0.1938.76 Safari/537.36"
65.108.235.243 - - [03/Jun/2026:20:07:16 +0200] "POST /wp-cron.php?doing_wp_cron=1780510036.2717549800872802734375 HTTP/1.1" 200 1 "-" "WordPress/7.0; https://parma.elettroservicegroup.it"
52.167.144.160 - - [03/Jun/2026:20:07:15 +0200] "GET /wp-sitemap-posts-page-1.xml HTTP/2.0" 404 16879 "-" "Mozilla/5.0 AppleWebKit/537.36 (KHTML, like Gecko; compatible; bingbot/2.0; +http://www.bing.com/bingbot.htm) Chrome/116.0.1938.76 Safari/537.36"
216.73.217.169 - - [03/Jun/2026:20:07:43 +0200] "GET /wp-content/plugins/complianz-gdpr-premium/assets/css/cookieblocker.min.css HTTP/2.0" 404 18156 "-" "Mozilla/5.0 AppleWebKit/537.36 (KHTML, like Gecko; compatible; ClaudeBot/1.0; +claudebot@anthropic.com)"
216.73.217.169 - - [03/Jun/2026:20:07:56 +0200] "GET /wp-content/plugins/elementor/assets/lib/font-awesome/css/v4-shims.min.css HTTP/2.0" 200 3986 "-" "Mozilla/5.0 AppleWebKit/537.36 (KHTML, like Gecko; compatible; ClaudeBot/1.0; +claudebot@anthropic.com)"
216.73.217.169 - - [03/Jun/2026:20:08:33 +0200] "GET /wp-content/plugins/gp-premium/menu-plus/functions/css/navigation-branding-flex.min.css HTTP/2.0" 200 542 "-" "Mozilla/5.0 AppleWebKit/537.36 (KHTML, like Gecko; compatible; ClaudeBot/1.0; +claudebot@anthropic.com)"
216.73.217.169 - - [03/Jun/2026:20:08:50 +0200] "GET /wp-content/plugins/elementor/assets/lib/font-awesome/css/fontawesome.min.css HTTP/2.0" 200 12179 "-" "Mozilla/5.0 AppleWebKit/537.36 (KHTML, like Gecko; compatible; ClaudeBot/1.0; +claudebot@anthropic.com)"
216.73.217.169 - - [03/Jun/2026:20:08:59 +0200] "GET /wp-content/uploads/burst/js/burst.min.js HTTP/2.0" 200 3381 "-" "Mozilla/5.0 AppleWebKit/537.36 (KHTML, like Gecko; compatible; ClaudeBot/1.0; +claudebot@anthropic.com)"
216.73.217.169 - - [03/Jun/2026:20:09:08 +0200] "GET /wp-content/plugins/burst-statistics/assets/js/timeme/timeme.min.js HTTP/2.0" 200 1835 "-" "Mozilla/5.0 AppleWebKit/537.36 (KHTML, like Gecko; compatible; ClaudeBot/1.0; +claudebot@anthropic.com)"
216.73.217.169 - - [03/Jun/2026:20:09:24 +0200] "GET /wp-content/plugins/elementor/assets/lib/font-awesome/js/v4-shims.min.js HTTP/2.0" 200 4043 "-" "Mozilla/5.0 AppleWebKit/537.36 (KHTML, like Gecko; compatible; ClaudeBot/1.0; +claudebot@anthropic.com)"
216.73.217.169 - - [03/Jun/2026:20:09:44 +0200] "GET /wp-content/plugins/all-in-one-seo-pack/dist/Lite/assets/css/table-of-contents/global.e90f6d47.css HTTP/2.0" 200 420 "-" "Mozilla/5.0 AppleWebKit/537.36 (KHTML, like Gecko; compatible; ClaudeBot/1.0; +claudebot@anthropic.com)"
216.73.217.169 - - [03/Jun/2026:20:10:04 +0200] "GET /wp-content/plugins/elementor/assets/lib/font-awesome/css/brands.css HTTP/2.0" 200 298 "-" "Mozilla/5.0 AppleWebKit/537.36 (KHTML, like Gecko; compatible; ClaudeBot/1.0; +claudebot@anthropic.com)"
65.108.235.243 - - [03/Jun/2026:20:24:21 +0200] "POST /wp-cron.php?doing_wp_cron=1780511061.3668189048767089843750 HTTP/1.1" 200 1 "-" "WordPress/7.0; https://parma.elettroservicegroup.it"
40.77.167.20 - - [03/Jun/2026:20:24:19 +0200] "GET /wp-sitemap-users-1.xml HTTP/2.0" 404 16873 "-" "Mozilla/5.0 AppleWebKit/537.36 (KHTML, like Gecko; compatible; bingbot/2.0; +http://www.bing.com/bingbot.htm) Chrome/116.0.1938.76 Safari/537.36"
65.108.235.243 - - [03/Jun/2026:20:26:11 +0200] "POST /wp-cron.php?doing_wp_cron=1780511171.1705310344696044921875 HTTP/1.1" 200 1 "-" "WordPress/7.0; https://parma.elettroservicegroup.it"
114.119.132.207 - - [03/Jun/2026:20:26:09 +0200] "GET /assistenza-smeg-busseto HTTP/1.1" 301 1 "https://parma.elettroservicegroup.it/assistenza-smeg-busseto" "Mozilla/5.0 (Linux; Android 7.0;) AppleWebKit/537.36 (HTML, like Gecko) Mobile Safari/537.36 (compatible; PetalBot;+https://webmaster.petalsearch.com/site/petalbot)"
114.119.132.207 - - [03/Jun/2026:20:26:11 +0200] "GET /assistenza-smeg-busseto/ HTTP/1.1" 200 22777 "https://parma.elettroservicegroup.it/assistenza-smeg-busseto" "Mozilla/5.0 (Linux; Android 7.0;) AppleWebKit/537.36 (HTML, like Gecko) Mobile Safari/537.36 (compatible; PetalBot;+https://webmaster.petalsearch.com/site/petalbot)"
65.108.235.243 - - [03/Jun/2026:20:27:34 +0200] "POST /wp-cron.php?doing_wp_cron=1780511254.8412570953369140625000 HTTP/1.1" 200 1 "-" "WordPress/7.0; https://parma.elettroservicegroup.it"
114.119.138.37 - - [03/Jun/2026:20:27:32 +0200] "GET /assistenza-siemens-parma/ HTTP/1.1" 200 22808 "https://parma.elettroservicegroup.it/?attachment_id=16112" "Mozilla/5.0 (Linux; Android 7.0;) AppleWebKit/537.36 (HTML, like Gecko) Mobile Safari/537.36 (compatible; PetalBot;+https://webmaster.petalsearch.com/site/petalbot)"
65.108.235.243 - - [03/Jun/2026:20:27:50 +0200] "POST /wp-cron.php?doing_wp_cron=1780511270.0148429870605468750000 HTTP/1.1" 200 1 "-" "WordPress/7.0; https://parma.elettroservicegroup.it"
66.249.89.133 - - [03/Jun/2026:20:27:49 +0200] "GET /assistenza-whirlpool-parma/ HTTP/1.1" 200 22780 "-" "Mozilla/5.0 (Linux; Android 6.0.1; Nexus 5X Build/MMB29P) AppleWebKit/537.36 (KHTML, like Gecko) Chrome/148.0.7778.96 Mobile Safari/537.36 (compatible; AdsBot-Google-Mobile; +http://www.google.com/mobile/adsbot.html)"
66.249.89.133 - - [03/Jun/2026:20:27:54 +0200] "GET /wp-content/uploads/elementor/css/post-17366.css?ver=1780511269 HTTP/1.1" 200 2160 "https://parma.elettroservicegroup.it/assistenza-whirlpool-parma/" "AdsBot-Google (+http://www.google.com/adsbot.html)"
66.249.89.134 - - [03/Jun/2026:20:27:55 +0200] "GET /wp-content/uploads/elementor/css/post-14146.css?ver=1780499189 HTTP/1.1" 200 428 "https://parma.elettroservicegroup.it/assistenza-whirlpool-parma/" "AdsBot-Google (+http://www.google.com/adsbot.html)"
66.249.89.134 - - [03/Jun/2026:20:27:56 +0200] "GET /wp-content/plugins/elementor/assets/lib/font-awesome/css/v4-shims.min.css?ver=4.1.1 HTTP/1.1" 200 3986 "https://parma.elettroservicegroup.it/assistenza-whirlpool-parma/" "AdsBot-Google (+http://www.google.com/adsbot.html)"
66.249.89.134 - - [03/Jun/2026:20:27:58 +0200] "GET /wp-content/plugins/elementor/assets/lib/font-awesome/css/solid.min.css?ver=5.15.3 HTTP/1.1" 200 286 "https://parma.elettroservicegroup.it/assistenza-whirlpool-parma/" "AdsBot-Google (+http://www.google.com/adsbot.html)"
66.249.89.133 - - [03/Jun/2026:20:27:59 +0200] "GET /wp-content/plugins/elementor/assets/lib/eicons/css/elementor-icons.min.css?ver=5.49.0 HTTP/1.1" 200 4115 "https://parma.elettroservicegroup.it/assistenza-whirlpool-parma/" "AdsBot-Google (+http://www.google.com/adsbot.html)"
66.249.89.133 - - [03/Jun/2026:20:28:00 +0200] "GET /wp-content/plugins/header-footer-elementor/assets/css/header-footer-elementor.css?ver=2.8.8 HTTP/1.1" 200 260 "https://parma.elettroservicegroup.it/assistenza-whirlpool-parma/" "AdsBot-Google (+http://www.google.com/adsbot.html)"
66.249.89.133 - - [03/Jun/2026:20:28:01 +0200] "GET /wp-content/plugins/elementor/assets/lib/font-awesome/css/fontawesome.css?ver=5.15.3 HTTP/1.1" 200 12535 "https://parma.elettroservicegroup.it/assistenza-whirlpool-parma/" "AdsBot-Google (+http://www.google.com/adsbot.html)"
66.249.89.133 - - [03/Jun/2026:20:28:02 +0200] "GET /wp-content/uploads/elementor/google-fonts/css/roboto.css?ver=1742280360 HTTP/1.1" 200 1880 "https://parma.elettroservicegroup.it/assistenza-whirlpool-parma/" "AdsBot-Google (+http://www.google.com/adsbot.html)"
66.249.89.133 - - [03/Jun/2026:20:28:03 +0200] "GET /wp-includes/js/jquery/jquery-migrate.min.js?ver=3.4.1 HTTP/1.1" 200 4685 "https://parma.elettroservicegroup.it/assistenza-whirlpool-parma/" "AdsBot-Google (+http://www.google.com/adsbot.html)"
66.249.89.133 - - [03/Jun/2026:20:28:04 +0200] "GET /wp-content/plugins/elementor/assets/css/frontend.min.css?ver=4.1.1 HTTP/1.1" 200 6618 "https://parma.elettroservicegroup.it/assistenza-whirlpool-parma/" "AdsBot-Google (+http://www.google.com/adsbot.html)"
66.249.89.133 - - [03/Jun/2026:20:28:05 +0200] "GET /wp-content/uploads/elementor/css/post-14366.css?ver=1780499190 HTTP/1.1" 200 302 "https://parma.elettroservicegroup.it/assistenza-whirlpool-parma/" "AdsBot-Google (+http://www.google.com/adsbot.html)"
66.249.89.133 - - [03/Jun/2026:20:28:06 +0200] "GET /wp-content/plugins/elementor/assets/lib/font-awesome/css/solid.css?ver=5.15.3 HTTP/1.1" 200 299 "https://parma.elettroservicegroup.it/assistenza-whirlpool-parma/" "AdsBot-Google (+http://www.google.com/adsbot.html)"
66.249.89.133 - - [03/Jun/2026:20:28:07 +0200] "GET /wp-content/plugins/elementor/assets/css/widget-spacer.min.css?ver=4.1.1 HTTP/1.1" 200 287 "https://parma.elettroservicegroup.it/assistenza-whirlpool-parma/" "AdsBot-Google (+http://www.google.com/adsbot.html)"
66.249.89.133 - - [03/Jun/2026:20:28:08 +0200] "GET /wp-includes/js/jquery/jquery.min.js?ver=3.7.1 HTTP/1.1" 200 29769 "https://parma.elettroservicegroup.it/assistenza-whirlpool-parma/" "AdsBot-Google (+http://www.google.com/adsbot.html)"
66.249.89.133 - - [03/Jun/2026:20:28:10 +0200] "GET /wp-content/themes/generatepress/assets/css/main.min.css?ver=3.6.1 HTTP/1.1" 200 4410 "https://parma.elettroservicegroup.it/assistenza-whirlpool-parma/" "AdsBot-Google (+http://www.google.com/adsbot.html)"
66.249.89.133 - - [03/Jun/2026:20:28:11 +0200] "GET /wp-content/plugins/elementor/assets/lib/font-awesome/css/regular.min.css?ver=5.15.3 HTTP/1.1" 200 282 "https://parma.elettroservicegroup.it/assistenza-whirlpool-parma/" "AdsBot-Google (+http://www.google.com/adsbot.html)"
66.249.89.133 - - [03/Jun/2026:20:28:12 +0200] "GET /wp-content/uploads/elementor/google-fonts/css/robotoslab.css?ver=1742280362 HTTP/1.1" 200 715 "https://parma.elettroservicegroup.it/assistenza-whirlpool-parma/" "AdsBot-Google (+http://www.google.com/adsbot.html)"
66.249.89.133 - - [03/Jun/2026:20:28:13 +0200] "GET /wp-content/plugins/gp-premium/menu-plus/functions/js/sticky.min.js?ver=2.5.5 HTTP/1.1" 200 2670 "https://parma.elettroservicegroup.it/assistenza-whirlpool-parma/" "AdsBot-Google (+http://www.google.com/adsbot.html)"
66.249.89.133 - - [03/Jun/2026:20:28:14 +0200] "GET /wp-content/plugins/complianz-gdpr-premium/assets/css/cookieblocker.min.css?ver=1780326315 HTTP/1.1" 200 615 "https://parma.elettroservicegroup.it/assistenza-whirlpool-parma/" "AdsBot-Google (+http://www.google.com/adsbot.html)"
66.249.89.133 - - [03/Jun/2026:20:28:15 +0200] "GET /wp-content/plugins/elementor/assets/lib/font-awesome/js/v4-shims.min.js?ver=4.1.1 HTTP/1.1" 200 4043 "https://parma.elettroservicegroup.it/assistenza-whirlpool-parma/" "AdsBot-Google (+http://www.google.com/adsbot.html)"
66.249.89.133 - - [03/Jun/2026:20:28:16 +0200] "GET /wp-content/plugins/elementor/assets/lib/animations/styles/zoomIn.min.css?ver=4.1.1 HTTP/1.1" 200 87 "https://parma.elettroservicegroup.it/assistenza-whirlpool-parma/" "AdsBot-Google (+http://www.google.com/adsbot.html)"
66.249.89.133 - - [03/Jun/2026:20:28:17 +0200] "GET /wp-content/plugins/elementor/assets/lib/font-awesome/css/fontawesome.min.css?ver=5.15.3 HTTP/1.1" 200 12179 "https://parma.elettroservicegroup.it/assistenza-whirlpool-parma/" "AdsBot-Google (+http://www.google.com/adsbot.html)"
66.249.89.133 - - [03/Jun/2026:20:28:18 +0200] "GET /wp-content/plugins/elementor/assets/css/widget-icon-list.min.css?ver=3.24.3 HTTP/1.1" 200 928 "https://parma.elettroservicegroup.it/assistenza-whirlpool-parma/" "AdsBot-Google (+http://www.google.com/adsbot.html)"
66.249.89.133 - - [03/Jun/2026:20:28:19 +0200] "GET /wp-content/plugins/header-footer-elementor/inc/widgets-css/frontend.css?ver=2.8.8 HTTP/1.1" 200 8711 "https://parma.elettroservicegroup.it/assistenza-whirlpool-parma/" "AdsBot-Google (+http://www.google.com/adsbot.html)"
66.249.89.133 - - [03/Jun/2026:20:28:20 +0200] "GET /wp-content/plugins/all-in-one-seo-pack/dist/Lite/assets/css/table-of-contents/global.e90f6d47.css?ver=4.9.7.2 HTTP/1.1" 200 420 "https://parma.elettroservicegroup.it/assistenza-whirlpool-parma/" "AdsBot-Google (+http://www.google.com/adsbot.html)"
66.249.89.133 - - [03/Jun/2026:20:28:24 +0200] "GET /wp-content/plugins/elementor/assets/js/frontend-modules.min.js?ver=4.1.1 HTTP/1.1" 200 15454 "https://parma.elettroservicegroup.it/assistenza-whirlpool-parma/" "AdsBot-Google (+http://www.google.com/adsbot.html)"
66.249.89.133 - - [03/Jun/2026:20:28:25 +0200] "GET /wp-content/uploads/burst/js/burst.min.js?ver=1780499195 HTTP/1.1" 200 3381 "https://parma.elettroservicegroup.it/assistenza-whirlpool-parma/" "AdsBot-Google (+http://www.google.com/adsbot.html)"
66.249.89.133 - - [03/Jun/2026:20:28:26 +0200] "GET /wp-content/plugins/burst-statistics/assets/js/timeme/timeme.min.js?ver=1780499187 HTTP/1.1" 200 1835 "https://parma.elettroservicegroup.it/assistenza-whirlpool-parma/" "AdsBot-Google (+http://www.google.com/adsbot.html)"
66.249.89.133 - - [03/Jun/2026:20:28:28 +0200] "GET /wp-content/themes/generatepress/assets/js/back-to-top.min.js?ver=3.6.1 HTTP/1.1" 200 336 "https://parma.elettroservicegroup.it/assistenza-whirlpool-parma/" "AdsBot-Google (+http://www.google.com/adsbot.html)"
66.249.89.133 - - [03/Jun/2026:20:28:29 +0200] "GET /wp-content/plugins/elementor/assets/js/frontend.min.js?ver=4.1.1 HTTP/1.1" 200 10140 "https://parma.elettroservicegroup.it/assistenza-whirlpool-parma/" "AdsBot-Google (+http://www.google.com/adsbot.html)"
66.249.89.133 - - [03/Jun/2026:20:28:30 +0200] "GET /wp-content/plugins/complianz-gdpr-premium/cookiebanner/js/complianz.min.js?ver=1780326315 HTTP/1.1" 200 10708 "https://parma.elettroservicegroup.it/assistenza-whirlpool-parma/" "AdsBot-Google (+http://www.google.com/adsbot.html)"
66.249.89.133 - - [03/Jun/2026:20:28:31 +0200] "GET /wp-content/themes/generatepress/assets/js/menu.min.js?ver=3.6.1 HTTP/1.1" 200 1688 "https://parma.elettroservicegroup.it/assistenza-whirlpool-parma/" "AdsBot-Google (+http://www.google.com/adsbot.html)"
66.249.89.133 - - [03/Jun/2026:20:28:32 +0200] "GET /wp-includes/js/jquery/ui/core.min.js?ver=1.13.3 HTTP/1.1" 200 6820 "https://parma.elettroservicegroup.it/assistenza-whirlpool-parma/" "AdsBot-Google (+http://www.google.com/adsbot.html)"
66.249.89.133 - - [03/Jun/2026:20:28:33 +0200] "GET /wp-content/uploads/elementor/google-fonts/fonts/roboto-kfo7cnqeu92fr1me7ksn66agldtyluama3yuba.woff2 HTTP/1.1" 304 - "https://parma.elettroservicegroup.it/wp-content/uploads/elementor/google-fonts/css/roboto.css?ver=1742280360" "AdsBot-Google (+http://www.google.com/adsbot.html)"
66.249.89.133 - - [03/Jun/2026:20:28:34 +0200] "GET /wp-content/plugins/elementor/assets/lib/font-awesome/webfonts/fa-regular-400.woff2 HTTP/1.1" 200 13277 "https://parma.elettroservicegroup.it/wp-content/plugins/elementor/assets/lib/font-awesome/css/regular.min.css?ver=5.15.3" "AdsBot-Google (+http://www.google.com/adsbot.html)"
66.249.89.133 - - [03/Jun/2026:20:28:35 +0200] "GET /wp-content/plugins/elementor/assets/lib/font-awesome/webfonts/fa-solid-900.woff2 HTTP/1.1" 200 78201 "https://parma.elettroservicegroup.it/wp-content/plugins/elementor/assets/lib/font-awesome/css/solid.css?ver=5.15.3" "AdsBot-Google (+http://www.google.com/adsbot.html)"
66.249.89.133 - - [03/Jun/2026:20:28:37 +0200] "GET /wp-json/complianz/v1/banner?lang=it&locale=it_IT&token=lcps HTTP/1.1" 200 84 "https://parma.elettroservicegroup.it/assistenza-whirlpool-parma/" "AdsBot-Google (+http://www.google.com/adsbot.html)"
66.249.89.133 - - [03/Jun/2026:20:28:41 +0200] "GET /wp-content/uploads/complianz/css/banner-1-optin.css?v=46 HTTP/1.1" 200 2617 "https://parma.elettroservicegroup.it/assistenza-whirlpool-parma/" "AdsBot-Google (+http://www.google.com/adsbot.html)"
66.249.89.133 - - [03/Jun/2026:20:28:42 +0200] "GET /wp-json/complianz/v1/cookie_data HTTP/1.1" 200 81 "https://parma.elettroservicegroup.it/assistenza-whirlpool-parma/" "AdsBot-Google (+http://www.google.com/adsbot.html)"
65.108.235.243 - - [03/Jun/2026:20:28:56 +0200] "POST /wp-cron.php?doing_wp_cron=1780511336.6127309799194335937500 HTTP/1.1" 200 1 "-" "WordPress/7.0; https://parma.elettroservicegroup.it"
114.119.154.115 - - [03/Jun/2026:20:28:56 +0200] "GET /assistenza-asciugatrici/ HTTP/1.1" 200 20670 "https://parma.elettroservicegroup.it/" "Mozilla/5.0 (Linux; Android 7.0;) AppleWebKit/537.36 (HTML, like Gecko) Mobile Safari/537.36 (compatible; PetalBot;+https://webmaster.petalsearch.com/site/petalbot)"
65.108.235.243 - - [03/Jun/2026:20:30:52 +0200] "POST /wp-cron.php?doing_wp_cron=1780511452.2825989723205566406250 HTTP/1.1" 200 1 "-" "WordPress/7.0; https://parma.elettroservicegroup.it"
65.108.235.243 - - [03/Jun/2026:20:30:52 +0200] "POST /wp-cron.php?doing_wp_cron=1780511452.2826099395751953125000 HTTP/1.1" 200 1 "-" "WordPress/7.0; https://parma.elettroservicegroup.it"
173.252.70.54 - - [03/Jun/2026:20:30:50 +0200] "GET /robots.txt HTTP/2.0" 200 - "-" "facebookexternalhit/1.1 (+http://www.facebook.com/externalhit_uatext.php)"
173.252.70.31 - - [03/Jun/2026:20:30:51 +0200] "GET /robots.txt HTTP/2.0" 200 189 "-" "facebookexternalhit/1.1 (+http://www.facebook.com/externalhit_uatext.php)"
65.108.235.243 - - [03/Jun/2026:20:33:09 +0200] "POST /wp-cron.php?doing_wp_cron=1780511589.0792150497436523437500 HTTP/1.1" 200 1 "-" "WordPress/7.0; https://parma.elettroservicegroup.it"
114.119.137.153 - - [03/Jun/2026:20:33:07 +0200] "GET /?attachment_id=16356 HTTP/1.1" 200 17771 "https://parma.elettroservicegroup.it/?attachment_id=16356" "Mozilla/5.0 (Linux; Android 7.0;) AppleWebKit/537.36 (HTML, like Gecko) Mobile Safari/537.36 (compatible; PetalBot;+https://webmaster.petalsearch.com/site/petalbot)"
159.146.43.217 - - [03/Jun/2026:20:52:42 +0200] "POST /wp-login.php HTTP/1.1" 200 11745 "https://parma.elettroservicegroup.it/wp-admin/" "Mozilla/5.0 (Windows NT 10.0; Win64; x64) AppleWebKit/537.36"
159.146.43.217 - - [03/Jun/2026:20:52:42 +0200] "GET /wp-admin/ HTTP/1.1" 200 11744 "www.google.com" "Mozilla/5.0 (Windows NT 10.0; Win64; x64) AppleWebKit/537.36"
65.108.235.243 - - [03/Jun/2026:20:56:46 +0200] "POST /wp-cron.php?doing_wp_cron=1780513006.2598199844360351562500 HTTP/1.1" 200 1 "-" "WordPress/7.0; https://parma.elettroservicegroup.it"
114.119.148.161 - - [03/Jun/2026:20:56:44 +0200] "GET /assistenza-lavastoviglie-rex-electrolux-fidenza/ HTTP/1.1" 200 22667 "https://parma.elettroservicegroup.it/assistenza-lavastoviglie-rex-electrolux-fidenza/" "Mozilla/5.0 (Linux; Android 7.0;) AppleWebKit/537.36 (HTML, like Gecko) Mobile Safari/537.36 (compatible; PetalBot;+https://webmaster.petalsearch.com/site/petalbot)"
65.108.235.243 - - [03/Jun/2026:20:56:46 +0200] "POST /wp-admin/admin-ajax.php?action=wordfence_testAjax HTTP/1.1" 200 16 "-" "WordPress/7.0; https://parma.elettroservicegroup.it"
65.108.235.243 - - [03/Jun/2026:20:56:46 +0200] "GET /wp-admin/admin-ajax.php?action=wordfence_doScan&isFork=0&scanMode=quick&cronKey=949e7474b5c159d262aa87a3d609c85f&signature=429a8e9dc8bddda44606987cad3d36be6d59b843b9dc793dbcdeab134cc3f029 HTTP/1.1" 200 1 "-" "WordPress/7.0; https://parma.elettroservicegroup.it"
65.108.235.243 - - [03/Jun/2026:21:05:05 +0200] "POST /wp-cron.php?doing_wp_cron=1780513505.0255160331726074218750 HTTP/1.1" 200 1 "-" "WordPress/7.0; https://parma.elettroservicegroup.it"
40.77.167.158 - - [03/Jun/2026:21:05:03 +0200] "GET /wp-sitemap-taxonomies-category-1.xml HTTP/2.0" 404 16884 "-" "Mozilla/5.0 AppleWebKit/537.36 (KHTML, like Gecko; compatible; bingbot/2.0; +http://www.bing.com/bingbot.htm) Chrome/116.0.1938.76 Safari/537.36"
65.108.235.243 - - [03/Jun/2026:21:13:52 +0200] "POST /wp-cron.php?doing_wp_cron=1780514032.0717370510101318359375 HTTP/1.1" 200 1 "-" "WordPress/7.0; https://parma.elettroservicegroup.it"
40.77.167.77 - - [03/Jun/2026:21:13:50 +0200] "GET /wp-sitemap-posts-post-1.xml HTTP/2.0" 404 16873 "-" "Mozilla/5.0 AppleWebKit/537.36 (KHTML, like Gecko; compatible; bingbot/2.0; +http://www.bing.com/bingbot.htm) Chrome/116.0.1938.76 Safari/537.36"
65.108.235.243 - - [03/Jun/2026:21:38:58 +0200] "POST /wp-cron.php?doing_wp_cron=1780515538.2104849815368652343750 HTTP/1.1" 200 1 "-" "WordPress/7.0; https://parma.elettroservicegroup.it"
45.3.42.191 - - [03/Jun/2026:21:38:56 +0200] "GET /wp-login.php HTTP/1.1" 200 10267 "https://parma.elettroservicegroup.it/wp-login.php" "Mozilla/5.0 (Windows NT 5.1) AppleWebKit/537.36 (KHTML, like Gecko) Chrome/36.0.1985.125 Safari/537.36 OPR/23.0.1522.75"
45.3.42.191 - - [03/Jun/2026:21:39:00 +0200] "POST /wp-login.php HTTP/1.1" 200 10692 "https://parma.elettroservicegroup.it/wp-login.php" "Mozilla/5.0 (Windows NT 5.1) AppleWebKit/537.36 (KHTML, like Gecko) Chrome/36.0.1985.125 Safari/537.36 OPR/23.0.1522.75"
65.108.235.243 - - [03/Jun/2026:21:55:49 +0200] "POST /wp-cron.php?doing_wp_cron=1780516549.0140609741210937500000 HTTP/1.1" 200 1 "-" "WordPress/7.0; https://parma.elettroservicegroup.it"
216.73.217.169 - - [03/Jun/2026:21:55:47 +0200] "GET /robots.txt HTTP/2.0" 200 104 "-" "Mozilla/5.0 AppleWebKit/537.36 (KHTML, like Gecko; compatible; ClaudeBot/1.0; +claudebot@anthropic.com)"
216.73.217.169 - - [03/Jun/2026:21:55:49 +0200] "GET /sitemap.rss HTTP/2.0" 200 1348 "-" "Mozilla/5.0 AppleWebKit/537.36 (KHTML, like Gecko; compatible; ClaudeBot/1.0; +claudebot@anthropic.com)"
65.108.235.243 - - [03/Jun/2026:21:56:03 +0200] "POST /wp-cron.php?doing_wp_cron=1780516563.7735569477081298828125 HTTP/1.1" 200 1 "-" "WordPress/7.0; https://parma.elettroservicegroup.it"
66.249.89.133 - - [03/Jun/2026:21:56:03 +0200] "GET /assistenza-rex-electrolux-fidenza/ HTTP/1.1" 200 22731 "-" "Mozilla/5.0 (Linux; Android 6.0.1; Nexus 5X Build/MMB29P) AppleWebKit/537.36 (KHTML, like Gecko) Chrome/148.0.7778.96 Mobile Safari/537.36 (compatible; AdsBot-Google-Mobile; +http://www.google.com/mobile/adsbot.html)"
66.249.89.133 - - [03/Jun/2026:21:56:05 +0200] "GET /wp-content/uploads/elementor/css/post-14146.css?ver=1780499189 HTTP/1.1" 200 428 "https://parma.elettroservicegroup.it/assistenza-rex-electrolux-fidenza/" "AdsBot-Google (+http://www.google.com/adsbot.html)"
66.249.89.134 - - [03/Jun/2026:21:56:05 +0200] "GET /wp-content/uploads/elementor/css/post-17355.css?ver=1780516563 HTTP/1.1" 200 2163 "https://parma.elettroservicegroup.it/assistenza-rex-electrolux-fidenza/" "AdsBot-Google (+http://www.google.com/adsbot.html)"
66.249.89.134 - - [03/Jun/2026:21:56:05 +0200] "GET /wp-content/uploads/elementor/css/post-14366.css?ver=1780499190 HTTP/1.1" 200 302 "https://parma.elettroservicegroup.it/assistenza-rex-electrolux-fidenza/" "AdsBot-Google (+http://www.google.com/adsbot.html)"
66.249.89.133 - - [03/Jun/2026:21:56:05 +0200] "GET /wp-content/plugins/burst-statistics/assets/js/timeme/timeme.min.js?ver=1780499187 HTTP/1.1" 200 1835 "https://parma.elettroservicegroup.it/assistenza-rex-electrolux-fidenza/" "AdsBot-Google (+http://www.google.com/adsbot.html)"
66.249.89.135 - - [03/Jun/2026:21:56:06 +0200] "GET /wp-content/uploads/burst/js/burst.min.js?ver=1780499195 HTTP/1.1" 200 3381 "https://parma.elettroservicegroup.it/assistenza-rex-electrolux-fidenza/" "AdsBot-Google (+http://www.google.com/adsbot.html)"
66.249.89.133 - - [03/Jun/2026:21:56:07 +0200] "GET /wp-json/complianz/v1/banner?lang=it&locale=it_IT&token=byyqu HTTP/1.1" 200 84 "https://parma.elettroservicegroup.it/assistenza-rex-electrolux-fidenza/" "AdsBot-Google (+http://www.google.com/adsbot.html)"
65.108.235.243 - - [03/Jun/2026:21:57:49 +0200] "POST /wp-cron.php?doing_wp_cron=1780516669.6274220943450927734375 HTTP/1.1" 200 1 "-" "WordPress/7.0; https://parma.elettroservicegroup.it"
216.73.217.169 - - [03/Jun/2026:21:57:48 +0200] "GET /sitemap.xml HTTP/2.0" 200 312 "-" "Mozilla/5.0 AppleWebKit/537.36 (KHTML, like Gecko; compatible; ClaudeBot/1.0; +claudebot@anthropic.com)"
18.208.11.93 - - [03/Jun/2026:22:04:42 +0200] "GET /assistenza-lavatrici-bosch-parma/ HTTP/1.1" 200 11802 "-" "Mozilla/5.0 AppleWebKit/537.36 (KHTML, like Gecko; compatible; Amazonbot/0.1; +https://developer.amazon.com/support/amazonbot) Chrome/119.0.6045.214 Safari/537.36"
65.108.235.243 - - [03/Jun/2026:22:05:12 +0200] "POST /wp-cron.php?doing_wp_cron=1780517112.2856099605560302734375 HTTP/1.1" 200 1 "-" "WordPress/7.0; https://parma.elettroservicegroup.it"
142.250.32.5 - - [03/Jun/2026:22:05:10 +0200] "GET /.well-known/traffic-advice HTTP/1.1" 404 16874 "-" "Chrome Privacy Preserving Prefetch Proxy"
162.120.187.15 - - [03/Jun/2026:22:05:10 +0200] "GET /assistenza-ariston-fidenza/ HTTP/2.0" 200 22645 "https://www.google.com/" "Mozilla/5.0 (Macintosh; Intel Mac OS X 10_15_7) AppleWebKit/537.36 (KHTML, like Gecko) Chrome/148.0.0.0 Safari/537.36"
65.108.235.243 - - [03/Jun/2026:22:16:32 +0200] "POST /wp-cron.php?doing_wp_cron=1780517792.4414350986480712890625 HTTP/1.1" 200 1 "-" "WordPress/7.0; https://parma.elettroservicegroup.it"
114.119.137.98 - - [03/Jun/2026:22:16:30 +0200] "GET /les-methodes-de-paiement-rapides-sur-spinsy-casino-en-detail/ HTTP/1.1" 404 16880 "https://parma.elettroservicegroup.it/" "Mozilla/5.0 (Linux; Android 7.0;) AppleWebKit/537.36 (HTML, like Gecko) Mobile Safari/537.36 (compatible; PetalBot;+https://webmaster.petalsearch.com/site/petalbot)"
65.108.235.243 - - [03/Jun/2026:22:17:56 +0200] "POST /wp-cron.php?doing_wp_cron=1780517876.6693520545959472656250 HTTP/1.1" 200 1 "-" "WordPress/7.0; https://parma.elettroservicegroup.it"
114.119.132.207 - - [03/Jun/2026:22:17:55 +0200] "GET /cookie-policy HTTP/1.1" 301 - "https://parma.elettroservicegroup.it/assistenza-lavastoviglie-ariston-busseto/" "Mozilla/5.0 (Linux; Android 7.0;) AppleWebKit/537.36 (KHTML, like Gecko) Mobile Safari/537.36 (compatible; PetalBot;+https://webmaster.petalsearch.com/site/petalbot)"
114.119.132.207 - - [03/Jun/2026:22:17:57 +0200] "GET /cookie-policy/ HTTP/1.1" 200 92998 "https://parma.elettroservicegroup.it/assistenza-lavastoviglie-ariston-busseto/" "Mozilla/5.0 (Linux; Android 7.0;) AppleWebKit/537.36 (KHTML, like Gecko) Mobile Safari/537.36 (compatible; PetalBot;+https://webmaster.petalsearch.com/site/petalbot)"
65.108.235.243 - - [03/Jun/2026:22:22:06 +0200] "POST /wp-cron.php?doing_wp_cron=1780518126.5695710182189941406250 HTTP/1.1" 200 1 "-" "WordPress/7.0; https://parma.elettroservicegroup.it"
114.119.141.228 - - [03/Jun/2026:22:22:04 +0200] "GET /comment-choisir-ses-jeux-preferes-sur-total-casino-selon-votre-style/ HTTP/1.1" 404 16883 "https://parma.elettroservicegroup.it/" "Mozilla/5.0 (Linux; Android 7.0;) AppleWebKit/537.36 (HTML, like Gecko) Mobile Safari/537.36 (compatible; PetalBot;+https://webmaster.petalsearch.com/site/petalbot)"
65.108.235.243 - - [03/Jun/2026:22:23:28 +0200] "POST /wp-cron.php?doing_wp_cron=1780518208.6034870147705078125000 HTTP/1.1" 200 1 "-" "WordPress/7.0; https://parma.elettroservicegroup.it"
114.119.141.228 - - [03/Jun/2026:22:23:27 +0200] "GET /assistenza-smeg-parma HTTP/1.1" 301 1 "https://parma.elettroservicegroup.it/assistenza-elettrodomestici-parma/lavatrice" "Mozilla/5.0 (Linux; Android 7.0;) AppleWebKit/537.36 (HTML, like Gecko) Mobile Safari/537.36 (compatible; PetalBot;+https://webmaster.petalsearch.com/site/petalbot)"
181.188.225.61 - - [03/Jun/2026:22:23:28 +0200] "POST /wp-json/wp/v2/posts HTTP/1.1" 401 121 "-" "Mozilla/5.0 (Windows NT 10.0; Win64; x64) AppleWebKit/537.36 (KHTML, like Gecko) Chrome/124.0 Safari/537.36"
114.119.141.228 - - [03/Jun/2026:22:23:29 +0200] "GET /assistenza-smeg-parma/ HTTP/1.1" 200 22814 "https://parma.elettroservicegroup.it/assistenza-elettrodomestici-parma/lavatrice" "Mozilla/5.0 (Linux; Android 7.0;) AppleWebKit/537.36 (HTML, like Gecko) Mobile Safari/537.36 (compatible; PetalBot;+https://webmaster.petalsearch.com/site/petalbot)"
181.188.225.61 - - [03/Jun/2026:22:23:30 +0200] "POST /wp-login.php HTTP/1.1" 200 10674 "-" "Mozilla/5.0 (Windows NT 10.0; Win64; x64) AppleWebKit/537.36 (KHTML, like Gecko) Chrome/124.0 Safari/537.36"
65.108.235.243 - - [03/Jun/2026:22:26:15 +0200] "POST /wp-cron.php?doing_wp_cron=1780518375.7618939876556396484375 HTTP/1.1" 200 1 "-" "WordPress/7.0; https://parma.elettroservicegroup.it"
