114.119.137.153 - - [03/Jun/2026:17:37:17 +0200] "GET /assistenza-lavatrici-collecchio/ HTTP/1.1" 200 22647 "https://parma.elettroservicegroup.it/assistenza-lavatrici-collecchio" "Mozilla/5.0 (Linux; Android 7.0;) AppleWebKit/537.36 (HTML, like Gecko) Mobile Safari/537.36 (compatible; PetalBot;+https://webmaster.petalsearch.com/site/petalbot)"
189.229.249.77 - - [03/Jun/2026:17:38:07 +0200] "POST /xmlrpc.php HTTP/1.1" 403 52 "-" "Mozilla/5.0 (Windows NT 10.0; Win64; x64) AppleWebKit/537.36 (KHTML, like Gecko) Chrome/124.0 Safari/537.36"
65.108.235.243 - - [03/Jun/2026:17:38:15 +0200] "POST /wp-cron.php?doing_wp_cron=1780501095.3410429954528808593750 HTTP/1.1" 200 1 "-" "WordPress/7.0; https://parma.elettroservicegroup.it"
186.132.94.44 - - [03/Jun/2026:17:38:09 +0200] "POST /wp-login.php HTTP/1.1" 200 10674 "-" "Mozilla/5.0 (Windows NT 10.0; Win64; x64) AppleWebKit/537.36 (KHTML, like Gecko) Chrome/124.0 Safari/537.36"
114.119.130.67 - - [03/Jun/2026:17:38:39 +0200] "GET /assistenza-lavatrici-ariston-collecchio/ HTTP/1.1" 200 22697 "https://parma.elettroservicegroup.it/assistenza-lavatrici-ariston-collecchio" "Mozilla/5.0 (Linux; Android 7.0;) AppleWebKit/537.36 (HTML, like Gecko) Mobile Safari/537.36 (compatible; PetalBot;+https://webmaster.petalsearch.com/site/petalbot)"
65.108.235.243 - - [03/Jun/2026:17:40:04 +0200] "POST /wp-cron.php?doing_wp_cron=1780501204.5983591079711914062500 HTTP/1.1" 200 1 "-" "WordPress/7.0; https://parma.elettroservicegroup.it"
114.119.141.228 - - [03/Jun/2026:17:40:02 +0200] "GET /assistenza-lavatrici-aeg-parma/ HTTP/1.1" 200 22746 "https://parma.elettroservicegroup.it/assistenza-lavatrici-aeg-parma/" "Mozilla/5.0 (Linux; Android 7.0;) AppleWebKit/537.36 (HTML, like Gecko) Mobile Safari/537.36 (compatible; PetalBot;+https://webmaster.petalsearch.com/site/petalbot)"
65.108.235.243 - - [03/Jun/2026:17:41:28 +0200] "POST /wp-cron.php?doing_wp_cron=1780501288.4173040390014648437500 HTTP/1.1" 200 1 "-" "WordPress/7.0; https://parma.elettroservicegroup.it"
114.119.138.37 - - [03/Jun/2026:17:41:26 +0200] "GET /assistenza-lavastoviglie-whirlpool-collecchio HTTP/1.1" 301 1 "https://parma.elettroservicegroup.it/assistenza-lavastoviglie-whirlpool-collecchio" "Mozilla/5.0 (Linux; Android 7.0;) AppleWebKit/537.36 (HTML, like Gecko) Mobile Safari/537.36 (compatible; PetalBot;+https://webmaster.petalsearch.com/site/petalbot)"
114.119.138.37 - - [03/Jun/2026:17:41:29 +0200] "GET /assistenza-lavastoviglie-whirlpool-collecchio/ HTTP/1.1" 200 22768 "https://parma.elettroservicegroup.it/assistenza-lavastoviglie-whirlpool-collecchio" "Mozilla/5.0 (Linux; Android 7.0;) AppleWebKit/537.36 (HTML, like Gecko) Mobile Safari/537.36 (compatible; PetalBot;+https://webmaster.petalsearch.com/site/petalbot)"
65.108.235.243 - - [03/Jun/2026:17:42:52 +0200] "POST /wp-cron.php?doing_wp_cron=1780501372.4486598968505859375000 HTTP/1.1" 200 1 "-" "WordPress/7.0; https://parma.elettroservicegroup.it"
114.119.132.207 - - [03/Jun/2026:17:42:50 +0200] "GET /assistenza-lavastoviglie-busseto/ HTTP/1.1" 200 22565 "https://parma.elettroservicegroup.it/assistenza-lavastoviglie-busseto/" "Mozilla/5.0 (Linux; Android 7.0;) AppleWebKit/537.36 (HTML, like Gecko) Mobile Safari/537.36 (compatible; PetalBot;+https://webmaster.petalsearch.com/site/petalbot)"
65.108.235.243 - - [03/Jun/2026:17:44:15 +0200] "POST /wp-cron.php?doing_wp_cron=1780501455.1333169937133789062500 HTTP/1.1" 200 1 "-" "WordPress/7.0; https://parma.elettroservicegroup.it"
114.119.137.153 - - [03/Jun/2026:17:44:13 +0200] "GET /assistenza-elettrodomestici-parma/washing-machine-943365_1920/ HTTP/1.1" 200 17704 "https://parma.elettroservicegroup.it/assistenza-elettrodomestici-parma/washing-machine-943365_1920/" "Mozilla/5.0 (Linux; Android 7.0;) AppleWebKit/537.36 (HTML, like Gecko) Mobile Safari/537.36 (compatible; PetalBot;+https://webmaster.petalsearch.com/site/petalbot)"
151.3.52.154 - - [03/Jun/2026:17:45:24 +0200] "GET /assistenza-bosch-parma/ HTTP/2.0" 200 22603 "https://www.google.com/" "Mozilla/5.0 (Windows NT 10.0; Win64; x64) AppleWebKit/537.36 (KHTML, like Gecko) Chrome/148.0.0.0 Safari/537.36"
151.3.52.154 - - [03/Jun/2026:17:45:26 +0200] "GET /wp-content/uploads/2021/10/cropped-cropped-cropped-logo_white_background.png HTTP/2.0" 200 38971 "https://parma.elettroservicegroup.it/assistenza-bosch-parma/" "Mozilla/5.0 (Windows NT 10.0; Win64; x64) AppleWebKit/537.36 (KHTML, like Gecko) Chrome/148.0.0.0 Safari/537.36"
151.3.52.154 - - [03/Jun/2026:17:45:26 +0200] "GET /wp-content/uploads/elementor/css/post-14366.css?ver=1780283142 HTTP/2.0" 200 302 "https://parma.elettroservicegroup.it/assistenza-bosch-parma/" "Mozilla/5.0 (Windows NT 10.0; Win64; x64) AppleWebKit/537.36 (KHTML, like Gecko) Chrome/148.0.0.0 Safari/537.36"
151.3.52.154 - - [03/Jun/2026:17:45:26 +0200] "GET /wp-content/cache/wpfc-minified/9aoba38s/4bjek.css HTTP/2.0" 200 418 "https://parma.elettroservicegroup.it/assistenza-bosch-parma/" "Mozilla/5.0 (Windows NT 10.0; Win64; x64) AppleWebKit/537.36 (KHTML, like Gecko) Chrome/148.0.0.0 Safari/537.36"
151.3.52.154 - - [03/Jun/2026:17:45:26 +0200] "GET /wp-content/uploads/elementor/css/post-14146.css?ver=1780283141 HTTP/2.0" 200 428 "https://parma.elettroservicegroup.it/assistenza-bosch-parma/" "Mozilla/5.0 (Windows NT 10.0; Win64; x64) AppleWebKit/537.36 (KHTML, like Gecko) Chrome/148.0.0.0 Safari/537.36"
151.3.52.154 - - [03/Jun/2026:17:45:26 +0200] "GET /wp-content/cache/wpfc-minified/eqzpooq2/4bjek.css HTTP/2.0" 200 4410 "https://parma.elettroservicegroup.it/assistenza-bosch-parma/" "Mozilla/5.0 (Windows NT 10.0; Win64; x64) AppleWebKit/537.36 (KHTML, like Gecko) Chrome/148.0.0.0 Safari/537.36"
151.3.52.154 - - [03/Jun/2026:17:45:26 +0200] "GET /wp-content/uploads/2021/10/cropped-logo_white_background.png HTTP/2.0" 200 16623 "https://parma.elettroservicegroup.it/assistenza-bosch-parma/" "Mozilla/5.0 (Windows NT 10.0; Win64; x64) AppleWebKit/537.36 (KHTML, like Gecko) Chrome/148.0.0.0 Safari/537.36"
151.3.52.154 - - [03/Jun/2026:17:45:26 +0200] "GET /wp-content/cache/wpfc-minified/f4mpgdct/4bjek.css HTTP/2.0" 200 7521 "https://parma.elettroservicegroup.it/assistenza-bosch-parma/" "Mozilla/5.0 (Windows NT 10.0; Win64; x64) AppleWebKit/537.36 (KHTML, like Gecko) Chrome/148.0.0.0 Safari/537.36"
151.3.52.154 - - [03/Jun/2026:17:45:26 +0200] "GET /wp-content/plugins/gp-premium/menu-plus/functions/js/sticky.min.js?ver=2.5.5 HTTP/2.0" 200 2670 "https://parma.elettroservicegroup.it/assistenza-bosch-parma/" "Mozilla/5.0 (Windows NT 10.0; Win64; x64) AppleWebKit/537.36 (KHTML, like Gecko) Chrome/148.0.0.0 Safari/537.36"
151.3.52.154 - - [03/Jun/2026:17:45:26 +0200] "GET /wp-content/cache/wpfc-minified/7aujoglc/4bx27.css HTTP/2.0" 200 16439 "https://parma.elettroservicegroup.it/assistenza-bosch-parma/" "Mozilla/5.0 (Windows NT 10.0; Win64; x64) AppleWebKit/537.36 (KHTML, like Gecko) Chrome/148.0.0.0 Safari/537.36"
151.3.52.154 - - [03/Jun/2026:17:45:26 +0200] "GET /wp-content/cache/wpfc-minified/mbb024jo/4bjek.css HTTP/2.0" 200 11331 "https://parma.elettroservicegroup.it/assistenza-bosch-parma/" "Mozilla/5.0 (Windows NT 10.0; Win64; x64) AppleWebKit/537.36 (KHTML, like Gecko) Chrome/148.0.0.0 Safari/537.36"
151.3.52.154 - - [03/Jun/2026:17:45:26 +0200] "GET /wp-content/cache/wpfc-minified/bwue548/4bjek.css HTTP/2.0" 200 19030 "https://parma.elettroservicegroup.it/assistenza-bosch-parma/" "Mozilla/5.0 (Windows NT 10.0; Win64; x64) AppleWebKit/537.36 (KHTML, like Gecko) Chrome/148.0.0.0 Safari/537.36"
151.3.52.154 - - [03/Jun/2026:17:45:26 +0200] "GET /wp-content/cache/wpfc-minified/fpvwzn7j/4bjek.css HTTP/2.0" 200 14485 "https://parma.elettroservicegroup.it/assistenza-bosch-parma/" "Mozilla/5.0 (Windows NT 10.0; Win64; x64) AppleWebKit/537.36 (KHTML, like Gecko) Chrome/148.0.0.0 Safari/537.36"
151.3.52.154 - - [03/Jun/2026:17:45:26 +0200] "GET /wp-content/cache/wpfc-minified/shydqzw/4bjek.js HTTP/2.0" 200 42193 "https://parma.elettroservicegroup.it/assistenza-bosch-parma/" "Mozilla/5.0 (Windows NT 10.0; Win64; x64) AppleWebKit/537.36 (KHTML, like Gecko) Chrome/148.0.0.0 Safari/537.36"
151.3.52.154 - - [03/Jun/2026:17:45:26 +0200] "GET /wp-content/plugins/elementor/assets/js/webpack.runtime.min.js?ver=4.1.1 HTTP/2.0" 200 2340 "https://parma.elettroservicegroup.it/assistenza-bosch-parma/" "Mozilla/5.0 (Windows NT 10.0; Win64; x64) AppleWebKit/537.36 (KHTML, like Gecko) Chrome/148.0.0.0 Safari/537.36"
151.3.52.154 - - [03/Jun/2026:17:45:26 +0200] "GET /wp-content/plugins/elementor/assets/js/frontend-modules.min.js?ver=4.1.1 HTTP/2.0" 200 15454 "https://parma.elettroservicegroup.it/assistenza-bosch-parma/" "Mozilla/5.0 (Windows NT 10.0; Win64; x64) AppleWebKit/537.36 (KHTML, like Gecko) Chrome/148.0.0.0 Safari/537.36"
151.3.52.154 - - [03/Jun/2026:17:45:26 +0200] "GET /wp-includes/js/jquery/ui/core.min.js?ver=1.13.3 HTTP/2.0" 200 6820 "https://parma.elettroservicegroup.it/assistenza-bosch-parma/" "Mozilla/5.0 (Windows NT 10.0; Win64; x64) AppleWebKit/537.36 (KHTML, like Gecko) Chrome/148.0.0.0 Safari/537.36"
151.3.52.154 - - [03/Jun/2026:17:45:26 +0200] "GET /wp-content/plugins/elementor/assets/js/frontend.min.js?ver=4.1.1 HTTP/2.0" 200 10140 "https://parma.elettroservicegroup.it/assistenza-bosch-parma/" "Mozilla/5.0 (Windows NT 10.0; Win64; x64) AppleWebKit/537.36 (KHTML, like Gecko) Chrome/148.0.0.0 Safari/537.36"
151.3.52.154 - - [03/Jun/2026:17:45:26 +0200] "GET /wp-content/themes/generatepress/assets/js/menu.min.js?ver=3.6.1 HTTP/2.0" 200 1688 "https://parma.elettroservicegroup.it/assistenza-bosch-parma/" "Mozilla/5.0 (Windows NT 10.0; Win64; x64) AppleWebKit/537.36 (KHTML, like Gecko) Chrome/148.0.0.0 Safari/537.36"
151.3.52.154 - - [03/Jun/2026:17:45:26 +0200] "GET /wp-content/themes/generatepress/assets/js/back-to-top.min.js?ver=3.6.1 HTTP/2.0" 200 336 "https://parma.elettroservicegroup.it/assistenza-bosch-parma/" "Mozilla/5.0 (Windows NT 10.0; Win64; x64) AppleWebKit/537.36 (KHTML, like Gecko) Chrome/148.0.0.0 Safari/537.36"
151.3.52.154 - - [03/Jun/2026:17:45:26 +0200] "GET /wp-content/plugins/complianz-gdpr-premium/cookiebanner/js/complianz.min.js?ver=1775574923 HTTP/2.0" 200 10708 "https://parma.elettroservicegroup.it/assistenza-bosch-parma/" "Mozilla/5.0 (Windows NT 10.0; Win64; x64) AppleWebKit/537.36 (KHTML, like Gecko) Chrome/148.0.0.0 Safari/537.36"
65.108.235.243 - - [03/Jun/2026:17:45:26 +0200] "POST /wp-cron.php?doing_wp_cron=1780501526.9025070667266845703125 HTTP/1.1" 200 1 "-" "WordPress/7.0; https://parma.elettroservicegroup.it"
151.3.52.154 - - [03/Jun/2026:17:45:26 +0200] "GET /wp-content/uploads/elementor/css/post-17274.css?ver=1780283142 HTTP/2.0" 404 18146 "https://parma.elettroservicegroup.it/assistenza-bosch-parma/" "Mozilla/5.0 (Windows NT 10.0; Win64; x64) AppleWebKit/537.36 (KHTML, like Gecko) Chrome/148.0.0.0 Safari/537.36"
151.3.52.154 - - [03/Jun/2026:17:45:27 +0200] "GET /wp-content/uploads/2022/01/elettro3.jpg HTTP/2.0" 200 6766 "https://parma.elettroservicegroup.it/assistenza-bosch-parma/" "Mozilla/5.0 (Windows NT 10.0; Win64; x64) AppleWebKit/537.36 (KHTML, like Gecko) Chrome/148.0.0.0 Safari/537.36"
151.3.52.154 - - [03/Jun/2026:17:45:27 +0200] "GET /wp-content/uploads/2022/10/COPERTINA-9-768x384.png HTTP/2.0" 200 188681 "https://parma.elettroservicegroup.it/assistenza-bosch-parma/" "Mozilla/5.0 (Windows NT 10.0; Win64; x64) AppleWebKit/537.36 (KHTML, like Gecko) Chrome/148.0.0.0 Safari/537.36"
151.3.52.154 - - [03/Jun/2026:17:45:27 +0200] "GET /wp-content/plugins/elementor/assets/lib/font-awesome/webfonts/fa-solid-900.woff2 HTTP/2.0" 200 78201 "https://parma.elettroservicegroup.it/wp-content/cache/wpfc-minified/7aujoglc/4bx27.css" "Mozilla/5.0 (Windows NT 10.0; Win64; x64) AppleWebKit/537.36 (KHTML, like Gecko) Chrome/148.0.0.0 Safari/537.36"
151.3.52.154 - - [03/Jun/2026:17:45:27 +0200] "GET /wp-content/uploads/elementor/google-fonts/fonts/robotoslab-bngmuxzytxpivibgjjsb6ufn5qu.woff2 HTTP/2.0" 200 34328 "https://parma.elettroservicegroup.it/wp-content/cache/wpfc-minified/fpvwzn7j/4bjek.css" "Mozilla/5.0 (Windows NT 10.0; Win64; x64) AppleWebKit/537.36 (KHTML, like Gecko) Chrome/148.0.0.0 Safari/537.36"
151.3.52.154 - - [03/Jun/2026:17:45:27 +0200] "GET /wp-content/uploads/elementor/google-fonts/fonts/roboto-kfo7cnqeu92fr1me7ksn66agldtyluama3yuba.woff2 HTTP/2.0" 200 40132 "https://parma.elettroservicegroup.it/wp-content/cache/wpfc-minified/fpvwzn7j/4bjek.css" "Mozilla/5.0 (Windows NT 10.0; Win64; x64) AppleWebKit/537.36 (KHTML, like Gecko) Chrome/148.0.0.0 Safari/537.36"
151.3.52.154 - - [03/Jun/2026:17:45:27 +0200] "GET /wp-content/plugins/elementor/assets/lib/font-awesome/webfonts/fa-regular-400.woff2 HTTP/2.0" 200 13277 "https://parma.elettroservicegroup.it/wp-content/cache/wpfc-minified/7aujoglc/4bx27.css" "Mozilla/5.0 (Windows NT 10.0; Win64; x64) AppleWebKit/537.36 (KHTML, like Gecko) Chrome/148.0.0.0 Safari/537.36"
151.3.52.154 - - [03/Jun/2026:17:45:27 +0200] "POST /wp-content/plugins/burst-statistics/endpoint.php HTTP/2.0" 200 1 "https://parma.elettroservicegroup.it/assistenza-bosch-parma/" "Mozilla/5.0 (Windows NT 10.0; Win64; x64) AppleWebKit/537.36 (KHTML, like Gecko) Chrome/148.0.0.0 Safari/537.36"
151.3.52.154 - - [03/Jun/2026:17:45:27 +0200] "GET /wp-content/plugins/elementor/assets/js/section-frontend-handlers.d85ab872da118940910d.bundle.min.js HTTP/2.0" 200 230 "https://parma.elettroservicegroup.it/assistenza-bosch-parma/" "Mozilla/5.0 (Windows NT 10.0; Win64; x64) AppleWebKit/537.36 (KHTML, like Gecko) Chrome/148.0.0.0 Safari/537.36"
151.3.52.154 - - [03/Jun/2026:17:45:27 +0200] "GET /wp-content/plugins/elementor/assets/js/text-editor.45609661e409413f1cef.bundle.min.js HTTP/2.0" 200 592 "https://parma.elettroservicegroup.it/assistenza-bosch-parma/" "Mozilla/5.0 (Windows NT 10.0; Win64; x64) AppleWebKit/537.36 (KHTML, like Gecko) Chrome/148.0.0.0 Safari/537.36"
151.3.52.154 - - [03/Jun/2026:17:45:27 +0200] "GET /wp-content/plugins/elementor/assets/js/shared-frontend-handlers.03caa53373b56d3bab67.bundle.min.js HTTP/2.0" 200 2515 "https://parma.elettroservicegroup.it/assistenza-bosch-parma/" "Mozilla/5.0 (Windows NT 10.0; Win64; x64) AppleWebKit/537.36 (KHTML, like Gecko) Chrome/148.0.0.0 Safari/537.36"
151.3.52.154 - - [03/Jun/2026:17:45:27 +0200] "GET /wp-json/complianz/v1/banner?lang=it&locale=it_IT&token=ffyuy HTTP/2.0" 200 84 "https://parma.elettroservicegroup.it/assistenza-bosch-parma/" "Mozilla/5.0 (Windows NT 10.0; Win64; x64) AppleWebKit/537.36 (KHTML, like Gecko) Chrome/148.0.0.0 Safari/537.36"
151.3.52.154 - - [03/Jun/2026:17:45:27 +0200] "GET /wp-content/uploads/complianz/css/banner-1-optin.css?v=46 HTTP/2.0" 200 2617 "https://parma.elettroservicegroup.it/assistenza-bosch-parma/" "Mozilla/5.0 (Windows NT 10.0; Win64; x64) AppleWebKit/537.36 (KHTML, like Gecko) Chrome/148.0.0.0 Safari/537.36"
151.3.52.154 - - [03/Jun/2026:17:45:27 +0200] "GET /wp-json/complianz/v1/cookie_data HTTP/2.0" 200 81 "https://parma.elettroservicegroup.it/assistenza-bosch-parma/" "Mozilla/5.0 (Windows NT 10.0; Win64; x64) AppleWebKit/537.36 (KHTML, like Gecko) Chrome/148.0.0.0 Safari/537.36"
151.3.52.154 - - [03/Jun/2026:17:45:27 +0200] "GET /wp-content/uploads/2021/10/cropped-cropped-cropped-cropped-logo_white_background-32x32.png HTTP/2.0" 200 1525 "https://parma.elettroservicegroup.it/assistenza-bosch-parma/" "Mozilla/5.0 (Windows NT 10.0; Win64; x64) AppleWebKit/537.36 (KHTML, like Gecko) Chrome/148.0.0.0 Safari/537.36"
151.3.52.154 - - [03/Jun/2026:17:45:29 +0200] "POST /wp-content/plugins/burst-statistics/endpoint.php HTTP/2.0" 200 1 "https://parma.elettroservicegroup.it/assistenza-bosch-parma/" "Mozilla/5.0 (Windows NT 10.0; Win64; x64) AppleWebKit/537.36 (KHTML, like Gecko) Chrome/148.0.0.0 Safari/537.36"
151.3.52.154 - - [03/Jun/2026:17:45:29 +0200] "POST /wp-content/plugins/burst-statistics/endpoint.php HTTP/2.0" 200 1 "https://parma.elettroservicegroup.it/assistenza-bosch-parma/" "Mozilla/5.0 (Windows NT 10.0; Win64; x64) AppleWebKit/537.36 (KHTML, like Gecko) Chrome/148.0.0.0 Safari/537.36"
151.3.52.154 - - [03/Jun/2026:17:45:29 +0200] "POST /wp-content/plugins/burst-statistics/endpoint.php HTTP/2.0" 200 1 "https://parma.elettroservicegroup.it/assistenza-bosch-parma/" "Mozilla/5.0 (Windows NT 10.0; Win64; x64) AppleWebKit/537.36 (KHTML, like Gecko) Chrome/148.0.0.0 Safari/537.36"
151.3.52.154 - - [03/Jun/2026:17:45:29 +0200] "POST /wp-json/complianz/v1/track HTTP/2.0" 200 20 "https://parma.elettroservicegroup.it/assistenza-bosch-parma/" "Mozilla/5.0 (Windows NT 10.0; Win64; x64) AppleWebKit/537.36 (KHTML, like Gecko) Chrome/148.0.0.0 Safari/537.36"
151.3.52.154 - - [03/Jun/2026:17:45:34 +0200] "GET /wp-content/uploads/2026/05/logo.png HTTP/2.0" 200 48185 "https://parma.elettroservicegroup.it/assistenza-bosch-parma/" "Mozilla/5.0 (Windows NT 10.0; Win64; x64) AppleWebKit/537.36 (KHTML, like Gecko) Chrome/148.0.0.0 Safari/537.36"
151.3.52.154 - - [03/Jun/2026:17:45:35 +0200] "GET /wp-content/uploads/2022/08/COPERTINA-2-768x384.png HTTP/2.0" 200 165615 "https://parma.elettroservicegroup.it/assistenza-bosch-parma/" "Mozilla/5.0 (Windows NT 10.0; Win64; x64) AppleWebKit/537.36 (KHTML, like Gecko) Chrome/148.0.0.0 Safari/537.36"
114.119.138.37 - - [03/Jun/2026:17:45:36 +0200] "GET /assistenza-elettrodomestici-parma/forno-c/ HTTP/1.1" 200 17714 "https://parma.elettroservicegroup.it/assistenza-elettrodomestici-parma/forno-c/" "Mozilla/5.0 (Linux; Android 7.0;) AppleWebKit/537.36 (HTML, like Gecko) Mobile Safari/537.36 (compatible; PetalBot;+https://webmaster.petalsearch.com/site/petalbot)"
151.3.52.154 - - [03/Jun/2026:17:45:39 +0200] "POST /wp-content/plugins/burst-statistics/endpoint.php HTTP/2.0" 200 1 "https://parma.elettroservicegroup.it/assistenza-bosch-parma/" "Mozilla/5.0 (Windows NT 10.0; Win64; x64) AppleWebKit/537.36 (KHTML, like Gecko) Chrome/148.0.0.0 Safari/537.36"
65.108.235.243 - - [03/Jun/2026:17:47:03 +0200] "POST /wp-cron.php?doing_wp_cron=1780501623.3161749839782714843750 HTTP/1.1" 200 1 "-" "WordPress/7.0; https://parma.elettroservicegroup.it"
114.119.137.98 - - [03/Jun/2026:17:47:01 +0200] "GET /assistenza-ariston-parma/ HTTP/1.1" 200 22807 "https://parma.elettroservicegroup.it/?attachment_id=16224" "Mozilla/5.0 (Linux; Android 7.0;) AppleWebKit/537.36 (HTML, like Gecko) Mobile Safari/537.36 (compatible; PetalBot;+https://webmaster.petalsearch.com/site/petalbot)"
65.108.235.243 - - [03/Jun/2026:17:47:31 +0200] "POST /wp-cron.php?doing_wp_cron=1780501651.9364631175994873046875 HTTP/1.1" 200 1 "-" "WordPress/7.0; https://parma.elettroservicegroup.it"
52.167.144.21 - - [03/Jun/2026:17:47:31 +0200] "GET /wp-sitemap.xml HTTP/2.0" 302 1 "-" "Mozilla/5.0 AppleWebKit/537.36 (KHTML, like Gecko; compatible; bingbot/2.0; +http://www.bing.com/bingbot.htm) Chrome/116.0.1938.76 Safari/537.36"
52.167.144.21 - - [03/Jun/2026:17:47:32 +0200] "GET /sitemap.xml HTTP/2.0" 200 312 "-" "Mozilla/5.0 AppleWebKit/537.36 (KHTML, like Gecko; compatible; bingbot/2.0; +http://www.bing.com/bingbot.htm) Chrome/116.0.1938.76 Safari/537.36"
65.108.235.243 - - [03/Jun/2026:17:48:25 +0200] "POST /wp-cron.php?doing_wp_cron=1780501705.4006929397583007812500 HTTP/1.1" 200 1 "-" "WordPress/7.0; https://parma.elettroservicegroup.it"
114.119.138.37 - - [03/Jun/2026:17:48:23 +0200] "GET /assistenza-ariston-fidenza HTTP/1.1" 301 1 "https://parma.elettroservicegroup.it/assistenza-ariston-fidenza" "Mozilla/5.0 (Linux; Android 7.0;) AppleWebKit/537.36 (HTML, like Gecko) Mobile Safari/537.36 (compatible; PetalBot;+https://webmaster.petalsearch.com/site/petalbot)"
114.119.138.37 - - [03/Jun/2026:17:48:26 +0200] "GET /assistenza-ariston-fidenza/ HTTP/1.1" 200 22764 "https://parma.elettroservicegroup.it/assistenza-ariston-fidenza" "Mozilla/5.0 (Linux; Android 7.0;) AppleWebKit/537.36 (HTML, like Gecko) Mobile Safari/537.36 (compatible; PetalBot;+https://webmaster.petalsearch.com/site/petalbot)"
65.108.235.243 - - [03/Jun/2026:17:49:48 +0200] "POST /wp-cron.php?doing_wp_cron=1780501788.8277859687805175781250 HTTP/1.1" 200 1 "-" "WordPress/7.0; https://parma.elettroservicegroup.it"
114.119.137.153 - - [03/Jun/2026:17:49:46 +0200] "GET /assistenza-ariston-collecchio/ HTTP/1.1" 200 22764 "https://parma.elettroservicegroup.it/assistenza-ariston-collecchio/" "Mozilla/5.0 (Linux; Android 7.0;) AppleWebKit/537.36 (HTML, like Gecko) Mobile Safari/537.36 (compatible; PetalBot;+https://webmaster.petalsearch.com/site/petalbot)"
65.108.235.243 - - [03/Jun/2026:17:51:12 +0200] "POST /wp-cron.php?doing_wp_cron=1780501872.3973190784454345703125 HTTP/1.1" 200 1 "-" "WordPress/7.0; https://parma.elettroservicegroup.it"
114.119.138.37 - - [03/Jun/2026:17:51:10 +0200] "GET /assistenza-aeg-parma/ HTTP/1.1" 200 23011 "https://parma.elettroservicegroup.it/?attachment_id=16224" "Mozilla/5.0 (Linux; Android 7.0;) AppleWebKit/537.36 (HTML, like Gecko) Mobile Safari/537.36 (compatible; PetalBot;+https://webmaster.petalsearch.com/site/petalbot)"
18.204.152.114 - - [03/Jun/2026:17:52:20 +0200] "GET /robots.txt HTTP/1.1" 200 11791 "-" "Mozilla/5.0 AppleWebKit/537.36 (KHTML, like Gecko; compatible; Amazonbot/0.1; +https://developer.amazon.com/support/amazonbot) Chrome/119.0.6045.214 Safari/537.36"
18.207.79.144 - - [03/Jun/2026:17:52:28 +0200] "GET / HTTP/1.1" 200 11805 "-" "Mozilla/5.0 AppleWebKit/537.36 (KHTML, like Gecko; compatible; Amazonbot/0.1; +https://developer.amazon.com/support/amazonbot) Chrome/119.0.6045.214 Safari/537.36"
65.108.235.243 - - [03/Jun/2026:17:52:35 +0200] "POST /wp-cron.php?doing_wp_cron=1780501955.5772030353546142578125 HTTP/1.1" 200 1 "-" "WordPress/7.0; https://parma.elettroservicegroup.it"
114.119.138.37 - - [03/Jun/2026:17:52:34 +0200] "GET /assistenza-aeg-fidenza HTTP/1.1" 301 1 "https://parma.elettroservicegroup.it/assistenza-aeg-fidenza" "Mozilla/5.0 (Linux; Android 7.0;) AppleWebKit/537.36 (HTML, like Gecko) Mobile Safari/537.36 (compatible; PetalBot;+https://webmaster.petalsearch.com/site/petalbot)"
114.119.138.37 - - [03/Jun/2026:17:52:36 +0200] "GET /assistenza-aeg-fidenza/ HTTP/1.1" 200 22768 "https://parma.elettroservicegroup.it/assistenza-aeg-fidenza" "Mozilla/5.0 (Linux; Android 7.0;) AppleWebKit/537.36 (HTML, like Gecko) Mobile Safari/537.36 (compatible; PetalBot;+https://webmaster.petalsearch.com/site/petalbot)"
66.56.86.14 - - [03/Jun/2026:17:53:31 +0200] "POST /xmlrpc.php HTTP/1.1" 403 52 "-" "Mozilla/5.0 (Macintosh; Intel Mac OS X 10_15_7) AppleWebKit/537.36 (KHTML, like Gecko) Chrome/131.0.0.0 Safari/537.36"
66.56.86.14 - - [03/Jun/2026:17:53:31 +0200] "POST /xmlrpc.php HTTP/1.1" 403 52 "-" "Mozilla/5.0 (Macintosh; Intel Mac OS X 10_15_7) AppleWebKit/537.36 (KHTML, like Gecko) Chrome/131.0.0.0 Safari/537.36"
66.56.86.14 - - [03/Jun/2026:17:53:31 +0200] "POST /xmlrpc.php HTTP/1.1" 403 52 "-" "Mozilla/5.0 (Macintosh; Intel Mac OS X 10_15_7) AppleWebKit/537.36 (KHTML, like Gecko) Chrome/131.0.0.0 Safari/537.36"
66.56.86.14 - - [03/Jun/2026:17:53:31 +0200] "POST /xmlrpc.php HTTP/1.1" 403 52 "-" "Mozilla/5.0 (Macintosh; Intel Mac OS X 10_15_7) AppleWebKit/537.36 (KHTML, like Gecko) Chrome/131.0.0.0 Safari/537.36"
65.108.235.243 - - [03/Jun/2026:17:54:03 +0200] "POST /wp-cron.php?doing_wp_cron=1780502043.4747459888458251953125 HTTP/1.1" 200 1 "-" "WordPress/7.0; https://parma.elettroservicegroup.it"
52.167.144.204 - - [03/Jun/2026:17:54:01 +0200] "GET /wp-sitemap-posts-page-1.xml HTTP/2.0" 404 16879 "-" "Mozilla/5.0 AppleWebKit/537.36 (KHTML, like Gecko; compatible; bingbot/2.0; +http://www.bing.com/bingbot.htm) Chrome/116.0.1938.76 Safari/537.36"
65.108.235.243 - - [03/Jun/2026:17:55:22 +0200] "POST /wp-cron.php?doing_wp_cron=1780502122.7561290264129638671875 HTTP/1.1" 200 1 "-" "WordPress/7.0; https://parma.elettroservicegroup.it"
114.119.132.207 - - [03/Jun/2026:17:55:21 +0200] "GET /?attachment_id=15952 HTTP/1.1" 200 17714 "https://parma.elettroservicegroup.it/?attachment_id=15952" "Mozilla/5.0 (Linux; Android 7.0;) AppleWebKit/537.36 (HTML, like Gecko) Mobile Safari/537.36 (compatible; PetalBot;+https://webmaster.petalsearch.com/site/petalbot)"
65.108.235.243 - - [03/Jun/2026:17:56:46 +0200] "POST /wp-cron.php?doing_wp_cron=1780502206.6938729286193847656250 HTTP/1.1" 200 1 "-" "WordPress/7.0; https://parma.elettroservicegroup.it"
114.119.137.153 - - [03/Jun/2026:17:56:44 +0200] "GET /3pagamperhome-jpg/ HTTP/1.1" 200 17707 "https://parma.elettroservicegroup.it/3pagamperhome-jpg" "Mozilla/5.0 (Linux; Android 7.0;) AppleWebKit/537.36 (HTML, like Gecko) Mobile Safari/537.36 (compatible; PetalBot;+https://webmaster.petalsearch.com/site/petalbot)"
65.108.235.243 - - [03/Jun/2026:17:56:56 +0200] "POST /wp-cron.php?doing_wp_cron=1780502216.0462899208068847656250 HTTP/1.1" 200 1 "-" "WordPress/7.0; https://parma.elettroservicegroup.it"
52.167.144.222 - - [03/Jun/2026:17:56:55 +0200] "GET /wp-sitemap-users-1.xml HTTP/2.0" 404 16873 "-" "Mozilla/5.0 AppleWebKit/537.36 (KHTML, like Gecko; compatible; bingbot/2.0; +http://www.bing.com/bingbot.htm) Chrome/116.0.1938.76 Safari/537.36"
65.108.235.243 - - [03/Jun/2026:18:00:34 +0200] "POST /wp-cron.php?doing_wp_cron=1780502434.4397180080413818359375 HTTP/1.1" 200 1 "-" "WordPress/7.0; https://parma.elettroservicegroup.it"
52.167.144.204 - - [03/Jun/2026:18:00:32 +0200] "GET /wp-sitemap-posts-post-1.xml HTTP/2.0" 404 16873 "-" "Mozilla/5.0 AppleWebKit/537.36 (KHTML, like Gecko; compatible; bingbot/2.0; +http://www.bing.com/bingbot.htm) Chrome/116.0.1938.76 Safari/537.36"
143.208.43.187 - - [03/Jun/2026:18:01:32 +0200] "POST /xmlrpc.php HTTP/1.1" 403 52 "-" "Mozilla/5.0 (Windows NT 10.0; Win64; x64) AppleWebKit/537.36 (KHTML, like Gecko) Chrome/124.0 Safari/537.36"
65.108.235.243 - - [03/Jun/2026:18:01:38 +0200] "POST /wp-cron.php?doing_wp_cron=1780502498.8617320060729980468750 HTTP/1.1" 200 1 "-" "WordPress/7.0; https://parma.elettroservicegroup.it"
116.14.2.30 - - [03/Jun/2026:18:01:34 +0200] "POST /wp-login.php HTTP/1.1" 200 10674 "-" "Mozilla/5.0 (Windows NT 10.0; Win64; x64) AppleWebKit/537.36 (KHTML, like Gecko) Chrome/124.0 Safari/537.36"
65.108.235.243 - - [03/Jun/2026:18:06:58 +0200] "POST /wp-cron.php?doing_wp_cron=1780502818.7156469821929931640625 HTTP/1.1" 200 1 "-" "WordPress/7.0; https://parma.elettroservicegroup.it"
52.167.144.137 - - [03/Jun/2026:18:06:56 +0200] "GET /wp-sitemap-taxonomies-category-1.xml HTTP/2.0" 404 16884 "-" "Mozilla/5.0 AppleWebKit/537.36 (KHTML, like Gecko; compatible; bingbot/2.0; +http://www.bing.com/bingbot.htm) Chrome/116.0.1938.76 Safari/537.36"
65.108.235.243 - - [03/Jun/2026:18:13:38 +0200] "POST /wp-cron.php?doing_wp_cron=1780503218.5320138931274414062500 HTTP/1.1" 200 1 "-" "WordPress/7.0; https://parma.elettroservicegroup.it"
65.108.235.243 - - [03/Jun/2026:18:13:38 +0200] "POST /wp-cron.php?doing_wp_cron=1780503218.5319919586181640625000 HTTP/1.1" 200 1 "-" "WordPress/7.0; https://parma.elettroservicegroup.it"
74.7.244.57 - - [03/Jun/2026:18:13:37 +0200] "GET /robots.txt HTTP/2.0" 301 1 "-" "Mozilla/5.0 (Macintosh; Intel Mac OS X 10_15_7) AppleWebKit/537.36 (KHTML, like Gecko) Chrome/131.0.0.0 Safari/537.36; compatible; OAI-SearchBot/1.4; robots.txt; +https://openai.com/searchbot"
74.7.241.43 - - [03/Jun/2026:18:13:37 +0200] "GET / HTTP/2.0" 301 1 "-" "Mozilla/5.0 AppleWebKit/537.36 (KHTML, like Gecko; compatible; GPTBot/1.4; +https://openai.com/gptbot)"
74.7.243.225 - - [03/Jun/2026:18:13:39 +0200] "GET / HTTP/2.0" 415 22278 "https://www.parma.elettroservicegroup.it" "Mozilla/5.0 AppleWebKit/537.36 (KHTML, like Gecko; compatible; GPTBot/1.4; +https://openai.com/gptbot)"
74.7.230.33 - - [03/Jun/2026:18:13:39 +0200] "GET /robots.txt HTTP/2.0" 200 104 "-" "Mozilla/5.0 (Macintosh; Intel Mac OS X 10_15_7) AppleWebKit/537.36 (KHTML, like Gecko) Chrome/131.0.0.0 Safari/537.36; compatible; OAI-SearchBot/1.4; robots.txt; +https://openai.com/searchbot"
74.7.244.57 - - [03/Jun/2026:18:13:39 +0200] "GET /robots.txt HTTP/2.0" 200 104 "https://www.parma.elettroservicegroup.it/robots.txt" "Mozilla/5.0 (Macintosh; Intel Mac OS X 10_15_7) AppleWebKit/537.36 (KHTML, like Gecko) Chrome/131.0.0.0 Safari/537.36; compatible; OAI-SearchBot/1.4; robots.txt; +https://openai.com/searchbot"
65.108.235.243 - - [03/Jun/2026:18:16:31 +0200] "POST /wp-cron.php?doing_wp_cron=1780503391.1635620594024658203125 HTTP/1.1" 200 1 "-" "WordPress/7.0; https://parma.elettroservicegroup.it"
142.250.32.7 - - [03/Jun/2026:18:16:29 +0200] "GET /.well-known/traffic-advice HTTP/1.1" 404 16874 "-" "Chrome Privacy Preserving Prefetch Proxy"
162.120.188.117 - - [03/Jun/2026:18:16:29 +0200] "GET /assistenza-bosch-parma/ HTTP/2.0" 200 22742 "https://www.google.com/" "Mozilla/5.0 (Linux; Android 10; K) AppleWebKit/537.36 (KHTML, like Gecko) Chrome/148.0.0.0 Mobile Safari/537.36"
65.108.235.243 - - [03/Jun/2026:18:17:18 +0200] "POST /wp-cron.php?doing_wp_cron=1780503438.8201539516448974609375 HTTP/1.1" 200 1 "-" "WordPress/7.0; https://parma.elettroservicegroup.it"
162.120.187.9 - - [03/Jun/2026:18:17:17 +0200] "GET /assistenza-bosch-parma/ HTTP/2.0" 200 22742 "https://www.google.com/" "Mozilla/5.0 (Linux; Android 10; K) AppleWebKit/537.36 (KHTML, like Gecko) Chrome/148.0.0.0 Mobile Safari/537.36"
65.108.235.243 - - [03/Jun/2026:18:27:26 +0200] "POST /wp-cron.php?doing_wp_cron=1780504046.0327711105346679687500 HTTP/1.1" 200 1 "-" "WordPress/7.0; https://parma.elettroservicegroup.it"
172.203.190.138 - - [03/Jun/2026:18:27:24 +0200] "GET /robots.txt HTTP/2.0" 200 104 "-" "Mozilla/5.0 (Macintosh; Intel Mac OS X 10_15_7) AppleWebKit/537.36 (KHTML, like Gecko) Chrome/131.0.0.0 Safari/537.36; compatible; OAI-SearchBot/1.0; +https://openai.com/searchbot"
172.71.151.111 - - [03/Jun/2026:18:40:18 +0200] "GET / HTTP/2.0" 200 22278 "-" "Mozilla/5.0 (compatible; Googlebot/2.1; +http://www.google.com/bot.html)"
65.108.235.243 - - [03/Jun/2026:18:40:21 +0200] "POST /wp-cron.php?doing_wp_cron=1780504821.7913630008697509765625 HTTP/1.1" 200 1 "-" "WordPress/7.0; https://parma.elettroservicegroup.it"
172.71.150.14 - - [03/Jun/2026:18:40:20 +0200] "GET /robots.txt HTTP/2.0" 200 104 "-" "Mozilla/5.0 (compatible; Googlebot/2.1; +http://www.google.com/bot.html)"
155.212.109.239 - - [03/Jun/2026:18:50:50 +0200] "GET / HTTP/1.1" 200 11875 "-" "Mozilla/4.0 (compatible; MSIE 6.0; Windows NT 5.1; SV1)"
162.120.188.9 - - [03/Jun/2026:18:52:05 +0200] "GET /assistenza-miele-parma/ HTTP/2.0" 200 22512 "https://www.google.com/" "Mozilla/5.0 (Windows NT 10.0; Win64; x64) AppleWebKit/537.36 (KHTML, like Gecko) Chrome/148.0.0.0 Safari/537.36"
113.31.186.195 - - [03/Jun/2026:18:56:17 +0200] "GET / HTTP/1.1" 200 11789 "-" "Mozilla/5.0 (Linux; U; Android 6.0.1; zh-CN; MI NOTE LTE Build/MMB29M) AppleWebKit/537.36 (KHTML, like Gecko) Version/4.0 Chrome/57.0.2987.108 UCBrowser/12.0.3.983 Mobile Safari/537.36"
113.31.186.195 - - [03/Jun/2026:18:56:45 +0200] "GET / HTTP/1.1" 200 11676 "-" "Mozilla/5.0 (Macintosh; Intel Mac OS X 10_11) AppleWebKit/601.1.27 (KHTML, like Gecko) Chrome/47.0.2526.106 Safari/601.1.27"
65.108.235.243 - - [03/Jun/2026:18:59:20 +0200] "POST /wp-cron.php?doing_wp_cron=1780505960.3238980770111083984375 HTTP/1.1" 200 1 "-" "WordPress/7.0; https://parma.elettroservicegroup.it"
66.249.64.70 - - [03/Jun/2026:18:59:18 +0200] "GET /robots.txt HTTP/1.1" 200 104 "-" "Mozilla/5.0 (compatible; Googlebot/2.1; +http://www.google.com/bot.html)"
66.249.89.134 - - [03/Jun/2026:18:59:22 +0200] "GET /assistenza-ariston-parma/ HTTP/1.1" 200 22807 "-" "Mozilla/5.0 (Linux; Android 6.0.1; Nexus 5X Build/MMB29P) AppleWebKit/537.36 (KHTML, like Gecko) Chrome/148.0.7778.96 Mobile Safari/537.36 (compatible; AdsBot-Google-Mobile; +http://www.google.com/mobile/adsbot.html)"
66.249.89.133 - - [03/Jun/2026:18:59:24 +0200] "GET /wp-content/uploads/elementor/css/post-14366.css?ver=1780499190 HTTP/1.1" 200 302 "https://parma.elettroservicegroup.it/assistenza-ariston-parma/" "AdsBot-Google (+http://www.google.com/adsbot.html)"
66.249.89.134 - - [03/Jun/2026:18:59:24 +0200] "GET /wp-content/uploads/elementor/css/post-14146.css?ver=1780499189 HTTP/1.1" 200 428 "https://parma.elettroservicegroup.it/assistenza-ariston-parma/" "AdsBot-Google (+http://www.google.com/adsbot.html)"
66.249.89.134 - - [03/Jun/2026:18:59:24 +0200] "GET /wp-content/uploads/elementor/css/post-17270.css?ver=1780501623 HTTP/1.1" 200 2155 "https://parma.elettroservicegroup.it/assistenza-ariston-parma/" "AdsBot-Google (+http://www.google.com/adsbot.html)"
66.249.89.133 - - [03/Jun/2026:18:59:25 +0200] "GET /wp-content/plugins/elementor/assets/lib/font-awesome/css/fontawesome.min.css?ver=5.15.3 HTTP/1.1" 200 12179 "https://parma.elettroservicegroup.it/assistenza-ariston-parma/" "AdsBot-Google (+http://www.google.com/adsbot.html)"
66.249.89.133 - - [03/Jun/2026:18:59:26 +0200] "GET /wp-content/plugins/elementor/assets/lib/font-awesome/css/fontawesome.css?ver=5.15.3 HTTP/1.1" 200 12535 "https://parma.elettroservicegroup.it/assistenza-ariston-parma/" "AdsBot-Google (+http://www.google.com/adsbot.html)"
66.249.89.134 - - [03/Jun/2026:18:59:27 +0200] "GET /wp-includes/js/jquery/jquery-migrate.min.js?ver=3.4.1 HTTP/1.1" 200 4685 "https://parma.elettroservicegroup.it/assistenza-ariston-parma/" "AdsBot-Google (+http://www.google.com/adsbot.html)"
66.249.89.133 - - [03/Jun/2026:18:59:28 +0200] "GET /wp-content/plugins/gp-premium/menu-plus/functions/js/sticky.min.js?ver=2.5.5 HTTP/1.1" 200 2670 "https://parma.elettroservicegroup.it/assistenza-ariston-parma/" "AdsBot-Google (+http://www.google.com/adsbot.html)"
66.249.89.133 - - [03/Jun/2026:18:59:29 +0200] "GET /wp-includes/js/jquery/jquery.min.js?ver=3.7.1 HTTP/1.1" 200 29769 "https://parma.elettroservicegroup.it/assistenza-ariston-parma/" "AdsBot-Google (+http://www.google.com/adsbot.html)"
66.249.89.133 - - [03/Jun/2026:18:59:30 +0200] "GET /wp-content/plugins/elementor/assets/lib/font-awesome/css/all.min.css?ver=4.1.1 HTTP/1.1" 200 12402 "https://parma.elettroservicegroup.it/assistenza-ariston-parma/" "AdsBot-Google (+http://www.google.com/adsbot.html)"
66.249.89.133 - - [03/Jun/2026:18:59:31 +0200] "GET /wp-content/uploads/elementor/google-fonts/css/robotoslab.css?ver=1742280362 HTTP/1.1" 200 715 "https://parma.elettroservicegroup.it/assistenza-ariston-parma/" "AdsBot-Google (+http://www.google.com/adsbot.html)"
66.249.89.133 - - [03/Jun/2026:18:59:32 +0200] "GET /wp-content/plugins/elementor/assets/lib/eicons/css/elementor-icons.min.css?ver=5.34.0 HTTP/1.1" 200 4115 "https://parma.elettroservicegroup.it/assistenza-ariston-parma/" "AdsBot-Google (+http://www.google.com/adsbot.html)"
66.249.89.133 - - [03/Jun/2026:18:59:33 +0200] "GET /wp-content/plugins/complianz-gdpr-premium/assets/css/cookieblocker.min.css?ver=1780326315 HTTP/1.1" 200 615 "https://parma.elettroservicegroup.it/assistenza-ariston-parma/" "AdsBot-Google (+http://www.google.com/adsbot.html)"
66.249.89.133 - - [03/Jun/2026:18:59:34 +0200] "GET /wp-content/plugins/elementor/assets/css/widget-spacer.min.css?ver=4.1.1 HTTP/1.1" 200 287 "https://parma.elettroservicegroup.it/assistenza-ariston-parma/" "AdsBot-Google (+http://www.google.com/adsbot.html)"
66.249.89.133 - - [03/Jun/2026:18:59:34 +0200] "GET /wp-content/plugins/elementor/assets/css/widget-icon-list.min.css?ver=3.24.3 HTTP/1.1" 200 928 "https://parma.elettroservicegroup.it/assistenza-ariston-parma/" "AdsBot-Google (+http://www.google.com/adsbot.html)"
66.249.89.133 - - [03/Jun/2026:18:59:35 +0200] "GET /wp-content/plugins/all-in-one-seo-pack/dist/Lite/assets/css/table-of-contents/global.e90f6d47.css?ver=4.9.7.2 HTTP/1.1" 200 420 "https://parma.elettroservicegroup.it/assistenza-ariston-parma/" "AdsBot-Google (+http://www.google.com/adsbot.html)"
66.249.89.133 - - [03/Jun/2026:18:59:36 +0200] "GET /wp-content/plugins/elementor/assets/lib/font-awesome/js/v4-shims.min.js?ver=4.1.1 HTTP/1.1" 200 4043 "https://parma.elettroservicegroup.it/assistenza-ariston-parma/" "AdsBot-Google (+http://www.google.com/adsbot.html)"
66.249.89.133 - - [03/Jun/2026:18:59:37 +0200] "GET /wp-content/plugins/elementor/assets/css/widget-social-icons.min.css?ver=3.24.0 HTTP/1.1" 200 1039 "https://parma.elettroservicegroup.it/assistenza-ariston-parma/" "AdsBot-Google (+http://www.google.com/adsbot.html)"
66.249.89.133 - - [03/Jun/2026:18:59:38 +0200] "GET /wp-content/plugins/elementor/assets/lib/font-awesome/css/regular.min.css?ver=5.15.3 HTTP/1.1" 200 282 "https://parma.elettroservicegroup.it/assistenza-ariston-parma/" "AdsBot-Google (+http://www.google.com/adsbot.html)"
113.31.186.195 - - [03/Jun/2026:18:59:39 +0200] "GET / HTTP/1.1" 200 11743 "-" "Dalvik/2.1.0 (Linux; U; Android 9.0; ZTE BA520 Build/MRA58K)"
66.249.89.133 - - [03/Jun/2026:18:59:39 +0200] "GET /wp-content/plugins/elementor/assets/css/widget-image.min.css?ver=4.1.1 HTTP/1.1" 200 96 "https://parma.elettroservicegroup.it/assistenza-ariston-parma/" "AdsBot-Google (+http://www.google.com/adsbot.html)"
66.249.89.133 - - [03/Jun/2026:18:59:40 +0200] "GET /wp-content/plugins/elementor/assets/lib/font-awesome/css/brands.css?ver=5.15.3 HTTP/1.1" 200 298 "https://parma.elettroservicegroup.it/assistenza-ariston-parma/" "AdsBot-Google (+http://www.google.com/adsbot.html)"
66.249.89.133 - - [03/Jun/2026:18:59:41 +0200] "GET /wp-content/plugins/elementor/assets/lib/font-awesome/css/v4-shims.min.css?ver=4.1.1 HTTP/1.1" 200 3986 "https://parma.elettroservicegroup.it/assistenza-ariston-parma/" "AdsBot-Google (+http://www.google.com/adsbot.html)"
66.249.89.133 - - [03/Jun/2026:18:59:41 +0200] "GET /wp-content/plugins/elementor/assets/css/widget-heading.min.css?ver=4.1.1 HTTP/1.1" 200 127 "https://parma.elettroservicegroup.it/assistenza-ariston-parma/" "AdsBot-Google (+http://www.google.com/adsbot.html)"
66.249.89.133 - - [03/Jun/2026:18:59:42 +0200] "GET /wp-content/plugins/header-footer-elementor/assets/css/header-footer-elementor.css?ver=2.8.8 HTTP/1.1" 200 260 "https://parma.elettroservicegroup.it/assistenza-ariston-parma/" "AdsBot-Google (+http://www.google.com/adsbot.html)"
66.249.89.133 - - [03/Jun/2026:18:59:43 +0200] "GET /wp-content/uploads/elementor/google-fonts/css/roboto.css?ver=1742280360 HTTP/1.1" 200 1880 "https://parma.elettroservicegroup.it/assistenza-ariston-parma/" "AdsBot-Google (+http://www.google.com/adsbot.html)"
66.249.89.133 - - [03/Jun/2026:18:59:44 +0200] "GET /wp-content/plugins/header-footer-elementor/inc/widgets-css/frontend.css?ver=2.8.8 HTTP/1.1" 200 8711 "https://parma.elettroservicegroup.it/assistenza-ariston-parma/" "AdsBot-Google (+http://www.google.com/adsbot.html)"
66.249.89.133 - - [03/Jun/2026:18:59:45 +0200] "GET /wp-content/plugins/elementor/assets/lib/font-awesome/css/solid.css?ver=5.15.3 HTTP/1.1" 200 299 "https://parma.elettroservicegroup.it/assistenza-ariston-parma/" "AdsBot-Google (+http://www.google.com/adsbot.html)"
66.249.89.133 - - [03/Jun/2026:18:59:46 +0200] "GET /wp-content/plugins/elementor/assets/lib/eicons/css/elementor-icons.min.css?ver=5.49.0 HTTP/1.1" 200 4115 "https://parma.elettroservicegroup.it/assistenza-ariston-parma/" "AdsBot-Google (+http://www.google.com/adsbot.html)"
66.249.89.133 - - [03/Jun/2026:18:59:46 +0200] "GET /wp-content/plugins/gp-premium/menu-plus/functions/css/navigation-branding-flex.min.css?ver=2.5.5 HTTP/1.1" 200 542 "https://parma.elettroservicegroup.it/assistenza-ariston-parma/" "AdsBot-Google (+http://www.google.com/adsbot.html)"
66.249.89.133 - - [03/Jun/2026:18:59:48 +0200] "GET /wp-content/plugins/elementor/assets/lib/font-awesome/css/solid.min.css?ver=5.15.3 HTTP/1.1" 200 286 "https://parma.elettroservicegroup.it/assistenza-ariston-parma/" "AdsBot-Google (+http://www.google.com/adsbot.html)"
66.249.89.133 - - [03/Jun/2026:18:59:49 +0200] "GET /wp-content/plugins/elementor/assets/js/webpack.runtime.min.js?ver=4.1.1 HTTP/1.1" 200 2340 "https://parma.elettroservicegroup.it/assistenza-ariston-parma/" "AdsBot-Google (+http://www.google.com/adsbot.html)"
66.249.89.133 - - [03/Jun/2026:18:59:50 +0200] "GET /wp-content/themes/generatepress/assets/css/main.min.css?ver=3.6.1 HTTP/1.1" 200 4410 "https://parma.elettroservicegroup.it/assistenza-ariston-parma/" "AdsBot-Google (+http://www.google.com/adsbot.html)"
66.249.89.133 - - [03/Jun/2026:18:59:56 +0200] "GET /wp-content/plugins/elementor/assets/js/frontend-modules.min.js?ver=4.1.1 HTTP/1.1" 200 15454 "https://parma.elettroservicegroup.it/assistenza-ariston-parma/" "AdsBot-Google (+http://www.google.com/adsbot.html)"
66.249.89.133 - - [03/Jun/2026:18:59:58 +0200] "GET /wp-includes/js/jquery/ui/core.min.js?ver=1.13.3 HTTP/1.1" 200 6820 "https://parma.elettroservicegroup.it/assistenza-ariston-parma/" "AdsBot-Google (+http://www.google.com/adsbot.html)"
66.249.89.133 - - [03/Jun/2026:18:59:59 +0200] "GET /wp-content/uploads/burst/js/burst.min.js?ver=1780499195 HTTP/1.1" 200 3381 "https://parma.elettroservicegroup.it/assistenza-ariston-parma/" "AdsBot-Google (+http://www.google.com/adsbot.html)"
66.249.89.133 - - [03/Jun/2026:19:00:00 +0200] "GET /wp-content/plugins/burst-statistics/assets/js/timeme/timeme.min.js?ver=1780499187 HTTP/1.1" 200 1835 "https://parma.elettroservicegroup.it/assistenza-ariston-parma/" "AdsBot-Google (+http://www.google.com/adsbot.html)"
66.249.89.133 - - [03/Jun/2026:19:00:00 +0200] "GET /wp-content/themes/generatepress/assets/js/menu.min.js?ver=3.6.1 HTTP/1.1" 200 1688 "https://parma.elettroservicegroup.it/assistenza-ariston-parma/" "AdsBot-Google (+http://www.google.com/adsbot.html)"
66.249.89.133 - - [03/Jun/2026:19:00:02 +0200] "GET /wp-content/plugins/elementor/assets/js/frontend.min.js?ver=4.1.1 HTTP/1.1" 200 10140 "https://parma.elettroservicegroup.it/assistenza-ariston-parma/" "AdsBot-Google (+http://www.google.com/adsbot.html)"
66.249.89.133 - - [03/Jun/2026:19:00:03 +0200] "GET /wp-content/plugins/complianz-gdpr-premium/cookiebanner/js/complianz.min.js?ver=1780326315 HTTP/1.1" 200 10708 "https://parma.elettroservicegroup.it/assistenza-ariston-parma/" "AdsBot-Google (+http://www.google.com/adsbot.html)"
66.249.89.133 - - [03/Jun/2026:19:00:04 +0200] "GET /wp-content/themes/generatepress/assets/js/back-to-top.min.js?ver=3.6.1 HTTP/1.1" 200 336 "https://parma.elettroservicegroup.it/assistenza-ariston-parma/" "AdsBot-Google (+http://www.google.com/adsbot.html)"
66.249.89.133 - - [03/Jun/2026:19:00:04 +0200] "GET /wp-content/plugins/elementor/assets/lib/font-awesome/webfonts/fa-solid-900.woff2 HTTP/1.1" 304 - "https://parma.elettroservicegroup.it/wp-content/plugins/elementor/assets/lib/font-awesome/css/all.min.css?ver=4.1.1" "AdsBot-Google (+http://www.google.com/adsbot.html)"
66.249.89.133 - - [03/Jun/2026:19:00:05 +0200] "GET /wp-content/uploads/elementor/google-fonts/fonts/roboto-kfo7cnqeu92fr1me7ksn66agldtyluama3yuba.woff2 HTTP/1.1" 304 - "https://parma.elettroservicegroup.it/wp-content/uploads/elementor/google-fonts/css/roboto.css?ver=1742280360" "AdsBot-Google (+http://www.google.com/adsbot.html)"
66.249.89.133 - - [03/Jun/2026:19:00:06 +0200] "GET /wp-content/plugins/elementor/assets/lib/font-awesome/webfonts/fa-regular-400.woff2 HTTP/1.1" 304 - "https://parma.elettroservicegroup.it/wp-content/plugins/elementor/assets/lib/font-awesome/css/all.min.css?ver=4.1.1" "AdsBot-Google (+http://www.google.com/adsbot.html)"
65.108.235.243 - - [03/Jun/2026:19:00:10 +0200] "POST /wp-cron.php?doing_wp_cron=1780506010.7400000095367431640625 HTTP/1.1" 200 1 "-" "WordPress/7.0; https://parma.elettroservicegroup.it"
66.249.89.133 - - [03/Jun/2026:19:00:09 +0200] "GET /wp-json/complianz/v1/banner?lang=it&locale=it_IT&token=khkqo HTTP/1.1" 200 84 "https://parma.elettroservicegroup.it/assistenza-ariston-parma/" "AdsBot-Google (+http://www.google.com/adsbot.html)"
66.249.89.133 - - [03/Jun/2026:19:00:11 +0200] "GET /wp-content/uploads/complianz/css/banner-1-optin.css?v=46 HTTP/1.1" 200 2617 "https://parma.elettroservicegroup.it/assistenza-ariston-parma/" "AdsBot-Google (+http://www.google.com/adsbot.html)"
66.249.89.133 - - [03/Jun/2026:19:00:12 +0200] "GET /wp-json/complianz/v1/cookie_data HTTP/1.1" 200 81 "https://parma.elettroservicegroup.it/assistenza-ariston-parma/" "AdsBot-Google (+http://www.google.com/adsbot.html)"
66.249.89.133 - - [03/Jun/2026:19:00:12 +0200] "GET /wp-content/plugins/elementor/assets/js/text-editor.45609661e409413f1cef.bundle.min.js HTTP/1.1" 200 592 "https://parma.elettroservicegroup.it/assistenza-ariston-parma/" "AdsBot-Google (+http://www.google.com/adsbot.html)"
66.249.89.133 - - [03/Jun/2026:19:00:13 +0200] "GET /wp-content/plugins/elementor/assets/js/shared-frontend-handlers.03caa53373b56d3bab67.bundle.min.js HTTP/1.1" 200 2515 "https://parma.elettroservicegroup.it/assistenza-ariston-parma/" "AdsBot-Google (+http://www.google.com/adsbot.html)"
66.249.89.133 - - [03/Jun/2026:19:00:16 +0200] "GET /wp-content/plugins/elementor/assets/js/section-frontend-handlers.d85ab872da118940910d.bundle.min.js HTTP/1.1" 200 230 "https://parma.elettroservicegroup.it/assistenza-ariston-parma/" "AdsBot-Google (+http://www.google.com/adsbot.html)"
113.31.186.195 - - [03/Jun/2026:19:01:55 +0200] "GET / HTTP/1.1" 200 11738 "-" "Mozilla/5.0 (Macintosh; Intel Mac OS X 10_11) AppleWebKit/601.1.27 (KHTML, like Gecko) Chrome/47.0.2526.106 Safari/601.1.27"
113.31.186.195 - - [03/Jun/2026:19:02:14 +0200] "GET /favicon.ico HTTP/1.1" 200 11802 "-" "Dalvik/2.1.0 (Linux; U; Android 9.0; ZTE BA520 Build/MRA58K)"
113.31.186.195 - - [03/Jun/2026:19:02:34 +0200] "GET / HTTP/1.1" 200 11819 "-" "Mozilla/5.0 (iPhone; CPU iPhone OS 10_3_1 like Mac OS X) AppleWebKit/603.1.30 (KHTML, like Gecko) Mobile/14E304 MicroMessenger/6.7.2 NetType/WIFI Language/zh_CN"
3.18.186.238 - - [03/Jun/2026:19:03:05 +0200] "GET / HTTP/1.1" 415 161083 "-" "visionheight.com/scan Mozilla/5.0 (Macintosh; Intel Mac OS X 10_15_7) Chrome/126.0.0.0 Safari/537.36"
113.31.186.195 - - [03/Jun/2026:19:05:35 +0200] "GET / HTTP/1.1" 200 11754 "-" "Mozilla/5.0 (Macintosh; Intel Mac OS X 10_11) AppleWebKit/601.1.27 (KHTML, like Gecko) Chrome/47.0.2526.106 Safari/601.1.27"
65.108.235.243 - - [03/Jun/2026:19:05:50 +0200] "POST /wp-cron.php?doing_wp_cron=1780506350.1605679988861083984375 HTTP/1.1" 200 1 "-" "WordPress/7.0; https://parma.elettroservicegroup.it"
216.73.217.122 - - [03/Jun/2026:19:05:48 +0200] "GET /robots.txt HTTP/2.0" 200 104 "-" "Mozilla/5.0 AppleWebKit/537.36 (KHTML, like Gecko; compatible; ClaudeBot/1.0; +claudebot@anthropic.com)"
216.73.217.122 - - [03/Jun/2026:19:05:50 +0200] "GET / HTTP/2.0" 200 22278 "-" "Mozilla/5.0 AppleWebKit/537.36 (KHTML, like Gecko; compatible; ClaudeBot/1.0; +claudebot@anthropic.com)"
216.73.217.122 - - [03/Jun/2026:19:05:50 +0200] "GET /assistenza-lavastoviglie-smeg-parma/ HTTP/2.0" 200 22599 "-" "Mozilla/5.0 AppleWebKit/537.36 (KHTML, like Gecko; compatible; ClaudeBot/1.0; +claudebot@anthropic.com)"
65.108.235.243 - - [03/Jun/2026:19:09:49 +0200] "POST /wp-cron.php?doing_wp_cron=1780506589.6966040134429931640625 HTTP/1.1" 200 1 "-" "WordPress/7.0; https://parma.elettroservicegroup.it"
52.167.144.138 - - [03/Jun/2026:19:09:48 +0200] "GET /sitemap.xml HTTP/2.0" 200 313 "-" "Mozilla/5.0 AppleWebKit/537.36 (KHTML, like Gecko; compatible; bingbot/2.0; +http://www.bing.com/bingbot.htm) Chrome/116.0.1938.76 Safari/537.36"
65.108.235.243 - - [03/Jun/2026:19:13:02 +0200] "POST /wp-cron.php?doing_wp_cron=1780506782.2956221103668212890625 HTTP/1.1" 200 1 "-" "WordPress/7.0; https://parma.elettroservicegroup.it"
216.73.217.169 - - [03/Jun/2026:19:13:00 +0200] "GET /?sa=X&ved=2ahUKEwiOr9-aquaUAxVykmoFHfDPOisQwgUoA3oECBAQEg HTTP/2.0" 200 22406 "-" "Mozilla/5.0 AppleWebKit/537.36 (KHTML, like Gecko; compatible; ClaudeBot/1.0; +claudebot@anthropic.com)"
216.73.217.169 - - [03/Jun/2026:19:13:01 +0200] "GET /assistenza-forni-elettrici-/?sa=X&ved=2ahUKEwiOr9-aquaUAxVykmoFHfDPOisQwgUoAXoECBAQEA HTTP/2.0" 200 20716 "-" "Mozilla/5.0 AppleWebKit/537.36 (KHTML, like Gecko; compatible; ClaudeBot/1.0; +claudebot@anthropic.com)"
65.108.235.243 - - [03/Jun/2026:19:24:11 +0200] "POST /wp-cron.php?doing_wp_cron=1780507451.0720169544219970703125 HTTP/1.1" 200 1 "-" "WordPress/7.0; https://parma.elettroservicegroup.it"
40.77.167.24 - - [03/Jun/2026:19:24:09 +0200] "GET /sitemap.xml.gz HTTP/2.0" 200 312 "-" "Mozilla/5.0 AppleWebKit/537.36 (KHTML, like Gecko; compatible; bingbot/2.0; +http://www.bing.com/bingbot.htm) Chrome/116.0.1938.76 Safari/537.36"
65.108.235.243 - - [03/Jun/2026:19:31:21 +0200] "POST /wp-cron.php?doing_wp_cron=1780507881.7521250247955322265625 HTTP/1.1" 200 1 "-" "WordPress/7.0; https://parma.elettroservicegroup.it"
52.167.144.193 - - [03/Jun/2026:19:31:20 +0200] "GET /sitemap.txt HTTP/2.0" 302 1 "-" "Mozilla/5.0 AppleWebKit/537.36 (KHTML, like Gecko; compatible; bingbot/2.0; +http://www.bing.com/bingbot.htm) Chrome/116.0.1938.76 Safari/537.36"
52.167.144.193 - - [03/Jun/2026:19:31:22 +0200] "GET /sitemap.xml HTTP/2.0" 200 312 "-" "Mozilla/5.0 AppleWebKit/537.36 (KHTML, like Gecko; compatible; bingbot/2.0; +http://www.bing.com/bingbot.htm) Chrome/116.0.1938.76 Safari/537.36"
65.108.235.243 - - [03/Jun/2026:19:37:53 +0200] "POST /wp-cron.php?doing_wp_cron=1780508273.5505681037902832031250 HTTP/1.1" 200 1 "-" "WordPress/7.0; https://parma.elettroservicegroup.it"
114.119.130.67 - - [03/Jun/2026:19:37:52 +0200] "GET /assistenza-lavastoviglie-bosch-collecchio HTTP/1.1" 301 1 "https://parma.elettroservicegroup.it/assistenza-lavastoviglie-bosch-collecchio" "Mozilla/5.0 (Linux; Android 7.0;) AppleWebKit/537.36 (HTML, like Gecko) Mobile Safari/537.36 (compatible; PetalBot;+https://webmaster.petalsearch.com/site/petalbot)"
114.119.130.67 - - [03/Jun/2026:19:37:54 +0200] "GET /assistenza-lavastoviglie-bosch-collecchio/ HTTP/1.1" 200 22674 "https://parma.elettroservicegroup.it/assistenza-lavastoviglie-bosch-collecchio" "Mozilla/5.0 (Linux; Android 7.0;) AppleWebKit/537.36 (HTML, like Gecko) Mobile Safari/537.36 (compatible; PetalBot;+https://webmaster.petalsearch.com/site/petalbot)"
159.146.43.217 - - [03/Jun/2026:19:43:25 +0200] "POST /wp-login.php HTTP/1.1" 200 11765 "https://parma.elettroservicegroup.it/wp-admin/" "Mozilla/5.0 (Windows NT 10.0; Win64; x64) AppleWebKit/537.36"
