82.60.193.47 - - [03/Jun/2026:16:54:29 +0200] "GET /wp-content/uploads/burst/js/burst.min.js?ver=1780480337 HTTP/2.0" 200 3166 "https://parma.elettroservicegroup.it/assistenza-forni-elettrici-/?gad_source=1&gad_campaignid=23795906066&gbraid=0AAAABDgs-LR-WsNii7xG4Ddj--tRj55V0&gclid=Cj0KCQjwof_QBhCgARIsADaMzOdP3Pbi5D1gs2Tc9WA_E4D06_x5DlCBCF3UBRdV82NNru_cMifXZ9EaAiiGEALw_wcB" "Mozilla/5.0 (Windows NT 10.0; Win64; x64) AppleWebKit/537.36 (KHTML, like Gecko) Chrome/147.0.0.0 Safari/537.36"
82.60.193.47 - - [03/Jun/2026:16:54:29 +0200] "GET /wp-includes/js/jquery/ui/core.min.js?ver=1.13.3 HTTP/2.0" 200 6820 "https://parma.elettroservicegroup.it/assistenza-forni-elettrici-/?gad_source=1&gad_campaignid=23795906066&gbraid=0AAAABDgs-LR-WsNii7xG4Ddj--tRj55V0&gclid=Cj0KCQjwof_QBhCgARIsADaMzOdP3Pbi5D1gs2Tc9WA_E4D06_x5DlCBCF3UBRdV82NNru_cMifXZ9EaAiiGEALw_wcB" "Mozilla/5.0 (Windows NT 10.0; Win64; x64) AppleWebKit/537.36 (KHTML, like Gecko) Chrome/147.0.0.0 Safari/537.36"
82.60.193.47 - - [03/Jun/2026:16:54:29 +0200] "GET /wp-content/plugins/elementor/assets/js/frontend.min.js?ver=4.1.1 HTTP/2.0" 200 10140 "https://parma.elettroservicegroup.it/assistenza-forni-elettrici-/?gad_source=1&gad_campaignid=23795906066&gbraid=0AAAABDgs-LR-WsNii7xG4Ddj--tRj55V0&gclid=Cj0KCQjwof_QBhCgARIsADaMzOdP3Pbi5D1gs2Tc9WA_E4D06_x5DlCBCF3UBRdV82NNru_cMifXZ9EaAiiGEALw_wcB" "Mozilla/5.0 (Windows NT 10.0; Win64; x64) AppleWebKit/537.36 (KHTML, like Gecko) Chrome/147.0.0.0 Safari/537.36"
82.60.193.47 - - [03/Jun/2026:16:54:29 +0200] "GET /wp-content/plugins/complianz-gdpr-premium/cookiebanner/js/complianz.min.js?ver=1780326315 HTTP/2.0" 200 10708 "https://parma.elettroservicegroup.it/assistenza-forni-elettrici-/?gad_source=1&gad_campaignid=23795906066&gbraid=0AAAABDgs-LR-WsNii7xG4Ddj--tRj55V0&gclid=Cj0KCQjwof_QBhCgARIsADaMzOdP3Pbi5D1gs2Tc9WA_E4D06_x5DlCBCF3UBRdV82NNru_cMifXZ9EaAiiGEALw_wcB" "Mozilla/5.0 (Windows NT 10.0; Win64; x64) AppleWebKit/537.36 (KHTML, like Gecko) Chrome/147.0.0.0 Safari/537.36"
82.60.193.47 - - [03/Jun/2026:16:54:29 +0200] "GET /wp-content/uploads/2021/11/forno-c.jpg HTTP/2.0" 200 109229 "https://parma.elettroservicegroup.it/wp-content/uploads/elementor/css/post-15288.css?ver=1780386933" "Mozilla/5.0 (Windows NT 10.0; Win64; x64) AppleWebKit/537.36 (KHTML, like Gecko) Chrome/147.0.0.0 Safari/537.36"
82.60.193.47 - - [03/Jun/2026:16:54:30 +0200] "GET /wp-content/uploads/2021/10/TECNICO-ELETTRODOMESTICI-9.jpg HTTP/2.0" 200 24210 "https://parma.elettroservicegroup.it/assistenza-forni-elettrici-/?gad_source=1&gad_campaignid=23795906066&gbraid=0AAAABDgs-LR-WsNii7xG4Ddj--tRj55V0&gclid=Cj0KCQjwof_QBhCgARIsADaMzOdP3Pbi5D1gs2Tc9WA_E4D06_x5DlCBCF3UBRdV82NNru_cMifXZ9EaAiiGEALw_wcB" "Mozilla/5.0 (Windows NT 10.0; Win64; x64) AppleWebKit/537.36 (KHTML, like Gecko) Chrome/147.0.0.0 Safari/537.36"
82.60.193.47 - - [03/Jun/2026:16:54:30 +0200] "GET /wp-content/uploads/2021/11/FORNO.jpg HTTP/2.0" 200 37948 "https://parma.elettroservicegroup.it/assistenza-forni-elettrici-/?gad_source=1&gad_campaignid=23795906066&gbraid=0AAAABDgs-LR-WsNii7xG4Ddj--tRj55V0&gclid=Cj0KCQjwof_QBhCgARIsADaMzOdP3Pbi5D1gs2Tc9WA_E4D06_x5DlCBCF3UBRdV82NNru_cMifXZ9EaAiiGEALw_wcB" "Mozilla/5.0 (Windows NT 10.0; Win64; x64) AppleWebKit/537.36 (KHTML, like Gecko) Chrome/147.0.0.0 Safari/537.36"
82.60.193.47 - - [03/Jun/2026:16:54:30 +0200] "GET /wp-content/uploads/elementor/google-fonts/fonts/roboto-kfo7cnqeu92fr1me7ksn66agldtyluama3yuba.woff2 HTTP/2.0" 200 40132 "https://parma.elettroservicegroup.it/wp-content/uploads/elementor/google-fonts/css/roboto.css?ver=1742280360" "Mozilla/5.0 (Windows NT 10.0; Win64; x64) AppleWebKit/537.36 (KHTML, like Gecko) Chrome/147.0.0.0 Safari/537.36"
82.60.193.47 - - [03/Jun/2026:16:54:30 +0200] "GET /wp-content/plugins/elementor/assets/lib/font-awesome/webfonts/fa-solid-900.woff2 HTTP/2.0" 200 78201 "https://parma.elettroservicegroup.it/wp-content/plugins/elementor/assets/lib/font-awesome/css/all.min.css?ver=4.1.1" "Mozilla/5.0 (Windows NT 10.0; Win64; x64) AppleWebKit/537.36 (KHTML, like Gecko) Chrome/147.0.0.0 Safari/537.36"
82.60.193.47 - - [03/Jun/2026:16:54:30 +0200] "GET /wp-content/plugins/elementor/assets/lib/font-awesome/webfonts/fa-regular-400.woff2 HTTP/2.0" 200 13277 "https://parma.elettroservicegroup.it/wp-content/plugins/elementor/assets/lib/font-awesome/css/all.min.css?ver=4.1.1" "Mozilla/5.0 (Windows NT 10.0; Win64; x64) AppleWebKit/537.36 (KHTML, like Gecko) Chrome/147.0.0.0 Safari/537.36"
82.60.193.47 - - [03/Jun/2026:16:54:30 +0200] "POST /wp-content/plugins/burst-statistics/endpoint.php HTTP/2.0" 200 1 "https://parma.elettroservicegroup.it/assistenza-forni-elettrici-/?gad_source=1&gad_campaignid=23795906066&gbraid=0AAAABDgs-LR-WsNii7xG4Ddj--tRj55V0&gclid=Cj0KCQjwof_QBhCgARIsADaMzOdP3Pbi5D1gs2Tc9WA_E4D06_x5DlCBCF3UBRdV82NNru_cMifXZ9EaAiiGEALw_wcB" "Mozilla/5.0 (Windows NT 10.0; Win64; x64) AppleWebKit/537.36 (KHTML, like Gecko) Chrome/147.0.0.0 Safari/537.36"
82.60.193.47 - - [03/Jun/2026:16:54:30 +0200] "GET /wp-content/plugins/elementor/assets/js/section-frontend-handlers.d85ab872da118940910d.bundle.min.js HTTP/2.0" 200 230 "https://parma.elettroservicegroup.it/assistenza-forni-elettrici-/?gad_source=1&gad_campaignid=23795906066&gbraid=0AAAABDgs-LR-WsNii7xG4Ddj--tRj55V0&gclid=Cj0KCQjwof_QBhCgARIsADaMzOdP3Pbi5D1gs2Tc9WA_E4D06_x5DlCBCF3UBRdV82NNru_cMifXZ9EaAiiGEALw_wcB" "Mozilla/5.0 (Windows NT 10.0; Win64; x64) AppleWebKit/537.36 (KHTML, like Gecko) Chrome/147.0.0.0 Safari/537.36"
82.60.193.47 - - [03/Jun/2026:16:54:30 +0200] "GET /wp-content/plugins/elementor/assets/js/text-editor.45609661e409413f1cef.bundle.min.js HTTP/2.0" 200 592 "https://parma.elettroservicegroup.it/assistenza-forni-elettrici-/?gad_source=1&gad_campaignid=23795906066&gbraid=0AAAABDgs-LR-WsNii7xG4Ddj--tRj55V0&gclid=Cj0KCQjwof_QBhCgARIsADaMzOdP3Pbi5D1gs2Tc9WA_E4D06_x5DlCBCF3UBRdV82NNru_cMifXZ9EaAiiGEALw_wcB" "Mozilla/5.0 (Windows NT 10.0; Win64; x64) AppleWebKit/537.36 (KHTML, like Gecko) Chrome/147.0.0.0 Safari/537.36"
82.60.193.47 - - [03/Jun/2026:16:54:30 +0200] "GET /wp-content/plugins/elementor/assets/js/shared-frontend-handlers.03caa53373b56d3bab67.bundle.min.js HTTP/2.0" 200 2515 "https://parma.elettroservicegroup.it/assistenza-forni-elettrici-/?gad_source=1&gad_campaignid=23795906066&gbraid=0AAAABDgs-LR-WsNii7xG4Ddj--tRj55V0&gclid=Cj0KCQjwof_QBhCgARIsADaMzOdP3Pbi5D1gs2Tc9WA_E4D06_x5DlCBCF3UBRdV82NNru_cMifXZ9EaAiiGEALw_wcB" "Mozilla/5.0 (Windows NT 10.0; Win64; x64) AppleWebKit/537.36 (KHTML, like Gecko) Chrome/147.0.0.0 Safari/537.36"
82.60.193.47 - - [03/Jun/2026:16:54:30 +0200] "GET /wp-json/complianz/v1/banner?lang=it&locale=it_IT&token=eqxia HTTP/2.0" 200 84 "https://parma.elettroservicegroup.it/assistenza-forni-elettrici-/?gad_source=1&gad_campaignid=23795906066&gbraid=0AAAABDgs-LR-WsNii7xG4Ddj--tRj55V0&gclid=Cj0KCQjwof_QBhCgARIsADaMzOdP3Pbi5D1gs2Tc9WA_E4D06_x5DlCBCF3UBRdV82NNru_cMifXZ9EaAiiGEALw_wcB" "Mozilla/5.0 (Windows NT 10.0; Win64; x64) AppleWebKit/537.36 (KHTML, like Gecko) Chrome/147.0.0.0 Safari/537.36"
82.60.193.47 - - [03/Jun/2026:16:54:30 +0200] "GET /wp-content/uploads/complianz/css/banner-1-optin.css?v=46 HTTP/2.0" 200 2617 "https://parma.elettroservicegroup.it/assistenza-forni-elettrici-/?gad_source=1&gad_campaignid=23795906066&gbraid=0AAAABDgs-LR-WsNii7xG4Ddj--tRj55V0&gclid=Cj0KCQjwof_QBhCgARIsADaMzOdP3Pbi5D1gs2Tc9WA_E4D06_x5DlCBCF3UBRdV82NNru_cMifXZ9EaAiiGEALw_wcB" "Mozilla/5.0 (Windows NT 10.0; Win64; x64) AppleWebKit/537.36 (KHTML, like Gecko) Chrome/147.0.0.0 Safari/537.36"
82.60.193.47 - - [03/Jun/2026:16:54:30 +0200] "GET /wp-content/uploads/2021/10/cropped-cropped-cropped-cropped-logo_white_background-32x32.png HTTP/2.0" 200 1525 "https://parma.elettroservicegroup.it/assistenza-forni-elettrici-/?gad_source=1&gad_campaignid=23795906066&gbraid=0AAAABDgs-LR-WsNii7xG4Ddj--tRj55V0&gclid=Cj0KCQjwof_QBhCgARIsADaMzOdP3Pbi5D1gs2Tc9WA_E4D06_x5DlCBCF3UBRdV82NNru_cMifXZ9EaAiiGEALw_wcB" "Mozilla/5.0 (Windows NT 10.0; Win64; x64) AppleWebKit/537.36 (KHTML, like Gecko) Chrome/147.0.0.0 Safari/537.36"
82.60.193.47 - - [03/Jun/2026:16:54:30 +0200] "GET /wp-json/complianz/v1/cookie_data HTTP/2.0" 200 81 "https://parma.elettroservicegroup.it/assistenza-forni-elettrici-/?gad_source=1&gad_campaignid=23795906066&gbraid=0AAAABDgs-LR-WsNii7xG4Ddj--tRj55V0&gclid=Cj0KCQjwof_QBhCgARIsADaMzOdP3Pbi5D1gs2Tc9WA_E4D06_x5DlCBCF3UBRdV82NNru_cMifXZ9EaAiiGEALw_wcB" "Mozilla/5.0 (Windows NT 10.0; Win64; x64) AppleWebKit/537.36 (KHTML, like Gecko) Chrome/147.0.0.0 Safari/537.36"
65.108.235.243 - - [03/Jun/2026:16:55:10 +0200] "POST /wp-cron.php?doing_wp_cron=1780498510.3190159797668457031250 HTTP/1.1" 200 1 "-" "WordPress/7.0; https://parma.elettroservicegroup.it"
82.60.193.47 - - [03/Jun/2026:16:55:08 +0200] "POST /wp-json/complianz/v1/track HTTP/2.0" 200 20 "https://parma.elettroservicegroup.it/assistenza-forni-elettrici-/?gad_source=1&gad_campaignid=23795906066&gbraid=0AAAABDgs-LR-WsNii7xG4Ddj--tRj55V0&gclid=Cj0KCQjwof_QBhCgARIsADaMzOdP3Pbi5D1gs2Tc9WA_E4D06_x5DlCBCF3UBRdV82NNru_cMifXZ9EaAiiGEALw_wcB" "Mozilla/5.0 (Windows NT 10.0; Win64; x64) AppleWebKit/537.36 (KHTML, like Gecko) Chrome/147.0.0.0 Safari/537.36"
82.60.193.47 - - [03/Jun/2026:16:55:39 +0200] "POST /wp-content/plugins/burst-statistics/endpoint.php HTTP/2.0" 200 - "https://parma.elettroservicegroup.it/assistenza-forni-elettrici-/?gad_source=1&gad_campaignid=23795906066&gbraid=0AAAABDgs-LR-WsNii7xG4Ddj--tRj55V0&gclid=Cj0KCQjwof_QBhCgARIsADaMzOdP3Pbi5D1gs2Tc9WA_E4D06_x5DlCBCF3UBRdV82NNru_cMifXZ9EaAiiGEALw_wcB" "Mozilla/5.0 (Windows NT 10.0; Win64; x64) AppleWebKit/537.36 (KHTML, like Gecko) Chrome/147.0.0.0 Safari/537.36"
162.120.187.20 - - [03/Jun/2026:16:56:36 +0200] "GET /assistenza-miele-parma/ HTTP/2.0" 200 22512 "https://www.google.com/" "Mozilla/5.0 (Windows NT 10.0; Win64; x64) AppleWebKit/537.36 (KHTML, like Gecko) Chrome/147.0.0.0 Safari/537.36"
65.108.235.243 - - [03/Jun/2026:16:56:37 +0200] "POST /wp-cron.php?doing_wp_cron=1780498597.7771139144897460937500 HTTP/1.1" 200 1 "-" "WordPress/7.0; https://parma.elettroservicegroup.it"
72.14.201.21 - - [03/Jun/2026:16:56:36 +0200] "GET /assistenza-miele-parma/?gad_source=1&gad_campaignid=23795906066&gbraid=0AAAABDgs-LR-WsNii7xG4Ddj--tRj55V0&gclid=Cj0KCQjwof_QBhCgARIsADaMzOc674WuMFXvTD04EcWlahQVKcXUENOz5DD76n2E2Z1vU9a5tV-tRHYaAka0EALw_wcB HTTP/2.0" 200 22647 "https://www.google.com/" "Mozilla/5.0 (Windows NT 10.0; Win64; x64) AppleWebKit/537.36 (KHTML, like Gecko) Chrome/147.0.0.0 Safari/537.36"
65.108.235.243 - - [03/Jun/2026:17:06:23 +0200] "POST /wp-cron.php?doing_wp_cron=1780499183.0033400058746337890625 HTTP/1.1" 200 1 "-" "WordPress/7.0; https://parma.elettroservicegroup.it"
193.186.4.20 - - [03/Jun/2026:17:06:21 +0200] "GET /?gad_source=1&gad_campaignid=23795906066&gbraid=0AAAABDgs-LQViS66HuXDc1x6v_AX4wbmd&gclid=Cj0KCQjwof_QBhCgARIsADaMzOd5IXYLb95i12yc0g6YRHTz3UeOg6IIQMABbPMknVEyawLGG9ipFhgaAhrBEALw_wcB HTTP/2.0" 200 22409 "https://www.google.com/" "Mozilla/5.0 (Linux; Android 10; K) AppleWebKit/537.36 (KHTML, like Gecko) Chrome/148.0.0.0 Mobile Safari/537.36"
95.239.52.81 - - [03/Jun/2026:17:06:26 +0200] "GET /wp-content/plugins/header-footer-elementor/assets/css/header-footer-elementor.css?ver=2.8.8 HTTP/2.0" 200 260 "https://parma.elettroservicegroup.it/?gad_source=1&gad_campaignid=23795906066&gbraid=0AAAABDgs-LQViS66HuXDc1x6v_AX4wbmd&gclid=Cj0KCQjwof_QBhCgARIsADaMzOd5IXYLb95i12yc0g6YRHTz3UeOg6IIQMABbPMknVEyawLGG9ipFhgaAhrBEALw_wcB" "Mozilla/5.0 (Linux; Android 10; K) AppleWebKit/537.36 (KHTML, like Gecko) Chrome/148.0.0.0 Mobile Safari/537.36"
95.239.52.81 - - [03/Jun/2026:17:06:26 +0200] "GET /wp-content/plugins/all-in-one-seo-pack/dist/Lite/assets/css/table-of-contents/global.e90f6d47.css?ver=4.9.7.2 HTTP/2.0" 200 420 "https://parma.elettroservicegroup.it/?gad_source=1&gad_campaignid=23795906066&gbraid=0AAAABDgs-LQViS66HuXDc1x6v_AX4wbmd&gclid=Cj0KCQjwof_QBhCgARIsADaMzOd5IXYLb95i12yc0g6YRHTz3UeOg6IIQMABbPMknVEyawLGG9ipFhgaAhrBEALw_wcB" "Mozilla/5.0 (Linux; Android 10; K) AppleWebKit/537.36 (KHTML, like Gecko) Chrome/148.0.0.0 Mobile Safari/537.36"
95.239.52.81 - - [03/Jun/2026:17:06:26 +0200] "GET /wp-content/plugins/complianz-gdpr-premium/assets/css/cookieblocker.min.css?ver=1780326315 HTTP/2.0" 200 615 "https://parma.elettroservicegroup.it/?gad_source=1&gad_campaignid=23795906066&gbraid=0AAAABDgs-LQViS66HuXDc1x6v_AX4wbmd&gclid=Cj0KCQjwof_QBhCgARIsADaMzOd5IXYLb95i12yc0g6YRHTz3UeOg6IIQMABbPMknVEyawLGG9ipFhgaAhrBEALw_wcB" "Mozilla/5.0 (Linux; Android 10; K) AppleWebKit/537.36 (KHTML, like Gecko) Chrome/148.0.0.0 Mobile Safari/537.36"
95.239.52.81 - - [03/Jun/2026:17:06:26 +0200] "GET /wp-content/plugins/elementor/assets/lib/eicons/css/elementor-icons.min.css?ver=5.49.0 HTTP/2.0" 200 4115 "https://parma.elettroservicegroup.it/?gad_source=1&gad_campaignid=23795906066&gbraid=0AAAABDgs-LQViS66HuXDc1x6v_AX4wbmd&gclid=Cj0KCQjwof_QBhCgARIsADaMzOd5IXYLb95i12yc0g6YRHTz3UeOg6IIQMABbPMknVEyawLGG9ipFhgaAhrBEALw_wcB" "Mozilla/5.0 (Linux; Android 10; K) AppleWebKit/537.36 (KHTML, like Gecko) Chrome/148.0.0.0 Mobile Safari/537.36"
95.239.52.81 - - [03/Jun/2026:17:06:26 +0200] "GET /wp-content/plugins/elementor/assets/css/frontend.min.css?ver=4.1.1 HTTP/2.0" 200 6618 "https://parma.elettroservicegroup.it/?gad_source=1&gad_campaignid=23795906066&gbraid=0AAAABDgs-LQViS66HuXDc1x6v_AX4wbmd&gclid=Cj0KCQjwof_QBhCgARIsADaMzOd5IXYLb95i12yc0g6YRHTz3UeOg6IIQMABbPMknVEyawLGG9ipFhgaAhrBEALw_wcB" "Mozilla/5.0 (Linux; Android 10; K) AppleWebKit/537.36 (KHTML, like Gecko) Chrome/148.0.0.0 Mobile Safari/537.36"
95.239.52.81 - - [03/Jun/2026:17:06:26 +0200] "GET /wp-content/plugins/header-footer-elementor/inc/widgets-css/frontend.css?ver=2.8.8 HTTP/2.0" 200 8711 "https://parma.elettroservicegroup.it/?gad_source=1&gad_campaignid=23795906066&gbraid=0AAAABDgs-LQViS66HuXDc1x6v_AX4wbmd&gclid=Cj0KCQjwof_QBhCgARIsADaMzOd5IXYLb95i12yc0g6YRHTz3UeOg6IIQMABbPMknVEyawLGG9ipFhgaAhrBEALw_wcB" "Mozilla/5.0 (Linux; Android 10; K) AppleWebKit/537.36 (KHTML, like Gecko) Chrome/148.0.0.0 Mobile Safari/537.36"
95.239.52.81 - - [03/Jun/2026:17:06:26 +0200] "GET /wp-content/plugins/elementor/assets/css/widget-heading.min.css?ver=4.1.1 HTTP/2.0" 200 127 "https://parma.elettroservicegroup.it/?gad_source=1&gad_campaignid=23795906066&gbraid=0AAAABDgs-LQViS66HuXDc1x6v_AX4wbmd&gclid=Cj0KCQjwof_QBhCgARIsADaMzOd5IXYLb95i12yc0g6YRHTz3UeOg6IIQMABbPMknVEyawLGG9ipFhgaAhrBEALw_wcB" "Mozilla/5.0 (Linux; Android 10; K) AppleWebKit/537.36 (KHTML, like Gecko) Chrome/148.0.0.0 Mobile Safari/537.36"
95.239.52.81 - - [03/Jun/2026:17:06:26 +0200] "GET /wp-content/plugins/elementor/assets/css/widget-spacer.min.css?ver=4.1.1 HTTP/2.0" 200 287 "https://parma.elettroservicegroup.it/?gad_source=1&gad_campaignid=23795906066&gbraid=0AAAABDgs-LQViS66HuXDc1x6v_AX4wbmd&gclid=Cj0KCQjwof_QBhCgARIsADaMzOd5IXYLb95i12yc0g6YRHTz3UeOg6IIQMABbPMknVEyawLGG9ipFhgaAhrBEALw_wcB" "Mozilla/5.0 (Linux; Android 10; K) AppleWebKit/537.36 (KHTML, like Gecko) Chrome/148.0.0.0 Mobile Safari/537.36"
95.239.52.81 - - [03/Jun/2026:17:06:26 +0200] "GET /wp-content/plugins/elementor/assets/lib/animations/styles/bounceIn.min.css?ver=4.1.1 HTTP/2.0" 200 186 "https://parma.elettroservicegroup.it/?gad_source=1&gad_campaignid=23795906066&gbraid=0AAAABDgs-LQViS66HuXDc1x6v_AX4wbmd&gclid=Cj0KCQjwof_QBhCgARIsADaMzOd5IXYLb95i12yc0g6YRHTz3UeOg6IIQMABbPMknVEyawLGG9ipFhgaAhrBEALw_wcB" "Mozilla/5.0 (Linux; Android 10; K) AppleWebKit/537.36 (KHTML, like Gecko) Chrome/148.0.0.0 Mobile Safari/537.36"
95.239.52.81 - - [03/Jun/2026:17:06:26 +0200] "GET /wp-content/uploads/elementor/css/post-14146.css?ver=1780326320 HTTP/2.0" 200 428 "https://parma.elettroservicegroup.it/?gad_source=1&gad_campaignid=23795906066&gbraid=0AAAABDgs-LQViS66HuXDc1x6v_AX4wbmd&gclid=Cj0KCQjwof_QBhCgARIsADaMzOd5IXYLb95i12yc0g6YRHTz3UeOg6IIQMABbPMknVEyawLGG9ipFhgaAhrBEALw_wcB" "Mozilla/5.0 (Linux; Android 10; K) AppleWebKit/537.36 (KHTML, like Gecko) Chrome/148.0.0.0 Mobile Safari/537.36"
95.239.52.81 - - [03/Jun/2026:17:06:26 +0200] "GET /wp-content/plugins/elementor/assets/lib/font-awesome/css/v4-shims.min.css?ver=4.1.1 HTTP/2.0" 200 3986 "https://parma.elettroservicegroup.it/?gad_source=1&gad_campaignid=23795906066&gbraid=0AAAABDgs-LQViS66HuXDc1x6v_AX4wbmd&gclid=Cj0KCQjwof_QBhCgARIsADaMzOd5IXYLb95i12yc0g6YRHTz3UeOg6IIQMABbPMknVEyawLGG9ipFhgaAhrBEALw_wcB" "Mozilla/5.0 (Linux; Android 10; K) AppleWebKit/537.36 (KHTML, like Gecko) Chrome/148.0.0.0 Mobile Safari/537.36"
95.239.52.81 - - [03/Jun/2026:17:06:26 +0200] "GET /wp-content/plugins/elementor/assets/lib/font-awesome/css/all.min.css?ver=4.1.1 HTTP/2.0" 200 12402 "https://parma.elettroservicegroup.it/?gad_source=1&gad_campaignid=23795906066&gbraid=0AAAABDgs-LQViS66HuXDc1x6v_AX4wbmd&gclid=Cj0KCQjwof_QBhCgARIsADaMzOd5IXYLb95i12yc0g6YRHTz3UeOg6IIQMABbPMknVEyawLGG9ipFhgaAhrBEALw_wcB" "Mozilla/5.0 (Linux; Android 10; K) AppleWebKit/537.36 (KHTML, like Gecko) Chrome/148.0.0.0 Mobile Safari/537.36"
95.239.52.81 - - [03/Jun/2026:17:06:26 +0200] "GET /wp-content/plugins/elementor/assets/lib/animations/styles/zoomIn.min.css?ver=4.1.1 HTTP/2.0" 200 87 "https://parma.elettroservicegroup.it/?gad_source=1&gad_campaignid=23795906066&gbraid=0AAAABDgs-LQViS66HuXDc1x6v_AX4wbmd&gclid=Cj0KCQjwof_QBhCgARIsADaMzOd5IXYLb95i12yc0g6YRHTz3UeOg6IIQMABbPMknVEyawLGG9ipFhgaAhrBEALw_wcB" "Mozilla/5.0 (Linux; Android 10; K) AppleWebKit/537.36 (KHTML, like Gecko) Chrome/148.0.0.0 Mobile Safari/537.36"
95.239.52.81 - - [03/Jun/2026:17:06:26 +0200] "GET /wp-content/plugins/elementor/assets/css/widget-image.min.css?ver=4.1.1 HTTP/2.0" 200 96 "https://parma.elettroservicegroup.it/?gad_source=1&gad_campaignid=23795906066&gbraid=0AAAABDgs-LQViS66HuXDc1x6v_AX4wbmd&gclid=Cj0KCQjwof_QBhCgARIsADaMzOd5IXYLb95i12yc0g6YRHTz3UeOg6IIQMABbPMknVEyawLGG9ipFhgaAhrBEALw_wcB" "Mozilla/5.0 (Linux; Android 10; K) AppleWebKit/537.36 (KHTML, like Gecko) Chrome/148.0.0.0 Mobile Safari/537.36"
95.239.52.81 - - [03/Jun/2026:17:06:26 +0200] "GET /wp-content/uploads/elementor/css/post-14366.css?ver=1780326320 HTTP/2.0" 200 302 "https://parma.elettroservicegroup.it/?gad_source=1&gad_campaignid=23795906066&gbraid=0AAAABDgs-LQViS66HuXDc1x6v_AX4wbmd&gclid=Cj0KCQjwof_QBhCgARIsADaMzOd5IXYLb95i12yc0g6YRHTz3UeOg6IIQMABbPMknVEyawLGG9ipFhgaAhrBEALw_wcB" "Mozilla/5.0 (Linux; Android 10; K) AppleWebKit/537.36 (KHTML, like Gecko) Chrome/148.0.0.0 Mobile Safari/537.36"
95.239.52.81 - - [03/Jun/2026:17:06:26 +0200] "GET /wp-content/plugins/elementor/assets/css/widget-icon-list.min.css?ver=3.24.3 HTTP/2.0" 200 928 "https://parma.elettroservicegroup.it/?gad_source=1&gad_campaignid=23795906066&gbraid=0AAAABDgs-LQViS66HuXDc1x6v_AX4wbmd&gclid=Cj0KCQjwof_QBhCgARIsADaMzOd5IXYLb95i12yc0g6YRHTz3UeOg6IIQMABbPMknVEyawLGG9ipFhgaAhrBEALw_wcB" "Mozilla/5.0 (Linux; Android 10; K) AppleWebKit/537.36 (KHTML, like Gecko) Chrome/148.0.0.0 Mobile Safari/537.36"
95.239.52.81 - - [03/Jun/2026:17:06:26 +0200] "GET /wp-content/plugins/elementor/assets/css/widget-social-icons.min.css?ver=3.24.0 HTTP/2.0" 200 1039 "https://parma.elettroservicegroup.it/?gad_source=1&gad_campaignid=23795906066&gbraid=0AAAABDgs-LQViS66HuXDc1x6v_AX4wbmd&gclid=Cj0KCQjwof_QBhCgARIsADaMzOd5IXYLb95i12yc0g6YRHTz3UeOg6IIQMABbPMknVEyawLGG9ipFhgaAhrBEALw_wcB" "Mozilla/5.0 (Linux; Android 10; K) AppleWebKit/537.36 (KHTML, like Gecko) Chrome/148.0.0.0 Mobile Safari/537.36"
95.239.52.81 - - [03/Jun/2026:17:06:26 +0200] "GET /wp-content/plugins/elementor/assets/lib/font-awesome/css/solid.css?ver=5.15.3 HTTP/2.0" 200 299 "https://parma.elettroservicegroup.it/?gad_source=1&gad_campaignid=23795906066&gbraid=0AAAABDgs-LQViS66HuXDc1x6v_AX4wbmd&gclid=Cj0KCQjwof_QBhCgARIsADaMzOd5IXYLb95i12yc0g6YRHTz3UeOg6IIQMABbPMknVEyawLGG9ipFhgaAhrBEALw_wcB" "Mozilla/5.0 (Linux; Android 10; K) AppleWebKit/537.36 (KHTML, like Gecko) Chrome/148.0.0.0 Mobile Safari/537.36"
95.239.52.81 - - [03/Jun/2026:17:06:26 +0200] "GET /wp-content/plugins/gp-premium/menu-plus/functions/css/navigation-branding-flex.min.css?ver=2.5.5 HTTP/2.0" 200 542 "https://parma.elettroservicegroup.it/?gad_source=1&gad_campaignid=23795906066&gbraid=0AAAABDgs-LQViS66HuXDc1x6v_AX4wbmd&gclid=Cj0KCQjwof_QBhCgARIsADaMzOd5IXYLb95i12yc0g6YRHTz3UeOg6IIQMABbPMknVEyawLGG9ipFhgaAhrBEALw_wcB" "Mozilla/5.0 (Linux; Android 10; K) AppleWebKit/537.36 (KHTML, like Gecko) Chrome/148.0.0.0 Mobile Safari/537.36"
95.239.52.81 - - [03/Jun/2026:17:06:26 +0200] "GET /wp-content/uploads/elementor/css/post-14227.css?ver=1780326320 HTTP/2.0" 200 2305 "https://parma.elettroservicegroup.it/?gad_source=1&gad_campaignid=23795906066&gbraid=0AAAABDgs-LQViS66HuXDc1x6v_AX4wbmd&gclid=Cj0KCQjwof_QBhCgARIsADaMzOd5IXYLb95i12yc0g6YRHTz3UeOg6IIQMABbPMknVEyawLGG9ipFhgaAhrBEALw_wcB" "Mozilla/5.0 (Linux; Android 10; K) AppleWebKit/537.36 (KHTML, like Gecko) Chrome/148.0.0.0 Mobile Safari/537.36"
95.239.52.81 - - [03/Jun/2026:17:06:26 +0200] "GET /wp-content/themes/generatepress/assets/css/main.min.css?ver=3.6.1 HTTP/2.0" 200 4410 "https://parma.elettroservicegroup.it/?gad_source=1&gad_campaignid=23795906066&gbraid=0AAAABDgs-LQViS66HuXDc1x6v_AX4wbmd&gclid=Cj0KCQjwof_QBhCgARIsADaMzOd5IXYLb95i12yc0g6YRHTz3UeOg6IIQMABbPMknVEyawLGG9ipFhgaAhrBEALw_wcB" "Mozilla/5.0 (Linux; Android 10; K) AppleWebKit/537.36 (KHTML, like Gecko) Chrome/148.0.0.0 Mobile Safari/537.36"
95.239.52.81 - - [03/Jun/2026:17:06:26 +0200] "GET /wp-content/plugins/elementor/assets/lib/eicons/css/elementor-icons.min.css?ver=5.34.0 HTTP/2.0" 200 4115 "https://parma.elettroservicegroup.it/?gad_source=1&gad_campaignid=23795906066&gbraid=0AAAABDgs-LQViS66HuXDc1x6v_AX4wbmd&gclid=Cj0KCQjwof_QBhCgARIsADaMzOd5IXYLb95i12yc0g6YRHTz3UeOg6IIQMABbPMknVEyawLGG9ipFhgaAhrBEALw_wcB" "Mozilla/5.0 (Linux; Android 10; K) AppleWebKit/537.36 (KHTML, like Gecko) Chrome/148.0.0.0 Mobile Safari/537.36"
95.239.52.81 - - [03/Jun/2026:17:06:26 +0200] "GET /wp-content/plugins/elementor/assets/lib/font-awesome/css/brands.css?ver=5.15.3 HTTP/2.0" 200 298 "https://parma.elettroservicegroup.it/?gad_source=1&gad_campaignid=23795906066&gbraid=0AAAABDgs-LQViS66HuXDc1x6v_AX4wbmd&gclid=Cj0KCQjwof_QBhCgARIsADaMzOd5IXYLb95i12yc0g6YRHTz3UeOg6IIQMABbPMknVEyawLGG9ipFhgaAhrBEALw_wcB" "Mozilla/5.0 (Linux; Android 10; K) AppleWebKit/537.36 (KHTML, like Gecko) Chrome/148.0.0.0 Mobile Safari/537.36"
95.239.52.81 - - [03/Jun/2026:17:06:26 +0200] "GET /wp-content/uploads/2021/10/cropped-logo_white_background.png HTTP/2.0" 200 16623 "https://parma.elettroservicegroup.it/?gad_source=1&gad_campaignid=23795906066&gbraid=0AAAABDgs-LQViS66HuXDc1x6v_AX4wbmd&gclid=Cj0KCQjwof_QBhCgARIsADaMzOd5IXYLb95i12yc0g6YRHTz3UeOg6IIQMABbPMknVEyawLGG9ipFhgaAhrBEALw_wcB" "Mozilla/5.0 (Linux; Android 10; K) AppleWebKit/537.36 (KHTML, like Gecko) Chrome/148.0.0.0 Mobile Safari/537.36"
95.239.52.81 - - [03/Jun/2026:17:06:26 +0200] "GET /wp-content/uploads/2021/10/cropped-cropped-cropped-logo_white_background.png HTTP/2.0" 200 38971 "https://parma.elettroservicegroup.it/?gad_source=1&gad_campaignid=23795906066&gbraid=0AAAABDgs-LQViS66HuXDc1x6v_AX4wbmd&gclid=Cj0KCQjwof_QBhCgARIsADaMzOd5IXYLb95i12yc0g6YRHTz3UeOg6IIQMABbPMknVEyawLGG9ipFhgaAhrBEALw_wcB" "Mozilla/5.0 (Linux; Android 10; K) AppleWebKit/537.36 (KHTML, like Gecko) Chrome/148.0.0.0 Mobile Safari/537.36"
95.239.52.81 - - [03/Jun/2026:17:06:26 +0200] "GET /wp-content/plugins/elementor/assets/lib/font-awesome/css/fontawesome.css?ver=5.15.3 HTTP/2.0" 200 12535 "https://parma.elettroservicegroup.it/?gad_source=1&gad_campaignid=23795906066&gbraid=0AAAABDgs-LQViS66HuXDc1x6v_AX4wbmd&gclid=Cj0KCQjwof_QBhCgARIsADaMzOd5IXYLb95i12yc0g6YRHTz3UeOg6IIQMABbPMknVEyawLGG9ipFhgaAhrBEALw_wcB" "Mozilla/5.0 (Linux; Android 10; K) AppleWebKit/537.36 (KHTML, like Gecko) Chrome/148.0.0.0 Mobile Safari/537.36"
95.239.52.81 - - [03/Jun/2026:17:06:26 +0200] "GET /wp-content/uploads/elementor/google-fonts/css/roboto.css?ver=1742280360 HTTP/2.0" 200 1880 "https://parma.elettroservicegroup.it/?gad_source=1&gad_campaignid=23795906066&gbraid=0AAAABDgs-LQViS66HuXDc1x6v_AX4wbmd&gclid=Cj0KCQjwof_QBhCgARIsADaMzOd5IXYLb95i12yc0g6YRHTz3UeOg6IIQMABbPMknVEyawLGG9ipFhgaAhrBEALw_wcB" "Mozilla/5.0 (Linux; Android 10; K) AppleWebKit/537.36 (KHTML, like Gecko) Chrome/148.0.0.0 Mobile Safari/537.36"
95.239.52.81 - - [03/Jun/2026:17:06:26 +0200] "GET /wp-content/uploads/elementor/google-fonts/css/robotoslab.css?ver=1742280362 HTTP/2.0" 200 715 "https://parma.elettroservicegroup.it/?gad_source=1&gad_campaignid=23795906066&gbraid=0AAAABDgs-LQViS66HuXDc1x6v_AX4wbmd&gclid=Cj0KCQjwof_QBhCgARIsADaMzOd5IXYLb95i12yc0g6YRHTz3UeOg6IIQMABbPMknVEyawLGG9ipFhgaAhrBEALw_wcB" "Mozilla/5.0 (Linux; Android 10; K) AppleWebKit/537.36 (KHTML, like Gecko) Chrome/148.0.0.0 Mobile Safari/537.36"
95.239.52.81 - - [03/Jun/2026:17:06:26 +0200] "GET /wp-content/plugins/elementor/assets/lib/font-awesome/css/fontawesome.min.css?ver=5.15.3 HTTP/2.0" 200 12179 "https://parma.elettroservicegroup.it/?gad_source=1&gad_campaignid=23795906066&gbraid=0AAAABDgs-LQViS66HuXDc1x6v_AX4wbmd&gclid=Cj0KCQjwof_QBhCgARIsADaMzOd5IXYLb95i12yc0g6YRHTz3UeOg6IIQMABbPMknVEyawLGG9ipFhgaAhrBEALw_wcB" "Mozilla/5.0 (Linux; Android 10; K) AppleWebKit/537.36 (KHTML, like Gecko) Chrome/148.0.0.0 Mobile Safari/537.36"
95.239.52.81 - - [03/Jun/2026:17:06:26 +0200] "GET /wp-content/plugins/elementor/assets/lib/font-awesome/css/solid.min.css?ver=5.15.3 HTTP/2.0" 200 286 "https://parma.elettroservicegroup.it/?gad_source=1&gad_campaignid=23795906066&gbraid=0AAAABDgs-LQViS66HuXDc1x6v_AX4wbmd&gclid=Cj0KCQjwof_QBhCgARIsADaMzOd5IXYLb95i12yc0g6YRHTz3UeOg6IIQMABbPMknVEyawLGG9ipFhgaAhrBEALw_wcB" "Mozilla/5.0 (Linux; Android 10; K) AppleWebKit/537.36 (KHTML, like Gecko) Chrome/148.0.0.0 Mobile Safari/537.36"
95.239.52.81 - - [03/Jun/2026:17:06:26 +0200] "GET /wp-content/plugins/elementor/assets/lib/font-awesome/css/regular.min.css?ver=5.15.3 HTTP/2.0" 200 282 "https://parma.elettroservicegroup.it/?gad_source=1&gad_campaignid=23795906066&gbraid=0AAAABDgs-LQViS66HuXDc1x6v_AX4wbmd&gclid=Cj0KCQjwof_QBhCgARIsADaMzOd5IXYLb95i12yc0g6YRHTz3UeOg6IIQMABbPMknVEyawLGG9ipFhgaAhrBEALw_wcB" "Mozilla/5.0 (Linux; Android 10; K) AppleWebKit/537.36 (KHTML, like Gecko) Chrome/148.0.0.0 Mobile Safari/537.36"
95.239.52.81 - - [03/Jun/2026:17:06:26 +0200] "GET /wp-includes/js/jquery/jquery.min.js?ver=3.7.1 HTTP/2.0" 200 29769 "https://parma.elettroservicegroup.it/?gad_source=1&gad_campaignid=23795906066&gbraid=0AAAABDgs-LQViS66HuXDc1x6v_AX4wbmd&gclid=Cj0KCQjwof_QBhCgARIsADaMzOd5IXYLb95i12yc0g6YRHTz3UeOg6IIQMABbPMknVEyawLGG9ipFhgaAhrBEALw_wcB" "Mozilla/5.0 (Linux; Android 10; K) AppleWebKit/537.36 (KHTML, like Gecko) Chrome/148.0.0.0 Mobile Safari/537.36"
95.239.52.81 - - [03/Jun/2026:17:06:26 +0200] "GET /wp-content/plugins/elementor/assets/lib/font-awesome/js/v4-shims.min.js?ver=4.1.1 HTTP/2.0" 200 4043 "https://parma.elettroservicegroup.it/?gad_source=1&gad_campaignid=23795906066&gbraid=0AAAABDgs-LQViS66HuXDc1x6v_AX4wbmd&gclid=Cj0KCQjwof_QBhCgARIsADaMzOd5IXYLb95i12yc0g6YRHTz3UeOg6IIQMABbPMknVEyawLGG9ipFhgaAhrBEALw_wcB" "Mozilla/5.0 (Linux; Android 10; K) AppleWebKit/537.36 (KHTML, like Gecko) Chrome/148.0.0.0 Mobile Safari/537.36"
95.239.52.81 - - [03/Jun/2026:17:06:26 +0200] "GET /wp-includes/js/jquery/jquery-migrate.min.js?ver=3.4.1 HTTP/2.0" 200 4685 "https://parma.elettroservicegroup.it/?gad_source=1&gad_campaignid=23795906066&gbraid=0AAAABDgs-LQViS66HuXDc1x6v_AX4wbmd&gclid=Cj0KCQjwof_QBhCgARIsADaMzOd5IXYLb95i12yc0g6YRHTz3UeOg6IIQMABbPMknVEyawLGG9ipFhgaAhrBEALw_wcB" "Mozilla/5.0 (Linux; Android 10; K) AppleWebKit/537.36 (KHTML, like Gecko) Chrome/148.0.0.0 Mobile Safari/537.36"
95.239.52.81 - - [03/Jun/2026:17:06:26 +0200] "GET /wp-content/plugins/gp-premium/menu-plus/functions/js/sticky.min.js?ver=2.5.5 HTTP/2.0" 200 2670 "https://parma.elettroservicegroup.it/?gad_source=1&gad_campaignid=23795906066&gbraid=0AAAABDgs-LQViS66HuXDc1x6v_AX4wbmd&gclid=Cj0KCQjwof_QBhCgARIsADaMzOd5IXYLb95i12yc0g6YRHTz3UeOg6IIQMABbPMknVEyawLGG9ipFhgaAhrBEALw_wcB" "Mozilla/5.0 (Linux; Android 10; K) AppleWebKit/537.36 (KHTML, like Gecko) Chrome/148.0.0.0 Mobile Safari/537.36"
95.239.52.81 - - [03/Jun/2026:17:06:27 +0200] "GET /wp-content/plugins/elementor/assets/js/webpack.runtime.min.js?ver=4.1.1 HTTP/2.0" 200 2340 "https://parma.elettroservicegroup.it/?gad_source=1&gad_campaignid=23795906066&gbraid=0AAAABDgs-LQViS66HuXDc1x6v_AX4wbmd&gclid=Cj0KCQjwof_QBhCgARIsADaMzOd5IXYLb95i12yc0g6YRHTz3UeOg6IIQMABbPMknVEyawLGG9ipFhgaAhrBEALw_wcB" "Mozilla/5.0 (Linux; Android 10; K) AppleWebKit/537.36 (KHTML, like Gecko) Chrome/148.0.0.0 Mobile Safari/537.36"
95.239.52.81 - - [03/Jun/2026:17:06:27 +0200] "GET /wp-includes/js/jquery/ui/core.min.js?ver=1.13.3 HTTP/2.0" 200 6820 "https://parma.elettroservicegroup.it/?gad_source=1&gad_campaignid=23795906066&gbraid=0AAAABDgs-LQViS66HuXDc1x6v_AX4wbmd&gclid=Cj0KCQjwof_QBhCgARIsADaMzOd5IXYLb95i12yc0g6YRHTz3UeOg6IIQMABbPMknVEyawLGG9ipFhgaAhrBEALw_wcB" "Mozilla/5.0 (Linux; Android 10; K) AppleWebKit/537.36 (KHTML, like Gecko) Chrome/148.0.0.0 Mobile Safari/537.36"
95.239.52.81 - - [03/Jun/2026:17:06:27 +0200] "GET /wp-content/plugins/elementor/assets/js/frontend-modules.min.js?ver=4.1.1 HTTP/2.0" 200 15454 "https://parma.elettroservicegroup.it/?gad_source=1&gad_campaignid=23795906066&gbraid=0AAAABDgs-LQViS66HuXDc1x6v_AX4wbmd&gclid=Cj0KCQjwof_QBhCgARIsADaMzOd5IXYLb95i12yc0g6YRHTz3UeOg6IIQMABbPMknVEyawLGG9ipFhgaAhrBEALw_wcB" "Mozilla/5.0 (Linux; Android 10; K) AppleWebKit/537.36 (KHTML, like Gecko) Chrome/148.0.0.0 Mobile Safari/537.36"
95.239.52.81 - - [03/Jun/2026:17:06:27 +0200] "GET /wp-content/plugins/elementor/assets/js/frontend.min.js?ver=4.1.1 HTTP/2.0" 200 10140 "https://parma.elettroservicegroup.it/?gad_source=1&gad_campaignid=23795906066&gbraid=0AAAABDgs-LQViS66HuXDc1x6v_AX4wbmd&gclid=Cj0KCQjwof_QBhCgARIsADaMzOd5IXYLb95i12yc0g6YRHTz3UeOg6IIQMABbPMknVEyawLGG9ipFhgaAhrBEALw_wcB" "Mozilla/5.0 (Linux; Android 10; K) AppleWebKit/537.36 (KHTML, like Gecko) Chrome/148.0.0.0 Mobile Safari/537.36"
95.239.52.81 - - [03/Jun/2026:17:06:27 +0200] "GET /wp-content/themes/generatepress/assets/js/back-to-top.min.js?ver=3.6.1 HTTP/2.0" 200 336 "https://parma.elettroservicegroup.it/?gad_source=1&gad_campaignid=23795906066&gbraid=0AAAABDgs-LQViS66HuXDc1x6v_AX4wbmd&gclid=Cj0KCQjwof_QBhCgARIsADaMzOd5IXYLb95i12yc0g6YRHTz3UeOg6IIQMABbPMknVEyawLGG9ipFhgaAhrBEALw_wcB" "Mozilla/5.0 (Linux; Android 10; K) AppleWebKit/537.36 (KHTML, like Gecko) Chrome/148.0.0.0 Mobile Safari/537.36"
95.239.52.81 - - [03/Jun/2026:17:06:27 +0200] "GET /wp-content/themes/generatepress/assets/js/menu.min.js?ver=3.6.1 HTTP/2.0" 200 1688 "https://parma.elettroservicegroup.it/?gad_source=1&gad_campaignid=23795906066&gbraid=0AAAABDgs-LQViS66HuXDc1x6v_AX4wbmd&gclid=Cj0KCQjwof_QBhCgARIsADaMzOd5IXYLb95i12yc0g6YRHTz3UeOg6IIQMABbPMknVEyawLGG9ipFhgaAhrBEALw_wcB" "Mozilla/5.0 (Linux; Android 10; K) AppleWebKit/537.36 (KHTML, like Gecko) Chrome/148.0.0.0 Mobile Safari/537.36"
95.239.52.81 - - [03/Jun/2026:17:06:27 +0200] "GET /wp-content/uploads/burst/js/burst.min.js?ver=1780480337 HTTP/2.0" 200 3166 "https://parma.elettroservicegroup.it/?gad_source=1&gad_campaignid=23795906066&gbraid=0AAAABDgs-LQViS66HuXDc1x6v_AX4wbmd&gclid=Cj0KCQjwof_QBhCgARIsADaMzOd5IXYLb95i12yc0g6YRHTz3UeOg6IIQMABbPMknVEyawLGG9ipFhgaAhrBEALw_wcB" "Mozilla/5.0 (Linux; Android 10; K) AppleWebKit/537.36 (KHTML, like Gecko) Chrome/148.0.0.0 Mobile Safari/537.36"
95.239.52.81 - - [03/Jun/2026:17:06:27 +0200] "GET /wp-content/plugins/complianz-gdpr-premium/cookiebanner/js/complianz.min.js?ver=1780326315 HTTP/2.0" 200 10708 "https://parma.elettroservicegroup.it/?gad_source=1&gad_campaignid=23795906066&gbraid=0AAAABDgs-LQViS66HuXDc1x6v_AX4wbmd&gclid=Cj0KCQjwof_QBhCgARIsADaMzOd5IXYLb95i12yc0g6YRHTz3UeOg6IIQMABbPMknVEyawLGG9ipFhgaAhrBEALw_wcB" "Mozilla/5.0 (Linux; Android 10; K) AppleWebKit/537.36 (KHTML, like Gecko) Chrome/148.0.0.0 Mobile Safari/537.36"
95.239.52.81 - - [03/Jun/2026:17:06:27 +0200] "GET /wp-content/plugins/burst-statistics/assets/js/timeme/timeme.min.js?ver=1780257074 HTTP/2.0" 503 582 "https://parma.elettroservicegroup.it/?gad_source=1&gad_campaignid=23795906066&gbraid=0AAAABDgs-LQViS66HuXDc1x6v_AX4wbmd&gclid=Cj0KCQjwof_QBhCgARIsADaMzOd5IXYLb95i12yc0g6YRHTz3UeOg6IIQMABbPMknVEyawLGG9ipFhgaAhrBEALw_wcB" "Mozilla/5.0 (Linux; Android 10; K) AppleWebKit/537.36 (KHTML, like Gecko) Chrome/148.0.0.0 Mobile Safari/537.36"
95.239.52.81 - - [03/Jun/2026:17:06:27 +0200] "GET /wp-content/plugins/elementor/assets/lib/font-awesome/webfonts/fa-regular-400.woff2 HTTP/2.0" 200 13277 "https://parma.elettroservicegroup.it/wp-content/plugins/elementor/assets/lib/font-awesome/css/all.min.css?ver=4.1.1" "Mozilla/5.0 (Linux; Android 10; K) AppleWebKit/537.36 (KHTML, like Gecko) Chrome/148.0.0.0 Mobile Safari/537.36"
95.239.52.81 - - [03/Jun/2026:17:06:27 +0200] "GET /wp-content/uploads/elementor/google-fonts/fonts/roboto-kfo7cnqeu92fr1me7ksn66agldtyluama3yuba.woff2 HTTP/2.0" 200 40132 "https://parma.elettroservicegroup.it/wp-content/uploads/elementor/google-fonts/css/roboto.css?ver=1742280360" "Mozilla/5.0 (Linux; Android 10; K) AppleWebKit/537.36 (KHTML, like Gecko) Chrome/148.0.0.0 Mobile Safari/537.36"
95.239.52.81 - - [03/Jun/2026:17:06:27 +0200] "GET /wp-content/plugins/elementor/assets/lib/font-awesome/webfonts/fa-solid-900.woff2 HTTP/2.0" 200 78201 "https://parma.elettroservicegroup.it/wp-content/plugins/elementor/assets/lib/font-awesome/css/all.min.css?ver=4.1.1" "Mozilla/5.0 (Linux; Android 10; K) AppleWebKit/537.36 (KHTML, like Gecko) Chrome/148.0.0.0 Mobile Safari/537.36"
95.239.52.81 - - [03/Jun/2026:17:06:27 +0200] "GET /wp-content/uploads/2021/11/asko-e1634463631713-768x506.jpg HTTP/2.0" 200 51977 "https://parma.elettroservicegroup.it/?gad_source=1&gad_campaignid=23795906066&gbraid=0AAAABDgs-LQViS66HuXDc1x6v_AX4wbmd&gclid=Cj0KCQjwof_QBhCgARIsADaMzOd5IXYLb95i12yc0g6YRHTz3UeOg6IIQMABbPMknVEyawLGG9ipFhgaAhrBEALw_wcB" "Mozilla/5.0 (Linux; Android 10; K) AppleWebKit/537.36 (KHTML, like Gecko) Chrome/148.0.0.0 Mobile Safari/537.36"
95.239.52.81 - - [03/Jun/2026:17:06:27 +0200] "GET /wp-content/uploads/2021/10/TECNICO-ELETTRODOMESTICI.jpg HTTP/2.0" 200 24210 "https://parma.elettroservicegroup.it/?gad_source=1&gad_campaignid=23795906066&gbraid=0AAAABDgs-LQViS66HuXDc1x6v_AX4wbmd&gclid=Cj0KCQjwof_QBhCgARIsADaMzOd5IXYLb95i12yc0g6YRHTz3UeOg6IIQMABbPMknVEyawLGG9ipFhgaAhrBEALw_wcB" "Mozilla/5.0 (Linux; Android 10; K) AppleWebKit/537.36 (KHTML, like Gecko) Chrome/148.0.0.0 Mobile Safari/537.36"
95.239.52.81 - - [03/Jun/2026:17:06:27 +0200] "POST /wp-content/plugins/burst-statistics/endpoint.php HTTP/2.0" 503 582 "https://parma.elettroservicegroup.it/?gad_source=1&gad_campaignid=23795906066&gbraid=0AAAABDgs-LQViS66HuXDc1x6v_AX4wbmd&gclid=Cj0KCQjwof_QBhCgARIsADaMzOd5IXYLb95i12yc0g6YRHTz3UeOg6IIQMABbPMknVEyawLGG9ipFhgaAhrBEALw_wcB" "Mozilla/5.0 (Linux; Android 10; K) AppleWebKit/537.36 (KHTML, like Gecko) Chrome/148.0.0.0 Mobile Safari/537.36"
95.239.52.81 - - [03/Jun/2026:17:06:27 +0200] "GET /wp-json/complianz/v1/banner?lang=it&locale=it_IT&token=hroom HTTP/2.0" 503 582 "https://parma.elettroservicegroup.it/?gad_source=1&gad_campaignid=23795906066&gbraid=0AAAABDgs-LQViS66HuXDc1x6v_AX4wbmd&gclid=Cj0KCQjwof_QBhCgARIsADaMzOd5IXYLb95i12yc0g6YRHTz3UeOg6IIQMABbPMknVEyawLGG9ipFhgaAhrBEALw_wcB" "Mozilla/5.0 (Linux; Android 10; K) AppleWebKit/537.36 (KHTML, like Gecko) Chrome/148.0.0.0 Mobile Safari/537.36"
95.239.52.81 - - [03/Jun/2026:17:06:27 +0200] "GET /wp-content/plugins/elementor/assets/js/section-frontend-handlers.d85ab872da118940910d.bundle.min.js HTTP/2.0" 200 230 "https://parma.elettroservicegroup.it/?gad_source=1&gad_campaignid=23795906066&gbraid=0AAAABDgs-LQViS66HuXDc1x6v_AX4wbmd&gclid=Cj0KCQjwof_QBhCgARIsADaMzOd5IXYLb95i12yc0g6YRHTz3UeOg6IIQMABbPMknVEyawLGG9ipFhgaAhrBEALw_wcB" "Mozilla/5.0 (Linux; Android 10; K) AppleWebKit/537.36 (KHTML, like Gecko) Chrome/148.0.0.0 Mobile Safari/537.36"
95.239.52.81 - - [03/Jun/2026:17:06:27 +0200] "GET /wp-content/plugins/elementor/assets/js/shared-frontend-handlers.03caa53373b56d3bab67.bundle.min.js HTTP/2.0" 200 2515 "https://parma.elettroservicegroup.it/?gad_source=1&gad_campaignid=23795906066&gbraid=0AAAABDgs-LQViS66HuXDc1x6v_AX4wbmd&gclid=Cj0KCQjwof_QBhCgARIsADaMzOd5IXYLb95i12yc0g6YRHTz3UeOg6IIQMABbPMknVEyawLGG9ipFhgaAhrBEALw_wcB" "Mozilla/5.0 (Linux; Android 10; K) AppleWebKit/537.36 (KHTML, like Gecko) Chrome/148.0.0.0 Mobile Safari/537.36"
95.239.52.81 - - [03/Jun/2026:17:06:27 +0200] "GET /wp-content/plugins/elementor/assets/js/text-editor.45609661e409413f1cef.bundle.min.js HTTP/2.0" 200 592 "https://parma.elettroservicegroup.it/?gad_source=1&gad_campaignid=23795906066&gbraid=0AAAABDgs-LQViS66HuXDc1x6v_AX4wbmd&gclid=Cj0KCQjwof_QBhCgARIsADaMzOd5IXYLb95i12yc0g6YRHTz3UeOg6IIQMABbPMknVEyawLGG9ipFhgaAhrBEALw_wcB" "Mozilla/5.0 (Linux; Android 10; K) AppleWebKit/537.36 (KHTML, like Gecko) Chrome/148.0.0.0 Mobile Safari/537.36"
95.239.52.81 - - [03/Jun/2026:17:06:28 +0200] "GET /wp-content/uploads/2021/10/cropped-cropped-cropped-cropped-logo_white_background-192x192.png HTTP/2.0" 200 19089 "https://parma.elettroservicegroup.it/?gad_source=1&gad_campaignid=23795906066&gbraid=0AAAABDgs-LQViS66HuXDc1x6v_AX4wbmd&gclid=Cj0KCQjwof_QBhCgARIsADaMzOd5IXYLb95i12yc0g6YRHTz3UeOg6IIQMABbPMknVEyawLGG9ipFhgaAhrBEALw_wcB" "Mozilla/5.0 (Linux; Android 10; K) AppleWebKit/537.36 (KHTML, like Gecko) Chrome/148.0.0.0 Mobile Safari/537.36"
95.239.52.81 - - [03/Jun/2026:17:06:28 +0200] "GET /wp-content/uploads/2021/10/cropped-cropped-cropped-cropped-logo_white_background-180x180.png HTTP/2.0" 200 21353 "https://parma.elettroservicegroup.it/?gad_source=1&gad_campaignid=23795906066&gbraid=0AAAABDgs-LQViS66HuXDc1x6v_AX4wbmd&gclid=Cj0KCQjwof_QBhCgARIsADaMzOd5IXYLb95i12yc0g6YRHTz3UeOg6IIQMABbPMknVEyawLGG9ipFhgaAhrBEALw_wcB" "Mozilla/5.0 (Linux; Android 10; K) AppleWebKit/537.36 (KHTML, like Gecko) Chrome/148.0.0.0 Mobile Safari/537.36"
95.239.52.81 - - [03/Jun/2026:17:06:29 +0200] "GET /wp-content/uploads/2021/11/copertina-washing-machine-2668472_1920-768x512.jpg HTTP/2.0" 200 65707 "https://parma.elettroservicegroup.it/?gad_source=1&gad_campaignid=23795906066&gbraid=0AAAABDgs-LQViS66HuXDc1x6v_AX4wbmd&gclid=Cj0KCQjwof_QBhCgARIsADaMzOd5IXYLb95i12yc0g6YRHTz3UeOg6IIQMABbPMknVEyawLGG9ipFhgaAhrBEALw_wcB" "Mozilla/5.0 (Linux; Android 10; K) AppleWebKit/537.36 (KHTML, like Gecko) Chrome/148.0.0.0 Mobile Safari/537.36"
95.239.52.81 - - [03/Jun/2026:17:06:30 +0200] "GET /wp-content/uploads/2021/10/copertina-Riparazione_Lavastoviglie-.jpg HTTP/2.0" 200 35425 "https://parma.elettroservicegroup.it/?gad_source=1&gad_campaignid=23795906066&gbraid=0AAAABDgs-LQViS66HuXDc1x6v_AX4wbmd&gclid=Cj0KCQjwof_QBhCgARIsADaMzOd5IXYLb95i12yc0g6YRHTz3UeOg6IIQMABbPMknVEyawLGG9ipFhgaAhrBEALw_wcB" "Mozilla/5.0 (Linux; Android 10; K) AppleWebKit/537.36 (KHTML, like Gecko) Chrome/148.0.0.0 Mobile Safari/537.36"
65.108.235.243 - - [03/Jun/2026:17:06:29 +0200] "GET /?wp_scrape_key=a917c4381858fe827cb483e5209111fb&wp_scrape_nonce=1780499187 HTTP/1.1" 200 22464 "-" "WordPress/7.0; https://parma.elettroservicegroup.it"
95.239.52.81 - - [03/Jun/2026:17:06:31 +0200] "GET /wp-content/uploads/2021/11/Frigorifero-combinato-e1634459015932-768x502.jpg HTTP/2.0" 200 71794 "https://parma.elettroservicegroup.it/?gad_source=1&gad_campaignid=23795906066&gbraid=0AAAABDgs-LQViS66HuXDc1x6v_AX4wbmd&gclid=Cj0KCQjwof_QBhCgARIsADaMzOd5IXYLb95i12yc0g6YRHTz3UeOg6IIQMABbPMknVEyawLGG9ipFhgaAhrBEALw_wcB" "Mozilla/5.0 (Linux; Android 10; K) AppleWebKit/537.36 (KHTML, like Gecko) Chrome/148.0.0.0 Mobile Safari/537.36"
95.239.52.81 - - [03/Jun/2026:17:06:32 +0200] "GET /wp-content/uploads/2021/11/forno-c-768x512.jpg HTTP/2.0" 200 48910 "https://parma.elettroservicegroup.it/?gad_source=1&gad_campaignid=23795906066&gbraid=0AAAABDgs-LQViS66HuXDc1x6v_AX4wbmd&gclid=Cj0KCQjwof_QBhCgARIsADaMzOd5IXYLb95i12yc0g6YRHTz3UeOg6IIQMABbPMknVEyawLGG9ipFhgaAhrBEALw_wcB" "Mozilla/5.0 (Linux; Android 10; K) AppleWebKit/537.36 (KHTML, like Gecko) Chrome/148.0.0.0 Mobile Safari/537.36"
95.239.52.81 - - [03/Jun/2026:17:06:32 +0200] "GET /wp-content/uploads/2021/11/condizionatore-bonus-768x512.jpg HTTP/2.0" 200 35368 "https://parma.elettroservicegroup.it/?gad_source=1&gad_campaignid=23795906066&gbraid=0AAAABDgs-LQViS66HuXDc1x6v_AX4wbmd&gclid=Cj0KCQjwof_QBhCgARIsADaMzOd5IXYLb95i12yc0g6YRHTz3UeOg6IIQMABbPMknVEyawLGG9ipFhgaAhrBEALw_wcB" "Mozilla/5.0 (Linux; Android 10; K) AppleWebKit/537.36 (KHTML, like Gecko) Chrome/148.0.0.0 Mobile Safari/537.36"
95.239.52.81 - - [03/Jun/2026:17:06:34 +0200] "POST /wp-content/plugins/burst-statistics/endpoint.php HTTP/2.0" 200 1 "https://parma.elettroservicegroup.it/?gad_source=1&gad_campaignid=23795906066&gbraid=0AAAABDgs-LQViS66HuXDc1x6v_AX4wbmd&gclid=Cj0KCQjwof_QBhCgARIsADaMzOd5IXYLb95i12yc0g6YRHTz3UeOg6IIQMABbPMknVEyawLGG9ipFhgaAhrBEALw_wcB" "Mozilla/5.0 (Linux; Android 10; K) AppleWebKit/537.36 (KHTML, like Gecko) Chrome/148.0.0.0 Mobile Safari/537.36"
65.108.235.243 - - [03/Jun/2026:17:06:34 +0200] "POST /wp-cron.php?doing_wp_cron=1780499194.8082621097564697265625 HTTP/1.1" 200 1 "-" "WordPress/7.0; https://parma.elettroservicegroup.it"
95.239.52.81 - - [03/Jun/2026:17:06:34 +0200] "POST /wp-json/complianz/v1/track HTTP/2.0" 200 20 "https://parma.elettroservicegroup.it/?gad_source=1&gad_campaignid=23795906066&gbraid=0AAAABDgs-LQViS66HuXDc1x6v_AX4wbmd&gclid=Cj0KCQjwof_QBhCgARIsADaMzOd5IXYLb95i12yc0g6YRHTz3UeOg6IIQMABbPMknVEyawLGG9ipFhgaAhrBEALw_wcB" "Mozilla/5.0 (Linux; Android 10; K) AppleWebKit/537.36 (KHTML, like Gecko) Chrome/148.0.0.0 Mobile Safari/537.36"
65.108.235.243 - - [03/Jun/2026:17:18:01 +0200] "POST /wp-cron.php?doing_wp_cron=1780499881.9031209945678710937500 HTTP/1.1" 200 1 "-" "WordPress/7.0; https://parma.elettroservicegroup.it"
162.120.188.15 - - [03/Jun/2026:17:18:00 +0200] "GET /?gad_source=1&gad_campaignid=23795906066&gbraid=0AAAABDgs-LQViS66HuXDc1x6v_AX4wbmd&gclid=Cj0KCQjwof_QBhCgARIsADaMzOefI50nEFVHz69Meo-fLjSvBOPPiCUfWKTVBX_Hwq1Ksk0oBqX-OxsaAl5FEALw_wcB HTTP/2.0" 200 22406 "https://www.google.com/" "Mozilla/5.0 (Linux; Android 10; K) AppleWebKit/537.36 (KHTML, like Gecko) Chrome/148.0.0.0 Mobile Safari/537.36"
114.119.132.207 - - [03/Jun/2026:17:23:20 +0200] "GET /wp-content/uploads/2022/01/LAVATRICE-2-300x200-1.webp HTTP/1.1" 200 10522 "https://parma.elettroservicegroup.it/?attachment_id=16155" "Mozilla/5.0 (Linux; Android 7.0;) AppleWebKit/537.36 (HTML, like Gecko) Mobile Safari/537.36 (compatible; PetalBot;+https://webmaster.petalsearch.com/site/petalbot)"
65.108.235.243 - - [03/Jun/2026:17:24:46 +0200] "POST /wp-cron.php?doing_wp_cron=1780500286.0601720809936523437500 HTTP/1.1" 200 1 "-" "WordPress/7.0; https://parma.elettroservicegroup.it"
114.119.141.228 - - [03/Jun/2026:17:24:44 +0200] "GET /post-5-2 HTTP/1.1" 404 16844 "https://parma.elettroservicegroup.it/assistenza-elettrodomestici-parma/lavatrice" "Mozilla/5.0 (Linux; Android 7.0;) AppleWebKit/537.36 (HTML, like Gecko) Mobile Safari/537.36 (compatible; PetalBot;+https://webmaster.petalsearch.com/site/petalbot)"
65.108.235.243 - - [03/Jun/2026:17:26:10 +0200] "POST /wp-cron.php?doing_wp_cron=1780500369.9941430091857910156250 HTTP/1.1" 200 1 "-" "WordPress/7.0; https://parma.elettroservicegroup.it"
114.119.148.161 - - [03/Jun/2026:17:26:08 +0200] "GET /peut-on-jouer-gratuitement-aux-machines-sur-casino-770/ HTTP/1.1" 404 16875 "https://parma.elettroservicegroup.it/category/uncategorized/" "Mozilla/5.0 (Linux; Android 7.0;) AppleWebKit/537.36 (HTML, like Gecko) Mobile Safari/537.36 (compatible; PetalBot;+https://webmaster.petalsearch.com/site/petalbot)"
65.108.235.243 - - [03/Jun/2026:17:27:32 +0200] "POST /wp-cron.php?doing_wp_cron=1780500452.9434161186218261718750 HTTP/1.1" 200 1 "-" "WordPress/7.0; https://parma.elettroservicegroup.it"
114.119.130.67 - - [03/Jun/2026:17:27:31 +0200] "GET /category/uncategorized/page/2/ HTTP/1.1" 404 16858 "https://parma.elettroservicegroup.it/category/uncategorized/" "Mozilla/5.0 (Linux; Android 7.0;) AppleWebKit/537.36 (HTML, like Gecko) Mobile Safari/537.36 (compatible; PetalBot;+https://webmaster.petalsearch.com/site/petalbot)"
65.108.235.243 - - [03/Jun/2026:17:28:55 +0200] "POST /wp-cron.php?doing_wp_cron=1780500535.7383201122283935546875 HTTP/1.1" 200 1 "-" "WordPress/7.0; https://parma.elettroservicegroup.it"
114.119.148.161 - - [03/Jun/2026:17:28:54 +0200] "GET /assistenza-siemens-fidenza HTTP/1.1" 301 1 "https://parma.elettroservicegroup.it/assistenza-siemens-fidenza" "Mozilla/5.0 (Linux; Android 7.0;) AppleWebKit/537.36 (HTML, like Gecko) Mobile Safari/537.36 (compatible; PetalBot;+https://webmaster.petalsearch.com/site/petalbot)"
114.119.148.161 - - [03/Jun/2026:17:28:56 +0200] "GET /assistenza-siemens-fidenza/ HTTP/1.1" 200 22768 "https://parma.elettroservicegroup.it/assistenza-siemens-fidenza" "Mozilla/5.0 (Linux; Android 7.0;) AppleWebKit/537.36 (HTML, like Gecko) Mobile Safari/537.36 (compatible; PetalBot;+https://webmaster.petalsearch.com/site/petalbot)"
66.56.86.37 - - [03/Jun/2026:17:29:59 +0200] "POST /xmlrpc.php HTTP/1.1" 403 52 "-" "Mozilla/5.0 (Windows NT 10.0; Win64; x64) AppleWebKit/537.36 (KHTML, like Gecko) Chrome/114.0.0.0 YaBrowser/22.7.0 Yowser/2.5 Safari/537.36"
66.56.86.37 - - [03/Jun/2026:17:29:59 +0200] "POST /xmlrpc.php HTTP/1.1" 403 52 "-" "Mozilla/5.0 (Windows NT 10.0; Win64; x64) AppleWebKit/537.36 (KHTML, like Gecko) Chrome/114.0.0.0 YaBrowser/22.7.0 Yowser/2.5 Safari/537.36"
66.56.86.37 - - [03/Jun/2026:17:29:59 +0200] "POST /xmlrpc.php HTTP/1.1" 403 52 "-" "Mozilla/5.0 (Windows NT 10.0; Win64; x64) AppleWebKit/537.36 (KHTML, like Gecko) Chrome/114.0.0.0 YaBrowser/22.7.0 Yowser/2.5 Safari/537.36"
66.56.86.37 - - [03/Jun/2026:17:29:59 +0200] "POST /xmlrpc.php HTTP/1.1" 403 52 "-" "Mozilla/5.0 (Windows NT 10.0; Win64; x64) AppleWebKit/537.36 (KHTML, like Gecko) Chrome/114.0.0.0 YaBrowser/22.7.0 Yowser/2.5 Safari/537.36"
65.108.235.243 - - [03/Jun/2026:17:30:20 +0200] "POST /wp-cron.php?doing_wp_cron=1780500620.6361749172210693359375 HTTP/1.1" 200 1 "-" "WordPress/7.0; https://parma.elettroservicegroup.it"
114.119.137.153 - - [03/Jun/2026:17:30:18 +0200] "GET /assistenza-siemens-collecchio/ HTTP/1.1" 200 22766 "https://parma.elettroservicegroup.it/assistenza-siemens-collecchio/" "Mozilla/5.0 (Linux; Android 7.0;) AppleWebKit/537.36 (HTML, like Gecko) Mobile Safari/537.36 (compatible; PetalBot;+https://webmaster.petalsearch.com/site/petalbot)"
65.108.235.243 - - [03/Jun/2026:17:31:43 +0200] "POST /wp-cron.php?doing_wp_cron=1780500703.5132839679718017578125 HTTP/1.1" 200 1 "-" "WordPress/7.0; https://parma.elettroservicegroup.it"
114.119.137.153 - - [03/Jun/2026:17:31:41 +0200] "GET /assistenza-lavatrici/riparazione/ HTTP/1.1" 200 17669 "https://parma.elettroservicegroup.it/assistenza-lavatrici/riparazione/" "Mozilla/5.0 (Linux; Android 7.0;) AppleWebKit/537.36 (HTML, like Gecko) Mobile Safari/537.36 (compatible; PetalBot;+https://webmaster.petalsearch.com/site/petalbot)"
65.108.235.243 - - [03/Jun/2026:17:33:06 +0200] "POST /wp-cron.php?doing_wp_cron=1780500786.8601350784301757812500 HTTP/1.1" 200 1 "-" "WordPress/7.0; https://parma.elettroservicegroup.it"
114.119.132.207 - - [03/Jun/2026:17:33:05 +0200] "GET /assistenza-lavatrici/lavastoviglie-2 HTTP/1.1" 301 1 "https://parma.elettroservicegroup.it/assistenza-lavatrici/lavastoviglie-2" "Mozilla/5.0 (Linux; Android 7.0;) AppleWebKit/537.36 (HTML, like Gecko) Mobile Safari/537.36 (compatible; PetalBot;+https://webmaster.petalsearch.com/site/petalbot)"
114.119.132.207 - - [03/Jun/2026:17:33:07 +0200] "GET /assistenza-lavatrici/lavastoviglie-2/ HTTP/1.1" 200 17671 "https://parma.elettroservicegroup.it/assistenza-lavatrici/lavastoviglie-2" "Mozilla/5.0 (Linux; Android 7.0;) AppleWebKit/537.36 (HTML, like Gecko) Mobile Safari/537.36 (compatible; PetalBot;+https://webmaster.petalsearch.com/site/petalbot)"
65.108.235.243 - - [03/Jun/2026:17:34:01 +0200] "POST /wp-cron.php?doing_wp_cron=1780500841.9399719238281250000000 HTTP/1.1" 200 1 "-" "WordPress/7.0; https://parma.elettroservicegroup.it"
72.14.201.18 - - [03/Jun/2026:17:34:00 +0200] "GET /?gad_source=1&gad_campaignid=23795906066&gbraid=0AAAABDgs-LR-WsNii7xG4Ddj--tRj55V0&gclid=EAIaIQobChMIy9e9wLLrlAMVnZODBx2hGxU5EAAYASAAEgK3hPD_BwE HTTP/2.0" 200 22406 "https://www.google.com/" "Mozilla/5.0 (Windows NT 10.0; Win64; x64) AppleWebKit/537.36 (KHTML, like Gecko) Chrome/148.0.0.0 Safari/537.36"
114.119.137.98 - - [03/Jun/2026:17:34:28 +0200] "GET /assistenza-lavatrici-rex-electrolux-fidenza/ HTTP/1.1" 200 22617 "https://parma.elettroservicegroup.it/assistenza-lavatrici-rex-electrolux-fidenza" "Mozilla/5.0 (Linux; Android 7.0;) AppleWebKit/537.36 (HTML, like Gecko) Mobile Safari/537.36 (compatible; PetalBot;+https://webmaster.petalsearch.com/site/petalbot)"
65.108.235.243 - - [03/Jun/2026:17:35:54 +0200] "POST /wp-cron.php?doing_wp_cron=1780500954.0357909202575683593750 HTTP/1.1" 200 1 "-" "WordPress/7.0; https://parma.elettroservicegroup.it"
114.119.141.228 - - [03/Jun/2026:17:35:52 +0200] "GET /assistenza-lavatrici-indesit-collecchio/ HTTP/1.1" 200 22701 "https://parma.elettroservicegroup.it/assistenza-lavatrici-indesit-collecchio" "Mozilla/5.0 (Linux; Android 7.0;) AppleWebKit/537.36 (HTML, like Gecko) Mobile Safari/537.36 (compatible; PetalBot;+https://webmaster.petalsearch.com/site/petalbot)"
65.108.235.243 - - [03/Jun/2026:17:37:17 +0200] "POST /wp-cron.php?doing_wp_cron=1780501037.2070839405059814453125 HTTP/1.1" 200 1 "-" "WordPress/7.0; https://parma.elettroservicegroup.it"
114.119.137.153 - - [03/Jun/2026:17:37:15 +0200] "GET /assistenza-lavatrici-collecchio HTTP/1.1" 301 1 "https://parma.elettroservicegroup.it/assistenza-lavatrici-collecchio" "Mozilla/5.0 (Linux; Android 7.0;) AppleWebKit/537.36 (HTML, like Gecko) Mobile Safari/537.36 (compatible; PetalBot;+https://webmaster.petalsearch.com/site/petalbot)"
