95.252.245.225 - - [03/Jun/2026:15:47:41 +0200] "GET /wp-includes/js/jquery/ui/core.min.js?ver=1.13.3 HTTP/2.0" 200 6820 "https://parma.elettroservicegroup.it/assistenza-rex-electrolux-parma/" "Mozilla/5.0 (Windows NT 10.0; Win64; x64) AppleWebKit/537.36 (KHTML, like Gecko) Chrome/148.0.0.0 Safari/537.36"
95.252.245.225 - - [03/Jun/2026:15:47:41 +0200] "GET /wp-content/plugins/elementor/assets/js/frontend.min.js?ver=4.1.1 HTTP/2.0" 200 10140 "https://parma.elettroservicegroup.it/assistenza-rex-electrolux-parma/" "Mozilla/5.0 (Windows NT 10.0; Win64; x64) AppleWebKit/537.36 (KHTML, like Gecko) Chrome/148.0.0.0 Safari/537.36"
95.252.245.225 - - [03/Jun/2026:15:47:41 +0200] "GET /wp-content/themes/generatepress/assets/js/back-to-top.min.js?ver=3.6.1 HTTP/2.0" 200 336 "https://parma.elettroservicegroup.it/assistenza-rex-electrolux-parma/" "Mozilla/5.0 (Windows NT 10.0; Win64; x64) AppleWebKit/537.36 (KHTML, like Gecko) Chrome/148.0.0.0 Safari/537.36"
95.252.245.225 - - [03/Jun/2026:15:47:41 +0200] "GET /wp-content/themes/generatepress/assets/js/menu.min.js?ver=3.6.1 HTTP/2.0" 200 1688 "https://parma.elettroservicegroup.it/assistenza-rex-electrolux-parma/" "Mozilla/5.0 (Windows NT 10.0; Win64; x64) AppleWebKit/537.36 (KHTML, like Gecko) Chrome/148.0.0.0 Safari/537.36"
95.252.245.225 - - [03/Jun/2026:15:47:41 +0200] "GET /wp-content/plugins/complianz-gdpr-premium/cookiebanner/js/complianz.min.js?ver=1775574923 HTTP/2.0" 200 10708 "https://parma.elettroservicegroup.it/assistenza-rex-electrolux-parma/" "Mozilla/5.0 (Windows NT 10.0; Win64; x64) AppleWebKit/537.36 (KHTML, like Gecko) Chrome/148.0.0.0 Safari/537.36"
95.252.245.225 - - [03/Jun/2026:15:47:41 +0200] "GET /wp-content/uploads/2022/10/COPERTINA-5.png HTTP/2.0" 200 238875 "https://parma.elettroservicegroup.it/wp-content/uploads/elementor/css/post-17354.css?ver=1780271961" "Mozilla/5.0 (Windows NT 10.0; Win64; x64) AppleWebKit/537.36 (KHTML, like Gecko) Chrome/148.0.0.0 Safari/537.36"
95.252.245.225 - - [03/Jun/2026:15:47:41 +0200] "GET /wp-content/uploads/2022/01/elett5-2.jpg HTTP/2.0" 200 11223 "https://parma.elettroservicegroup.it/assistenza-rex-electrolux-parma/" "Mozilla/5.0 (Windows NT 10.0; Win64; x64) AppleWebKit/537.36 (KHTML, like Gecko) Chrome/148.0.0.0 Safari/537.36"
95.252.245.225 - - [03/Jun/2026:15:47:41 +0200] "GET /wp-content/uploads/2022/01/tecnico-elettro-2.jpg HTTP/2.0" 200 59916 "https://parma.elettroservicegroup.it/assistenza-rex-electrolux-parma/" "Mozilla/5.0 (Windows NT 10.0; Win64; x64) AppleWebKit/537.36 (KHTML, like Gecko) Chrome/148.0.0.0 Safari/537.36"
95.252.245.225 - - [03/Jun/2026:15:47:41 +0200] "GET /wp-content/plugins/elementor/assets/lib/font-awesome/webfonts/fa-regular-400.woff2 HTTP/2.0" 200 13277 "https://parma.elettroservicegroup.it/wp-content/cache/wpfc-minified/7aujoglc/4bx27.css" "Mozilla/5.0 (Windows NT 10.0; Win64; x64) AppleWebKit/537.36 (KHTML, like Gecko) Chrome/148.0.0.0 Safari/537.36"
95.252.245.225 - - [03/Jun/2026:15:47:41 +0200] "GET /wp-content/uploads/elementor/google-fonts/fonts/roboto-kfo7cnqeu92fr1me7ksn66agldtyluama3yuba.woff2 HTTP/2.0" 200 40132 "https://parma.elettroservicegroup.it/wp-content/cache/wpfc-minified/fpvwzn7j/4bjek.css" "Mozilla/5.0 (Windows NT 10.0; Win64; x64) AppleWebKit/537.36 (KHTML, like Gecko) Chrome/148.0.0.0 Safari/537.36"
95.252.245.225 - - [03/Jun/2026:15:47:41 +0200] "GET /wp-content/plugins/elementor/assets/lib/font-awesome/webfonts/fa-solid-900.woff2 HTTP/2.0" 200 78201 "https://parma.elettroservicegroup.it/wp-content/cache/wpfc-minified/7aujoglc/4bx27.css" "Mozilla/5.0 (Windows NT 10.0; Win64; x64) AppleWebKit/537.36 (KHTML, like Gecko) Chrome/148.0.0.0 Safari/537.36"
95.252.245.225 - - [03/Jun/2026:15:47:41 +0200] "POST /wp-content/plugins/burst-statistics/endpoint.php HTTP/2.0" 200 1 "https://parma.elettroservicegroup.it/assistenza-rex-electrolux-parma/" "Mozilla/5.0 (Windows NT 10.0; Win64; x64) AppleWebKit/537.36 (KHTML, like Gecko) Chrome/148.0.0.0 Safari/537.36"
95.252.245.225 - - [03/Jun/2026:15:47:41 +0200] "GET /wp-content/plugins/elementor/assets/js/section-frontend-handlers.d85ab872da118940910d.bundle.min.js HTTP/2.0" 200 230 "https://parma.elettroservicegroup.it/assistenza-rex-electrolux-parma/" "Mozilla/5.0 (Windows NT 10.0; Win64; x64) AppleWebKit/537.36 (KHTML, like Gecko) Chrome/148.0.0.0 Safari/537.36"
95.252.245.225 - - [03/Jun/2026:15:47:41 +0200] "GET /wp-content/plugins/elementor/assets/js/text-editor.45609661e409413f1cef.bundle.min.js HTTP/2.0" 200 592 "https://parma.elettroservicegroup.it/assistenza-rex-electrolux-parma/" "Mozilla/5.0 (Windows NT 10.0; Win64; x64) AppleWebKit/537.36 (KHTML, like Gecko) Chrome/148.0.0.0 Safari/537.36"
95.252.245.225 - - [03/Jun/2026:15:47:41 +0200] "GET /wp-content/plugins/elementor/assets/js/shared-frontend-handlers.03caa53373b56d3bab67.bundle.min.js HTTP/2.0" 200 2515 "https://parma.elettroservicegroup.it/assistenza-rex-electrolux-parma/" "Mozilla/5.0 (Windows NT 10.0; Win64; x64) AppleWebKit/537.36 (KHTML, like Gecko) Chrome/148.0.0.0 Safari/537.36"
65.108.235.243 - - [03/Jun/2026:15:47:41 +0200] "POST /wp-cron.php?doing_wp_cron=1780494461.9370300769805908203125 HTTP/1.1" 200 1 "-" "WordPress/7.0; https://parma.elettroservicegroup.it"
95.252.245.225 - - [03/Jun/2026:15:47:41 +0200] "GET /wp-content/uploads/2021/10/cropped-cropped-cropped-cropped-logo_white_background-32x32.png HTTP/2.0" 200 1525 "https://parma.elettroservicegroup.it/assistenza-rex-electrolux-parma/" "Mozilla/5.0 (Windows NT 10.0; Win64; x64) AppleWebKit/537.36 (KHTML, like Gecko) Chrome/148.0.0.0 Safari/537.36"
95.252.245.225 - - [03/Jun/2026:15:47:41 +0200] "GET /wp-json/complianz/v1/banner?lang=it&locale=it_IT&token=edzvp HTTP/2.0" 200 84 "https://parma.elettroservicegroup.it/assistenza-rex-electrolux-parma/" "Mozilla/5.0 (Windows NT 10.0; Win64; x64) AppleWebKit/537.36 (KHTML, like Gecko) Chrome/148.0.0.0 Safari/537.36"
95.252.245.225 - - [03/Jun/2026:15:47:42 +0200] "GET /wp-content/uploads/complianz/css/banner-1-optin.css?v=46 HTTP/2.0" 200 2617 "https://parma.elettroservicegroup.it/assistenza-rex-electrolux-parma/" "Mozilla/5.0 (Windows NT 10.0; Win64; x64) AppleWebKit/537.36 (KHTML, like Gecko) Chrome/148.0.0.0 Safari/537.36"
95.252.245.225 - - [03/Jun/2026:15:47:42 +0200] "GET /wp-json/complianz/v1/cookie_data HTTP/2.0" 200 81 "https://parma.elettroservicegroup.it/assistenza-rex-electrolux-parma/" "Mozilla/5.0 (Windows NT 10.0; Win64; x64) AppleWebKit/537.36 (KHTML, like Gecko) Chrome/148.0.0.0 Safari/537.36"
95.252.245.225 - - [03/Jun/2026:15:47:45 +0200] "POST /wp-content/plugins/burst-statistics/endpoint.php HTTP/2.0" 200 1 "https://parma.elettroservicegroup.it/assistenza-rex-electrolux-parma/" "Mozilla/5.0 (Windows NT 10.0; Win64; x64) AppleWebKit/537.36 (KHTML, like Gecko) Chrome/148.0.0.0 Safari/537.36"
95.252.245.225 - - [03/Jun/2026:15:47:45 +0200] "POST /wp-json/complianz/v1/track HTTP/2.0" 200 - "https://parma.elettroservicegroup.it/assistenza-rex-electrolux-parma/" "Mozilla/5.0 (Windows NT 10.0; Win64; x64) AppleWebKit/537.36 (KHTML, like Gecko) Chrome/148.0.0.0 Safari/537.36"
65.108.235.243 - - [03/Jun/2026:15:49:04 +0200] "POST /wp-cron.php?doing_wp_cron=1780494544.8753600120544433593750 HTTP/1.1" 200 1 "-" "WordPress/7.0; https://parma.elettroservicegroup.it"
162.120.188.8 - - [03/Jun/2026:15:49:02 +0200] "GET /assistenza-lavatrici-rex-electrolux-parma/ HTTP/2.0" 200 22489 "https://www.google.com/" "Mozilla/5.0 (Windows NT 10.0; Win64; x64) AppleWebKit/537.36 (KHTML, like Gecko) Chrome/148.0.0.0 Safari/537.36"
65.108.235.243 - - [03/Jun/2026:15:53:31 +0200] "POST /wp-cron.php?doing_wp_cron=1780494811.2040200233459472656250 HTTP/1.1" 200 1 "-" "WordPress/7.0; https://parma.elettroservicegroup.it"
74.7.243.225 - - [03/Jun/2026:15:53:29 +0200] "GET /sitemap.xml HTTP/2.0" 415 312 "-" "Mozilla/5.0 AppleWebKit/537.36 (KHTML, like Gecko; compatible; GPTBot/1.4; +https://openai.com/gptbot)"
65.108.235.243 - - [03/Jun/2026:15:53:47 +0200] "POST /wp-cron.php?doing_wp_cron=1780494827.9124829769134521484375 HTTP/1.1" 200 1 "-" "WordPress/7.0; https://parma.elettroservicegroup.it"
74.7.243.225 - - [03/Jun/2026:15:53:47 +0200] "GET /sitemap.rss HTTP/2.0" 415 1348 "-" "Mozilla/5.0 AppleWebKit/537.36 (KHTML, like Gecko; compatible; GPTBot/1.4; +https://openai.com/gptbot)"
147.53.161.78 - - [03/Jun/2026:16:06:10 +0200] "POST /wp-content/plugins/burst-statistics/endpoint.php HTTP/2.0" 200 1 "https://parma.elettroservicegroup.it/assistenza-rex-electrolux-parma/" "Mozilla/5.0 (Windows NT 10.0; Win64; x64) AppleWebKit/537.36 (KHTML, like Gecko) Chrome/148.0.0.0 Safari/537.36"
155.117.232.149 - - [03/Jun/2026:16:10:24 +0200] "GET /wp-json/link-vstavka/v1/health HTTP/1.1" 200 107 "-" "Mozilla/5.0 (Windows NT 10.0; Win64; x64) AppleWebKit/537.36 (KHTML, like Gecko) Chrome/124.0 Safari/537.36"
155.117.232.149 - - [03/Jun/2026:16:10:24 +0200] "GET /wp-admin/admin-ajax.php?action=lvb_bridge&lvb_action=health HTTP/1.1" 200 107 "-" "Mozilla/5.0 (Windows NT 10.0; Win64; x64) AppleWebKit/537.36 (KHTML, like Gecko) Chrome/124.0 Safari/537.36"
155.117.232.149 - - [03/Jun/2026:16:10:25 +0200] "GET /?lvb_bridge=1&lvb_action=health HTTP/1.1" 200 107 "-" "Mozilla/5.0 (Windows NT 10.0; Win64; x64) AppleWebKit/537.36 (KHTML, like Gecko) Chrome/124.0 Safari/537.36"
65.108.235.243 - - [03/Jun/2026:16:10:27 +0200] "POST /wp-cron.php?doing_wp_cron=1780495826.9951701164245605468750 HTTP/1.1" 200 1 "-" "WordPress/7.0; https://parma.elettroservicegroup.it"
155.117.232.149 - - [03/Jun/2026:16:10:25 +0200] "GET /wp-login.php HTTP/1.1" 302 - "https://parma.elettroservicegroup.it/wp-login.php" "Mozilla/5.0 (Windows NT 10.0; Win64; x64) AppleWebKit/537.36 (KHTML, like Gecko) Chrome/124.0 Safari/537.36"
155.117.232.149 - - [03/Jun/2026:16:10:27 +0200] "GET /wp-login.php HTTP/1.1" 302 - "https://parma.elettroservicegroup.it/wp-login.php" "Mozilla/5.0 (Windows NT 10.0; Win64; x64) AppleWebKit/537.36 (KHTML, like Gecko) Chrome/124.0 Safari/537.36"
65.108.235.243 - - [03/Jun/2026:16:14:41 +0200] "POST /wp-cron.php?doing_wp_cron=1780496081.3127949237823486328125 HTTP/1.1" 200 1 "-" "WordPress/7.0; https://parma.elettroservicegroup.it"
66.249.89.133 - - [03/Jun/2026:16:14:39 +0200] "GET /assistenza-lavastoviglie-smeg-parma/ HTTP/1.1" 200 22710 "-" "Mozilla/5.0 (Linux; Android 6.0.1; Nexus 5X Build/MMB29P) AppleWebKit/537.36 (KHTML, like Gecko) Chrome/148.0.7778.96 Mobile Safari/537.36 (compatible; AdsBot-Google-Mobile; +http://www.google.com/mobile/adsbot.html)"
66.249.89.134 - - [03/Jun/2026:16:14:43 +0200] "GET /wp-content/uploads/elementor/css/post-17315.css?ver=1780383255 HTTP/1.1" 200 2060 "https://parma.elettroservicegroup.it/assistenza-lavastoviglie-smeg-parma/" "AdsBot-Google (+http://www.google.com/adsbot.html)"
66.249.89.134 - - [03/Jun/2026:16:14:43 +0200] "GET /wp-content/plugins/elementor/assets/lib/font-awesome/css/all.min.css?ver=4.1.1 HTTP/1.1" 200 12402 "https://parma.elettroservicegroup.it/assistenza-lavastoviglie-smeg-parma/" "AdsBot-Google (+http://www.google.com/adsbot.html)"
66.249.89.133 - - [03/Jun/2026:16:14:43 +0200] "GET /wp-content/plugins/elementor/assets/lib/font-awesome/css/v4-shims.min.css?ver=4.1.1 HTTP/1.1" 200 3986 "https://parma.elettroservicegroup.it/assistenza-lavastoviglie-smeg-parma/" "AdsBot-Google (+http://www.google.com/adsbot.html)"
66.249.89.134 - - [03/Jun/2026:16:14:43 +0200] "GET /wp-content/uploads/elementor/css/post-14146.css?ver=1780326320 HTTP/1.1" 200 428 "https://parma.elettroservicegroup.it/assistenza-lavastoviglie-smeg-parma/" "AdsBot-Google (+http://www.google.com/adsbot.html)"
66.249.89.133 - - [03/Jun/2026:16:14:44 +0200] "GET /wp-includes/js/jquery/jquery-migrate.min.js?ver=3.4.1 HTTP/1.1" 200 4685 "https://parma.elettroservicegroup.it/assistenza-lavastoviglie-smeg-parma/" "AdsBot-Google (+http://www.google.com/adsbot.html)"
66.249.89.133 - - [03/Jun/2026:16:14:44 +0200] "GET /wp-content/plugins/elementor/assets/lib/eicons/css/elementor-icons.min.css?ver=5.49.0 HTTP/1.1" 200 4115 "https://parma.elettroservicegroup.it/assistenza-lavastoviglie-smeg-parma/" "AdsBot-Google (+http://www.google.com/adsbot.html)"
66.249.89.134 - - [03/Jun/2026:16:14:44 +0200] "GET /wp-content/plugins/elementor/assets/css/widget-heading.min.css?ver=4.1.1 HTTP/1.1" 200 127 "https://parma.elettroservicegroup.it/assistenza-lavastoviglie-smeg-parma/" "AdsBot-Google (+http://www.google.com/adsbot.html)"
66.249.89.133 - - [03/Jun/2026:16:14:44 +0200] "GET /wp-content/plugins/elementor/assets/css/widget-image.min.css?ver=4.1.1 HTTP/1.1" 200 96 "https://parma.elettroservicegroup.it/assistenza-lavastoviglie-smeg-parma/" "AdsBot-Google (+http://www.google.com/adsbot.html)"
66.249.89.133 - - [03/Jun/2026:16:14:45 +0200] "GET /wp-content/plugins/elementor/assets/lib/font-awesome/js/v4-shims.min.js?ver=4.1.1 HTTP/1.1" 200 4043 "https://parma.elettroservicegroup.it/assistenza-lavastoviglie-smeg-parma/" "AdsBot-Google (+http://www.google.com/adsbot.html)"
66.249.89.133 - - [03/Jun/2026:16:14:45 +0200] "GET /wp-content/plugins/header-footer-elementor/assets/css/header-footer-elementor.css?ver=2.8.8 HTTP/1.1" 200 260 "https://parma.elettroservicegroup.it/assistenza-lavastoviglie-smeg-parma/" "AdsBot-Google (+http://www.google.com/adsbot.html)"
66.249.89.133 - - [03/Jun/2026:16:14:45 +0200] "GET /wp-content/plugins/elementor/assets/lib/font-awesome/css/solid.css?ver=5.15.3 HTTP/1.1" 200 299 "https://parma.elettroservicegroup.it/assistenza-lavastoviglie-smeg-parma/" "AdsBot-Google (+http://www.google.com/adsbot.html)"
66.249.89.133 - - [03/Jun/2026:16:14:46 +0200] "GET /wp-content/plugins/elementor/assets/lib/eicons/css/elementor-icons.min.css?ver=5.34.0 HTTP/1.1" 200 4115 "https://parma.elettroservicegroup.it/assistenza-lavastoviglie-smeg-parma/" "AdsBot-Google (+http://www.google.com/adsbot.html)"
66.249.89.133 - - [03/Jun/2026:16:14:46 +0200] "GET /wp-content/plugins/elementor/assets/lib/font-awesome/css/regular.min.css?ver=5.15.3 HTTP/1.1" 200 282 "https://parma.elettroservicegroup.it/assistenza-lavastoviglie-smeg-parma/" "AdsBot-Google (+http://www.google.com/adsbot.html)"
66.249.89.134 - - [03/Jun/2026:16:14:46 +0200] "GET /wp-content/plugins/all-in-one-seo-pack/dist/Lite/assets/css/table-of-contents/global.e90f6d47.css?ver=4.9.7.2 HTTP/1.1" 200 420 "https://parma.elettroservicegroup.it/assistenza-lavastoviglie-smeg-parma/" "AdsBot-Google (+http://www.google.com/adsbot.html)"
66.249.89.134 - - [03/Jun/2026:16:14:47 +0200] "GET /wp-content/plugins/header-footer-elementor/inc/widgets-css/frontend.css?ver=2.8.8 HTTP/1.1" 200 8711 "https://parma.elettroservicegroup.it/assistenza-lavastoviglie-smeg-parma/" "AdsBot-Google (+http://www.google.com/adsbot.html)"
66.249.89.133 - - [03/Jun/2026:16:14:47 +0200] "GET /wp-content/plugins/gp-premium/menu-plus/functions/js/sticky.min.js?ver=2.5.5 HTTP/1.1" 200 2670 "https://parma.elettroservicegroup.it/assistenza-lavastoviglie-smeg-parma/" "AdsBot-Google (+http://www.google.com/adsbot.html)"
66.249.89.133 - - [03/Jun/2026:16:14:48 +0200] "GET /wp-content/plugins/elementor/assets/lib/font-awesome/css/fontawesome.min.css?ver=5.15.3 HTTP/1.1" 200 12179 "https://parma.elettroservicegroup.it/assistenza-lavastoviglie-smeg-parma/" "AdsBot-Google (+http://www.google.com/adsbot.html)"
66.249.89.133 - - [03/Jun/2026:16:14:48 +0200] "GET /wp-content/plugins/elementor/assets/js/webpack.runtime.min.js?ver=4.1.1 HTTP/1.1" 200 2340 "https://parma.elettroservicegroup.it/assistenza-lavastoviglie-smeg-parma/" "AdsBot-Google (+http://www.google.com/adsbot.html)"
66.249.89.133 - - [03/Jun/2026:16:14:48 +0200] "GET /wp-content/plugins/elementor/assets/lib/font-awesome/css/fontawesome.css?ver=5.15.3 HTTP/1.1" 200 12535 "https://parma.elettroservicegroup.it/assistenza-lavastoviglie-smeg-parma/" "AdsBot-Google (+http://www.google.com/adsbot.html)"
66.249.89.133 - - [03/Jun/2026:16:14:49 +0200] "GET /wp-content/uploads/elementor/google-fonts/css/robotoslab.css?ver=1742280362 HTTP/1.1" 200 715 "https://parma.elettroservicegroup.it/assistenza-lavastoviglie-smeg-parma/" "AdsBot-Google (+http://www.google.com/adsbot.html)"
66.249.89.133 - - [03/Jun/2026:16:14:49 +0200] "GET /wp-content/uploads/elementor/google-fonts/css/roboto.css?ver=1742280360 HTTP/1.1" 200 1880 "https://parma.elettroservicegroup.it/assistenza-lavastoviglie-smeg-parma/" "AdsBot-Google (+http://www.google.com/adsbot.html)"
66.249.89.133 - - [03/Jun/2026:16:14:49 +0200] "GET /wp-content/plugins/elementor/assets/lib/animations/styles/zoomIn.min.css?ver=4.1.1 HTTP/1.1" 200 87 "https://parma.elettroservicegroup.it/assistenza-lavastoviglie-smeg-parma/" "AdsBot-Google (+http://www.google.com/adsbot.html)"
66.249.89.133 - - [03/Jun/2026:16:14:50 +0200] "GET /wp-includes/js/jquery/jquery.min.js?ver=3.7.1 HTTP/1.1" 200 29769 "https://parma.elettroservicegroup.it/assistenza-lavastoviglie-smeg-parma/" "AdsBot-Google (+http://www.google.com/adsbot.html)"
66.249.89.133 - - [03/Jun/2026:16:14:50 +0200] "GET /wp-content/plugins/elementor/assets/lib/font-awesome/css/solid.min.css?ver=5.15.3 HTTP/1.1" 200 286 "https://parma.elettroservicegroup.it/assistenza-lavastoviglie-smeg-parma/" "AdsBot-Google (+http://www.google.com/adsbot.html)"
66.249.89.133 - - [03/Jun/2026:16:14:50 +0200] "GET /wp-content/plugins/gp-premium/menu-plus/functions/css/navigation-branding-flex.min.css?ver=2.5.5 HTTP/1.1" 200 542 "https://parma.elettroservicegroup.it/assistenza-lavastoviglie-smeg-parma/" "AdsBot-Google (+http://www.google.com/adsbot.html)"
66.249.89.133 - - [03/Jun/2026:16:14:50 +0200] "GET /wp-content/uploads/elementor/css/post-14366.css?ver=1780326320 HTTP/1.1" 200 302 "https://parma.elettroservicegroup.it/assistenza-lavastoviglie-smeg-parma/" "AdsBot-Google (+http://www.google.com/adsbot.html)"
66.249.89.133 - - [03/Jun/2026:16:14:51 +0200] "GET /wp-content/plugins/complianz-gdpr-premium/assets/css/cookieblocker.min.css?ver=1780326315 HTTP/1.1" 200 615 "https://parma.elettroservicegroup.it/assistenza-lavastoviglie-smeg-parma/" "AdsBot-Google (+http://www.google.com/adsbot.html)"
66.249.89.133 - - [03/Jun/2026:16:14:51 +0200] "GET /wp-content/plugins/elementor/assets/css/widget-icon-list.min.css?ver=3.24.3 HTTP/1.1" 200 928 "https://parma.elettroservicegroup.it/assistenza-lavastoviglie-smeg-parma/" "AdsBot-Google (+http://www.google.com/adsbot.html)"
66.249.89.133 - - [03/Jun/2026:16:14:52 +0200] "GET /wp-content/plugins/elementor/assets/lib/animations/styles/bounceIn.min.css?ver=4.1.1 HTTP/1.1" 200 186 "https://parma.elettroservicegroup.it/assistenza-lavastoviglie-smeg-parma/" "AdsBot-Google (+http://www.google.com/adsbot.html)"
66.249.89.133 - - [03/Jun/2026:16:14:52 +0200] "GET /wp-content/plugins/elementor/assets/css/frontend.min.css?ver=4.1.1 HTTP/1.1" 200 6618 "https://parma.elettroservicegroup.it/assistenza-lavastoviglie-smeg-parma/" "AdsBot-Google (+http://www.google.com/adsbot.html)"
66.249.89.133 - - [03/Jun/2026:16:14:52 +0200] "GET /wp-content/plugins/elementor/assets/css/widget-social-icons.min.css?ver=3.24.0 HTTP/1.1" 200 1039 "https://parma.elettroservicegroup.it/assistenza-lavastoviglie-smeg-parma/" "AdsBot-Google (+http://www.google.com/adsbot.html)"
66.249.89.133 - - [03/Jun/2026:16:14:52 +0200] "GET /wp-content/plugins/elementor/assets/css/widget-spacer.min.css?ver=4.1.1 HTTP/1.1" 200 287 "https://parma.elettroservicegroup.it/assistenza-lavastoviglie-smeg-parma/" "AdsBot-Google (+http://www.google.com/adsbot.html)"
66.249.89.133 - - [03/Jun/2026:16:14:53 +0200] "GET /wp-content/plugins/elementor/assets/lib/font-awesome/css/brands.css?ver=5.15.3 HTTP/1.1" 200 298 "https://parma.elettroservicegroup.it/assistenza-lavastoviglie-smeg-parma/" "AdsBot-Google (+http://www.google.com/adsbot.html)"
66.249.89.133 - - [03/Jun/2026:16:14:53 +0200] "GET /wp-content/themes/generatepress/assets/css/main.min.css?ver=3.6.1 HTTP/1.1" 200 4410 "https://parma.elettroservicegroup.it/assistenza-lavastoviglie-smeg-parma/" "AdsBot-Google (+http://www.google.com/adsbot.html)"
66.249.89.133 - - [03/Jun/2026:16:14:54 +0200] "GET /wp-content/plugins/elementor/assets/js/frontend-modules.min.js?ver=4.1.1 HTTP/1.1" 200 15454 "https://parma.elettroservicegroup.it/assistenza-lavastoviglie-smeg-parma/" "AdsBot-Google (+http://www.google.com/adsbot.html)"
66.249.89.133 - - [03/Jun/2026:16:14:54 +0200] "GET /wp-includes/js/jquery/ui/core.min.js?ver=1.13.3 HTTP/1.1" 200 6820 "https://parma.elettroservicegroup.it/assistenza-lavastoviglie-smeg-parma/" "AdsBot-Google (+http://www.google.com/adsbot.html)"
66.249.89.133 - - [03/Jun/2026:16:14:54 +0200] "GET /wp-content/uploads/burst/js/burst.min.js?ver=1780480337 HTTP/1.1" 200 3166 "https://parma.elettroservicegroup.it/assistenza-lavastoviglie-smeg-parma/" "AdsBot-Google (+http://www.google.com/adsbot.html)"
66.249.89.133 - - [03/Jun/2026:16:14:54 +0200] "GET /wp-content/themes/generatepress/assets/js/back-to-top.min.js?ver=3.6.1 HTTP/1.1" 200 336 "https://parma.elettroservicegroup.it/assistenza-lavastoviglie-smeg-parma/" "AdsBot-Google (+http://www.google.com/adsbot.html)"
66.249.89.133 - - [03/Jun/2026:16:14:55 +0200] "GET /wp-content/plugins/elementor/assets/js/frontend.min.js?ver=4.1.1 HTTP/1.1" 200 10140 "https://parma.elettroservicegroup.it/assistenza-lavastoviglie-smeg-parma/" "AdsBot-Google (+http://www.google.com/adsbot.html)"
66.249.89.133 - - [03/Jun/2026:16:14:55 +0200] "GET /wp-content/plugins/complianz-gdpr-premium/cookiebanner/js/complianz.min.js?ver=1780326315 HTTP/1.1" 200 10708 "https://parma.elettroservicegroup.it/assistenza-lavastoviglie-smeg-parma/" "AdsBot-Google (+http://www.google.com/adsbot.html)"
66.249.89.133 - - [03/Jun/2026:16:14:55 +0200] "GET /wp-content/themes/generatepress/assets/js/menu.min.js?ver=3.6.1 HTTP/1.1" 200 1688 "https://parma.elettroservicegroup.it/assistenza-lavastoviglie-smeg-parma/" "AdsBot-Google (+http://www.google.com/adsbot.html)"
66.249.89.133 - - [03/Jun/2026:16:14:56 +0200] "GET /wp-content/plugins/burst-statistics/assets/js/timeme/timeme.min.js?ver=1780257074 HTTP/1.1" 200 1835 "https://parma.elettroservicegroup.it/assistenza-lavastoviglie-smeg-parma/" "AdsBot-Google (+http://www.google.com/adsbot.html)"
66.249.89.133 - - [03/Jun/2026:16:14:56 +0200] "GET /wp-content/plugins/elementor/assets/lib/font-awesome/webfonts/fa-solid-900.woff2 HTTP/1.1" 200 78201 "https://parma.elettroservicegroup.it/wp-content/plugins/elementor/assets/lib/font-awesome/css/all.min.css?ver=4.1.1" "AdsBot-Google (+http://www.google.com/adsbot.html)"
66.249.89.133 - - [03/Jun/2026:16:14:57 +0200] "GET /wp-content/plugins/elementor/assets/lib/font-awesome/webfonts/fa-regular-400.woff2 HTTP/1.1" 200 13277 "https://parma.elettroservicegroup.it/wp-content/plugins/elementor/assets/lib/font-awesome/css/all.min.css?ver=4.1.1" "AdsBot-Google (+http://www.google.com/adsbot.html)"
66.249.89.133 - - [03/Jun/2026:16:14:57 +0200] "GET /wp-content/uploads/elementor/google-fonts/fonts/roboto-kfo7cnqeu92fr1me7ksn66agldtyluama3yuba.woff2 HTTP/1.1" 200 40132 "https://parma.elettroservicegroup.it/wp-content/uploads/elementor/google-fonts/css/roboto.css?ver=1742280360" "AdsBot-Google (+http://www.google.com/adsbot.html)"
65.108.235.243 - - [03/Jun/2026:16:14:59 +0200] "POST /wp-cron.php?doing_wp_cron=1780496099.2081449031829833984375 HTTP/1.1" 200 1 "-" "WordPress/7.0; https://parma.elettroservicegroup.it"
66.249.89.133 - - [03/Jun/2026:16:14:59 +0200] "GET /wp-json/complianz/v1/banner?lang=it&locale=it_IT&token=elxap HTTP/1.1" 200 84 "https://parma.elettroservicegroup.it/assistenza-lavastoviglie-smeg-parma/" "AdsBot-Google (+http://www.google.com/adsbot.html)"
66.249.89.133 - - [03/Jun/2026:16:15:00 +0200] "GET /wp-json/complianz/v1/cookie_data HTTP/1.1" 200 81 "https://parma.elettroservicegroup.it/assistenza-lavastoviglie-smeg-parma/" "AdsBot-Google (+http://www.google.com/adsbot.html)"
66.249.89.133 - - [03/Jun/2026:16:15:00 +0200] "GET /wp-content/uploads/complianz/css/banner-1-optin.css?v=46 HTTP/1.1" 200 2617 "https://parma.elettroservicegroup.it/assistenza-lavastoviglie-smeg-parma/" "AdsBot-Google (+http://www.google.com/adsbot.html)"
66.249.89.134 - - [03/Jun/2026:16:15:10 +0200] "GET /wp-content/plugins/elementor/assets/js/shared-frontend-handlers.03caa53373b56d3bab67.bundle.min.js HTTP/1.1" 200 2515 "https://parma.elettroservicegroup.it/assistenza-lavastoviglie-smeg-parma/" "AdsBot-Google (+http://www.google.com/adsbot.html)"
66.249.89.134 - - [03/Jun/2026:16:15:10 +0200] "GET /wp-content/plugins/elementor/assets/js/section-frontend-handlers.d85ab872da118940910d.bundle.min.js HTTP/1.1" 200 230 "https://parma.elettroservicegroup.it/assistenza-lavastoviglie-smeg-parma/" "AdsBot-Google (+http://www.google.com/adsbot.html)"
66.249.89.134 - - [03/Jun/2026:16:15:10 +0200] "GET /wp-content/plugins/elementor/assets/js/text-editor.45609661e409413f1cef.bundle.min.js HTTP/1.1" 200 592 "https://parma.elettroservicegroup.it/assistenza-lavastoviglie-smeg-parma/" "AdsBot-Google (+http://www.google.com/adsbot.html)"
65.108.235.243 - - [03/Jun/2026:16:16:18 +0200] "POST /wp-cron.php?doing_wp_cron=1780496178.0376260280609130859375 HTTP/1.1" 200 1 "-" "WordPress/7.0; https://parma.elettroservicegroup.it"
66.249.89.134 - - [03/Jun/2026:16:16:16 +0200] "GET /assistenza-aeg-parma/ HTTP/1.1" 200 23012 "-" "Mozilla/5.0 (Linux; Android 6.0.1; Nexus 5X Build/MMB29P) AppleWebKit/537.36 (KHTML, like Gecko) Chrome/148.0.7778.96 Mobile Safari/537.36 (compatible; AdsBot-Google-Mobile; +http://www.google.com/mobile/adsbot.html)"
66.249.89.133 - - [03/Jun/2026:16:16:19 +0200] "GET /wp-content/uploads/elementor/css/post-17266.css?ver=1780413997 HTTP/1.1" 200 2169 "https://parma.elettroservicegroup.it/assistenza-aeg-parma/" "AdsBot-Google (+http://www.google.com/adsbot.html)"
66.249.89.133 - - [03/Jun/2026:16:16:37 +0200] "GET /assistenza-bosch-fidenza/ HTTP/1.1" 200 22736 "-" "Mozilla/5.0 (Linux; Android 6.0.1; Nexus 5X Build/MMB29P) AppleWebKit/537.36 (KHTML, like Gecko) Chrome/148.0.7778.96 Mobile Safari/537.36 (compatible; AdsBot-Google-Mobile; +http://www.google.com/mobile/adsbot.html)"
66.249.89.133 - - [03/Jun/2026:16:16:39 +0200] "GET /wp-content/uploads/elementor/css/post-17275.css?ver=1780496197 HTTP/1.1" 200 2169 "https://parma.elettroservicegroup.it/assistenza-bosch-fidenza/" "AdsBot-Google (+http://www.google.com/adsbot.html)"
66.249.89.134 - - [03/Jun/2026:16:16:40 +0200] "GET /wp-content/plugins/complianz-gdpr-premium/assets/css/cookieblocker.min.css?ver=1780326315 HTTP/1.1" 200 615 "https://parma.elettroservicegroup.it/assistenza-bosch-fidenza/" "AdsBot-Google (+http://www.google.com/adsbot.html)"
66.249.89.133 - - [03/Jun/2026:16:16:40 +0200] "GET /wp-content/uploads/elementor/css/post-14366.css?ver=1780326320 HTTP/1.1" 200 302 "https://parma.elettroservicegroup.it/assistenza-bosch-fidenza/" "AdsBot-Google (+http://www.google.com/adsbot.html)"
66.249.89.134 - - [03/Jun/2026:16:16:40 +0200] "GET /wp-content/uploads/burst/js/burst.min.js?ver=1780480337 HTTP/1.1" 200 3166 "https://parma.elettroservicegroup.it/assistenza-bosch-fidenza/" "AdsBot-Google (+http://www.google.com/adsbot.html)"
66.249.89.134 - - [03/Jun/2026:16:16:40 +0200] "GET /wp-content/plugins/complianz-gdpr-premium/cookiebanner/js/complianz.min.js?ver=1780326315 HTTP/1.1" 200 10708 "https://parma.elettroservicegroup.it/assistenza-bosch-fidenza/" "AdsBot-Google (+http://www.google.com/adsbot.html)"
66.249.89.134 - - [03/Jun/2026:16:16:41 +0200] "GET /wp-content/uploads/elementor/google-fonts/fonts/roboto-kfo7cnqeu92fr1me7ksn66agldtyluama3yuba.woff2 HTTP/1.1" 304 - "https://parma.elettroservicegroup.it/wp-content/uploads/elementor/google-fonts/css/roboto.css?ver=1742280360" "AdsBot-Google (+http://www.google.com/adsbot.html)"
162.120.187.143 - - [03/Jun/2026:16:53:53 +0200] "GET /assistenza-miele-parma/ HTTP/2.0" 200 22512 "https://www.google.com/" "Mozilla/5.0 (Windows NT 10.0; Win64; x64) AppleWebKit/537.36 (KHTML, like Gecko) Chrome/147.0.0.0 Safari/537.36"
65.108.235.243 - - [03/Jun/2026:16:53:55 +0200] "POST /wp-cron.php?doing_wp_cron=1780498435.5966329574584960937500 HTTP/1.1" 200 1 "-" "WordPress/7.0; https://parma.elettroservicegroup.it"
65.108.235.243 - - [03/Jun/2026:16:53:55 +0200] "POST /wp-cron.php?doing_wp_cron=1780498435.5964400768280029296875 HTTP/1.1" 200 1 "-" "WordPress/7.0; https://parma.elettroservicegroup.it"
142.250.32.6 - - [03/Jun/2026:16:53:53 +0200] "GET /.well-known/traffic-advice HTTP/1.1" 404 16873 "-" "Chrome Privacy Preserving Prefetch Proxy"
142.250.32.7 - - [03/Jun/2026:16:53:53 +0200] "GET /.well-known/traffic-advice HTTP/1.1" 404 16873 "-" "Chrome Privacy Preserving Prefetch Proxy"
162.120.187.10 - - [03/Jun/2026:16:53:54 +0200] "GET /assistenza-miele-parma/?gad_source=1&gad_campaignid=23795906066&gbraid=0AAAABDgs-LR-WsNii7xG4Ddj--tRj55V0&gclid=Cj0KCQjwof_QBhCgARIsADaMzOdqk51iP1N1RDF-eikhrBaY05Vd1gh8C9i49ZqlakyYQysInuqv8pEaAkBgEALw_wcB HTTP/2.0" 200 22647 "https://www.google.com/" "Mozilla/5.0 (Windows NT 10.0; Win64; x64) AppleWebKit/537.36 (KHTML, like Gecko) Chrome/147.0.0.0 Safari/537.36"
65.108.235.243 - - [03/Jun/2026:16:54:29 +0200] "POST /wp-cron.php?doing_wp_cron=1780498469.4927649497985839843750 HTTP/1.1" 200 1 "-" "WordPress/7.0; https://parma.elettroservicegroup.it"
82.60.193.47 - - [03/Jun/2026:16:54:27 +0200] "GET /assistenza-forni-elettrici-/?gad_source=1&gad_campaignid=23795906066&gbraid=0AAAABDgs-LR-WsNii7xG4Ddj--tRj55V0&gclid=Cj0KCQjwof_QBhCgARIsADaMzOdP3Pbi5D1gs2Tc9WA_E4D06_x5DlCBCF3UBRdV82NNru_cMifXZ9EaAiiGEALw_wcB HTTP/2.0" 200 20718 "https://www.google.com/" "Mozilla/5.0 (Windows NT 10.0; Win64; x64) AppleWebKit/537.36 (KHTML, like Gecko) Chrome/147.0.0.0 Safari/537.36"
82.60.193.47 - - [03/Jun/2026:16:54:29 +0200] "GET /wp-content/plugins/header-footer-elementor/assets/css/header-footer-elementor.css?ver=2.8.8 HTTP/2.0" 200 260 "https://parma.elettroservicegroup.it/assistenza-forni-elettrici-/?gad_source=1&gad_campaignid=23795906066&gbraid=0AAAABDgs-LR-WsNii7xG4Ddj--tRj55V0&gclid=Cj0KCQjwof_QBhCgARIsADaMzOdP3Pbi5D1gs2Tc9WA_E4D06_x5DlCBCF3UBRdV82NNru_cMifXZ9EaAiiGEALw_wcB" "Mozilla/5.0 (Windows NT 10.0; Win64; x64) AppleWebKit/537.36 (KHTML, like Gecko) Chrome/147.0.0.0 Safari/537.36"
82.60.193.47 - - [03/Jun/2026:16:54:29 +0200] "GET /wp-content/plugins/all-in-one-seo-pack/dist/Lite/assets/css/table-of-contents/global.e90f6d47.css?ver=4.9.7.2 HTTP/2.0" 200 420 "https://parma.elettroservicegroup.it/assistenza-forni-elettrici-/?gad_source=1&gad_campaignid=23795906066&gbraid=0AAAABDgs-LR-WsNii7xG4Ddj--tRj55V0&gclid=Cj0KCQjwof_QBhCgARIsADaMzOdP3Pbi5D1gs2Tc9WA_E4D06_x5DlCBCF3UBRdV82NNru_cMifXZ9EaAiiGEALw_wcB" "Mozilla/5.0 (Windows NT 10.0; Win64; x64) AppleWebKit/537.36 (KHTML, like Gecko) Chrome/147.0.0.0 Safari/537.36"
82.60.193.47 - - [03/Jun/2026:16:54:29 +0200] "GET /wp-content/plugins/complianz-gdpr-premium/assets/css/cookieblocker.min.css?ver=1780326315 HTTP/2.0" 200 615 "https://parma.elettroservicegroup.it/assistenza-forni-elettrici-/?gad_source=1&gad_campaignid=23795906066&gbraid=0AAAABDgs-LR-WsNii7xG4Ddj--tRj55V0&gclid=Cj0KCQjwof_QBhCgARIsADaMzOdP3Pbi5D1gs2Tc9WA_E4D06_x5DlCBCF3UBRdV82NNru_cMifXZ9EaAiiGEALw_wcB" "Mozilla/5.0 (Windows NT 10.0; Win64; x64) AppleWebKit/537.36 (KHTML, like Gecko) Chrome/147.0.0.0 Safari/537.36"
82.60.193.47 - - [03/Jun/2026:16:54:29 +0200] "GET /wp-content/uploads/elementor/css/post-14146.css?ver=1780326320 HTTP/2.0" 200 428 "https://parma.elettroservicegroup.it/assistenza-forni-elettrici-/?gad_source=1&gad_campaignid=23795906066&gbraid=0AAAABDgs-LR-WsNii7xG4Ddj--tRj55V0&gclid=Cj0KCQjwof_QBhCgARIsADaMzOdP3Pbi5D1gs2Tc9WA_E4D06_x5DlCBCF3UBRdV82NNru_cMifXZ9EaAiiGEALw_wcB" "Mozilla/5.0 (Windows NT 10.0; Win64; x64) AppleWebKit/537.36 (KHTML, like Gecko) Chrome/147.0.0.0 Safari/537.36"
82.60.193.47 - - [03/Jun/2026:16:54:29 +0200] "GET /wp-content/plugins/elementor/assets/lib/eicons/css/elementor-icons.min.css?ver=5.49.0 HTTP/2.0" 200 4115 "https://parma.elettroservicegroup.it/assistenza-forni-elettrici-/?gad_source=1&gad_campaignid=23795906066&gbraid=0AAAABDgs-LR-WsNii7xG4Ddj--tRj55V0&gclid=Cj0KCQjwof_QBhCgARIsADaMzOdP3Pbi5D1gs2Tc9WA_E4D06_x5DlCBCF3UBRdV82NNru_cMifXZ9EaAiiGEALw_wcB" "Mozilla/5.0 (Windows NT 10.0; Win64; x64) AppleWebKit/537.36 (KHTML, like Gecko) Chrome/147.0.0.0 Safari/537.36"
82.60.193.47 - - [03/Jun/2026:16:54:29 +0200] "GET /wp-content/plugins/elementor/assets/lib/font-awesome/css/v4-shims.min.css?ver=4.1.1 HTTP/2.0" 200 3986 "https://parma.elettroservicegroup.it/assistenza-forni-elettrici-/?gad_source=1&gad_campaignid=23795906066&gbraid=0AAAABDgs-LR-WsNii7xG4Ddj--tRj55V0&gclid=Cj0KCQjwof_QBhCgARIsADaMzOdP3Pbi5D1gs2Tc9WA_E4D06_x5DlCBCF3UBRdV82NNru_cMifXZ9EaAiiGEALw_wcB" "Mozilla/5.0 (Windows NT 10.0; Win64; x64) AppleWebKit/537.36 (KHTML, like Gecko) Chrome/147.0.0.0 Safari/537.36"
82.60.193.47 - - [03/Jun/2026:16:54:29 +0200] "GET /wp-content/plugins/elementor/assets/css/frontend.min.css?ver=4.1.1 HTTP/2.0" 200 6618 "https://parma.elettroservicegroup.it/assistenza-forni-elettrici-/?gad_source=1&gad_campaignid=23795906066&gbraid=0AAAABDgs-LR-WsNii7xG4Ddj--tRj55V0&gclid=Cj0KCQjwof_QBhCgARIsADaMzOdP3Pbi5D1gs2Tc9WA_E4D06_x5DlCBCF3UBRdV82NNru_cMifXZ9EaAiiGEALw_wcB" "Mozilla/5.0 (Windows NT 10.0; Win64; x64) AppleWebKit/537.36 (KHTML, like Gecko) Chrome/147.0.0.0 Safari/537.36"
82.60.193.47 - - [03/Jun/2026:16:54:29 +0200] "GET /wp-content/plugins/header-footer-elementor/inc/widgets-css/frontend.css?ver=2.8.8 HTTP/2.0" 200 8711 "https://parma.elettroservicegroup.it/assistenza-forni-elettrici-/?gad_source=1&gad_campaignid=23795906066&gbraid=0AAAABDgs-LR-WsNii7xG4Ddj--tRj55V0&gclid=Cj0KCQjwof_QBhCgARIsADaMzOdP3Pbi5D1gs2Tc9WA_E4D06_x5DlCBCF3UBRdV82NNru_cMifXZ9EaAiiGEALw_wcB" "Mozilla/5.0 (Windows NT 10.0; Win64; x64) AppleWebKit/537.36 (KHTML, like Gecko) Chrome/147.0.0.0 Safari/537.36"
82.60.193.47 - - [03/Jun/2026:16:54:29 +0200] "GET /wp-content/plugins/elementor/assets/lib/font-awesome/css/all.min.css?ver=4.1.1 HTTP/2.0" 200 12402 "https://parma.elettroservicegroup.it/assistenza-forni-elettrici-/?gad_source=1&gad_campaignid=23795906066&gbraid=0AAAABDgs-LR-WsNii7xG4Ddj--tRj55V0&gclid=Cj0KCQjwof_QBhCgARIsADaMzOdP3Pbi5D1gs2Tc9WA_E4D06_x5DlCBCF3UBRdV82NNru_cMifXZ9EaAiiGEALw_wcB" "Mozilla/5.0 (Windows NT 10.0; Win64; x64) AppleWebKit/537.36 (KHTML, like Gecko) Chrome/147.0.0.0 Safari/537.36"
82.60.193.47 - - [03/Jun/2026:16:54:29 +0200] "GET /wp-content/plugins/elementor/assets/css/widget-heading.min.css?ver=4.1.1 HTTP/2.0" 200 127 "https://parma.elettroservicegroup.it/assistenza-forni-elettrici-/?gad_source=1&gad_campaignid=23795906066&gbraid=0AAAABDgs-LR-WsNii7xG4Ddj--tRj55V0&gclid=Cj0KCQjwof_QBhCgARIsADaMzOdP3Pbi5D1gs2Tc9WA_E4D06_x5DlCBCF3UBRdV82NNru_cMifXZ9EaAiiGEALw_wcB" "Mozilla/5.0 (Windows NT 10.0; Win64; x64) AppleWebKit/537.36 (KHTML, like Gecko) Chrome/147.0.0.0 Safari/537.36"
82.60.193.47 - - [03/Jun/2026:16:54:29 +0200] "GET /wp-content/plugins/elementor/assets/css/widget-image.min.css?ver=4.1.1 HTTP/2.0" 200 96 "https://parma.elettroservicegroup.it/assistenza-forni-elettrici-/?gad_source=1&gad_campaignid=23795906066&gbraid=0AAAABDgs-LR-WsNii7xG4Ddj--tRj55V0&gclid=Cj0KCQjwof_QBhCgARIsADaMzOdP3Pbi5D1gs2Tc9WA_E4D06_x5DlCBCF3UBRdV82NNru_cMifXZ9EaAiiGEALw_wcB" "Mozilla/5.0 (Windows NT 10.0; Win64; x64) AppleWebKit/537.36 (KHTML, like Gecko) Chrome/147.0.0.0 Safari/537.36"
82.60.193.47 - - [03/Jun/2026:16:54:29 +0200] "GET /wp-content/plugins/elementor/assets/css/widget-spacer.min.css?ver=4.1.1 HTTP/2.0" 200 287 "https://parma.elettroservicegroup.it/assistenza-forni-elettrici-/?gad_source=1&gad_campaignid=23795906066&gbraid=0AAAABDgs-LR-WsNii7xG4Ddj--tRj55V0&gclid=Cj0KCQjwof_QBhCgARIsADaMzOdP3Pbi5D1gs2Tc9WA_E4D06_x5DlCBCF3UBRdV82NNru_cMifXZ9EaAiiGEALw_wcB" "Mozilla/5.0 (Windows NT 10.0; Win64; x64) AppleWebKit/537.36 (KHTML, like Gecko) Chrome/147.0.0.0 Safari/537.36"
82.60.193.47 - - [03/Jun/2026:16:54:29 +0200] "GET /wp-content/plugins/elementor/assets/lib/animations/styles/bounceIn.min.css?ver=4.1.1 HTTP/2.0" 200 186 "https://parma.elettroservicegroup.it/assistenza-forni-elettrici-/?gad_source=1&gad_campaignid=23795906066&gbraid=0AAAABDgs-LR-WsNii7xG4Ddj--tRj55V0&gclid=Cj0KCQjwof_QBhCgARIsADaMzOdP3Pbi5D1gs2Tc9WA_E4D06_x5DlCBCF3UBRdV82NNru_cMifXZ9EaAiiGEALw_wcB" "Mozilla/5.0 (Windows NT 10.0; Win64; x64) AppleWebKit/537.36 (KHTML, like Gecko) Chrome/147.0.0.0 Safari/537.36"
82.60.193.47 - - [03/Jun/2026:16:54:29 +0200] "GET /wp-content/plugins/elementor/assets/lib/animations/styles/zoomIn.min.css?ver=4.1.1 HTTP/2.0" 200 87 "https://parma.elettroservicegroup.it/assistenza-forni-elettrici-/?gad_source=1&gad_campaignid=23795906066&gbraid=0AAAABDgs-LR-WsNii7xG4Ddj--tRj55V0&gclid=Cj0KCQjwof_QBhCgARIsADaMzOdP3Pbi5D1gs2Tc9WA_E4D06_x5DlCBCF3UBRdV82NNru_cMifXZ9EaAiiGEALw_wcB" "Mozilla/5.0 (Windows NT 10.0; Win64; x64) AppleWebKit/537.36 (KHTML, like Gecko) Chrome/147.0.0.0 Safari/537.36"
82.60.193.47 - - [03/Jun/2026:16:54:29 +0200] "GET /wp-content/uploads/elementor/css/post-14366.css?ver=1780326320 HTTP/2.0" 200 302 "https://parma.elettroservicegroup.it/assistenza-forni-elettrici-/?gad_source=1&gad_campaignid=23795906066&gbraid=0AAAABDgs-LR-WsNii7xG4Ddj--tRj55V0&gclid=Cj0KCQjwof_QBhCgARIsADaMzOdP3Pbi5D1gs2Tc9WA_E4D06_x5DlCBCF3UBRdV82NNru_cMifXZ9EaAiiGEALw_wcB" "Mozilla/5.0 (Windows NT 10.0; Win64; x64) AppleWebKit/537.36 (KHTML, like Gecko) Chrome/147.0.0.0 Safari/537.36"
82.60.193.47 - - [03/Jun/2026:16:54:29 +0200] "GET /wp-content/uploads/elementor/css/post-15288.css?ver=1780386933 HTTP/2.0" 200 1981 "https://parma.elettroservicegroup.it/assistenza-forni-elettrici-/?gad_source=1&gad_campaignid=23795906066&gbraid=0AAAABDgs-LR-WsNii7xG4Ddj--tRj55V0&gclid=Cj0KCQjwof_QBhCgARIsADaMzOdP3Pbi5D1gs2Tc9WA_E4D06_x5DlCBCF3UBRdV82NNru_cMifXZ9EaAiiGEALw_wcB" "Mozilla/5.0 (Windows NT 10.0; Win64; x64) AppleWebKit/537.36 (KHTML, like Gecko) Chrome/147.0.0.0 Safari/537.36"
82.60.193.47 - - [03/Jun/2026:16:54:29 +0200] "GET /wp-content/plugins/elementor/assets/lib/font-awesome/css/brands.css?ver=5.15.3 HTTP/2.0" 200 298 "https://parma.elettroservicegroup.it/assistenza-forni-elettrici-/?gad_source=1&gad_campaignid=23795906066&gbraid=0AAAABDgs-LR-WsNii7xG4Ddj--tRj55V0&gclid=Cj0KCQjwof_QBhCgARIsADaMzOdP3Pbi5D1gs2Tc9WA_E4D06_x5DlCBCF3UBRdV82NNru_cMifXZ9EaAiiGEALw_wcB" "Mozilla/5.0 (Windows NT 10.0; Win64; x64) AppleWebKit/537.36 (KHTML, like Gecko) Chrome/147.0.0.0 Safari/537.36"
82.60.193.47 - - [03/Jun/2026:16:54:29 +0200] "GET /wp-content/plugins/elementor/assets/css/widget-icon-list.min.css?ver=3.24.3 HTTP/2.0" 200 928 "https://parma.elettroservicegroup.it/assistenza-forni-elettrici-/?gad_source=1&gad_campaignid=23795906066&gbraid=0AAAABDgs-LR-WsNii7xG4Ddj--tRj55V0&gclid=Cj0KCQjwof_QBhCgARIsADaMzOdP3Pbi5D1gs2Tc9WA_E4D06_x5DlCBCF3UBRdV82NNru_cMifXZ9EaAiiGEALw_wcB" "Mozilla/5.0 (Windows NT 10.0; Win64; x64) AppleWebKit/537.36 (KHTML, like Gecko) Chrome/147.0.0.0 Safari/537.36"
82.60.193.47 - - [03/Jun/2026:16:54:29 +0200] "GET /wp-content/themes/generatepress/assets/css/main.min.css?ver=3.6.1 HTTP/2.0" 200 4410 "https://parma.elettroservicegroup.it/assistenza-forni-elettrici-/?gad_source=1&gad_campaignid=23795906066&gbraid=0AAAABDgs-LR-WsNii7xG4Ddj--tRj55V0&gclid=Cj0KCQjwof_QBhCgARIsADaMzOdP3Pbi5D1gs2Tc9WA_E4D06_x5DlCBCF3UBRdV82NNru_cMifXZ9EaAiiGEALw_wcB" "Mozilla/5.0 (Windows NT 10.0; Win64; x64) AppleWebKit/537.36 (KHTML, like Gecko) Chrome/147.0.0.0 Safari/537.36"
82.60.193.47 - - [03/Jun/2026:16:54:29 +0200] "GET /wp-content/plugins/elementor/assets/css/widget-social-icons.min.css?ver=3.24.0 HTTP/2.0" 200 1039 "https://parma.elettroservicegroup.it/assistenza-forni-elettrici-/?gad_source=1&gad_campaignid=23795906066&gbraid=0AAAABDgs-LR-WsNii7xG4Ddj--tRj55V0&gclid=Cj0KCQjwof_QBhCgARIsADaMzOdP3Pbi5D1gs2Tc9WA_E4D06_x5DlCBCF3UBRdV82NNru_cMifXZ9EaAiiGEALw_wcB" "Mozilla/5.0 (Windows NT 10.0; Win64; x64) AppleWebKit/537.36 (KHTML, like Gecko) Chrome/147.0.0.0 Safari/537.36"
82.60.193.47 - - [03/Jun/2026:16:54:29 +0200] "GET /wp-content/plugins/elementor/assets/lib/eicons/css/elementor-icons.min.css?ver=5.34.0 HTTP/2.0" 200 4115 "https://parma.elettroservicegroup.it/assistenza-forni-elettrici-/?gad_source=1&gad_campaignid=23795906066&gbraid=0AAAABDgs-LR-WsNii7xG4Ddj--tRj55V0&gclid=Cj0KCQjwof_QBhCgARIsADaMzOdP3Pbi5D1gs2Tc9WA_E4D06_x5DlCBCF3UBRdV82NNru_cMifXZ9EaAiiGEALw_wcB" "Mozilla/5.0 (Windows NT 10.0; Win64; x64) AppleWebKit/537.36 (KHTML, like Gecko) Chrome/147.0.0.0 Safari/537.36"
82.60.193.47 - - [03/Jun/2026:16:54:29 +0200] "GET /wp-content/plugins/elementor/assets/lib/font-awesome/css/solid.css?ver=5.15.3 HTTP/2.0" 200 299 "https://parma.elettroservicegroup.it/assistenza-forni-elettrici-/?gad_source=1&gad_campaignid=23795906066&gbraid=0AAAABDgs-LR-WsNii7xG4Ddj--tRj55V0&gclid=Cj0KCQjwof_QBhCgARIsADaMzOdP3Pbi5D1gs2Tc9WA_E4D06_x5DlCBCF3UBRdV82NNru_cMifXZ9EaAiiGEALw_wcB" "Mozilla/5.0 (Windows NT 10.0; Win64; x64) AppleWebKit/537.36 (KHTML, like Gecko) Chrome/147.0.0.0 Safari/537.36"
82.60.193.47 - - [03/Jun/2026:16:54:29 +0200] "GET /wp-content/plugins/gp-premium/menu-plus/functions/css/navigation-branding-flex.min.css?ver=2.5.5 HTTP/2.0" 200 542 "https://parma.elettroservicegroup.it/assistenza-forni-elettrici-/?gad_source=1&gad_campaignid=23795906066&gbraid=0AAAABDgs-LR-WsNii7xG4Ddj--tRj55V0&gclid=Cj0KCQjwof_QBhCgARIsADaMzOdP3Pbi5D1gs2Tc9WA_E4D06_x5DlCBCF3UBRdV82NNru_cMifXZ9EaAiiGEALw_wcB" "Mozilla/5.0 (Windows NT 10.0; Win64; x64) AppleWebKit/537.36 (KHTML, like Gecko) Chrome/147.0.0.0 Safari/537.36"
82.60.193.47 - - [03/Jun/2026:16:54:29 +0200] "GET /wp-content/uploads/elementor/google-fonts/css/robotoslab.css?ver=1742280362 HTTP/2.0" 200 715 "https://parma.elettroservicegroup.it/assistenza-forni-elettrici-/?gad_source=1&gad_campaignid=23795906066&gbraid=0AAAABDgs-LR-WsNii7xG4Ddj--tRj55V0&gclid=Cj0KCQjwof_QBhCgARIsADaMzOdP3Pbi5D1gs2Tc9WA_E4D06_x5DlCBCF3UBRdV82NNru_cMifXZ9EaAiiGEALw_wcB" "Mozilla/5.0 (Windows NT 10.0; Win64; x64) AppleWebKit/537.36 (KHTML, like Gecko) Chrome/147.0.0.0 Safari/537.36"
82.60.193.47 - - [03/Jun/2026:16:54:29 +0200] "GET /wp-content/uploads/elementor/google-fonts/css/roboto.css?ver=1742280360 HTTP/2.0" 200 1880 "https://parma.elettroservicegroup.it/assistenza-forni-elettrici-/?gad_source=1&gad_campaignid=23795906066&gbraid=0AAAABDgs-LR-WsNii7xG4Ddj--tRj55V0&gclid=Cj0KCQjwof_QBhCgARIsADaMzOdP3Pbi5D1gs2Tc9WA_E4D06_x5DlCBCF3UBRdV82NNru_cMifXZ9EaAiiGEALw_wcB" "Mozilla/5.0 (Windows NT 10.0; Win64; x64) AppleWebKit/537.36 (KHTML, like Gecko) Chrome/147.0.0.0 Safari/537.36"
82.60.193.47 - - [03/Jun/2026:16:54:29 +0200] "GET /wp-content/plugins/elementor/assets/lib/font-awesome/css/solid.min.css?ver=5.15.3 HTTP/2.0" 200 286 "https://parma.elettroservicegroup.it/assistenza-forni-elettrici-/?gad_source=1&gad_campaignid=23795906066&gbraid=0AAAABDgs-LR-WsNii7xG4Ddj--tRj55V0&gclid=Cj0KCQjwof_QBhCgARIsADaMzOdP3Pbi5D1gs2Tc9WA_E4D06_x5DlCBCF3UBRdV82NNru_cMifXZ9EaAiiGEALw_wcB" "Mozilla/5.0 (Windows NT 10.0; Win64; x64) AppleWebKit/537.36 (KHTML, like Gecko) Chrome/147.0.0.0 Safari/537.36"
82.60.193.47 - - [03/Jun/2026:16:54:29 +0200] "GET /wp-content/plugins/elementor/assets/lib/font-awesome/css/fontawesome.css?ver=5.15.3 HTTP/2.0" 200 12535 "https://parma.elettroservicegroup.it/assistenza-forni-elettrici-/?gad_source=1&gad_campaignid=23795906066&gbraid=0AAAABDgs-LR-WsNii7xG4Ddj--tRj55V0&gclid=Cj0KCQjwof_QBhCgARIsADaMzOdP3Pbi5D1gs2Tc9WA_E4D06_x5DlCBCF3UBRdV82NNru_cMifXZ9EaAiiGEALw_wcB" "Mozilla/5.0 (Windows NT 10.0; Win64; x64) AppleWebKit/537.36 (KHTML, like Gecko) Chrome/147.0.0.0 Safari/537.36"
82.60.193.47 - - [03/Jun/2026:16:54:29 +0200] "GET /wp-content/plugins/elementor/assets/lib/font-awesome/css/fontawesome.min.css?ver=5.15.3 HTTP/2.0" 200 12179 "https://parma.elettroservicegroup.it/assistenza-forni-elettrici-/?gad_source=1&gad_campaignid=23795906066&gbraid=0AAAABDgs-LR-WsNii7xG4Ddj--tRj55V0&gclid=Cj0KCQjwof_QBhCgARIsADaMzOdP3Pbi5D1gs2Tc9WA_E4D06_x5DlCBCF3UBRdV82NNru_cMifXZ9EaAiiGEALw_wcB" "Mozilla/5.0 (Windows NT 10.0; Win64; x64) AppleWebKit/537.36 (KHTML, like Gecko) Chrome/147.0.0.0 Safari/537.36"
82.60.193.47 - - [03/Jun/2026:16:54:29 +0200] "GET /wp-content/plugins/elementor/assets/lib/font-awesome/css/regular.min.css?ver=5.15.3 HTTP/2.0" 200 282 "https://parma.elettroservicegroup.it/assistenza-forni-elettrici-/?gad_source=1&gad_campaignid=23795906066&gbraid=0AAAABDgs-LR-WsNii7xG4Ddj--tRj55V0&gclid=Cj0KCQjwof_QBhCgARIsADaMzOdP3Pbi5D1gs2Tc9WA_E4D06_x5DlCBCF3UBRdV82NNru_cMifXZ9EaAiiGEALw_wcB" "Mozilla/5.0 (Windows NT 10.0; Win64; x64) AppleWebKit/537.36 (KHTML, like Gecko) Chrome/147.0.0.0 Safari/537.36"
82.60.193.47 - - [03/Jun/2026:16:54:29 +0200] "GET /wp-content/plugins/elementor/assets/lib/font-awesome/js/v4-shims.min.js?ver=4.1.1 HTTP/2.0" 200 4043 "https://parma.elettroservicegroup.it/assistenza-forni-elettrici-/?gad_source=1&gad_campaignid=23795906066&gbraid=0AAAABDgs-LR-WsNii7xG4Ddj--tRj55V0&gclid=Cj0KCQjwof_QBhCgARIsADaMzOdP3Pbi5D1gs2Tc9WA_E4D06_x5DlCBCF3UBRdV82NNru_cMifXZ9EaAiiGEALw_wcB" "Mozilla/5.0 (Windows NT 10.0; Win64; x64) AppleWebKit/537.36 (KHTML, like Gecko) Chrome/147.0.0.0 Safari/537.36"
82.60.193.47 - - [03/Jun/2026:16:54:29 +0200] "GET /wp-includes/js/jquery/jquery-migrate.min.js?ver=3.4.1 HTTP/2.0" 200 4685 "https://parma.elettroservicegroup.it/assistenza-forni-elettrici-/?gad_source=1&gad_campaignid=23795906066&gbraid=0AAAABDgs-LR-WsNii7xG4Ddj--tRj55V0&gclid=Cj0KCQjwof_QBhCgARIsADaMzOdP3Pbi5D1gs2Tc9WA_E4D06_x5DlCBCF3UBRdV82NNru_cMifXZ9EaAiiGEALw_wcB" "Mozilla/5.0 (Windows NT 10.0; Win64; x64) AppleWebKit/537.36 (KHTML, like Gecko) Chrome/147.0.0.0 Safari/537.36"
82.60.193.47 - - [03/Jun/2026:16:54:29 +0200] "GET /wp-content/uploads/2021/10/cropped-cropped-cropped-logo_white_background.png HTTP/2.0" 200 38971 "https://parma.elettroservicegroup.it/assistenza-forni-elettrici-/?gad_source=1&gad_campaignid=23795906066&gbraid=0AAAABDgs-LR-WsNii7xG4Ddj--tRj55V0&gclid=Cj0KCQjwof_QBhCgARIsADaMzOdP3Pbi5D1gs2Tc9WA_E4D06_x5DlCBCF3UBRdV82NNru_cMifXZ9EaAiiGEALw_wcB" "Mozilla/5.0 (Windows NT 10.0; Win64; x64) AppleWebKit/537.36 (KHTML, like Gecko) Chrome/147.0.0.0 Safari/537.36"
82.60.193.47 - - [03/Jun/2026:16:54:29 +0200] "GET /wp-content/uploads/2021/10/cropped-logo_white_background.png HTTP/2.0" 200 16623 "https://parma.elettroservicegroup.it/assistenza-forni-elettrici-/?gad_source=1&gad_campaignid=23795906066&gbraid=0AAAABDgs-LR-WsNii7xG4Ddj--tRj55V0&gclid=Cj0KCQjwof_QBhCgARIsADaMzOdP3Pbi5D1gs2Tc9WA_E4D06_x5DlCBCF3UBRdV82NNru_cMifXZ9EaAiiGEALw_wcB" "Mozilla/5.0 (Windows NT 10.0; Win64; x64) AppleWebKit/537.36 (KHTML, like Gecko) Chrome/147.0.0.0 Safari/537.36"
82.60.193.47 - - [03/Jun/2026:16:54:29 +0200] "GET /wp-includes/js/jquery/jquery.min.js?ver=3.7.1 HTTP/2.0" 200 29769 "https://parma.elettroservicegroup.it/assistenza-forni-elettrici-/?gad_source=1&gad_campaignid=23795906066&gbraid=0AAAABDgs-LR-WsNii7xG4Ddj--tRj55V0&gclid=Cj0KCQjwof_QBhCgARIsADaMzOdP3Pbi5D1gs2Tc9WA_E4D06_x5DlCBCF3UBRdV82NNru_cMifXZ9EaAiiGEALw_wcB" "Mozilla/5.0 (Windows NT 10.0; Win64; x64) AppleWebKit/537.36 (KHTML, like Gecko) Chrome/147.0.0.0 Safari/537.36"
82.60.193.47 - - [03/Jun/2026:16:54:29 +0200] "GET /wp-content/plugins/gp-premium/menu-plus/functions/js/sticky.min.js?ver=2.5.5 HTTP/2.0" 200 2670 "https://parma.elettroservicegroup.it/assistenza-forni-elettrici-/?gad_source=1&gad_campaignid=23795906066&gbraid=0AAAABDgs-LR-WsNii7xG4Ddj--tRj55V0&gclid=Cj0KCQjwof_QBhCgARIsADaMzOdP3Pbi5D1gs2Tc9WA_E4D06_x5DlCBCF3UBRdV82NNru_cMifXZ9EaAiiGEALw_wcB" "Mozilla/5.0 (Windows NT 10.0; Win64; x64) AppleWebKit/537.36 (KHTML, like Gecko) Chrome/147.0.0.0 Safari/537.36"
82.60.193.47 - - [03/Jun/2026:16:54:29 +0200] "GET /wp-content/plugins/elementor/assets/js/webpack.runtime.min.js?ver=4.1.1 HTTP/2.0" 200 2340 "https://parma.elettroservicegroup.it/assistenza-forni-elettrici-/?gad_source=1&gad_campaignid=23795906066&gbraid=0AAAABDgs-LR-WsNii7xG4Ddj--tRj55V0&gclid=Cj0KCQjwof_QBhCgARIsADaMzOdP3Pbi5D1gs2Tc9WA_E4D06_x5DlCBCF3UBRdV82NNru_cMifXZ9EaAiiGEALw_wcB" "Mozilla/5.0 (Windows NT 10.0; Win64; x64) AppleWebKit/537.36 (KHTML, like Gecko) Chrome/147.0.0.0 Safari/537.36"
82.60.193.47 - - [03/Jun/2026:16:54:29 +0200] "GET /wp-content/plugins/elementor/assets/js/frontend-modules.min.js?ver=4.1.1 HTTP/2.0" 200 15454 "https://parma.elettroservicegroup.it/assistenza-forni-elettrici-/?gad_source=1&gad_campaignid=23795906066&gbraid=0AAAABDgs-LR-WsNii7xG4Ddj--tRj55V0&gclid=Cj0KCQjwof_QBhCgARIsADaMzOdP3Pbi5D1gs2Tc9WA_E4D06_x5DlCBCF3UBRdV82NNru_cMifXZ9EaAiiGEALw_wcB" "Mozilla/5.0 (Windows NT 10.0; Win64; x64) AppleWebKit/537.36 (KHTML, like Gecko) Chrome/147.0.0.0 Safari/537.36"
82.60.193.47 - - [03/Jun/2026:16:54:29 +0200] "GET /wp-content/themes/generatepress/assets/js/back-to-top.min.js?ver=3.6.1 HTTP/2.0" 200 336 "https://parma.elettroservicegroup.it/assistenza-forni-elettrici-/?gad_source=1&gad_campaignid=23795906066&gbraid=0AAAABDgs-LR-WsNii7xG4Ddj--tRj55V0&gclid=Cj0KCQjwof_QBhCgARIsADaMzOdP3Pbi5D1gs2Tc9WA_E4D06_x5DlCBCF3UBRdV82NNru_cMifXZ9EaAiiGEALw_wcB" "Mozilla/5.0 (Windows NT 10.0; Win64; x64) AppleWebKit/537.36 (KHTML, like Gecko) Chrome/147.0.0.0 Safari/537.36"
82.60.193.47 - - [03/Jun/2026:16:54:29 +0200] "GET /wp-content/themes/generatepress/assets/js/menu.min.js?ver=3.6.1 HTTP/2.0" 200 1688 "https://parma.elettroservicegroup.it/assistenza-forni-elettrici-/?gad_source=1&gad_campaignid=23795906066&gbraid=0AAAABDgs-LR-WsNii7xG4Ddj--tRj55V0&gclid=Cj0KCQjwof_QBhCgARIsADaMzOdP3Pbi5D1gs2Tc9WA_E4D06_x5DlCBCF3UBRdV82NNru_cMifXZ9EaAiiGEALw_wcB" "Mozilla/5.0 (Windows NT 10.0; Win64; x64) AppleWebKit/537.36 (KHTML, like Gecko) Chrome/147.0.0.0 Safari/537.36"
82.60.193.47 - - [03/Jun/2026:16:54:29 +0200] "GET /wp-content/plugins/burst-statistics/assets/js/timeme/timeme.min.js?ver=1780257074 HTTP/2.0" 200 1835 "https://parma.elettroservicegroup.it/assistenza-forni-elettrici-/?gad_source=1&gad_campaignid=23795906066&gbraid=0AAAABDgs-LR-WsNii7xG4Ddj--tRj55V0&gclid=Cj0KCQjwof_QBhCgARIsADaMzOdP3Pbi5D1gs2Tc9WA_E4D06_x5DlCBCF3UBRdV82NNru_cMifXZ9EaAiiGEALw_wcB" "Mozilla/5.0 (Windows NT 10.0; Win64; x64) AppleWebKit/537.36 (KHTML, like Gecko) Chrome/147.0.0.0 Safari/537.36"
