52.87.194.47 - - [03/Jun/2026:23:23:35 +0200] "GET /en/.env HTTP/1.1" 301 - "-" "Mozilla/5.0 (Windows NT 10.0; Win64; x64) AppleWebKit/537.36 (KHTML, like Gecko) Chrome/131.0.0.0 Safari/537.36"
52.87.194.47 - - [03/Jun/2026:23:23:36 +0200] "GET /en/.env HTTP/1.1" 404 86645 "-" "Mozilla/5.0 (Windows NT 10.0; Win64; x64) AppleWebKit/537.36 (KHTML, like Gecko) Chrome/131.0.0.0 Safari/537.36"
52.87.194.47 - - [03/Jun/2026:23:23:37 +0200] "GET /administrator/.env HTTP/1.1" 301 - "-" "Mozilla/5.0 (Windows NT 10.0; Win64; x64) AppleWebKit/537.36 (KHTML, like Gecko) Chrome/131.0.0.0 Safari/537.36"
52.87.194.47 - - [03/Jun/2026:23:23:37 +0200] "GET /administrator/.env HTTP/1.1" 404 86711 "-" "Mozilla/5.0 (Windows NT 10.0; Win64; x64) AppleWebKit/537.36 (KHTML, like Gecko) Chrome/131.0.0.0 Safari/537.36"
52.87.194.47 - - [03/Jun/2026:23:23:38 +0200] "GET /psnlink/.env HTTP/1.1" 301 - "-" "Mozilla/5.0 (Windows NT 10.0; Win64; x64) AppleWebKit/537.36 (KHTML, like Gecko) Chrome/131.0.0.0 Safari/537.36"
52.87.194.47 - - [03/Jun/2026:23:23:38 +0200] "GET /psnlink/.env HTTP/1.1" 404 86675 "-" "Mozilla/5.0 (Windows NT 10.0; Win64; x64) AppleWebKit/537.36 (KHTML, like Gecko) Chrome/131.0.0.0 Safari/537.36"
52.87.194.47 - - [03/Jun/2026:23:23:39 +0200] "GET /exapi/.env HTTP/1.1" 301 - "-" "Mozilla/5.0 (Windows NT 10.0; Win64; x64) AppleWebKit/537.36 (KHTML, like Gecko) Chrome/131.0.0.0 Safari/537.36"
52.87.194.47 - - [03/Jun/2026:23:23:40 +0200] "GET /exapi/.env HTTP/1.1" 404 86663 "-" "Mozilla/5.0 (Windows NT 10.0; Win64; x64) AppleWebKit/537.36 (KHTML, like Gecko) Chrome/131.0.0.0 Safari/537.36"
52.87.194.47 - - [03/Jun/2026:23:23:41 +0200] "GET /sitemaps/.env HTTP/1.1" 301 - "-" "Mozilla/5.0 (Windows NT 10.0; Win64; x64) AppleWebKit/537.36 (KHTML, like Gecko) Chrome/131.0.0.0 Safari/537.36"
52.87.194.47 - - [03/Jun/2026:23:23:41 +0200] "GET /sitemaps/.env HTTP/1.1" 404 86681 "-" "Mozilla/5.0 (Windows NT 10.0; Win64; x64) AppleWebKit/537.36 (KHTML, like Gecko) Chrome/131.0.0.0 Safari/537.36"
52.87.194.47 - - [03/Jun/2026:23:23:42 +0200] "GET /mailer/.env HTTP/1.1" 301 - "-" "Mozilla/5.0 (Windows NT 10.0; Win64; x64) AppleWebKit/537.36 (KHTML, like Gecko) Chrome/131.0.0.0 Safari/537.36"
52.87.194.47 - - [03/Jun/2026:23:23:43 +0200] "GET /mailer/.env HTTP/1.1" 404 86669 "-" "Mozilla/5.0 (Windows NT 10.0; Win64; x64) AppleWebKit/537.36 (KHTML, like Gecko) Chrome/131.0.0.0 Safari/537.36"
52.87.194.47 - - [03/Jun/2026:23:23:44 +0200] "GET /mail/.env HTTP/1.1" 301 - "-" "Mozilla/5.0 (Windows NT 10.0; Win64; x64) AppleWebKit/537.36 (KHTML, like Gecko) Chrome/131.0.0.0 Safari/537.36"
52.87.194.47 - - [03/Jun/2026:23:23:44 +0200] "GET /mail/.env HTTP/1.1" 404 86657 "-" "Mozilla/5.0 (Windows NT 10.0; Win64; x64) AppleWebKit/537.36 (KHTML, like Gecko) Chrome/131.0.0.0 Safari/537.36"
52.87.194.47 - - [03/Jun/2026:23:23:45 +0200] "GET /email/.env HTTP/1.1" 301 - "-" "Mozilla/5.0 (Windows NT 10.0; Win64; x64) AppleWebKit/537.36 (KHTML, like Gecko) Chrome/131.0.0.0 Safari/537.36"
52.87.194.47 - - [03/Jun/2026:23:23:45 +0200] "GET /email/.env HTTP/1.1" 404 86663 "-" "Mozilla/5.0 (Windows NT 10.0; Win64; x64) AppleWebKit/537.36 (KHTML, like Gecko) Chrome/131.0.0.0 Safari/537.36"
52.87.194.47 - - [03/Jun/2026:23:23:46 +0200] "GET /smtp/.env HTTP/1.1" 301 - "-" "Mozilla/5.0 (Windows NT 10.0; Win64; x64) AppleWebKit/537.36 (KHTML, like Gecko) Chrome/131.0.0.0 Safari/537.36"
52.87.194.47 - - [03/Jun/2026:23:23:47 +0200] "GET /smtp/.env HTTP/1.1" 404 86657 "-" "Mozilla/5.0 (Windows NT 10.0; Win64; x64) AppleWebKit/537.36 (KHTML, like Gecko) Chrome/131.0.0.0 Safari/537.36"
52.87.194.47 - - [03/Jun/2026:23:23:48 +0200] "GET /mailing/.env HTTP/1.1" 301 - "-" "Mozilla/5.0 (Windows NT 10.0; Win64; x64) AppleWebKit/537.36 (KHTML, like Gecko) Chrome/131.0.0.0 Safari/537.36"
52.87.194.47 - - [03/Jun/2026:23:23:48 +0200] "GET /mailing/.env HTTP/1.1" 404 86675 "-" "Mozilla/5.0 (Windows NT 10.0; Win64; x64) AppleWebKit/537.36 (KHTML, like Gecko) Chrome/131.0.0.0 Safari/537.36"
52.87.194.47 - - [03/Jun/2026:23:23:49 +0200] "GET /notifications/.env HTTP/1.1" 301 - "-" "Mozilla/5.0 (Windows NT 10.0; Win64; x64) AppleWebKit/537.36 (KHTML, like Gecko) Chrome/131.0.0.0 Safari/537.36"
65.108.235.243 - - [03/Jun/2026:23:23:50 +0200] "POST /wp-cron.php?doing_wp_cron=1780521830.4332239627838134765625 HTTP/1.1" 200 1 "-" "WordPress/7.0; https://parma.elettroservicegroup.it"
52.87.194.47 - - [03/Jun/2026:23:23:50 +0200] "GET /notifications/.env HTTP/1.1" 404 86711 "-" "Mozilla/5.0 (Windows NT 10.0; Win64; x64) AppleWebKit/537.36 (KHTML, like Gecko) Chrome/131.0.0.0 Safari/537.36"
52.87.194.47 - - [03/Jun/2026:23:23:51 +0200] "GET /notify/.env HTTP/1.1" 301 - "-" "Mozilla/5.0 (Windows NT 10.0; Win64; x64) AppleWebKit/537.36 (KHTML, like Gecko) Chrome/131.0.0.0 Safari/537.36"
52.87.194.47 - - [03/Jun/2026:23:23:51 +0200] "GET /notify/.env HTTP/1.1" 404 86669 "-" "Mozilla/5.0 (Windows NT 10.0; Win64; x64) AppleWebKit/537.36 (KHTML, like Gecko) Chrome/131.0.0.0 Safari/537.36"
52.87.194.47 - - [03/Jun/2026:23:23:52 +0200] "GET /sender/.env HTTP/1.1" 301 - "-" "Mozilla/5.0 (Windows NT 10.0; Win64; x64) AppleWebKit/537.36 (KHTML, like Gecko) Chrome/131.0.0.0 Safari/537.36"
52.87.194.47 - - [03/Jun/2026:23:23:52 +0200] "GET /sender/.env HTTP/1.1" 404 86669 "-" "Mozilla/5.0 (Windows NT 10.0; Win64; x64) AppleWebKit/537.36 (KHTML, like Gecko) Chrome/131.0.0.0 Safari/537.36"
52.87.194.47 - - [03/Jun/2026:23:23:53 +0200] "GET /campaign/.env HTTP/1.1" 301 - "-" "Mozilla/5.0 (Windows NT 10.0; Win64; x64) AppleWebKit/537.36 (KHTML, like Gecko) Chrome/131.0.0.0 Safari/537.36"
52.87.194.47 - - [03/Jun/2026:23:23:54 +0200] "GET /campaign/.env HTTP/1.1" 404 86681 "-" "Mozilla/5.0 (Windows NT 10.0; Win64; x64) AppleWebKit/537.36 (KHTML, like Gecko) Chrome/131.0.0.0 Safari/537.36"
52.87.194.47 - - [03/Jun/2026:23:23:55 +0200] "GET /newsletter/.env HTTP/1.1" 301 - "-" "Mozilla/5.0 (Windows NT 10.0; Win64; x64) AppleWebKit/537.36 (KHTML, like Gecko) Chrome/131.0.0.0 Safari/537.36"
52.87.194.47 - - [03/Jun/2026:23:23:55 +0200] "GET /newsletter/.env HTTP/1.1" 404 86693 "-" "Mozilla/5.0 (Windows NT 10.0; Win64; x64) AppleWebKit/537.36 (KHTML, like Gecko) Chrome/131.0.0.0 Safari/537.36"
52.87.194.47 - - [03/Jun/2026:23:23:56 +0200] "GET /ses/.env HTTP/1.1" 301 - "-" "Mozilla/5.0 (Windows NT 10.0; Win64; x64) AppleWebKit/537.36 (KHTML, like Gecko) Chrome/131.0.0.0 Safari/537.36"
52.87.194.47 - - [03/Jun/2026:23:23:56 +0200] "GET /ses/.env HTTP/1.1" 404 86651 "-" "Mozilla/5.0 (Windows NT 10.0; Win64; x64) AppleWebKit/537.36 (KHTML, like Gecko) Chrome/131.0.0.0 Safari/537.36"
52.87.194.47 - - [03/Jun/2026:23:23:57 +0200] "GET /sendgrid/.env HTTP/1.1" 301 - "-" "Mozilla/5.0 (Windows NT 10.0; Win64; x64) AppleWebKit/537.36 (KHTML, like Gecko) Chrome/131.0.0.0 Safari/537.36"
52.87.194.47 - - [03/Jun/2026:23:23:58 +0200] "GET /sendgrid/.env HTTP/1.1" 404 86681 "-" "Mozilla/5.0 (Windows NT 10.0; Win64; x64) AppleWebKit/537.36 (KHTML, like Gecko) Chrome/131.0.0.0 Safari/537.36"
52.87.194.47 - - [03/Jun/2026:23:23:59 +0200] "GET /sparkpost/.env HTTP/1.1" 301 - "-" "Mozilla/5.0 (Windows NT 10.0; Win64; x64) AppleWebKit/537.36 (KHTML, like Gecko) Chrome/131.0.0.0 Safari/537.36"
52.87.194.47 - - [03/Jun/2026:23:23:59 +0200] "GET /sparkpost/.env HTTP/1.1" 404 86687 "-" "Mozilla/5.0 (Windows NT 10.0; Win64; x64) AppleWebKit/537.36 (KHTML, like Gecko) Chrome/131.0.0.0 Safari/537.36"
52.87.194.47 - - [03/Jun/2026:23:24:00 +0200] "GET /postmark/.env HTTP/1.1" 301 - "-" "Mozilla/5.0 (Windows NT 10.0; Win64; x64) AppleWebKit/537.36 (KHTML, like Gecko) Chrome/131.0.0.0 Safari/537.36"
52.87.194.47 - - [03/Jun/2026:23:24:00 +0200] "GET /postmark/.env HTTP/1.1" 404 86681 "-" "Mozilla/5.0 (Windows NT 10.0; Win64; x64) AppleWebKit/537.36 (KHTML, like Gecko) Chrome/131.0.0.0 Safari/537.36"
52.87.194.47 - - [03/Jun/2026:23:24:01 +0200] "GET /mailgun/.env HTTP/1.1" 301 - "-" "Mozilla/5.0 (Windows NT 10.0; Win64; x64) AppleWebKit/537.36 (KHTML, like Gecko) Chrome/131.0.0.0 Safari/537.36"
52.87.194.47 - - [03/Jun/2026:23:24:02 +0200] "GET /mailgun/.env HTTP/1.1" 404 86675 "-" "Mozilla/5.0 (Windows NT 10.0; Win64; x64) AppleWebKit/537.36 (KHTML, like Gecko) Chrome/131.0.0.0 Safari/537.36"
52.87.194.47 - - [03/Jun/2026:23:24:03 +0200] "GET /mandrill/.env HTTP/1.1" 301 - "-" "Mozilla/5.0 (Windows NT 10.0; Win64; x64) AppleWebKit/537.36 (KHTML, like Gecko) Chrome/131.0.0.0 Safari/537.36"
52.87.194.47 - - [03/Jun/2026:23:24:03 +0200] "GET /mandrill/.env HTTP/1.1" 404 86681 "-" "Mozilla/5.0 (Windows NT 10.0; Win64; x64) AppleWebKit/537.36 (KHTML, like Gecko) Chrome/131.0.0.0 Safari/537.36"
52.87.194.47 - - [03/Jun/2026:23:24:04 +0200] "GET /mailjet/.env HTTP/1.1" 301 - "-" "Mozilla/5.0 (Windows NT 10.0; Win64; x64) AppleWebKit/537.36 (KHTML, like Gecko) Chrome/131.0.0.0 Safari/537.36"
52.87.194.47 - - [03/Jun/2026:23:24:04 +0200] "GET /mailjet/.env HTTP/1.1" 404 86675 "-" "Mozilla/5.0 (Windows NT 10.0; Win64; x64) AppleWebKit/537.36 (KHTML, like Gecko) Chrome/131.0.0.0 Safari/537.36"
52.87.194.47 - - [03/Jun/2026:23:24:05 +0200] "GET /brevo/.env HTTP/1.1" 301 - "-" "Mozilla/5.0 (Windows NT 10.0; Win64; x64) AppleWebKit/537.36 (KHTML, like Gecko) Chrome/131.0.0.0 Safari/537.36"
52.87.194.47 - - [03/Jun/2026:23:24:06 +0200] "GET /brevo/.env HTTP/1.1" 404 86663 "-" "Mozilla/5.0 (Windows NT 10.0; Win64; x64) AppleWebKit/537.36 (KHTML, like Gecko) Chrome/131.0.0.0 Safari/537.36"
52.87.194.47 - - [03/Jun/2026:23:24:07 +0200] "GET /transactional/.env HTTP/1.1" 301 - "-" "Mozilla/5.0 (Windows NT 10.0; Win64; x64) AppleWebKit/537.36 (KHTML, like Gecko) Chrome/131.0.0.0 Safari/537.36"
52.87.194.47 - - [03/Jun/2026:23:24:07 +0200] "GET /transactional/.env HTTP/1.1" 404 86711 "-" "Mozilla/5.0 (Windows NT 10.0; Win64; x64) AppleWebKit/537.36 (KHTML, like Gecko) Chrome/131.0.0.0 Safari/537.36"
52.87.194.47 - - [03/Jun/2026:23:24:08 +0200] "GET /bulk/.env HTTP/1.1" 301 - "-" "Mozilla/5.0 (Windows NT 10.0; Win64; x64) AppleWebKit/537.36 (KHTML, like Gecko) Chrome/131.0.0.0 Safari/537.36"
52.87.194.47 - - [03/Jun/2026:23:24:08 +0200] "GET /bulk/.env HTTP/1.1" 404 86657 "-" "Mozilla/5.0 (Windows NT 10.0; Win64; x64) AppleWebKit/537.36 (KHTML, like Gecko) Chrome/131.0.0.0 Safari/537.36"
52.87.194.47 - - [03/Jun/2026:23:24:09 +0200] "GET /phpinfo.php HTTP/1.1" 301 - "-" "Mozilla/5.0 (Windows NT 10.0; Win64; x64) AppleWebKit/537.36 (KHTML, like Gecko) Chrome/131.0.0.0 Safari/537.36"
52.87.194.47 - - [03/Jun/2026:23:24:10 +0200] "GET /phpinfo.php HTTP/1.1" 404 86663 "-" "Mozilla/5.0 (Windows NT 10.0; Win64; x64) AppleWebKit/537.36 (KHTML, like Gecko) Chrome/131.0.0.0 Safari/537.36"
52.87.194.47 - - [03/Jun/2026:23:24:11 +0200] "GET /info.php HTTP/1.1" 301 - "-" "Mozilla/5.0 (Windows NT 10.0; Win64; x64) AppleWebKit/537.36 (KHTML, like Gecko) Chrome/131.0.0.0 Safari/537.36"
52.87.194.47 - - [03/Jun/2026:23:24:11 +0200] "GET /info.php HTTP/1.1" 404 86645 "-" "Mozilla/5.0 (Windows NT 10.0; Win64; x64) AppleWebKit/537.36 (KHTML, like Gecko) Chrome/131.0.0.0 Safari/537.36"
52.87.194.47 - - [03/Jun/2026:23:24:12 +0200] "GET /php.php HTTP/1.1" 301 - "-" "Mozilla/5.0 (Windows NT 10.0; Win64; x64) AppleWebKit/537.36 (KHTML, like Gecko) Chrome/131.0.0.0 Safari/537.36"
52.87.194.47 - - [03/Jun/2026:23:24:13 +0200] "GET /php.php HTTP/1.1" 404 86639 "-" "Mozilla/5.0 (Windows NT 10.0; Win64; x64) AppleWebKit/537.36 (KHTML, like Gecko) Chrome/131.0.0.0 Safari/537.36"
52.87.194.47 - - [03/Jun/2026:23:24:13 +0200] "GET /i.php HTTP/1.1" 301 - "-" "Mozilla/5.0 (Windows NT 10.0; Win64; x64) AppleWebKit/537.36 (KHTML, like Gecko) Chrome/131.0.0.0 Safari/537.36"
52.87.194.47 - - [03/Jun/2026:23:24:14 +0200] "GET /i.php HTTP/1.1" 404 86627 "-" "Mozilla/5.0 (Windows NT 10.0; Win64; x64) AppleWebKit/537.36 (KHTML, like Gecko) Chrome/131.0.0.0 Safari/537.36"
52.87.194.47 - - [03/Jun/2026:23:24:15 +0200] "GET /pi.php HTTP/1.1" 301 - "-" "Mozilla/5.0 (Windows NT 10.0; Win64; x64) AppleWebKit/537.36 (KHTML, like Gecko) Chrome/131.0.0.0 Safari/537.36"
52.87.194.47 - - [03/Jun/2026:23:24:15 +0200] "GET /pi.php HTTP/1.1" 404 86633 "-" "Mozilla/5.0 (Windows NT 10.0; Win64; x64) AppleWebKit/537.36 (KHTML, like Gecko) Chrome/131.0.0.0 Safari/537.36"
52.87.194.47 - - [03/Jun/2026:23:24:16 +0200] "GET /pinfo.php HTTP/1.1" 301 - "-" "Mozilla/5.0 (Windows NT 10.0; Win64; x64) AppleWebKit/537.36 (KHTML, like Gecko) Chrome/131.0.0.0 Safari/537.36"
52.87.194.47 - - [03/Jun/2026:23:24:17 +0200] "GET /pinfo.php HTTP/1.1" 404 86651 "-" "Mozilla/5.0 (Windows NT 10.0; Win64; x64) AppleWebKit/537.36 (KHTML, like Gecko) Chrome/131.0.0.0 Safari/537.36"
52.87.194.47 - - [03/Jun/2026:23:24:18 +0200] "GET /test.php HTTP/1.1" 301 - "-" "Mozilla/5.0 (Windows NT 10.0; Win64; x64) AppleWebKit/537.36 (KHTML, like Gecko) Chrome/131.0.0.0 Safari/537.36"
52.87.194.47 - - [03/Jun/2026:23:24:18 +0200] "GET /test.php HTTP/1.1" 404 86645 "-" "Mozilla/5.0 (Windows NT 10.0; Win64; x64) AppleWebKit/537.36 (KHTML, like Gecko) Chrome/131.0.0.0 Safari/537.36"
52.87.194.47 - - [03/Jun/2026:23:24:19 +0200] "GET /phpinfo HTTP/1.1" 301 - "-" "Mozilla/5.0 (Windows NT 10.0; Win64; x64) AppleWebKit/537.36 (KHTML, like Gecko) Chrome/131.0.0.0 Safari/537.36"
52.87.194.47 - - [03/Jun/2026:23:24:19 +0200] "GET /phpinfo HTTP/1.1" 404 86639 "-" "Mozilla/5.0 (Windows NT 10.0; Win64; x64) AppleWebKit/537.36 (KHTML, like Gecko) Chrome/131.0.0.0 Safari/537.36"
52.87.194.47 - - [03/Jun/2026:23:24:20 +0200] "GET /p.php HTTP/1.1" 301 - "-" "Mozilla/5.0 (Windows NT 10.0; Win64; x64) AppleWebKit/537.36 (KHTML, like Gecko) Chrome/131.0.0.0 Safari/537.36"
52.87.194.47 - - [03/Jun/2026:23:24:21 +0200] "GET /p.php HTTP/1.1" 404 86627 "-" "Mozilla/5.0 (Windows NT 10.0; Win64; x64) AppleWebKit/537.36 (KHTML, like Gecko) Chrome/131.0.0.0 Safari/537.36"
52.87.194.47 - - [03/Jun/2026:23:24:22 +0200] "GET /debug.php HTTP/1.1" 301 - "-" "Mozilla/5.0 (Windows NT 10.0; Win64; x64) AppleWebKit/537.36 (KHTML, like Gecko) Chrome/131.0.0.0 Safari/537.36"
52.87.194.47 - - [03/Jun/2026:23:24:22 +0200] "GET /debug.php HTTP/1.1" 404 86651 "-" "Mozilla/5.0 (Windows NT 10.0; Win64; x64) AppleWebKit/537.36 (KHTML, like Gecko) Chrome/131.0.0.0 Safari/537.36"
52.87.194.47 - - [03/Jun/2026:23:24:23 +0200] "GET /admin/phpinfo.php HTTP/1.1" 301 - "-" "Mozilla/5.0 (Windows NT 10.0; Win64; x64) AppleWebKit/537.36 (KHTML, like Gecko) Chrome/131.0.0.0 Safari/537.36"
52.87.194.47 - - [03/Jun/2026:23:24:24 +0200] "GET /admin/phpinfo.php HTTP/1.1" 404 86705 "-" "Mozilla/5.0 (Windows NT 10.0; Win64; x64) AppleWebKit/537.36 (KHTML, like Gecko) Chrome/131.0.0.0 Safari/537.36"
52.87.194.47 - - [03/Jun/2026:23:24:25 +0200] "GET /test/phpinfo.php HTTP/1.1" 301 - "-" "Mozilla/5.0 (Windows NT 10.0; Win64; x64) AppleWebKit/537.36 (KHTML, like Gecko) Chrome/131.0.0.0 Safari/537.36"
52.87.194.47 - - [03/Jun/2026:23:24:25 +0200] "GET /test/phpinfo.php HTTP/1.1" 404 86699 "-" "Mozilla/5.0 (Windows NT 10.0; Win64; x64) AppleWebKit/537.36 (KHTML, like Gecko) Chrome/131.0.0.0 Safari/537.36"
52.87.194.47 - - [03/Jun/2026:23:24:26 +0200] "GET /dev/phpinfo.php HTTP/1.1" 301 - "-" "Mozilla/5.0 (Windows NT 10.0; Win64; x64) AppleWebKit/537.36 (KHTML, like Gecko) Chrome/131.0.0.0 Safari/537.36"
52.87.194.47 - - [03/Jun/2026:23:24:26 +0200] "GET /dev/phpinfo.php HTTP/1.1" 404 86693 "-" "Mozilla/5.0 (Windows NT 10.0; Win64; x64) AppleWebKit/537.36 (KHTML, like Gecko) Chrome/131.0.0.0 Safari/537.36"
52.87.194.47 - - [03/Jun/2026:23:24:27 +0200] "GET /old/phpinfo.php HTTP/1.1" 301 - "-" "Mozilla/5.0 (Windows NT 10.0; Win64; x64) AppleWebKit/537.36 (KHTML, like Gecko) Chrome/131.0.0.0 Safari/537.36"
52.87.194.47 - - [03/Jun/2026:23:24:28 +0200] "GET /old/phpinfo.php HTTP/1.1" 404 86693 "-" "Mozilla/5.0 (Windows NT 10.0; Win64; x64) AppleWebKit/537.36 (KHTML, like Gecko) Chrome/131.0.0.0 Safari/537.36"
52.87.194.47 - - [03/Jun/2026:23:24:29 +0200] "GET /tmp/phpinfo.php HTTP/1.1" 301 - "-" "Mozilla/5.0 (Windows NT 10.0; Win64; x64) AppleWebKit/537.36 (KHTML, like Gecko) Chrome/131.0.0.0 Safari/537.36"
52.87.194.47 - - [03/Jun/2026:23:24:29 +0200] "GET /tmp/phpinfo.php HTTP/1.1" 404 86693 "-" "Mozilla/5.0 (Windows NT 10.0; Win64; x64) AppleWebKit/537.36 (KHTML, like Gecko) Chrome/131.0.0.0 Safari/537.36"
52.87.194.47 - - [03/Jun/2026:23:24:30 +0200] "GET /public/phpinfo.php HTTP/1.1" 301 - "-" "Mozilla/5.0 (Windows NT 10.0; Win64; x64) AppleWebKit/537.36 (KHTML, like Gecko) Chrome/131.0.0.0 Safari/537.36"
52.87.194.47 - - [03/Jun/2026:23:24:30 +0200] "GET /public/phpinfo.php HTTP/1.1" 404 86711 "-" "Mozilla/5.0 (Windows NT 10.0; Win64; x64) AppleWebKit/537.36 (KHTML, like Gecko) Chrome/131.0.0.0 Safari/537.36"
52.87.194.47 - - [03/Jun/2026:23:24:31 +0200] "GET /info HTTP/1.1" 301 - "-" "Mozilla/5.0 (Windows NT 10.0; Win64; x64) AppleWebKit/537.36 (KHTML, like Gecko) Chrome/131.0.0.0 Safari/537.36"
52.87.194.47 - - [03/Jun/2026:23:24:32 +0200] "GET /informativa-privacy/ HTTP/1.1" 415 101042 "-" "Mozilla/5.0 (Windows NT 10.0; Win64; x64) AppleWebKit/537.36 (KHTML, like Gecko) Chrome/131.0.0.0 Safari/537.36"
52.87.194.47 - - [03/Jun/2026:23:24:33 +0200] "GET /php-info.php HTTP/1.1" 301 - "-" "Mozilla/5.0 (Windows NT 10.0; Win64; x64) AppleWebKit/537.36 (KHTML, like Gecko) Chrome/131.0.0.0 Safari/537.36"
52.87.194.47 - - [03/Jun/2026:23:24:33 +0200] "GET /php-info.php HTTP/1.1" 404 86669 "-" "Mozilla/5.0 (Windows NT 10.0; Win64; x64) AppleWebKit/537.36 (KHTML, like Gecko) Chrome/131.0.0.0 Safari/537.36"
52.87.194.47 - - [03/Jun/2026:23:24:34 +0200] "GET /phpversion.php HTTP/1.1" 301 - "-" "Mozilla/5.0 (Windows NT 10.0; Win64; x64) AppleWebKit/537.36 (KHTML, like Gecko) Chrome/131.0.0.0 Safari/537.36"
52.87.194.47 - - [03/Jun/2026:23:24:35 +0200] "GET /phpversion.php HTTP/1.1" 404 86681 "-" "Mozilla/5.0 (Windows NT 10.0; Win64; x64) AppleWebKit/537.36 (KHTML, like Gecko) Chrome/131.0.0.0 Safari/537.36"
52.87.194.47 - - [03/Jun/2026:23:24:35 +0200] "GET /_phpinfo.php HTTP/1.1" 301 - "-" "Mozilla/5.0 (Windows NT 10.0; Win64; x64) AppleWebKit/537.36 (KHTML, like Gecko) Chrome/131.0.0.0 Safari/537.36"
52.87.194.47 - - [03/Jun/2026:23:24:36 +0200] "GET /_phpinfo.php HTTP/1.1" 404 86669 "-" "Mozilla/5.0 (Windows NT 10.0; Win64; x64) AppleWebKit/537.36 (KHTML, like Gecko) Chrome/131.0.0.0 Safari/537.36"
52.87.194.47 - - [03/Jun/2026:23:24:37 +0200] "GET /old_phpinfo.php HTTP/1.1" 301 - "-" "Mozilla/5.0 (Windows NT 10.0; Win64; x64) AppleWebKit/537.36 (KHTML, like Gecko) Chrome/131.0.0.0 Safari/537.36"
52.87.194.47 - - [03/Jun/2026:23:24:37 +0200] "GET /old_phpinfo.php HTTP/1.1" 404 86687 "-" "Mozilla/5.0 (Windows NT 10.0; Win64; x64) AppleWebKit/537.36 (KHTML, like Gecko) Chrome/131.0.0.0 Safari/537.36"
52.87.194.47 - - [03/Jun/2026:23:24:38 +0200] "GET /server-info.php HTTP/1.1" 301 - "-" "Mozilla/5.0 (Windows NT 10.0; Win64; x64) AppleWebKit/537.36 (KHTML, like Gecko) Chrome/131.0.0.0 Safari/537.36"
52.87.194.47 - - [03/Jun/2026:23:24:39 +0200] "GET /server-info.php HTTP/1.1" 404 86687 "-" "Mozilla/5.0 (Windows NT 10.0; Win64; x64) AppleWebKit/537.36 (KHTML, like Gecko) Chrome/131.0.0.0 Safari/537.36"
52.87.194.47 - - [03/Jun/2026:23:24:39 +0200] "GET /server-status.php HTTP/1.1" 301 - "-" "Mozilla/5.0 (Windows NT 10.0; Win64; x64) AppleWebKit/537.36 (KHTML, like Gecko) Chrome/131.0.0.0 Safari/537.36"
52.87.194.47 - - [03/Jun/2026:23:24:40 +0200] "GET /server-status.php HTTP/1.1" 404 86699 "-" "Mozilla/5.0 (Windows NT 10.0; Win64; x64) AppleWebKit/537.36 (KHTML, like Gecko) Chrome/131.0.0.0 Safari/537.36"
52.87.194.47 - - [03/Jun/2026:23:24:41 +0200] "GET /_profiler/phpinfo HTTP/1.1" 301 - "-" "Mozilla/5.0 (Windows NT 10.0; Win64; x64) AppleWebKit/537.36 (KHTML, like Gecko) Chrome/131.0.0.0 Safari/537.36"
52.87.194.47 - - [03/Jun/2026:23:24:41 +0200] "GET /_profiler/phpinfo HTTP/1.1" 404 86705 "-" "Mozilla/5.0 (Windows NT 10.0; Win64; x64) AppleWebKit/537.36 (KHTML, like Gecko) Chrome/131.0.0.0 Safari/537.36"
52.87.194.47 - - [03/Jun/2026:23:24:42 +0200] "GET /_environment HTTP/1.1" 301 - "-" "Mozilla/5.0 (Windows NT 10.0; Win64; x64) AppleWebKit/537.36 (KHTML, like Gecko) Chrome/131.0.0.0 Safari/537.36"
52.87.194.47 - - [03/Jun/2026:23:24:42 +0200] "GET /_environment HTTP/1.1" 404 86669 "-" "Mozilla/5.0 (Windows NT 10.0; Win64; x64) AppleWebKit/537.36 (KHTML, like Gecko) Chrome/131.0.0.0 Safari/537.36"
52.87.194.47 - - [03/Jun/2026:23:24:43 +0200] "GET /webroot/index.php/_environment HTTP/1.1" 301 - "-" "Mozilla/5.0 (Windows NT 10.0; Win64; x64) AppleWebKit/537.36 (KHTML, like Gecko) Chrome/131.0.0.0 Safari/537.36"
52.87.194.47 - - [03/Jun/2026:23:24:44 +0200] "GET /webroot/_environment HTTP/1.1" 404 86723 "-" "Mozilla/5.0 (Windows NT 10.0; Win64; x64) AppleWebKit/537.36 (KHTML, like Gecko) Chrome/131.0.0.0 Safari/537.36"
52.87.194.47 - - [03/Jun/2026:23:24:45 +0200] "GET /mail/phpinfo.php HTTP/1.1" 301 - "-" "Mozilla/5.0 (Windows NT 10.0; Win64; x64) AppleWebKit/537.36 (KHTML, like Gecko) Chrome/131.0.0.0 Safari/537.36"
52.87.194.47 - - [03/Jun/2026:23:24:45 +0200] "GET /mail/phpinfo.php HTTP/1.1" 404 86699 "-" "Mozilla/5.0 (Windows NT 10.0; Win64; x64) AppleWebKit/537.36 (KHTML, like Gecko) Chrome/131.0.0.0 Safari/537.36"
52.87.194.47 - - [03/Jun/2026:23:24:46 +0200] "GET /cpanel/phpinfo.php HTTP/1.1" 301 - "-" "Mozilla/5.0 (Windows NT 10.0; Win64; x64) AppleWebKit/537.36 (KHTML, like Gecko) Chrome/131.0.0.0 Safari/537.36"
52.87.194.47 - - [03/Jun/2026:23:24:47 +0200] "GET /cpanel/phpinfo.php HTTP/1.1" 404 86711 "-" "Mozilla/5.0 (Windows NT 10.0; Win64; x64) AppleWebKit/537.36 (KHTML, like Gecko) Chrome/131.0.0.0 Safari/537.36"
52.87.194.47 - - [03/Jun/2026:23:24:47 +0200] "GET /hosting/phpinfo.php HTTP/1.1" 301 - "-" "Mozilla/5.0 (Windows NT 10.0; Win64; x64) AppleWebKit/537.36 (KHTML, like Gecko) Chrome/131.0.0.0 Safari/537.36"
52.87.194.47 - - [03/Jun/2026:23:24:48 +0200] "GET /hosting/phpinfo.php HTTP/1.1" 404 86717 "-" "Mozilla/5.0 (Windows NT 10.0; Win64; x64) AppleWebKit/537.36 (KHTML, like Gecko) Chrome/131.0.0.0 Safari/537.36"
52.87.194.47 - - [03/Jun/2026:23:24:49 +0200] "GET /webmail/phpinfo.php HTTP/1.1" 301 - "-" "Mozilla/5.0 (Windows NT 10.0; Win64; x64) AppleWebKit/537.36 (KHTML, like Gecko) Chrome/131.0.0.0 Safari/537.36"
65.108.235.243 - - [03/Jun/2026:23:24:50 +0200] "POST /wp-cron.php?doing_wp_cron=1780521890.0641539096832275390625 HTTP/1.1" 200 1 "-" "WordPress/7.0; https://parma.elettroservicegroup.it"
52.87.194.47 - - [03/Jun/2026:23:24:49 +0200] "GET /webmail/phpinfo.php HTTP/1.1" 404 86717 "-" "Mozilla/5.0 (Windows NT 10.0; Win64; x64) AppleWebKit/537.36 (KHTML, like Gecko) Chrome/131.0.0.0 Safari/537.36"
52.87.194.47 - - [03/Jun/2026:23:24:50 +0200] "GET /smtp/phpinfo.php HTTP/1.1" 301 - "-" "Mozilla/5.0 (Windows NT 10.0; Win64; x64) AppleWebKit/537.36 (KHTML, like Gecko) Chrome/131.0.0.0 Safari/537.36"
52.87.194.47 - - [03/Jun/2026:23:24:51 +0200] "GET /smtp/phpinfo.php HTTP/1.1" 404 86699 "-" "Mozilla/5.0 (Windows NT 10.0; Win64; x64) AppleWebKit/537.36 (KHTML, like Gecko) Chrome/131.0.0.0 Safari/537.36"
65.108.235.243 - - [03/Jun/2026:23:28:53 +0200] "POST /wp-cron.php?doing_wp_cron=1780522133.3949489593505859375000 HTTP/1.1" 200 1 "-" "WordPress/7.0; https://parma.elettroservicegroup.it"
114.119.138.37 - - [03/Jun/2026:23:28:51 +0200] "GET /assistenza-siemens-parma HTTP/1.1" 301 1 "https://parma.elettroservicegroup.it/assistenza-elettrodomestici-parma/lavatrice" "Mozilla/5.0 (Linux; Android 7.0;) AppleWebKit/537.36 (HTML, like Gecko) Mobile Safari/537.36 (compatible; PetalBot;+https://webmaster.petalsearch.com/site/petalbot)"
114.119.138.37 - - [03/Jun/2026:23:28:54 +0200] "GET /assistenza-siemens-parma/ HTTP/1.1" 200 22808 "https://parma.elettroservicegroup.it/assistenza-elettrodomestici-parma/lavatrice" "Mozilla/5.0 (Linux; Android 7.0;) AppleWebKit/537.36 (HTML, like Gecko) Mobile Safari/537.36 (compatible; PetalBot;+https://webmaster.petalsearch.com/site/petalbot)"
65.108.235.243 - - [03/Jun/2026:23:50:27 +0200] "POST /wp-cron.php?doing_wp_cron=1780523427.5544929504394531250000 HTTP/1.1" 200 1 "-" "WordPress/7.0; https://parma.elettroservicegroup.it"
216.73.217.169 - - [03/Jun/2026:23:50:26 +0200] "GET /robots.txt HTTP/2.0" 200 104 "-" "Mozilla/5.0 AppleWebKit/537.36 (KHTML, like Gecko; compatible; ClaudeBot/1.0; +claudebot@anthropic.com)"
216.73.217.169 - - [03/Jun/2026:23:50:27 +0200] "GET /sitemap.xml HTTP/2.0" 200 312 "-" "Mozilla/5.0 AppleWebKit/537.36 (KHTML, like Gecko; compatible; ClaudeBot/1.0; +claudebot@anthropic.com)"
65.108.235.243 - - [03/Jun/2026:23:50:46 +0200] "POST /wp-cron.php?doing_wp_cron=1780523446.8130168914794921875000 HTTP/1.1" 200 1 "-" "WordPress/7.0; https://parma.elettroservicegroup.it"
216.73.217.169 - - [03/Jun/2026:23:50:46 +0200] "GET /sitemap.rss HTTP/2.0" 200 1349 "-" "Mozilla/5.0 AppleWebKit/537.36 (KHTML, like Gecko; compatible; ClaudeBot/1.0; +claudebot@anthropic.com)"
159.146.43.217 - - [03/Jun/2026:23:55:49 +0200] "POST /wp-login.php HTTP/1.1" 200 11779 "https://parma.elettroservicegroup.it/wp-admin/" "Mozilla/5.0 (Windows NT 10.0; Win64; x64) AppleWebKit/537.36"
159.146.43.217 - - [03/Jun/2026:23:55:49 +0200] "GET /wp-admin/ HTTP/1.1" 200 11778 "www.google.com" "Mozilla/5.0 (Windows NT 10.0; Win64; x64) AppleWebKit/537.36"
65.108.235.243 - - [04/Jun/2026:01:00:42 +0200] "POST /wp-cron.php?doing_wp_cron=1780527642.7704930305480957031250 HTTP/1.1" 200 1 "-" "WordPress/7.0; https://parma.elettroservicegroup.it"
114.119.154.115 - - [04/Jun/2026:01:00:41 +0200] "GET /?attachment_id=16288 HTTP/1.1" 200 17759 "https://parma.elettroservicegroup.it/?attachment_id=16288" "Mozilla/5.0 (Linux; Android 7.0;) AppleWebKit/537.36 (HTML, like Gecko) Mobile Safari/537.36 (compatible; PetalBot;+https://webmaster.petalsearch.com/site/petalbot)"
65.108.235.243 - - [04/Jun/2026:01:02:07 +0200] "POST /wp-cron.php?doing_wp_cron=1780527727.4276380538940429687500 HTTP/1.1" 200 1 "-" "WordPress/7.0; https://parma.elettroservicegroup.it"
156.59.198.136 - - [04/Jun/2026:01:02:05 +0200] "GET /wp-content/uploads/2022/01/logo-rex-electrolux2-e1641220584995-768x365.jpg HTTP/2.0" 404 87041 "https://parma.elettroservicegroup.it/assistenza-lavastoviglie-rex-electrolux-fidenza/" "Mozilla/5.0 (Linux; Android 5.0) AppleWebKit/537.36 (KHTML, like Gecko) Mobile Safari/537.36 (compatible; Bytespider; spider-feedback@bytedance.com)"
65.108.235.243 - - [04/Jun/2026:01:10:08 +0200] "POST /wp-cron.php?doing_wp_cron=1780528208.5989410877227783203125 HTTP/1.1" 200 1 "-" "WordPress/7.0; https://parma.elettroservicegroup.it"
156.59.198.136 - - [04/Jun/2026:01:10:06 +0200] "GET /wp-content/uploads/2021/11/forno-c.jpg HTTP/2.0" 404 86825 "https://parma.elettroservicegroup.it/" "Mozilla/5.0 (Linux; Android 5.0) AppleWebKit/537.36 (KHTML, like Gecko) Mobile Safari/537.36 (compatible; Bytespider; spider-feedback@bytedance.com)"
65.108.235.243 - - [04/Jun/2026:01:25:12 +0200] "POST /wp-cron.php?doing_wp_cron=1780529112.6472289562225341796875 HTTP/1.1" 200 1 "-" "WordPress/7.0; https://parma.elettroservicegroup.it"
114.119.141.228 - - [04/Jun/2026:01:25:11 +0200] "GET /assistenza-lavatrici-whirlpool-fidenza HTTP/1.1" 301 1 "https://parma.elettroservicegroup.it/assistenza-lavatrici-whirlpool-fidenza" "Mozilla/5.0 (Linux; Android 7.0;) AppleWebKit/537.36 (HTML, like Gecko) Mobile Safari/537.36 (compatible; PetalBot;+https://webmaster.petalsearch.com/site/petalbot)"
114.119.141.228 - - [04/Jun/2026:01:25:13 +0200] "GET /assistenza-lavatrici-whirlpool-fidenza/ HTTP/1.1" 200 22861 "https://parma.elettroservicegroup.it/assistenza-lavatrici-whirlpool-fidenza" "Mozilla/5.0 (Linux; Android 7.0;) AppleWebKit/537.36 (HTML, like Gecko) Mobile Safari/537.36 (compatible; PetalBot;+https://webmaster.petalsearch.com/site/petalbot)"
23.22.99.102 - - [04/Jun/2026:01:26:16 +0200] "GET /robots.txt HTTP/1.1" 200 11766 "-" "Mozilla/5.0 (Macintosh; Intel Mac OS X 10_10_1) AppleWebKit/600.2.5 (KHTML, like Gecko) Version/8.0.2 Safari/600.2.5 (Lanai)"
23.22.173.232 - - [04/Jun/2026:01:26:17 +0200] "GET /assistenza-bosch-parma/ HTTP/1.1" 200 11812 "-" "Mozilla/5.0 (Macintosh; Intel Mac OS X 10_10_1) AppleWebKit/600.2.5 (KHTML, like Gecko) Version/8.0.2 Safari/600.2.5 (Lanai)"
66.249.89.133 - - [04/Jun/2026:01:50:57 +0200] "GET /assistenza-smeg-parma/ HTTP/1.1" 200 22668 "-" "AdsBot-Google (+http://www.google.com/adsbot.html)"
65.108.235.243 - - [04/Jun/2026:01:50:58 +0200] "POST /wp-cron.php?doing_wp_cron=1780530658.1683340072631835937500 HTTP/1.1" 200 1 "-" "WordPress/7.0; https://parma.elettroservicegroup.it"
114.119.154.115 - - [04/Jun/2026:01:50:56 +0200] "GET /8/ HTTP/1.1" 404 16838 "https://parma.elettroservicegroup.it/8" "Mozilla/5.0 (Linux; Android 7.0;) AppleWebKit/537.36 (HTML, like Gecko) Mobile Safari/537.36 (compatible; PetalBot;+https://webmaster.petalsearch.com/site/petalbot)"
66.249.89.135 - - [04/Jun/2026:01:51:03 +0200] "GET /wp-content/cache/wpfc-minified/7aujoglc/4bx27.css HTTP/1.1" 200 16439 "https://parma.elettroservicegroup.it/assistenza-smeg-parma/" "AdsBot-Google (+http://www.google.com/adsbot.html)"
66.249.89.134 - - [04/Jun/2026:01:51:04 +0200] "GET /wp-content/cache/wpfc-minified/eqzpooq2/4bjek.css HTTP/1.1" 200 4410 "https://parma.elettroservicegroup.it/assistenza-smeg-parma/" "AdsBot-Google (+http://www.google.com/adsbot.html)"
66.249.89.133 - - [04/Jun/2026:01:51:04 +0200] "GET /wp-content/uploads/elementor/css/post-14146.css?ver=1780326320 HTTP/1.1" 200 428 "https://parma.elettroservicegroup.it/assistenza-smeg-parma/" "AdsBot-Google (+http://www.google.com/adsbot.html)"
66.249.89.133 - - [04/Jun/2026:01:51:04 +0200] "GET /wp-content/uploads/elementor/css/post-17361.css?ver=1780360354 HTTP/1.1" 200 2168 "https://parma.elettroservicegroup.it/assistenza-smeg-parma/" "AdsBot-Google (+http://www.google.com/adsbot.html)"
66.249.89.134 - - [04/Jun/2026:01:51:05 +0200] "GET /wp-content/cache/wpfc-minified/bwue548/4bjek.css HTTP/1.1" 200 19030 "https://parma.elettroservicegroup.it/assistenza-smeg-parma/" "AdsBot-Google (+http://www.google.com/adsbot.html)"
66.249.89.134 - - [04/Jun/2026:01:51:06 +0200] "GET /wp-content/uploads/elementor/css/post-14366.css?ver=1780326320 HTTP/1.1" 200 302 "https://parma.elettroservicegroup.it/assistenza-smeg-parma/" "AdsBot-Google (+http://www.google.com/adsbot.html)"
66.249.89.134 - - [04/Jun/2026:01:51:07 +0200] "GET /wp-content/cache/wpfc-minified/shydqzw/4bjek.js HTTP/1.1" 200 42193 "https://parma.elettroservicegroup.it/assistenza-smeg-parma/" "AdsBot-Google (+http://www.google.com/adsbot.html)"
66.249.89.134 - - [04/Jun/2026:01:51:08 +0200] "GET /wp-content/cache/wpfc-minified/fpvwzn7j/4bjek.css HTTP/1.1" 200 14485 "https://parma.elettroservicegroup.it/assistenza-smeg-parma/" "AdsBot-Google (+http://www.google.com/adsbot.html)"
66.249.89.134 - - [04/Jun/2026:01:51:09 +0200] "GET /wp-content/cache/wpfc-minified/f4mpgdct/4bjek.css HTTP/1.1" 200 7521 "https://parma.elettroservicegroup.it/assistenza-smeg-parma/" "AdsBot-Google (+http://www.google.com/adsbot.html)"
66.249.89.133 - - [04/Jun/2026:01:51:11 +0200] "GET /wp-content/cache/wpfc-minified/mbb024jo/4bjek.css HTTP/1.1" 200 11331 "https://parma.elettroservicegroup.it/assistenza-smeg-parma/" "AdsBot-Google (+http://www.google.com/adsbot.html)"
66.249.89.134 - - [04/Jun/2026:01:51:11 +0200] "GET /wp-content/cache/wpfc-minified/9aoba38s/4bjek.css HTTP/1.1" 200 418 "https://parma.elettroservicegroup.it/assistenza-smeg-parma/" "AdsBot-Google (+http://www.google.com/adsbot.html)"
66.249.89.133 - - [04/Jun/2026:01:51:12 +0200] "GET /wp-content/plugins/elementor/assets/js/webpack.runtime.min.js?ver=4.1.1 HTTP/1.1" 200 2340 "https://parma.elettroservicegroup.it/assistenza-smeg-parma/" "AdsBot-Google (+http://www.google.com/adsbot.html)"
66.249.89.133 - - [04/Jun/2026:01:51:13 +0200] "GET /wp-content/plugins/gp-premium/menu-plus/functions/js/sticky.min.js?ver=2.5.5 HTTP/1.1" 200 2670 "https://parma.elettroservicegroup.it/assistenza-smeg-parma/" "AdsBot-Google (+http://www.google.com/adsbot.html)"
66.249.89.133 - - [04/Jun/2026:01:51:15 +0200] "GET /wp-content/plugins/elementor/assets/js/frontend.min.js?ver=4.1.1 HTTP/1.1" 200 10140 "https://parma.elettroservicegroup.it/assistenza-smeg-parma/" "AdsBot-Google (+http://www.google.com/adsbot.html)"
66.249.89.133 - - [04/Jun/2026:01:51:16 +0200] "GET /wp-content/themes/generatepress/assets/js/menu.min.js?ver=3.6.1 HTTP/1.1" 200 1688 "https://parma.elettroservicegroup.it/assistenza-smeg-parma/" "AdsBot-Google (+http://www.google.com/adsbot.html)"
66.249.89.133 - - [04/Jun/2026:01:51:17 +0200] "GET /wp-content/themes/generatepress/assets/js/back-to-top.min.js?ver=3.6.1 HTTP/1.1" 200 336 "https://parma.elettroservicegroup.it/assistenza-smeg-parma/" "AdsBot-Google (+http://www.google.com/adsbot.html)"
66.249.89.133 - - [04/Jun/2026:01:51:18 +0200] "GET /wp-includes/js/jquery/ui/core.min.js?ver=1.13.3 HTTP/1.1" 200 6820 "https://parma.elettroservicegroup.it/assistenza-smeg-parma/" "AdsBot-Google (+http://www.google.com/adsbot.html)"
66.249.89.133 - - [04/Jun/2026:01:51:19 +0200] "GET /wp-content/plugins/elementor/assets/js/frontend-modules.min.js?ver=4.1.1 HTTP/1.1" 200 15454 "https://parma.elettroservicegroup.it/assistenza-smeg-parma/" "AdsBot-Google (+http://www.google.com/adsbot.html)"
66.249.89.133 - - [04/Jun/2026:01:51:20 +0200] "GET /wp-content/plugins/complianz-gdpr-premium/cookiebanner/js/complianz.min.js?ver=1780326315 HTTP/1.1" 200 10708 "https://parma.elettroservicegroup.it/assistenza-smeg-parma/" "AdsBot-Google (+http://www.google.com/adsbot.html)"
66.249.89.133 - - [04/Jun/2026:01:51:21 +0200] "GET /wp-content/plugins/elementor/assets/lib/font-awesome/webfonts/fa-regular-400.woff2 HTTP/1.1" 200 13277 "https://parma.elettroservicegroup.it/wp-content/cache/wpfc-minified/7aujoglc/4bx27.css" "AdsBot-Google (+http://www.google.com/adsbot.html)"
66.249.89.133 - - [04/Jun/2026:01:51:21 +0200] "GET /wp-content/uploads/elementor/google-fonts/fonts/roboto-kfo7cnqeu92fr1me7ksn66agldtyluama3yuba.woff2 HTTP/1.1" 200 40132 "https://parma.elettroservicegroup.it/wp-content/cache/wpfc-minified/fpvwzn7j/4bjek.css" "AdsBot-Google (+http://www.google.com/adsbot.html)"
66.249.89.133 - - [04/Jun/2026:01:51:22 +0200] "GET /wp-content/plugins/elementor/assets/lib/font-awesome/webfonts/fa-solid-900.woff2 HTTP/1.1" 200 78201 "https://parma.elettroservicegroup.it/wp-content/cache/wpfc-minified/7aujoglc/4bx27.css" "AdsBot-Google (+http://www.google.com/adsbot.html)"
65.108.235.243 - - [04/Jun/2026:01:51:23 +0200] "POST /wp-cron.php?doing_wp_cron=1780530683.9090209007263183593750 HTTP/1.1" 200 1 "-" "WordPress/7.0; https://parma.elettroservicegroup.it"
66.249.89.133 - - [04/Jun/2026:01:51:23 +0200] "GET /wp-json/complianz/v1/banner?lang=it&locale=it_IT&token=elxap HTTP/1.1" 200 84 "https://parma.elettroservicegroup.it/assistenza-smeg-parma/" "AdsBot-Google (+http://www.google.com/adsbot.html)"
66.249.89.133 - - [04/Jun/2026:01:51:24 +0200] "GET /wp-content/uploads/complianz/css/banner-1-optin.css?v=46 HTTP/1.1" 200 2617 "https://parma.elettroservicegroup.it/assistenza-smeg-parma/" "AdsBot-Google (+http://www.google.com/adsbot.html)"
66.249.89.133 - - [04/Jun/2026:01:51:25 +0200] "GET /wp-json/complianz/v1/cookie_data HTTP/1.1" 200 81 "https://parma.elettroservicegroup.it/assistenza-smeg-parma/" "AdsBot-Google (+http://www.google.com/adsbot.html)"
66.249.89.133 - - [04/Jun/2026:01:51:27 +0200] "GET /wp-content/plugins/elementor/assets/js/text-editor.45609661e409413f1cef.bundle.min.js HTTP/1.1" 200 592 "https://parma.elettroservicegroup.it/assistenza-smeg-parma/" "AdsBot-Google (+http://www.google.com/adsbot.html)"
66.249.89.133 - - [04/Jun/2026:01:51:27 +0200] "GET /wp-content/plugins/elementor/assets/js/section-frontend-handlers.d85ab872da118940910d.bundle.min.js HTTP/1.1" 200 230 "https://parma.elettroservicegroup.it/assistenza-smeg-parma/" "AdsBot-Google (+http://www.google.com/adsbot.html)"
66.249.89.133 - - [04/Jun/2026:01:51:29 +0200] "GET /wp-content/plugins/elementor/assets/js/shared-frontend-handlers.03caa53373b56d3bab67.bundle.min.js HTTP/1.1" 200 2515 "https://parma.elettroservicegroup.it/assistenza-smeg-parma/" "AdsBot-Google (+http://www.google.com/adsbot.html)"
65.108.235.243 - - [04/Jun/2026:01:54:39 +0200] "POST /wp-cron.php?doing_wp_cron=1780530879.7035229206085205078125 HTTP/1.1" 200 1 "-" "WordPress/7.0; https://parma.elettroservicegroup.it"
216.73.217.169 - - [04/Jun/2026:01:54:38 +0200] "GET /robots.txt HTTP/2.0" 200 104 "-" "Mozilla/5.0 AppleWebKit/537.36 (KHTML, like Gecko; compatible; ClaudeBot/1.0; +claudebot@anthropic.com)"
216.73.217.169 - - [04/Jun/2026:01:54:42 +0200] "GET /sitemap.rss HTTP/2.0" 200 1348 "-" "Mozilla/5.0 AppleWebKit/537.36 (KHTML, like Gecko; compatible; ClaudeBot/1.0; +claudebot@anthropic.com)"
65.108.235.243 - - [04/Jun/2026:01:54:50 +0200] "POST /wp-cron.php?doing_wp_cron=1780530890.6383559703826904296875 HTTP/1.1" 200 1 "-" "WordPress/7.0; https://parma.elettroservicegroup.it"
216.73.217.169 - - [04/Jun/2026:01:54:50 +0200] "GET /sitemap.xml HTTP/2.0" 200 312 "-" "Mozilla/5.0 AppleWebKit/537.36 (KHTML, like Gecko; compatible; ClaudeBot/1.0; +claudebot@anthropic.com)"
40.77.167.121 - - [04/Jun/2026:01:55:48 +0200] "GET /wp-sitemap-posts-post-1.xml HTTP/2.0" 404 16873 "-" "Mozilla/5.0 AppleWebKit/537.36 (KHTML, like Gecko; compatible; bingbot/2.0; +http://www.bing.com/bingbot.htm) Chrome/116.0.1938.76 Safari/537.36"
65.108.235.243 - - [04/Jun/2026:01:58:24 +0200] "POST /wp-cron.php?doing_wp_cron=1780531104.9054059982299804687500 HTTP/1.1" 200 1 "-" "WordPress/7.0; https://parma.elettroservicegroup.it"
40.77.167.25 - - [04/Jun/2026:01:58:23 +0200] "GET /wp-sitemap-users-1.xml HTTP/2.0" 404 16873 "-" "Mozilla/5.0 AppleWebKit/537.36 (KHTML, like Gecko; compatible; bingbot/2.0; +http://www.bing.com/bingbot.htm) Chrome/116.0.1938.76 Safari/537.36"
65.108.235.243 - - [04/Jun/2026:02:08:05 +0200] "POST /wp-cron.php?doing_wp_cron=1780531685.8517611026763916015625 HTTP/1.1" 200 1 "-" "WordPress/7.0; https://parma.elettroservicegroup.it"
52.167.144.211 - - [04/Jun/2026:02:08:04 +0200] "GET /wp-sitemap-taxonomies-category-1.xml HTTP/2.0" 404 16884 "-" "Mozilla/5.0 AppleWebKit/537.36 (KHTML, like Gecko; compatible; bingbot/2.0; +http://www.bing.com/bingbot.htm) Chrome/116.0.1938.76 Safari/537.36"
36.69.0.121 - - [04/Jun/2026:02:11:04 +0200] "GET / HTTP/1.1" 200 161083 "-" "Mozilla/5.0 (Windows NT 10.0; Win64; x64) AppleWebKit/537.36 (KHTML, like Gecko) Chrome/120.0.0.0 Safari/537.36"
65.108.235.243 - - [04/Jun/2026:02:17:21 +0200] "POST /wp-cron.php?doing_wp_cron=1780532241.4924499988555908203125 HTTP/1.1" 200 1 "-" "WordPress/7.0; https://parma.elettroservicegroup.it"
40.77.167.56 - - [04/Jun/2026:02:17:19 +0200] "GET /wp-sitemap-posts-page-1.xml HTTP/2.0" 404 16879 "-" "Mozilla/5.0 AppleWebKit/537.36 (KHTML, like Gecko; compatible; bingbot/2.0; +http://www.bing.com/bingbot.htm) Chrome/116.0.1938.76 Safari/537.36"
65.108.235.243 - - [04/Jun/2026:02:38:40 +0200] "POST /wp-cron.php?doing_wp_cron=1780533520.1230039596557617187500 HTTP/1.1" 200 1 "-" "WordPress/7.0; https://parma.elettroservicegroup.it"
114.119.154.115 - - [04/Jun/2026:02:38:38 +0200] "GET /assistenza-lavatrici-indesit-fidenza HTTP/1.1" 301 1 "https://parma.elettroservicegroup.it/assistenza-lavatrici-indesit-fidenza" "Mozilla/5.0 (Linux; Android 7.0;) AppleWebKit/537.36 (HTML, like Gecko) Mobile Safari/537.36 (compatible; PetalBot;+https://webmaster.petalsearch.com/site/petalbot)"
114.119.154.115 - - [04/Jun/2026:02:38:40 +0200] "GET /assistenza-lavatrici-indesit-fidenza/ HTTP/1.1" 200 22692 "https://parma.elettroservicegroup.it/assistenza-lavatrici-indesit-fidenza" "Mozilla/5.0 (Linux; Android 7.0;) AppleWebKit/537.36 (HTML, like Gecko) Mobile Safari/537.36 (compatible; PetalBot;+https://webmaster.petalsearch.com/site/petalbot)"
65.108.235.243 - - [04/Jun/2026:02:40:04 +0200] "POST /wp-cron.php?doing_wp_cron=1780533604.1749420166015625000000 HTTP/1.1" 200 1 "-" "WordPress/7.0; https://parma.elettroservicegroup.it"
114.119.130.67 - - [04/Jun/2026:02:40:02 +0200] "GET /assistenza-lavatrici-bosch-parma HTTP/1.1" 301 1 "https://parma.elettroservicegroup.it/assistenza-lavatrici-bosch-parma" "Mozilla/5.0 (Linux; Android 7.0;) AppleWebKit/537.36 (HTML, like Gecko) Mobile Safari/537.36 (compatible; PetalBot;+https://webmaster.petalsearch.com/site/petalbot)"
114.119.130.67 - - [04/Jun/2026:02:40:04 +0200] "GET /assistenza-lavatrici-bosch-parma/ HTTP/1.1" 200 22813 "https://parma.elettroservicegroup.it/assistenza-lavatrici-bosch-parma" "Mozilla/5.0 (Linux; Android 7.0;) AppleWebKit/537.36 (HTML, like Gecko) Mobile Safari/537.36 (compatible; PetalBot;+https://webmaster.petalsearch.com/site/petalbot)"
65.108.235.243 - - [04/Jun/2026:02:47:49 +0200] "POST /wp-cron.php?doing_wp_cron=1780534069.3659179210662841796875 HTTP/1.1" 200 1 "-" "WordPress/7.0; https://parma.elettroservicegroup.it"
66.249.64.69 - - [04/Jun/2026:02:47:47 +0200] "GET /sitemap1.xml HTTP/1.1" 302 1 "-" "Mozilla/5.0 (compatible; Googlebot/2.1; +http://www.google.com/bot.html)"
65.108.235.243 - - [04/Jun/2026:02:47:57 +0200] "POST /wp-cron.php?doing_wp_cron=1780534077.7022409439086914062500 HTTP/1.1" 200 1 "-" "WordPress/7.0; https://parma.elettroservicegroup.it"
66.249.64.69 - - [04/Jun/2026:02:47:57 +0200] "GET /sitemap.xml HTTP/1.1" 200 312 "-" "Mozilla/5.0 (compatible; Googlebot/2.1; +http://www.google.com/bot.html)"
65.108.235.243 - - [04/Jun/2026:03:04:04 +0200] "POST /wp-cron.php?doing_wp_cron=1780535044.0073280334472656250000 HTTP/1.1" 200 1 "-" "WordPress/7.0; https://parma.elettroservicegroup.it"
114.119.148.161 - - [04/Jun/2026:03:04:02 +0200] "GET /assistenza-miele-parma/ HTTP/1.1" 200 22647 "https://parma.elettroservicegroup.it/?attachment_id=16112" "Mozilla/5.0 (Linux; Android 7.0;) AppleWebKit/537.36 (HTML, like Gecko) Mobile Safari/537.36 (compatible; PetalBot;+https://webmaster.petalsearch.com/site/petalbot)"
65.108.235.243 - - [04/Jun/2026:03:20:53 +0200] "POST /wp-cron.php?doing_wp_cron=1780536053.8594360351562500000000 HTTP/1.1" 200 1 "-" "WordPress/7.0; https://parma.elettroservicegroup.it"
138.246.253.24 - - [04/Jun/2026:03:20:52 +0200] "GET /robots.txt HTTP/1.1" 200 189 "-" "Mozilla/5.0 (Windows NT 10.0; Win64; x64) AppleWebKit/537.36 (KHTML, like Gecko) Chrome/103.0.5060.134 Safari/537.36"
54.235.172.96 - - [04/Jun/2026:04:06:21 +0200] "GET /?gad_source=1 HTTP/1.1" 200 11780 "-" "Mozilla/5.0 AppleWebKit/537.36 (KHTML, like Gecko; compatible; Amazonbot/0.1; +https://developer.amazon.com/support/amazonbot) Chrome/119.0.6045.214 Safari/537.36"
65.108.235.243 - - [04/Jun/2026:04:15:20 +0200] "POST /wp-cron.php?doing_wp_cron=1780539320.9102189540863037109375 HTTP/1.1" 200 1 "-" "WordPress/7.0; https://parma.elettroservicegroup.it"
66.249.89.135 - - [04/Jun/2026:04:15:18 +0200] "GET /assistenza-lavatrici-parma/ HTTP/1.1" 200 22625 "-" "Mozilla/5.0 (Linux; Android 6.0.1; Nexus 5X Build/MMB29P) AppleWebKit/537.36 (KHTML, like Gecko) Chrome/148.0.7778.96 Mobile Safari/537.36 (compatible; AdsBot-Google-Mobile; +http://www.google.com/mobile/adsbot.html)"
66.249.89.134 - - [04/Jun/2026:04:18:29 +0200] "GET /wp-content/uploads/elementor/css/post-14366.css?ver=1780499190 HTTP/1.1" 200 302 "https://parma.elettroservicegroup.it/assistenza-lavatrici-parma/" "AdsBot-Google (+http://www.google.com/adsbot.html)"
66.249.89.135 - - [04/Jun/2026:04:18:29 +0200] "GET /wp-content/uploads/elementor/css/post-17314.css?ver=1780539320 HTTP/1.1" 200 2271 "https://parma.elettroservicegroup.it/assistenza-lavatrici-parma/" "AdsBot-Google (+http://www.google.com/adsbot.html)"
66.249.89.135 - - [04/Jun/2026:04:18:29 +0200] "GET /wp-content/uploads/elementor/css/post-14146.css?ver=1780499189 HTTP/1.1" 200 428 "https://parma.elettroservicegroup.it/assistenza-lavatrici-parma/" "AdsBot-Google (+http://www.google.com/adsbot.html)"
66.249.89.135 - - [04/Jun/2026:04:18:29 +0200] "GET /wp-content/plugins/burst-statistics/assets/js/timeme/timeme.min.js?ver=1780499187 HTTP/1.1" 200 1835 "https://parma.elettroservicegroup.it/assistenza-lavatrici-parma/" "AdsBot-Google (+http://www.google.com/adsbot.html)"
66.249.89.134 - - [04/Jun/2026:04:18:30 +0200] "GET /wp-content/uploads/burst/js/burst.min.js?ver=1780499195 HTTP/1.1" 200 3381 "https://parma.elettroservicegroup.it/assistenza-lavatrici-parma/" "AdsBot-Google (+http://www.google.com/adsbot.html)"
159.65.90.152 - - [04/Jun/2026:04:22:47 +0200] "GET /wp-login.php HTTP/1.1" 200 10267 "-" "Mozilla/5.0"
159.65.90.152 - - [04/Jun/2026:04:22:48 +0200] "GET /?author=1 HTTP/1.1" 404 74568 "-" "Mozilla/5.0"
159.65.90.152 - - [04/Jun/2026:04:22:48 +0200] "GET /?feed=rss2 HTTP/1.1" 301 - "-" "Mozilla/5.0"
159.65.90.152 - - [04/Jun/2026:04:22:49 +0200] "GET /feed/ HTTP/1.1" 200 1215 "-" "Mozilla/5.0"
65.108.235.243 - - [04/Jun/2026:04:23:50 +0200] "POST /wp-cron.php?doing_wp_cron=1780539830.5235810279846191406250 HTTP/1.1" 200 1 "-" "WordPress/7.0; https://parma.elettroservicegroup.it"
66.249.64.69 - - [04/Jun/2026:04:23:48 +0200] "GET /assistenza-lavatrici-rex-electrolux-fidenza/ HTTP/1.1" 200 22511 "-" "Mozilla/5.0 (compatible; Googlebot/2.1; +http://www.google.com/bot.html)"
65.108.235.243 - - [04/Jun/2026:04:25:26 +0200] "POST /wp-cron.php?doing_wp_cron=1780539926.3591299057006835937500 HTTP/1.1" 200 1 "-" "WordPress/7.0; https://parma.elettroservicegroup.it"
66.249.89.135 - - [04/Jun/2026:04:25:24 +0200] "GET /assistenza-lavastoviglie-parma/ HTTP/1.1" 200 22670 "-" "Mozilla/5.0 (Linux; Android 6.0.1; Nexus 5X Build/MMB29P) AppleWebKit/537.36 (KHTML, like Gecko) Chrome/148.0.7778.96 Mobile Safari/537.36 (compatible; AdsBot-Google-Mobile; +http://www.google.com/mobile/adsbot.html)"
66.249.89.134 - - [04/Jun/2026:04:33:27 +0200] "GET /wp-content/plugins/header-footer-elementor/inc/widgets-css/frontend.css?ver=2.8.8 HTTP/1.1" 200 8711 "https://parma.elettroservicegroup.it/assistenza-lavastoviglie-parma/" "AdsBot-Google (+http://www.google.com/adsbot.html)"
66.249.89.133 - - [04/Jun/2026:04:33:27 +0200] "GET /wp-content/uploads/elementor/css/post-17286.css?ver=1780539926 HTTP/1.1" 200 2371 "https://parma.elettroservicegroup.it/assistenza-lavastoviglie-parma/" "AdsBot-Google (+http://www.google.com/adsbot.html)"
66.249.89.133 - - [04/Jun/2026:04:33:27 +0200] "GET /wp-content/plugins/elementor/assets/lib/font-awesome/js/v4-shims.min.js?ver=4.1.1 HTTP/1.1" 200 4043 "https://parma.elettroservicegroup.it/assistenza-lavastoviglie-parma/" "AdsBot-Google (+http://www.google.com/adsbot.html)"
66.249.89.133 - - [04/Jun/2026:04:33:27 +0200] "GET /wp-content/plugins/elementor/assets/lib/eicons/css/elementor-icons.min.css?ver=5.34.0 HTTP/1.1" 200 4115 "https://parma.elettroservicegroup.it/assistenza-lavastoviglie-parma/" "AdsBot-Google (+http://www.google.com/adsbot.html)"
66.249.89.134 - - [04/Jun/2026:04:33:28 +0200] "GET /wp-content/plugins/elementor/assets/lib/font-awesome/css/solid.min.css?ver=5.15.3 HTTP/1.1" 200 286 "https://parma.elettroservicegroup.it/assistenza-lavastoviglie-parma/" "AdsBot-Google (+http://www.google.com/adsbot.html)"
66.249.89.135 - - [04/Jun/2026:04:33:29 +0200] "GET /wp-content/plugins/elementor/assets/lib/eicons/css/elementor-icons.min.css?ver=5.49.0 HTTP/1.1" 200 4115 "https://parma.elettroservicegroup.it/assistenza-lavastoviglie-parma/" "AdsBot-Google (+http://www.google.com/adsbot.html)"
66.249.89.134 - - [04/Jun/2026:04:33:30 +0200] "GET /wp-content/plugins/elementor/assets/css/widget-spacer.min.css?ver=4.1.1 HTTP/1.1" 200 287 "https://parma.elettroservicegroup.it/assistenza-lavastoviglie-parma/" "AdsBot-Google (+http://www.google.com/adsbot.html)"
66.249.89.134 - - [04/Jun/2026:04:33:31 +0200] "GET /wp-content/plugins/gp-premium/menu-plus/functions/css/navigation-branding-flex.min.css?ver=2.5.5 HTTP/1.1" 200 542 "https://parma.elettroservicegroup.it/assistenza-lavastoviglie-parma/" "AdsBot-Google (+http://www.google.com/adsbot.html)"
66.249.89.133 - - [04/Jun/2026:04:33:31 +0200] "GET /wp-content/uploads/elementor/google-fonts/css/robotoslab.css?ver=1742280362 HTTP/1.1" 200 715 "https://parma.elettroservicegroup.it/assistenza-lavastoviglie-parma/" "AdsBot-Google (+http://www.google.com/adsbot.html)"
66.249.89.134 - - [04/Jun/2026:04:33:32 +0200] "GET /wp-content/plugins/elementor/assets/lib/font-awesome/css/all.min.css?ver=4.1.1 HTTP/1.1" 200 12402 "https://parma.elettroservicegroup.it/assistenza-lavastoviglie-parma/" "AdsBot-Google (+http://www.google.com/adsbot.html)"
66.249.89.133 - - [04/Jun/2026:04:33:33 +0200] "GET /wp-content/themes/generatepress/assets/css/main.min.css?ver=3.6.1 HTTP/1.1" 200 4410 "https://parma.elettroservicegroup.it/assistenza-lavastoviglie-parma/" "AdsBot-Google (+http://www.google.com/adsbot.html)"
66.249.89.133 - - [04/Jun/2026:04:33:34 +0200] "GET /wp-content/plugins/elementor/assets/lib/font-awesome/css/v4-shims.min.css?ver=4.1.1 HTTP/1.1" 200 3986 "https://parma.elettroservicegroup.it/assistenza-lavastoviglie-parma/" "AdsBot-Google (+http://www.google.com/adsbot.html)"
66.249.89.134 - - [04/Jun/2026:04:33:34 +0200] "GET /wp-content/plugins/elementor/assets/lib/font-awesome/css/fontawesome.css?ver=5.15.3 HTTP/1.1" 200 12535 "https://parma.elettroservicegroup.it/assistenza-lavastoviglie-parma/" "AdsBot-Google (+http://www.google.com/adsbot.html)"
66.249.89.133 - - [04/Jun/2026:04:33:35 +0200] "GET /wp-content/plugins/elementor/assets/lib/font-awesome/css/solid.css?ver=5.15.3 HTTP/1.1" 200 299 "https://parma.elettroservicegroup.it/assistenza-lavastoviglie-parma/" "AdsBot-Google (+http://www.google.com/adsbot.html)"
66.249.89.133 - - [04/Jun/2026:04:33:36 +0200] "GET /wp-content/plugins/elementor/assets/css/widget-icon-list.min.css?ver=3.24.3 HTTP/1.1" 200 928 "https://parma.elettroservicegroup.it/assistenza-lavastoviglie-parma/" "AdsBot-Google (+http://www.google.com/adsbot.html)"
66.249.89.133 - - [04/Jun/2026:04:33:37 +0200] "GET /wp-includes/js/jquery/jquery-migrate.min.js?ver=3.4.1 HTTP/1.1" 200 4685 "https://parma.elettroservicegroup.it/assistenza-lavastoviglie-parma/" "AdsBot-Google (+http://www.google.com/adsbot.html)"
