216.73.217.169 - - [04/Jun/2026:14:09:42 +0200] "GET /reggio-emilia?view=%2Fhome%2Fcosta4%2Fvicenza.elettroservicegroup.it%2Fwp-content%2Fthemes%2Fgeneratepress%2Ffooter-min.php HTTP/2.0" 200 184 "-" "Mozilla/5.0 AppleWebKit/537.36 (KHTML, like Gecko; compatible; ClaudeBot/1.0; +claudebot@anthropic.com)"
216.73.217.169 - - [04/Jun/2026:14:09:42 +0200] "GET /white-male-1871445_1280?view=%2Fhome%2Fcosta4%2Fvicenza.elettroservicegroup.it%2Fwp-content%2Fthemes%2Fgeneratepress%2Ffooter.php HTTP/2.0" 200 303 "-" "Mozilla/5.0 AppleWebKit/537.36 (KHTML, like Gecko; compatible; ClaudeBot/1.0; +claudebot@anthropic.com)"
216.73.217.169 - - [04/Jun/2026:14:09:43 +0200] "GET /white-male-1871445_1280?file=%2Fhome%2Fcosta4%2Fvicenza.elettroservicegroup.it%2Fwp-content%2Fthemes HTTP/2.0" 200 325 "-" "Mozilla/5.0 AppleWebKit/537.36 (KHTML, like Gecko; compatible; ClaudeBot/1.0; +claudebot@anthropic.com)"
216.73.217.169 - - [04/Jun/2026:14:09:42 +0200] "GET /white-male-1871445_1280?edit=%2Fhome%2Fcosta4%2Fvicenza.elettroservicegroup.it%2Fwp-content%2Fthemes%2Fgeneratepress%2Fno-results.php HTTP/2.0" 200 1602 "-" "Mozilla/5.0 AppleWebKit/537.36 (KHTML, like Gecko; compatible; ClaudeBot/1.0; +claudebot@anthropic.com)"
216.73.217.169 - - [04/Jun/2026:14:09:42 +0200] "GET /white-male-1871445_1280?rename=%2Fhome%2Fcosta4%2Fvicenza.elettroservicegroup.it%2Fwp-content%2Fthemes%2Fgeneratepress%2Fstyle.css HTTP/2.0" 200 888 "-" "Mozilla/5.0 AppleWebKit/537.36 (KHTML, like Gecko; compatible; ClaudeBot/1.0; +claudebot@anthropic.com)"
216.73.217.169 - - [04/Jun/2026:14:09:43 +0200] "GET /white-male-1871445_1280?edit=%2Fhome%2Fcosta4%2Fvicenza.elettroservicegroup.it%2Fwp-content%2Fthemes%2Fgeneratepress%2Ffooter-min.php HTTP/2.0" 200 1091 "-" "Mozilla/5.0 AppleWebKit/537.36 (KHTML, like Gecko; compatible; ClaudeBot/1.0; +claudebot@anthropic.com)"
216.73.217.169 - - [04/Jun/2026:14:09:43 +0200] "GET /reggio-emilia?file=%2Fhome%2Fcosta4%2Fvicenza.elettroservicegroup.it%2Fwp-content%2Fthemes%2Fgeneratepress%2Finc HTTP/2.0" 200 760 "-" "Mozilla/5.0 AppleWebKit/537.36 (KHTML, like Gecko; compatible; ClaudeBot/1.0; +claudebot@anthropic.com)"
216.73.217.169 - - [04/Jun/2026:14:09:42 +0200] "GET /white-male-1871445_1280?edit=%2Fhome%2Fcosta4%2Fvicenza.elettroservicegroup.it%2Fwp-content%2Fthemes%2Fgeneratepress%2Ffooter.php HTTP/2.0" 200 1215 "-" "Mozilla/5.0 AppleWebKit/537.36 (KHTML, like Gecko; compatible; ClaudeBot/1.0; +claudebot@anthropic.com)"
216.73.217.169 - - [04/Jun/2026:14:09:42 +0200] "GET /white-male-1871445_1280?file=%2Fhome%2Fcosta4%2Fvicenza.elettroservicegroup.it%2Fwp-content%2Fthemes%2Fgeneratepress%2Fstyle.css HTTP/2.0" 200 224 "-" "Mozilla/5.0 AppleWebKit/537.36 (KHTML, like Gecko; compatible; ClaudeBot/1.0; +claudebot@anthropic.com)"
216.73.217.169 - - [04/Jun/2026:14:09:43 +0200] "GET /white-male-1871445_1280?file=%2Fhome%2Fcosta4%2Fvicenza.elettroservicegroup.it%2Fwp-content%2Fthemes%2Fgeneratepress%2Fno-results.php HTTP/2.0" 200 232 "-" "Mozilla/5.0 AppleWebKit/537.36 (KHTML, like Gecko; compatible; ClaudeBot/1.0; +claudebot@anthropic.com)"
65.108.235.243 - - [04/Jun/2026:14:09:44 +0200] "POST /wp-cron.php?doing_wp_cron=1780574984.3715260028839111328125 HTTP/1.1" 200 1 "-" "WordPress/7.0; https://vicenza.elettroservicegroup.it"
216.73.217.169 - - [04/Jun/2026:14:09:43 +0200] "GET /white-male-1871445_1280?rename=%2Fhome%2Fcosta4%2Fvicenza.elettroservicegroup.it%2Fwp-content%2Fthemes%2Fgeneratepress%2Fno-results.php HTTP/2.0" 200 893 "-" "Mozilla/5.0 AppleWebKit/537.36 (KHTML, like Gecko; compatible; ClaudeBot/1.0; +claudebot@anthropic.com)"
216.73.217.169 - - [04/Jun/2026:14:09:50 +0200] "GET /white-male-1871445_1280?view=%2Fhome%2Fcosta4%2Fvicenza.elettroservicegroup.it%2Fwp-content%2Fthemes%2Fgeneratepress%2Ffooter-min.php HTTP/2.0" 200 184 "-" "Mozilla/5.0 AppleWebKit/537.36 (KHTML, like Gecko; compatible; ClaudeBot/1.0; +claudebot@anthropic.com)"
216.73.217.169 - - [04/Jun/2026:14:09:51 +0200] "GET /white-male-1871445_1280?file=%2Fhome%2Fcosta4%2Fvicenza.elettroservicegroup.it%2Fwp-content%2Fthemes%2Fgeneratepress%2Fsidebar.php HTTP/2.0" 200 224 "-" "Mozilla/5.0 AppleWebKit/537.36 (KHTML, like Gecko; compatible; ClaudeBot/1.0; +claudebot@anthropic.com)"
216.73.217.169 - - [04/Jun/2026:14:09:51 +0200] "GET /white-male-1871445_1280?rename=%2Fhome%2Fcosta4%2Fvicenza.elettroservicegroup.it%2Fwp-content%2Fthemes%2Fgeneratepress%2Fsidebar-left.php HTTP/2.0" 200 889 "-" "Mozilla/5.0 AppleWebKit/537.36 (KHTML, like Gecko; compatible; ClaudeBot/1.0; +claudebot@anthropic.com)"
216.73.217.169 - - [04/Jun/2026:14:09:51 +0200] "GET /white-male-1871445_1280?rename=%2Fhome%2Fcosta4%2Fvicenza.elettroservicegroup.it%2Fwp-content%2Fthemes%2Fgeneratepress%2Findex.php HTTP/2.0" 200 892 "-" "Mozilla/5.0 AppleWebKit/537.36 (KHTML, like Gecko; compatible; ClaudeBot/1.0; +claudebot@anthropic.com)"
216.73.217.169 - - [04/Jun/2026:14:09:51 +0200] "GET /white-male-1871445_1280?view=%2Fhome%2Fcosta4%2Fvicenza.elettroservicegroup.it%2Fwp-content%2Fthemes%2Fgeneratepress%2Fsearch.php HTTP/2.0" 200 437 "-" "Mozilla/5.0 AppleWebKit/537.36 (KHTML, like Gecko; compatible; ClaudeBot/1.0; +claudebot@anthropic.com)"
216.73.217.169 - - [04/Jun/2026:14:09:51 +0200] "GET /white-male-1871445_1280?file=%2Fhome%2Fcosta4%2Fvicenza.elettroservicegroup.it%2Fwp-content%2Fthemes%2Fgeneratepress%2Fpage.php HTTP/2.0" 200 226 "-" "Mozilla/5.0 AppleWebKit/537.36 (KHTML, like Gecko; compatible; ClaudeBot/1.0; +claudebot@anthropic.com)"
216.73.217.169 - - [04/Jun/2026:14:09:52 +0200] "GET /white-male-1871445_1280?rename=%2Fhome%2Fcosta4%2Fvicenza.elettroservicegroup.it%2Fwp-content%2Fthemes%2Fgeneratepress%2Fcontent-404.php HTTP/2.0" 200 895 "-" "Mozilla/5.0 AppleWebKit/537.36 (KHTML, like Gecko; compatible; ClaudeBot/1.0; +claudebot@anthropic.com)"
216.73.217.169 - - [04/Jun/2026:14:09:52 +0200] "GET /reggio-emilia?file=%2Fhome%2Fcosta4%2Fvicenza.elettroservicegroup.it%2Fwp-content%2Fthemes%2Fgeneratepress%2Ffooter.php HTTP/2.0" 200 227 "-" "Mozilla/5.0 AppleWebKit/537.36 (KHTML, like Gecko; compatible; ClaudeBot/1.0; +claudebot@anthropic.com)"
216.73.217.169 - - [04/Jun/2026:14:09:52 +0200] "GET /white-male-1871445_1280?file=%2Fhome%2Fcosta4%2Fvicenza.elettroservicegroup.it%2Fwp-content%2Fthemes%2Fgeneratepress%2F404.php HTTP/2.0" 200 225 "-" "Mozilla/5.0 AppleWebKit/537.36 (KHTML, like Gecko; compatible; ClaudeBot/1.0; +claudebot@anthropic.com)"
216.73.217.169 - - [04/Jun/2026:14:09:52 +0200] "GET /white-male-1871445_1280?file=%2Fhome%2Fcosta4%2Fvicenza.elettroservicegroup.it%2Fwp-content%2Fthemes%2Fgeneratepress%2Fcontent-page.php HTTP/2.0" 200 225 "-" "Mozilla/5.0 AppleWebKit/537.36 (KHTML, like Gecko; compatible; ClaudeBot/1.0; +claudebot@anthropic.com)"
216.73.217.169 - - [04/Jun/2026:14:09:52 +0200] "GET /white-male-1871445_1280?view=%2Fhome%2Fcosta4%2Fvicenza.elettroservicegroup.it%2Fwp-content%2Fthemes%2Fgeneratepress%2Farchive.php HTTP/2.0" 200 461 "-" "Mozilla/5.0 AppleWebKit/537.36 (KHTML, like Gecko; compatible; ClaudeBot/1.0; +claudebot@anthropic.com)"
216.73.217.169 - - [04/Jun/2026:14:09:52 +0200] "GET /white-male-1871445_1280?file=%2Fhome%2Fcosta4%2Fvicenza.elettroservicegroup.it%2Fwp-content%2Fthemes%2Fgeneratepress%2Findex.php HTTP/2.0" 200 223 "-" "Mozilla/5.0 AppleWebKit/537.36 (KHTML, like Gecko; compatible; ClaudeBot/1.0; +claudebot@anthropic.com)"
216.73.217.169 - - [04/Jun/2026:14:09:52 +0200] "GET /white-male-1871445_1280?view=%2Fhome%2Fcosta4%2Fvicenza.elettroservicegroup.it%2Fwp-content%2Fthemes%2Fgeneratepress%2Fsearchform.php HTTP/2.0" 200 504 "-" "Mozilla/5.0 AppleWebKit/537.36 (KHTML, like Gecko; compatible; ClaudeBot/1.0; +claudebot@anthropic.com)"
216.73.217.169 - - [04/Jun/2026:14:09:52 +0200] "GET /white-male-1871445_1280?file=%2Fhome%2Fcosta4%2Fvicenza.elettroservicegroup.it%2Fwp-content%2Fthemes%2Fgeneratepress%2Fsidebar-left.php HTTP/2.0" 200 227 "-" "Mozilla/5.0 AppleWebKit/537.36 (KHTML, like Gecko; compatible; ClaudeBot/1.0; +claudebot@anthropic.com)"
216.73.217.169 - - [04/Jun/2026:14:09:52 +0200] "GET /reggio-emilia?edit=%2Fhome%2Fcosta4%2Fvicenza.elettroservicegroup.it%2Fwp-content%2Fthemes%2Fgeneratepress%2Fno-results.php HTTP/2.0" 200 1602 "-" "Mozilla/5.0 AppleWebKit/537.36 (KHTML, like Gecko; compatible; ClaudeBot/1.0; +claudebot@anthropic.com)"
216.73.217.169 - - [04/Jun/2026:14:09:52 +0200] "GET /white-male-1871445_1280?rename=%2Fhome%2Fcosta4%2Fvicenza.elettroservicegroup.it%2Fwp-content%2Fthemes%2Fgeneratepress%2Fcontent-link.php HTTP/2.0" 200 896 "-" "Mozilla/5.0 AppleWebKit/537.36 (KHTML, like Gecko; compatible; ClaudeBot/1.0; +claudebot@anthropic.com)"
216.73.217.169 - - [04/Jun/2026:14:09:52 +0200] "GET /white-male-1871445_1280?file=%2Fhome%2Fcosta4%2Fvicenza.elettroservicegroup.it%2Fwp-content%2Fthemes%2Fgeneratepress%2Fcontent-404.php HTTP/2.0" 200 228 "-" "Mozilla/5.0 AppleWebKit/537.36 (KHTML, like Gecko; compatible; ClaudeBot/1.0; +claudebot@anthropic.com)"
216.73.217.169 - - [04/Jun/2026:14:09:53 +0200] "GET /white-male-1871445_1280?view=%2Fhome%2Fcosta4%2Fvicenza.elettroservicegroup.it%2Fwp-content%2Fthemes%2Fgeneratepress%2Fsidebar.php HTTP/2.0" 200 295 "-" "Mozilla/5.0 AppleWebKit/537.36 (KHTML, like Gecko; compatible; ClaudeBot/1.0; +claudebot@anthropic.com)"
216.73.217.169 - - [04/Jun/2026:14:10:08 +0200] "GET /white-male-1871445_1280?file=%2Fhome%2Fcosta4%2Fvicenza.elettroservicegroup.it%2Fwp-content%2Fthemes%2Fgeneratepress%2Ffooter.php HTTP/2.0" 200 227 "-" "Mozilla/5.0 AppleWebKit/537.36 (KHTML, like Gecko; compatible; ClaudeBot/1.0; +claudebot@anthropic.com)"
216.73.217.169 - - [04/Jun/2026:14:10:08 +0200] "GET /reggio-emilia?file=%2Fhome%2Fcosta4%2Fvicenza.elettroservicegroup.it%2Fwp-content%2Fthemes%2Fgeneratepress%2Fassets HTTP/2.0" 200 279 "-" "Mozilla/5.0 AppleWebKit/537.36 (KHTML, like Gecko; compatible; ClaudeBot/1.0; +claudebot@anthropic.com)"
216.73.217.169 - - [04/Jun/2026:14:10:08 +0200] "GET /reggio-emilia?file=%2Fhome%2Fcosta4%2Fvicenza.elettroservicegroup.it%2Fwp-content%2Fthemes%2Fgeneratepress%2Ffooter-min.php HTTP/2.0" 200 229 "-" "Mozilla/5.0 AppleWebKit/537.36 (KHTML, like Gecko; compatible; ClaudeBot/1.0; +claudebot@anthropic.com)"
65.108.235.243 - - [04/Jun/2026:14:11:52 +0200] "POST /wp-cron.php?doing_wp_cron=1780575112.9736580848693847656250 HTTP/1.1" 200 1 "-" "WordPress/7.0; https://vicenza.elettroservicegroup.it"
9.142.47.152 - - [04/Jun/2026:14:11:45 +0200] "GET /wp-json/wp/v2/users/me?context=edit HTTP/1.1" 415 13773 "-" "Python/3.13 aiohttp/3.13.3"
216.73.217.169 - - [04/Jun/2026:14:11:53 +0200] "GET /reggio-emilia?edit=%2Fhome%2Fcosta4%2Fvicenza.elettroservicegroup.it%2Fwp-content%2Fthemes%2Fgeneratepress%2Fscreenshot.png HTTP/2.0" 200 59119 "-" "Mozilla/5.0 AppleWebKit/537.36 (KHTML, like Gecko; compatible; ClaudeBot/1.0; +claudebot@anthropic.com)"
216.73.217.169 - - [04/Jun/2026:14:11:54 +0200] "GET /white-male-1871445_1280?file=%2Fhome%2Fcosta4%2Fvicenza.elettroservicegroup.it%2Fwp-content%2Fthemes%2Fgeneratepress%2Finc HTTP/2.0" 200 760 "-" "Mozilla/5.0 AppleWebKit/537.36 (KHTML, like Gecko; compatible; ClaudeBot/1.0; +claudebot@anthropic.com)"
216.73.217.169 - - [04/Jun/2026:14:13:19 +0200] "GET /white-male-1871445_1280?view=%2Fhome%2Fcosta4%2Fvicenza.elettroservicegroup.it%2Fwp-content%2Fthemes%2Fgeneratepress%2Freadme.txt HTTP/2.0" 200 5805 "-" "Mozilla/5.0 AppleWebKit/537.36 (KHTML, like Gecko; compatible; ClaudeBot/1.0; +claudebot@anthropic.com)"
216.73.217.169 - - [04/Jun/2026:14:13:19 +0200] "GET /white-male-1871445_1280?file=%2Fhome%2Fcosta4%2Fvicenza.elettroservicegroup.it%2Fwp-content%2Fthemes%2Fgeneratepress%2Freadme.txt HTTP/2.0" 200 228 "-" "Mozilla/5.0 AppleWebKit/537.36 (KHTML, like Gecko; compatible; ClaudeBot/1.0; +claudebot@anthropic.com)"
65.108.235.243 - - [04/Jun/2026:14:13:23 +0200] "POST /wp-cron.php?doing_wp_cron=1780575203.3791999816894531250000 HTTP/1.1" 200 1 "-" "WordPress/7.0; https://vicenza.elettroservicegroup.it"
216.73.217.169 - - [04/Jun/2026:14:13:19 +0200] "GET /white-male-1871445_1280?rename=%2Fhome%2Fcosta4%2Fvicenza.elettroservicegroup.it%2Fwp-content%2Fthemes%2Fgeneratepress%2Freadme.txt HTTP/2.0" 200 894 "-" "Mozilla/5.0 AppleWebKit/537.36 (KHTML, like Gecko; compatible; ClaudeBot/1.0; +claudebot@anthropic.com)"
65.108.235.243 - - [04/Jun/2026:14:13:23 +0200] "POST /wp-cron.php?doing_wp_cron=1780575203.3792450428009033203125 HTTP/1.1" 200 1 "-" "WordPress/7.0; https://vicenza.elettroservicegroup.it"
216.73.217.169 - - [04/Jun/2026:14:13:19 +0200] "GET /white-male-1871445_1280?rename=%2Fhome%2Fcosta4%2Fvicenza.elettroservicegroup.it%2Fwp-content%2Fthemes%2Fgeneratepress%2Fscreenshot.png HTTP/2.0" 200 892 "-" "Mozilla/5.0 AppleWebKit/537.36 (KHTML, like Gecko; compatible; ClaudeBot/1.0; +claudebot@anthropic.com)"
65.108.235.243 - - [04/Jun/2026:14:29:10 +0200] "POST /wp-cron.php?doing_wp_cron=1780576150.8154530525207519531250 HTTP/1.1" 200 1 "-" "WordPress/7.0; https://vicenza.elettroservicegroup.it"
77.83.24.216 - - [04/Jun/2026:14:29:07 +0200] "GET / HTTP/2.0" 415 119436 "-" "Mozilla/5.0 (Macintosh; Intel Mac OS X 10_15_7) AppleWebKit/537.36 (KHTML, like Gecko) Chrome/120.0.0.0 Safari/537.36"
65.108.235.243 - - [04/Jun/2026:14:39:13 +0200] "POST /wp-cron.php?doing_wp_cron=1780576753.7385981082916259765625 HTTP/1.1" 200 1 "-" "WordPress/7.0; https://vicenza.elettroservicegroup.it"
74.7.244.58 - - [04/Jun/2026:14:39:12 +0200] "GET /robots.txt HTTP/2.0" 415 892 "-" "Mozilla/5.0 (Macintosh; Intel Mac OS X 10_15_7) AppleWebKit/537.36 (KHTML, like Gecko) Chrome/131.0.0.0 Safari/537.36; compatible; OAI-SearchBot/1.4; robots.txt; +https://openai.com/searchbot"
65.108.235.243 - - [04/Jun/2026:14:43:14 +0200] "POST /wp-cron.php?doing_wp_cron=1780576994.3302140235900878906250 HTTP/1.1" 200 1 "-" "WordPress/7.0; https://vicenza.elettroservicegroup.it"
45.80.27.2 - - [04/Jun/2026:14:43:12 +0200] "GET /wp-login.php HTTP/2.0" 200 3698 "-" "Mozilla/5.0 (Macintosh; Intel Mac OS X 10_15_7) AppleWebKit/605.1.15 (KHTML, like Gecko) Version/18.0 Safari/605.1.15"
45.80.27.2 - - [04/Jun/2026:14:43:15 +0200] "POST /xmlrpc.php HTTP/2.0" 403 52 "-" "Mozilla/5.0 (Windows NT 10.0; Win64; x64) AppleWebKit/537.36 (KHTML, like Gecko) Chrome/124.0.0.0 Safari/537.36"
88.24.41.76 - - [04/Jun/2026:14:43:22 +0200] "POST /xmlrpc.php HTTP/2.0" 403 52 "-" "Mozilla/5.0 (Windows NT 10.0; Win64; x64; rv:133.0) Gecko/20100101 Firefox/133.0"
84.0.15.255 - - [04/Jun/2026:14:43:24 +0200] "POST /xmlrpc.php HTTP/2.0" 403 52 "-" "Mozilla/5.0 (Macintosh; Intel Mac OS X 10_15_7) AppleWebKit/605.1.15 (KHTML, like Gecko) Version/18.0 Safari/605.1.15"
179.6.3.130 - - [04/Jun/2026:14:43:29 +0200] "POST /xmlrpc.php HTTP/2.0" 403 52 "-" "Mozilla/5.0 (Macintosh; Intel Mac OS X 10_15_7) AppleWebKit/605.1.15 (KHTML, like Gecko) Version/18.0 Safari/605.1.15"
65.108.235.243 - - [04/Jun/2026:14:43:31 +0200] "POST /wp-cron.php?doing_wp_cron=1780577011.2058570384979248046875 HTTP/1.1" 200 1 "-" "WordPress/7.0; https://vicenza.elettroservicegroup.it"
45.80.27.2 - - [04/Jun/2026:14:43:31 +0200] "GET /wp-login.php HTTP/2.0" 200 3698 "-" "Mozilla/5.0 (Macintosh; Intel Mac OS X 10_15_7) AppleWebKit/605.1.15 (KHTML, like Gecko) Version/18.0 Safari/605.1.15"
45.80.27.2 - - [04/Jun/2026:14:43:31 +0200] "POST /wp-login.php HTTP/2.0" 200 3698 "https://vicenza.elettroservicegroup.it/wp-login.php" "Mozilla/5.0 (Macintosh; Intel Mac OS X 10_15_7) AppleWebKit/605.1.15 (KHTML, like Gecko) Version/18.0 Safari/605.1.15"
154.241.113.193 - - [04/Jun/2026:14:43:33 +0200] "GET /wp-login.php HTTP/2.0" 200 11832 "-" "Mozilla/5.0 (Macintosh; Intel Mac OS X 10_15_7) AppleWebKit/605.1.15 (KHTML, like Gecko) Version/18.0 Safari/605.1.15"
86.123.10.188 - - [04/Jun/2026:14:43:46 +0200] "GET /wp-login.php HTTP/2.0" 200 3698 "-" "Mozilla/5.0 (Windows NT 10.0; Win64; x64; rv:133.0) Gecko/20100101 Firefox/133.0"
86.123.10.188 - - [04/Jun/2026:14:43:46 +0200] "POST /wp-login.php HTTP/2.0" 200 3698 "https://vicenza.elettroservicegroup.it/wp-login.php" "Mozilla/5.0 (Windows NT 10.0; Win64; x64; rv:133.0) Gecko/20100101 Firefox/133.0"
45.227.254.37 - - [04/Jun/2026:14:44:14 +0200] "GET /wp-login.php HTTP/2.0" 200 11776 "-" "Mozilla/5.0 (Windows NT 10.0; Win64; x64; rv:133.0) Gecko/20100101 Firefox/133.0"
45.227.254.37 - - [04/Jun/2026:14:44:14 +0200] "GET /wp-login.php HTTP/2.0" 200 11782 "-" "Mozilla/5.0 (Macintosh; Intel Mac OS X 10_15_7) AppleWebKit/605.1.15 (KHTML, like Gecko) Version/18.0 Safari/605.1.15"
45.227.254.37 - - [04/Jun/2026:14:44:14 +0200] "GET /wp-login.php HTTP/2.0" 200 11714 "-" "Mozilla/5.0 (Windows NT 10.0; Win64; x64) AppleWebKit/537.36 (KHTML, like Gecko) Chrome/124.0.0.0 Safari/537.36"
45.227.254.37 - - [04/Jun/2026:14:44:14 +0200] "GET /wp-login.php HTTP/2.0" 200 11782 "-" "Mozilla/5.0 (Macintosh; Intel Mac OS X 10_15_7) AppleWebKit/605.1.15 (KHTML, like Gecko) Version/18.0 Safari/605.1.15"
45.227.254.37 - - [04/Jun/2026:14:44:15 +0200] "GET /wp-login.php HTTP/2.0" 200 11691 "-" "Mozilla/5.0 (Windows NT 10.0; Win64; x64; rv:133.0) Gecko/20100101 Firefox/133.0"
102.50.244.210 - - [04/Jun/2026:14:44:16 +0200] "GET /wp-login.php HTTP/2.0" 200 3698 "-" "Mozilla/5.0 (Windows NT 10.0; Win64; x64; rv:133.0) Gecko/20100101 Firefox/133.0"
102.50.244.210 - - [04/Jun/2026:14:44:16 +0200] "POST /wp-login.php HTTP/2.0" 200 3698 "https://vicenza.elettroservicegroup.it/wp-login.php" "Mozilla/5.0 (Windows NT 10.0; Win64; x64; rv:133.0) Gecko/20100101 Firefox/133.0"
65.108.235.243 - - [04/Jun/2026:14:44:30 +0200] "POST /wp-cron.php?doing_wp_cron=1780577070.0248630046844482421875 HTTP/1.1" 200 1 "-" "WordPress/7.0; https://vicenza.elettroservicegroup.it"
46.53.249.114 - - [04/Jun/2026:14:44:29 +0200] "GET /wp-login.php HTTP/2.0" 200 3698 "-" "Mozilla/5.0 (Windows NT 10.0; Win64; x64; rv:133.0) Gecko/20100101 Firefox/133.0"
46.53.249.114 - - [04/Jun/2026:14:44:30 +0200] "POST /wp-login.php HTTP/2.0" 200 3698 "https://vicenza.elettroservicegroup.it/wp-login.php" "Mozilla/5.0 (Windows NT 10.0; Win64; x64; rv:133.0) Gecko/20100101 Firefox/133.0"
217.136.37.171 - - [04/Jun/2026:14:44:32 +0200] "GET /wp-login.php HTTP/2.0" 200 11797 "-" "Mozilla/5.0 (Windows NT 10.0; Win64; x64; rv:133.0) Gecko/20100101 Firefox/133.0"
79.100.222.214 - - [04/Jun/2026:14:44:44 +0200] "GET /wp-login.php HTTP/2.0" 200 3698 "-" "Mozilla/5.0 (Macintosh; Intel Mac OS X 10_15_7) AppleWebKit/605.1.15 (KHTML, like Gecko) Version/18.0 Safari/605.1.15"
79.100.222.214 - - [04/Jun/2026:14:44:44 +0200] "POST /wp-login.php HTTP/2.0" 200 3698 "https://vicenza.elettroservicegroup.it/wp-login.php" "Mozilla/5.0 (Macintosh; Intel Mac OS X 10_15_7) AppleWebKit/605.1.15 (KHTML, like Gecko) Version/18.0 Safari/605.1.15"
65.108.235.243 - - [04/Jun/2026:14:58:45 +0200] "POST /wp-cron.php?doing_wp_cron=1780577925.8827610015869140625000 HTTP/1.1" 200 1 "-" "WordPress/7.0; https://vicenza.elettroservicegroup.it"
216.73.217.169 - - [04/Jun/2026:14:58:38 +0200] "GET /robots.txt HTTP/2.0" 200 892 "-" "Mozilla/5.0 AppleWebKit/537.36 (KHTML, like Gecko; compatible; ClaudeBot/1.0; +claudebot@anthropic.com)"
65.108.235.243 - - [04/Jun/2026:15:07:09 +0200] "POST /wp-cron.php?doing_wp_cron=1780578429.6295330524444580078125 HTTP/1.1" 200 1 "-" "WordPress/7.0; https://vicenza.elettroservicegroup.it"
216.73.217.169 - - [04/Jun/2026:15:07:08 +0200] "GET /home-copertina-jpg HTTP/2.0" 200 820 "-" "Mozilla/5.0 AppleWebKit/537.36 (KHTML, like Gecko; compatible; ClaudeBot/1.0; +claudebot@anthropic.com)"
65.108.235.243 - - [04/Jun/2026:15:09:03 +0200] "POST /wp-cron.php?doing_wp_cron=1780578543.3872060775756835937500 HTTP/1.1" 200 1 "-" "WordPress/7.0; https://vicenza.elettroservicegroup.it"
216.73.217.169 - - [04/Jun/2026:15:09:02 +0200] "GET /img-20211006-wa0012?edit=%2Fhome%2Fcosta4%2Fvicenza.elettroservicegroup.it%2Fwp-content%2Fthemes%2Fgeneratepress%2Fheader.php HTTP/2.0" 200 1455 "-" "Mozilla/5.0 AppleWebKit/537.36 (KHTML, like Gecko; compatible; ClaudeBot/1.0; +claudebot@anthropic.com)"
216.73.217.169 - - [04/Jun/2026:15:09:57 +0200] "GET /img-20211006-wa0012?view=%2Fhome%2Fcosta4%2Fvicenza.elettroservicegroup.it%2Fwp-content%2Fthemes%2Fgeneratepress%2Ffooter-min.php HTTP/2.0" 200 184 "-" "Mozilla/5.0 AppleWebKit/537.36 (KHTML, like Gecko; compatible; ClaudeBot/1.0; +claudebot@anthropic.com)"
216.73.217.169 - - [04/Jun/2026:15:09:57 +0200] "GET /img-20211006-wa0012?edit=%2Fhome%2Fcosta4%2Fvicenza.elettroservicegroup.it%2Fwp-content%2Fthemes%2Fgeneratepress%2Ffooter-min.php HTTP/2.0" 200 1091 "-" "Mozilla/5.0 AppleWebKit/537.36 (KHTML, like Gecko; compatible; ClaudeBot/1.0; +claudebot@anthropic.com)"
216.73.217.169 - - [04/Jun/2026:15:09:57 +0200] "GET /img-20211006-wa0012?file=%2Fhome%2Fcosta4%2Fvicenza.elettroservicegroup.it%2Fwp-content%2Fthemes HTTP/2.0" 200 325 "-" "Mozilla/5.0 AppleWebKit/537.36 (KHTML, like Gecko; compatible; ClaudeBot/1.0; +claudebot@anthropic.com)"
216.73.217.169 - - [04/Jun/2026:15:09:57 +0200] "GET /img-20211006-wa0012?file=%2Fhome%2Fcosta4%2Fvicenza.elettroservicegroup.it%2Fwp-content%2Fthemes%2Fgeneratepress%2Ffooter-min.php HTTP/2.0" 200 229 "-" "Mozilla/5.0 AppleWebKit/537.36 (KHTML, like Gecko; compatible; ClaudeBot/1.0; +claudebot@anthropic.com)"
216.73.217.169 - - [04/Jun/2026:15:09:57 +0200] "GET /img-20211006-wa0012?file=%2Fhome%2Fcosta4%2Fvicenza.elettroservicegroup.it%2Fwp-content%2Fthemes%2Fgeneratepress%2Fassets HTTP/2.0" 200 279 "-" "Mozilla/5.0 AppleWebKit/537.36 (KHTML, like Gecko; compatible; ClaudeBot/1.0; +claudebot@anthropic.com)"
216.73.217.169 - - [04/Jun/2026:15:09:57 +0200] "GET /img-20211006-wa0012?rename=%2Fhome%2Fcosta4%2Fvicenza.elettroservicegroup.it%2Fwp-content%2Fthemes%2Fgeneratepress%2Fno-results.php HTTP/2.0" 200 893 "-" "Mozilla/5.0 AppleWebKit/537.36 (KHTML, like Gecko; compatible; ClaudeBot/1.0; +claudebot@anthropic.com)"
65.108.235.243 - - [04/Jun/2026:15:09:59 +0200] "POST /wp-cron.php?doing_wp_cron=1780578599.3679840564727783203125 HTTP/1.1" 200 1 "-" "WordPress/7.0; https://vicenza.elettroservicegroup.it"
65.108.235.243 - - [04/Jun/2026:15:09:59 +0200] "POST /wp-cron.php?doing_wp_cron=1780578599.3704969882965087890625 HTTP/1.1" 200 1 "-" "WordPress/7.0; https://vicenza.elettroservicegroup.it"
216.73.217.169 - - [04/Jun/2026:15:09:57 +0200] "GET /img-20211006-wa0012?file=%2Fhome%2Fcosta4%2Fvicenza.elettroservicegroup.it%2Fwp-content%2Fthemes%2Fgeneratepress%2Finc HTTP/2.0" 200 760 "-" "Mozilla/5.0 AppleWebKit/537.36 (KHTML, like Gecko; compatible; ClaudeBot/1.0; +claudebot@anthropic.com)"
216.73.217.169 - - [04/Jun/2026:15:09:57 +0200] "GET /img-20211006-wa0012?rename=%2Fhome%2Fcosta4%2Fvicenza.elettroservicegroup.it%2Fwp-content%2Fthemes%2Fgeneratepress%2Ffooter-min.php HTTP/2.0" 200 892 "-" "Mozilla/5.0 AppleWebKit/537.36 (KHTML, like Gecko; compatible; ClaudeBot/1.0; +claudebot@anthropic.com)"
65.108.235.243 - - [04/Jun/2026:15:20:17 +0200] "POST /wp-cron.php?doing_wp_cron=1780579216.9953880310058593750000 HTTP/1.1" 200 1 "-" "WordPress/7.0; https://vicenza.elettroservicegroup.it"
150.241.117.246 - - [04/Jun/2026:15:20:15 +0200] "GET /creacion-de-cuenta-sencilla-y-rapida-en-win-unique-casino-instrucciones-claras/ HTTP/1.1" 200 106106 "-" "Python/3.13 aiohttp/3.13.3"
216.73.217.169 - - [04/Jun/2026:15:20:50 +0200] "GET /white-male-1871445_1280?view=%2Fhome%2Fcosta4%2Fvicenza.elettroservicegroup.it%2Fwp-content%2Fthemes%2Fgeneratepress%2Fstyle.css HTTP/2.0" 200 922 "-" "Mozilla/5.0 AppleWebKit/537.36 (KHTML, like Gecko; compatible; ClaudeBot/1.0; +claudebot@anthropic.com)"
216.73.217.169 - - [04/Jun/2026:15:20:50 +0200] "GET /reggio-emilia?file=%2Fhome%2Fcosta4%2Fvicenza.elettroservicegroup.it%2Fwp-content%2Fthemes%2Fgeneratepress%2Fno-results.php HTTP/2.0" 200 232 "-" "Mozilla/5.0 AppleWebKit/537.36 (KHTML, like Gecko; compatible; ClaudeBot/1.0; +claudebot@anthropic.com)"
216.73.217.169 - - [04/Jun/2026:15:20:51 +0200] "GET /white-male-1871445_1280?file=%2Fhome%2Fcosta4%2Fvicenza.elettroservicegroup.it%2Fwp-content%2Fthemes%2Fgeneratepress%2Finc%2Ftypography.php HTTP/2.0" 200 235 "-" "Mozilla/5.0 AppleWebKit/537.36 (KHTML, like Gecko; compatible; ClaudeBot/1.0; +claudebot@anthropic.com)"
216.73.217.169 - - [04/Jun/2026:15:20:50 +0200] "GET /white-male-1871445_1280?rename=%2Fhome%2Fcosta4%2Fvicenza.elettroservicegroup.it%2Fwp-content%2Fthemes%2Fgeneratepress%2Farchive.php HTTP/2.0" 200 891 "-" "Mozilla/5.0 AppleWebKit/537.36 (KHTML, like Gecko; compatible; ClaudeBot/1.0; +claudebot@anthropic.com)"
216.73.217.169 - - [04/Jun/2026:15:20:51 +0200] "GET /white-male-1871445_1280?file=%2Fhome%2Fcosta4%2Fvicenza.elettroservicegroup.it%2Fwp-content%2Fthemes%2Fgeneratepress%2Fsearch.php HTTP/2.0" 200 227 "-" "Mozilla/5.0 AppleWebKit/537.36 (KHTML, like Gecko; compatible; ClaudeBot/1.0; +claudebot@anthropic.com)"
216.73.217.169 - - [04/Jun/2026:15:20:51 +0200] "GET /white-male-1871445_1280?rename=%2Fhome%2Fcosta4%2Fvicenza.elettroservicegroup.it%2Fwp-content%2Fthemes%2Fgeneratepress%2Finc%2Fdeprecated.php HTTP/2.0" 200 901 "-" "Mozilla/5.0 AppleWebKit/537.36 (KHTML, like Gecko; compatible; ClaudeBot/1.0; +claudebot@anthropic.com)"
216.73.217.169 - - [04/Jun/2026:15:20:51 +0200] "GET /white-male-1871445_1280?file=%2Fhome%2Fcosta4%2Fvicenza.elettroservicegroup.it%2Fwp-content%2Fthemes%2Fgeneratepress%2Finc%2Fgeneral.php HTTP/2.0" 200 228 "-" "Mozilla/5.0 AppleWebKit/537.36 (KHTML, like Gecko; compatible; ClaudeBot/1.0; +claudebot@anthropic.com)"
65.108.235.243 - - [04/Jun/2026:15:20:52 +0200] "POST /wp-cron.php?doing_wp_cron=1780579252.0790541172027587890625 HTTP/1.1" 200 1 "-" "WordPress/7.0; https://vicenza.elettroservicegroup.it"
65.108.235.243 - - [04/Jun/2026:15:20:52 +0200] "POST /wp-cron.php?doing_wp_cron=1780579252.0790379047393798828125 HTTP/1.1" 200 1 "-" "WordPress/7.0; https://vicenza.elettroservicegroup.it"
65.108.235.243 - - [04/Jun/2026:15:20:52 +0200] "POST /wp-cron.php?doing_wp_cron=1780579252.0790300369262695312500 HTTP/1.1" 200 1 "-" "WordPress/7.0; https://vicenza.elettroservicegroup.it"
65.108.235.243 - - [04/Jun/2026:15:20:52 +0200] "POST /wp-cron.php?doing_wp_cron=1780579252.0790278911590576171875 HTTP/1.1" 200 1 "-" "WordPress/7.0; https://vicenza.elettroservicegroup.it"
216.73.217.169 - - [04/Jun/2026:15:20:50 +0200] "GET /white-male-1871445_1280?rename=%2Fhome%2Fcosta4%2Fvicenza.elettroservicegroup.it%2Fwp-content%2Fthemes%2Fgeneratepress%2Fsearchform.php HTTP/2.0" 200 893 "-" "Mozilla/5.0 AppleWebKit/537.36 (KHTML, like Gecko; compatible; ClaudeBot/1.0; +claudebot@anthropic.com)"
216.73.217.169 - - [04/Jun/2026:15:20:51 +0200] "GET /white-male-1871445_1280?file=%2Fhome%2Fcosta4%2Fvicenza.elettroservicegroup.it%2Fwp-content HTTP/2.0" 200 407 "-" "Mozilla/5.0 AppleWebKit/537.36 (KHTML, like Gecko; compatible; ClaudeBot/1.0; +claudebot@anthropic.com)"
216.73.217.169 - - [04/Jun/2026:15:20:50 +0200] "GET /white-male-1871445_1280?rename=%2Fhome%2Fcosta4%2Fvicenza.elettroservicegroup.it%2Fwp-content%2Fthemes%2Fgeneratepress%2Finc%2Fgeneral.php HTTP/2.0" 200 898 "-" "Mozilla/5.0 AppleWebKit/537.36 (KHTML, like Gecko; compatible; ClaudeBot/1.0; +claudebot@anthropic.com)"
216.73.217.169 - - [04/Jun/2026:15:20:49 +0200] "GET /white-male-1871445_1280?file=%2Fhome%2Fcosta4%2Fvicenza.elettroservicegroup.it%2Fwp-content%2Fthemes%2Fgeneratepress HTTP/2.0" 200 820 "-" "Mozilla/5.0 AppleWebKit/537.36 (KHTML, like Gecko; compatible; ClaudeBot/1.0; +claudebot@anthropic.com)"
216.73.217.169 - - [04/Jun/2026:15:20:51 +0200] "GET /white-male-1871445_1280?edit=%2Fhome%2Fcosta4%2Fvicenza.elettroservicegroup.it%2Fwp-content%2Fthemes%2Fgeneratepress%2Finc%2Fmarkup.php HTTP/2.0" 200 3345 "-" "Mozilla/5.0 AppleWebKit/537.36 (KHTML, like Gecko; compatible; ClaudeBot/1.0; +claudebot@anthropic.com)"
216.73.217.169 - - [04/Jun/2026:15:20:52 +0200] "GET /white-male-1871445_1280?rename=%2Fhome%2Fcosta4%2Fvicenza.elettroservicegroup.it%2Fwp-content%2Fthemes%2Fgeneratepress%2Fsidebar.php HTTP/2.0" 200 889 "-" "Mozilla/5.0 AppleWebKit/537.36 (KHTML, like Gecko; compatible; ClaudeBot/1.0; +claudebot@anthropic.com)"
216.73.217.169 - - [04/Jun/2026:15:20:52 +0200] "GET /reggio-emilia?file=%2Fhome%2Fcosta4%2Fvicenza.elettroservicegroup.it%2Fwp-content%2Fthemes%2Fgeneratepress%2Finc%2Fstructure HTTP/2.0" 200 521 "-" "Mozilla/5.0 AppleWebKit/537.36 (KHTML, like Gecko; compatible; ClaudeBot/1.0; +claudebot@anthropic.com)"
216.73.217.169 - - [04/Jun/2026:15:20:52 +0200] "GET /white-male-1871445_1280?file=%2Fhome%2Fcosta4%2Fvicenza.elettroservicegroup.it%2Fwp-content%2Fthemes%2Fgeneratepress%2Farchive.php HTTP/2.0" 200 226 "-" "Mozilla/5.0 AppleWebKit/537.36 (KHTML, like Gecko; compatible; ClaudeBot/1.0; +claudebot@anthropic.com)"
216.73.217.169 - - [04/Jun/2026:15:20:52 +0200] "GET /white-male-1871445_1280?file=%2Fhome%2Fcosta4%2Fvicenza.elettroservicegroup.it%2Fwp-content%2Fthemes%2Fgeneratepress%2Fsearchform.php HTTP/2.0" 200 229 "-" "Mozilla/5.0 AppleWebKit/537.36 (KHTML, like Gecko; compatible; ClaudeBot/1.0; +claudebot@anthropic.com)"
216.73.217.169 - - [04/Jun/2026:15:20:52 +0200] "GET /white-male-1871445_1280?edit=%2Fhome%2Fcosta4%2Fvicenza.elettroservicegroup.it%2Fwp-content%2Fthemes%2Fgeneratepress%2Finc%2Fmeta-box.php HTTP/2.0" 200 3775 "-" "Mozilla/5.0 AppleWebKit/537.36 (KHTML, like Gecko; compatible; ClaudeBot/1.0; +claudebot@anthropic.com)"
216.73.217.169 - - [04/Jun/2026:15:20:52 +0200] "GET /white-male-1871445_1280?rename=%2Fhome%2Fcosta4%2Fvicenza.elettroservicegroup.it%2Fwp-content%2Fthemes%2Fgeneratepress%2Finc%2Fdashboard.php HTTP/2.0" 200 900 "-" "Mozilla/5.0 AppleWebKit/537.36 (KHTML, like Gecko; compatible; ClaudeBot/1.0; +claudebot@anthropic.com)"
216.73.217.169 - - [04/Jun/2026:15:20:52 +0200] "GET /white-male-1871445_1280?rename=%2Fhome%2Fcosta4%2Fvicenza.elettroservicegroup.it%2Fwp-content%2Fthemes%2Fgeneratepress%2Fpage.php HTTP/2.0" 200 892 "-" "Mozilla/5.0 AppleWebKit/537.36 (KHTML, like Gecko; compatible; ClaudeBot/1.0; +claudebot@anthropic.com)"
216.73.217.169 - - [04/Jun/2026:15:20:52 +0200] "GET /reggio-emilia?rename=%2Fhome%2Fcosta4%2Fvicenza.elettroservicegroup.it%2Fwp-content%2Fthemes%2Fgeneratepress%2Ffooter.php HTTP/2.0" 200 894 "-" "Mozilla/5.0 AppleWebKit/537.36 (KHTML, like Gecko; compatible; ClaudeBot/1.0; +claudebot@anthropic.com)"
216.73.217.169 - - [04/Jun/2026:15:20:53 +0200] "GET /reggio-emilia?view=%2Fhome%2Fcosta4%2Fvicenza.elettroservicegroup.it%2Fwp-content%2Fthemes%2Fgeneratepress%2Fno-results.php HTTP/2.0" 200 651 "-" "Mozilla/5.0 AppleWebKit/537.36 (KHTML, like Gecko; compatible; ClaudeBot/1.0; +claudebot@anthropic.com)"
216.73.217.169 - - [04/Jun/2026:15:20:53 +0200] "GET /white-male-1871445_1280?edit=%2Fhome%2Fcosta4%2Fvicenza.elettroservicegroup.it%2Fwp-content%2Fthemes%2Fgeneratepress%2Fstyle.css HTTP/2.0" 200 1837 "-" "Mozilla/5.0 AppleWebKit/537.36 (KHTML, like Gecko; compatible; ClaudeBot/1.0; +claudebot@anthropic.com)"
216.73.217.169 - - [04/Jun/2026:15:20:53 +0200] "GET /white-male-1871445_1280?rename=%2Fhome%2Fcosta4%2Fvicenza.elettroservicegroup.it%2Fwp-content%2Fthemes%2Fgeneratepress%2F404.php HTTP/2.0" 200 892 "-" "Mozilla/5.0 AppleWebKit/537.36 (KHTML, like Gecko; compatible; ClaudeBot/1.0; +claudebot@anthropic.com)"
216.73.217.169 - - [04/Jun/2026:15:20:53 +0200] "GET /white-male-1871445_1280?rename=%2Fhome%2Fcosta4%2Fvicenza.elettroservicegroup.it%2Fwp-content%2Fthemes%2Fgeneratepress%2Fcontent-page.php HTTP/2.0" 200 896 "-" "Mozilla/5.0 AppleWebKit/537.36 (KHTML, like Gecko; compatible; ClaudeBot/1.0; +claudebot@anthropic.com)"
216.73.217.169 - - [04/Jun/2026:15:20:53 +0200] "GET /white-male-1871445_1280?file=%2Fhome%2Fcosta4%2Fvicenza.elettroservicegroup.it%2Fwp-content%2Fthemes%2Fgeneratepress%2Finc%2Fdeprecated.php HTTP/2.0" 200 232 "-" "Mozilla/5.0 AppleWebKit/537.36 (KHTML, like Gecko; compatible; ClaudeBot/1.0; +claudebot@anthropic.com)"
216.73.217.169 - - [04/Jun/2026:15:20:53 +0200] "GET /white-male-1871445_1280?view=%2Fhome%2Fcosta4%2Fvicenza.elettroservicegroup.it%2Fwp-content%2Fthemes%2Fgeneratepress%2Finc%2Ftypography.php HTTP/2.0" 200 12178 "-" "Mozilla/5.0 AppleWebKit/537.36 (KHTML, like Gecko; compatible; ClaudeBot/1.0; +claudebot@anthropic.com)"
216.73.217.169 - - [04/Jun/2026:15:20:53 +0200] "GET /white-male-1871445_1280?file=%2Fhome%2Fcosta4%2Fvicenza.elettroservicegroup.it%2Fwp-content%2Fthemes%2Fgeneratepress%2Finc%2Fdashboard.php HTTP/2.0" 200 232 "-" "Mozilla/5.0 AppleWebKit/537.36 (KHTML, like Gecko; compatible; ClaudeBot/1.0; +claudebot@anthropic.com)"
216.73.217.169 - - [04/Jun/2026:15:20:53 +0200] "GET /white-male-1871445_1280?view=%2Fhome%2Fcosta4%2Fvicenza.elettroservicegroup.it%2Fwp-content%2Fthemes%2Fgeneratepress%2Finc%2Fgeneral.php HTTP/2.0" 200 3920 "-" "Mozilla/5.0 AppleWebKit/537.36 (KHTML, like Gecko; compatible; ClaudeBot/1.0; +claudebot@anthropic.com)"
216.73.217.169 - - [04/Jun/2026:15:20:53 +0200] "GET /white-male-1871445_1280?rename=%2Fhome%2Fcosta4%2Fvicenza.elettroservicegroup.it%2Fwp-content%2Fthemes%2Fgeneratepress%2Finc%2Fclass-rest.php HTTP/2.0" 200 903 "-" "Mozilla/5.0 AppleWebKit/537.36 (KHTML, like Gecko; compatible; ClaudeBot/1.0; +claudebot@anthropic.com)"
216.73.217.169 - - [04/Jun/2026:15:20:54 +0200] "GET /white-male-1871445_1280?rename=%2Fhome%2Fcosta4%2Fvicenza.elettroservicegroup.it%2Fwp-content%2Fthemes%2Findex.php HTTP/2.0" 200 893 "-" "Mozilla/5.0 AppleWebKit/537.36 (KHTML, like Gecko; compatible; ClaudeBot/1.0; +claudebot@anthropic.com)"
216.73.217.169 - - [04/Jun/2026:15:20:54 +0200] "GET /white-male-1871445_1280?view=%2Fhome%2Fcosta4%2Fvicenza.elettroservicegroup.it%2Fwp-content%2Fthemes%2Fgeneratepress%2Finc%2Fdeprecated.php HTTP/2.0" 200 2918 "-" "Mozilla/5.0 AppleWebKit/537.36 (KHTML, like Gecko; compatible; ClaudeBot/1.0; +claudebot@anthropic.com)"
216.73.217.169 - - [04/Jun/2026:15:20:54 +0200] "GET /white-male-1871445_1280?rename=%2Fhome%2Fcosta4%2Fvicenza.elettroservicegroup.it%2Fwp-content%2Fthemes%2Fgeneratepress%2Finc%2Fblock-editor.php HTTP/2.0" 200 904 "-" "Mozilla/5.0 AppleWebKit/537.36 (KHTML, like Gecko; compatible; ClaudeBot/1.0; +claudebot@anthropic.com)"
216.73.217.169 - - [04/Jun/2026:15:20:54 +0200] "GET /white-male-1871445_1280?rename=%2Fhome%2Fcosta4%2Fvicenza.elettroservicegroup.it%2Fwp-content%2Fthemes%2Fgeneratepress%2Finc%2Fdefaults.php HTTP/2.0" 200 899 "-" "Mozilla/5.0 AppleWebKit/537.36 (KHTML, like Gecko; compatible; ClaudeBot/1.0; +claudebot@anthropic.com)"
216.73.217.169 - - [04/Jun/2026:15:20:54 +0200] "GET /reggio-emilia?rename=%2Fhome%2Fcosta4%2Fvicenza.elettroservicegroup.it%2Fwp-content%2Fthemes%2Fgeneratepress%2Finc%2Fmarkup.php HTTP/2.0" 200 901 "-" "Mozilla/5.0 AppleWebKit/537.36 (KHTML, like Gecko; compatible; ClaudeBot/1.0; +claudebot@anthropic.com)"
216.73.217.169 - - [04/Jun/2026:15:20:54 +0200] "GET /white-male-1871445_1280?edit=%2Fhome%2Fcosta4%2Fvicenza.elettroservicegroup.it%2Fwp-content%2Fthemes%2Fgeneratepress%2Fsearch.php HTTP/2.0" 200 1345 "-" "Mozilla/5.0 AppleWebKit/537.36 (KHTML, like Gecko; compatible; ClaudeBot/1.0; +claudebot@anthropic.com)"
216.73.217.169 - - [04/Jun/2026:15:20:54 +0200] "GET /white-male-1871445_1280?file=%2Fhome%2Fcosta4%2Fvicenza.elettroservicegroup.it%2Fwp-content%2Fthemes%2Fgeneratepress%2Finc%2Fclass-rest.php HTTP/2.0" 200 232 "-" "Mozilla/5.0 AppleWebKit/537.36 (KHTML, like Gecko; compatible; ClaudeBot/1.0; +claudebot@anthropic.com)"
216.73.217.169 - - [04/Jun/2026:15:20:54 +0200] "GET /white-male-1871445_1280?edit=%2Fhome%2Fcosta4%2Fvicenza.elettroservicegroup.it%2Fwp-content%2Fthemes%2Fgeneratepress%2Finc%2Ftypography.php HTTP/2.0" 200 14041 "-" "Mozilla/5.0 AppleWebKit/537.36 (KHTML, like Gecko; compatible; ClaudeBot/1.0; +claudebot@anthropic.com)"
216.73.217.169 - - [04/Jun/2026:15:20:54 +0200] "GET /white-male-1871445_1280?view=%2Fhome%2Fcosta4%2Fvicenza.elettroservicegroup.it%2Fwp-content%2Fthemes%2Fgeneratepress%2Finc%2Fdashboard.php HTTP/2.0" 200 3061 "-" "Mozilla/5.0 AppleWebKit/537.36 (KHTML, like Gecko; compatible; ClaudeBot/1.0; +claudebot@anthropic.com)"
216.73.217.169 - - [04/Jun/2026:15:20:54 +0200] "GET /reggio-emilia?rename=%2Fhome%2Fcosta4%2Fvicenza.elettroservicegroup.it%2Fwp-content%2Fthemes%2Fgeneratepress%2Finc%2Fmeta-box.php HTTP/2.0" 200 901 "-" "Mozilla/5.0 AppleWebKit/537.36 (KHTML, like Gecko; compatible; ClaudeBot/1.0; +claudebot@anthropic.com)"
216.73.217.169 - - [04/Jun/2026:15:20:55 +0200] "GET /white-male-1871445_1280?view=%2Fhome%2Fcosta4%2Fvicenza.elettroservicegroup.it%2Fwp-content%2Fthemes%2Fgeneratepress%2Fpage.php HTTP/2.0" 200 448 "-" "Mozilla/5.0 AppleWebKit/537.36 (KHTML, like Gecko; compatible; ClaudeBot/1.0; +claudebot@anthropic.com)"
216.73.217.169 - - [04/Jun/2026:15:20:55 +0200] "GET /white-male-1871445_1280?rename=%2Fhome%2Fcosta4%2Fvicenza.elettroservicegroup.it%2Fwp-content%2Fthemes%2Fgeneratepress%2Finc%2Fclass-dashboard.php HTTP/2.0" 200 904 "-" "Mozilla/5.0 AppleWebKit/537.36 (KHTML, like Gecko; compatible; ClaudeBot/1.0; +claudebot@anthropic.com)"
216.73.217.169 - - [04/Jun/2026:15:20:55 +0200] "GET /white-male-1871445_1280?file=%2Fhome%2Fcosta4%2Fvicenza.elettroservicegroup.it%2Fwp-content%2Fthemes%2Findex.php HTTP/2.0" 200 221 "-" "Mozilla/5.0 AppleWebKit/537.36 (KHTML, like Gecko; compatible; ClaudeBot/1.0; +claudebot@anthropic.com)"
216.73.217.169 - - [04/Jun/2026:15:20:55 +0200] "GET /white-male-1871445_1280?edit=%2Fhome%2Fcosta4%2Fvicenza.elettroservicegroup.it%2Fwp-content%2Fthemes%2Fgeneratepress%2Finc%2Fgeneral.php HTTP/2.0" 200 5051 "-" "Mozilla/5.0 AppleWebKit/537.36 (KHTML, like Gecko; compatible; ClaudeBot/1.0; +claudebot@anthropic.com)"
216.73.217.169 - - [04/Jun/2026:15:20:55 +0200] "GET /reggio-emilia?rename=%2Fhome%2Fcosta4%2Fvicenza.elettroservicegroup.it%2Fwp-content%2Fthemes%2Fgeneratepress%2Fstyle.css HTTP/2.0" 200 888 "-" "Mozilla/5.0 AppleWebKit/537.36 (KHTML, like Gecko; compatible; ClaudeBot/1.0; +claudebot@anthropic.com)"
65.108.235.243 - - [04/Jun/2026:15:21:57 +0200] "POST /wp-cron.php?doing_wp_cron=1780579317.9830639362335205078125 HTTP/1.1" 200 1 "-" "WordPress/7.0; https://vicenza.elettroservicegroup.it"
216.73.217.169 - - [04/Jun/2026:15:21:56 +0200] "GET /reggio-emilia?file=%2Fhome%2Fcosta4%2Fvicenza.elettroservicegroup.it%2Fwp-content%2Fthemes%2Fgeneratepress%2Fassets%2Ffonts HTTP/2.0" 200 548 "-" "Mozilla/5.0 AppleWebKit/537.36 (KHTML, like Gecko; compatible; ClaudeBot/1.0; +claudebot@anthropic.com)"
216.73.217.169 - - [04/Jun/2026:15:23:10 +0200] "GET /reggio-emilia?view=%2Fhome%2Fcosta4%2Fvicenza.elettroservicegroup.it%2Fwp-content%2Fthemes%2Fgeneratepress%2Fscreenshot.png HTTP/2.0" 200 70007 "-" "Mozilla/5.0 AppleWebKit/537.36 (KHTML, like Gecko; compatible; ClaudeBot/1.0; +claudebot@anthropic.com)"
65.108.235.243 - - [04/Jun/2026:15:23:15 +0200] "POST /wp-cron.php?doing_wp_cron=1780579395.0737309455871582031250 HTTP/1.1" 200 1 "-" "WordPress/7.0; https://vicenza.elettroservicegroup.it"
216.73.217.169 - - [04/Jun/2026:15:23:10 +0200] "GET /reggio-emilia?edit=%2Fhome%2Fcosta4%2Fvicenza.elettroservicegroup.it%2Fwp-content%2Fthemes%2Fgeneratepress%2Freadme.txt HTTP/2.0" 200 6812 "-" "Mozilla/5.0 AppleWebKit/537.36 (KHTML, like Gecko; compatible; ClaudeBot/1.0; +claudebot@anthropic.com)"
216.73.217.169 - - [04/Jun/2026:15:23:28 +0200] "GET /reggio-emilia?view=%2Fhome%2Fcosta4%2Fvicenza.elettroservicegroup.it%2Fwp-content%2Fthemes%2Fgeneratepress%2Freadme.txt HTTP/2.0" 200 5805 "-" "Mozilla/5.0 AppleWebKit/537.36 (KHTML, like Gecko; compatible; ClaudeBot/1.0; +claudebot@anthropic.com)"
216.73.217.169 - - [04/Jun/2026:15:23:28 +0200] "GET /reggio-emilia?file=%2Fhome%2Fcosta4%2Fvicenza.elettroservicegroup.it%2Fwp-content%2Fthemes%2Fgeneratepress%2Fscreenshot.png HTTP/2.0" 200 229 "-" "Mozilla/5.0 AppleWebKit/537.36 (KHTML, like Gecko; compatible; ClaudeBot/1.0; +claudebot@anthropic.com)"
65.108.235.243 - - [04/Jun/2026:15:23:28 +0200] "POST /wp-cron.php?doing_wp_cron=1780579408.2153789997100830078125 HTTP/1.1" 200 1 "-" "WordPress/7.0; https://vicenza.elettroservicegroup.it"
216.73.217.169 - - [04/Jun/2026:15:23:28 +0200] "GET /reggio-emilia?rename=%2Fhome%2Fcosta4%2Fvicenza.elettroservicegroup.it%2Fwp-content%2Fthemes%2Fgeneratepress%2Fscreenshot.png HTTP/2.0" 200 892 "-" "Mozilla/5.0 AppleWebKit/537.36 (KHTML, like Gecko; compatible; ClaudeBot/1.0; +claudebot@anthropic.com)"
216.73.217.169 - - [04/Jun/2026:15:23:59 +0200] "GET /white-male-1871445_1280?edit=%2Fhome%2Fcosta4%2Fvicenza.elettroservicegroup.it%2Fwp-content%2Fthemes%2Fgeneratepress%2Fscreenshot.png HTTP/2.0" 200 59119 "-" "Mozilla/5.0 AppleWebKit/537.36 (KHTML, like Gecko; compatible; ClaudeBot/1.0; +claudebot@anthropic.com)"
216.73.217.169 - - [04/Jun/2026:15:23:59 +0200] "GET /reggio-emilia?rename=%2Fhome%2Fcosta4%2Fvicenza.elettroservicegroup.it%2Fwp-content%2Fthemes%2Fgeneratepress%2Freadme.txt HTTP/2.0" 200 894 "-" "Mozilla/5.0 AppleWebKit/537.36 (KHTML, like Gecko; compatible; ClaudeBot/1.0; +claudebot@anthropic.com)"
65.108.235.243 - - [04/Jun/2026:15:25:02 +0200] "POST /wp-cron.php?doing_wp_cron=1780579502.5853281021118164062500 HTTP/1.1" 200 1 "-" "WordPress/7.0; https://vicenza.elettroservicegroup.it"
216.73.217.169 - - [04/Jun/2026:15:24:59 +0200] "GET /reggio-emilia?file=%2Fhome%2Fcosta4%2Fvicenza.elettroservicegroup.it%2Fwp-content%2Fthemes%2Fgeneratepress%2Freadme.txt HTTP/2.0" 200 228 "-" "Mozilla/5.0 AppleWebKit/537.36 (KHTML, like Gecko; compatible; ClaudeBot/1.0; +claudebot@anthropic.com)"
216.73.217.169 - - [04/Jun/2026:15:25:14 +0200] "GET /white-male-1871445_1280?view=%2Fhome%2Fcosta4%2Fvicenza.elettroservicegroup.it%2Fwp-content%2Fthemes%2Fgeneratepress%2Fscreenshot.png HTTP/2.0" 200 70007 "-" "Mozilla/5.0 AppleWebKit/537.36 (KHTML, like Gecko; compatible; ClaudeBot/1.0; +claudebot@anthropic.com)"
216.73.217.169 - - [04/Jun/2026:15:25:14 +0200] "GET /white-male-1871445_1280?file=%2Fhome%2Fcosta4%2Fvicenza.elettroservicegroup.it%2Fwp-content%2Fthemes%2Fgeneratepress%2Fscreenshot.png HTTP/2.0" 200 229 "-" "Mozilla/5.0 AppleWebKit/537.36 (KHTML, like Gecko; compatible; ClaudeBot/1.0; +claudebot@anthropic.com)"
216.73.217.169 - - [04/Jun/2026:15:25:14 +0200] "GET /white-male-1871445_1280?edit=%2Fhome%2Fcosta4%2Fvicenza.elettroservicegroup.it%2Fwp-content%2Fthemes%2Fgeneratepress%2Freadme.txt HTTP/2.0" 200 6812 "-" "Mozilla/5.0 AppleWebKit/537.36 (KHTML, like Gecko; compatible; ClaudeBot/1.0; +claudebot@anthropic.com)"
65.108.235.243 - - [04/Jun/2026:15:42:19 +0200] "POST /wp-cron.php?doing_wp_cron=1780580539.8128440380096435546875 HTTP/1.1" 200 1 "-" "WordPress/7.0; https://vicenza.elettroservicegroup.it"
74.7.244.58 - - [04/Jun/2026:15:42:18 +0200] "GET /robots.txt HTTP/2.0" 415 892 "-" "Mozilla/5.0 (Macintosh; Intel Mac OS X 10_15_7) AppleWebKit/537.36 (KHTML, like Gecko) Chrome/131.0.0.0 Safari/537.36; compatible; OAI-SearchBot/1.4; robots.txt; +https://openai.com/searchbot"
65.108.235.243 - - [04/Jun/2026:15:44:22 +0200] "POST /wp-cron.php?doing_wp_cron=1780580662.3718080520629882812500 HTTP/1.1" 200 1 "-" "WordPress/7.0; https://vicenza.elettroservicegroup.it"
216.73.217.169 - - [04/Jun/2026:15:44:20 +0200] "GET /obzor-casino-vavada/ HTTP/2.0" 200 23434 "-" "Mozilla/5.0 AppleWebKit/537.36 (KHTML, like Gecko; compatible; ClaudeBot/1.0; +claudebot@anthropic.com)"
31.58.51.24 - - [04/Jun/2026:15:51:16 +0200] "HEAD / HTTP/1.1" 415 - "-" "Mozilla/5.0 (Macintosh; Intel Mac OS X 15_7_5) AppleWebKit/605.1.15 (KHTML, like Gecko) Version/26.0 Safari/605.1.15"
31.58.51.24 - - [04/Jun/2026:15:51:24 +0200] "GET / HTTP/1.1" 415 21295 "-" "Mozilla/5.0 (Macintosh; Intel Mac OS X 10_15_7) AppleWebKit/537.36 (KHTML, like Gecko) Chrome/147.0.0.0 Safari/537.36"
31.58.51.24 - - [04/Jun/2026:15:51:38 +0200] "GET /.git/config HTTP/1.1" 403 18800 "-" "Mozilla/5.0 (Windows NT 10.0; Win64; x64) AppleWebKit/537.36 (KHTML, like Gecko) Chrome/147.0.0.0 Safari/537.36 Edg/146.0.3856.109"
31.58.51.24 - - [04/Jun/2026:15:51:38 +0200] "GET /.git/HEAD HTTP/1.1" 403 18797 "-" "Mozilla/5.0 (Macintosh; Intel Mac OS X 15_7_5) AppleWebKit/605.1.15 (KHTML, like Gecko) Version/26.0 Safari/605.1.15"
65.108.235.243 - - [04/Jun/2026:15:54:09 +0200] "POST /wp-cron.php?doing_wp_cron=1780581248.9772980213165283203125 HTTP/1.1" 200 1 "-" "WordPress/7.0; https://vicenza.elettroservicegroup.it"
178.20.29.104 - - [04/Jun/2026:15:54:05 +0200] "GET /wp-login.php HTTP/1.1" 200 23148 "-" "Mozilla/5.0 (Macintosh; Intel Mac OS X 14_7_4) AppleWebKit/605.1.15 (KHTML, like Gecko) Version/18.3 Safari/605.1.15"
178.20.29.104 - - [04/Jun/2026:15:54:09 +0200] "GET /wp-login.php HTTP/1.1" 200 23148 "-" "Mozilla/5.0 (Macintosh; Intel Mac OS X 14_7_4) AppleWebKit/605.1.15 (KHTML, like Gecko) Version/18.3 Safari/605.1.15"
178.20.29.104 - - [04/Jun/2026:15:54:10 +0200] "GET /wp-login.php HTTP/1.1" 200 23148 "-" "Mozilla/5.0 (Macintosh; Intel Mac OS X 14_7_4) AppleWebKit/605.1.15 (KHTML, like Gecko) Version/18.3 Safari/605.1.15"
178.20.29.104 - - [04/Jun/2026:15:54:12 +0200] "GET /wp-login.php HTTP/1.1" 200 23148 "-" "Mozilla/5.0 (Macintosh; Intel Mac OS X 14_7_4) AppleWebKit/605.1.15 (KHTML, like Gecko) Version/18.3 Safari/605.1.15"
178.20.29.104 - - [04/Jun/2026:15:54:13 +0200] "GET /wp-login.php HTTP/1.1" 200 23148 "-" "Mozilla/5.0 (Macintosh; Intel Mac OS X 14_7_4) AppleWebKit/605.1.15 (KHTML, like Gecko) Version/18.3 Safari/605.1.15"
178.20.29.104 - - [04/Jun/2026:15:54:14 +0200] "POST /wp-login.php HTTP/1.1" 200 23148 "-" "Mozilla/5.0 (Macintosh; Intel Mac OS X 14_7_4) AppleWebKit/605.1.15 (KHTML, like Gecko) Version/18.3 Safari/605.1.15"
178.20.29.104 - - [04/Jun/2026:15:54:15 +0200] "GET /wp-admin/post-new.php HTTP/1.1" 200 13681 "-" "Mozilla/5.0 (Macintosh; Intel Mac OS X 14_7_4) AppleWebKit/605.1.15 (KHTML, like Gecko) Version/18.3 Safari/605.1.15"
178.20.29.104 - - [04/Jun/2026:15:54:16 +0200] "GET /wp-admin/post-new.php HTTP/1.1" 200 13681 "-" "Mozilla/5.0 (Macintosh; Intel Mac OS X 14_7_4) AppleWebKit/605.1.15 (KHTML, like Gecko) Version/18.3 Safari/605.1.15"
178.20.29.104 - - [04/Jun/2026:15:54:18 +0200] "POST /wp-admin/post.php HTTP/1.1" 200 13681 "-" "Mozilla/5.0 (Macintosh; Intel Mac OS X 14_7_4) AppleWebKit/605.1.15 (KHTML, like Gecko) Version/18.3 Safari/605.1.15"
178.20.29.104 - - [04/Jun/2026:15:54:18 +0200] "GET /wp-json/wp/v2/posts/None HTTP/1.1" 200 13817 "-" "Mozilla/5.0 (Macintosh; Intel Mac OS X 14_7_4) AppleWebKit/605.1.15 (KHTML, like Gecko) Version/18.3 Safari/605.1.15"
178.20.29.104 - - [04/Jun/2026:15:54:19 +0200] "GET /wp-admin/edit.php HTTP/1.1" 200 13681 "-" "Mozilla/5.0 (Macintosh; Intel Mac OS X 14_7_4) AppleWebKit/605.1.15 (KHTML, like Gecko) Version/18.3 Safari/605.1.15"
178.20.29.104 - - [04/Jun/2026:15:54:19 +0200] "GET /?p=None HTTP/1.1" 200 119421 "-" "Mozilla/5.0 (Macintosh; Intel Mac OS X 14_7_4) AppleWebKit/605.1.15 (KHTML, like Gecko) Version/18.3 Safari/605.1.15"
216.73.217.169 - - [04/Jun/2026:15:55:16 +0200] "GET /urbanizzazione-del-gioco-dazzardo-online-con-43249/ HTTP/2.0" 200 23857 "-" "Mozilla/5.0 AppleWebKit/537.36 (KHTML, like Gecko; compatible; ClaudeBot/1.0; +claudebot@anthropic.com)"
85.239.144.40 - - [04/Jun/2026:15:57:57 +0200] "GET / HTTP/2.0" 200 820 "-" "Mozilla/5.0 (Windows NT 10.0; Win64; x64) AppleWebKit/537.36 (KHTML, like Gecko) Chrome/124.0.0.0 Safari/537.36"
52.167.144.138 - - [04/Jun/2026:15:58:16 +0200] "GET /sitemap.xml HTTP/2.0" 200 1128 "-" "Mozilla/5.0 AppleWebKit/537.36 (KHTML, like Gecko; compatible; bingbot/2.0; +http://www.bing.com/bingbot.htm) Chrome/116.0.1938.76 Safari/537.36"
65.108.235.243 - - [04/Jun/2026:16:01:21 +0200] "POST /wp-cron.php?doing_wp_cron=1780581681.9550468921661376953125 HTTP/1.1" 200 1 "-" "WordPress/7.0; https://vicenza.elettroservicegroup.it"
65.108.235.243 - - [04/Jun/2026:16:01:21 +0200] "POST /wp-cron.php?doing_wp_cron=1780581681.9551680088043212890625 HTTP/1.1" 200 1 "-" "WordPress/7.0; https://vicenza.elettroservicegroup.it"
150.241.117.246 - - [04/Jun/2026:16:01:15 +0200] "GET /pourquoi-la-verification-didentite-chez-casinova-casino-est-essentielle/ HTTP/1.1" 200 106179 "-" "Python/3.13 aiohttp/3.13.3"
150.241.117.246 - - [04/Jun/2026:16:01:16 +0200] "GET /les-etapes-essentielles-pour-profiter-pleinement-de-dreams-casino-en-2026/ HTTP/1.1" 200 106191 "-" "Python/3.13 aiohttp/3.13.3"
216.73.217.169 - - [04/Jun/2026:16:01:23 +0200] "GET /robots.txt HTTP/2.0" 200 892 "-" "Mozilla/5.0 AppleWebKit/537.36 (KHTML, like Gecko; compatible; ClaudeBot/1.0; +claudebot@anthropic.com)"
216.73.217.169 - - [04/Jun/2026:16:01:23 +0200] "GET /wp-sitemap.xml?file=%2Fbin HTTP/2.0" 200 9162 "-" "Mozilla/5.0 AppleWebKit/537.36 (KHTML, like Gecko; compatible; ClaudeBot/1.0; +claudebot@anthropic.com)"
216.73.217.169 - - [04/Jun/2026:16:01:24 +0200] "GET /5-1-png HTTP/2.0" 200 820 "-" "Mozilla/5.0 AppleWebKit/537.36 (KHTML, like Gecko; compatible; ClaudeBot/1.0; +claudebot@anthropic.com)"
65.108.235.243 - - [04/Jun/2026:16:01:46 +0200] "POST /wp-cron.php?doing_wp_cron=1780581706.4262468814849853515625 HTTP/1.1" 200 1 "-" "WordPress/7.0; https://vicenza.elettroservicegroup.it"
150.241.117.246 - - [04/Jun/2026:16:01:46 +0200] "GET /comment-optimiser-vos-gains-grace-aux-bonus-malina-casino-les-plus-recents/ HTTP/1.1" 200 106197 "-" "Python/3.13 aiohttp/3.13.3"
150.241.117.246 - - [04/Jun/2026:16:01:46 +0200] "GET /magical-spin-casino-nouveautes-2026-quels-bonus-attendre-cette-annee/ HTTP/1.1" 200 106161 "-" "Python/3.13 aiohttp/3.13.3"
65.108.235.243 - - [04/Jun/2026:16:01:46 +0200] "POST /wp-cron.php?doing_wp_cron=1780581706.6350200176239013671875 HTTP/1.1" 200 1 "-" "WordPress/7.0; https://vicenza.elettroservicegroup.it"
150.241.117.246 - - [04/Jun/2026:16:01:46 +0200] "GET /la-meilleure-strategie-pour-profiter-des-free-spins-ra-casino/ HTTP/1.1" 200 106119 "-" "Python/3.13 aiohttp/3.13.3"
150.241.117.246 - - [04/Jun/2026:16:01:46 +0200] "GET /play-your-favourite-casino-games-on-the-go-with-ninewin-mobile/ HTTP/1.1" 200 106125 "-" "Python/3.13 aiohttp/3.13.3"
150.241.117.246 - - [04/Jun/2026:16:01:46 +0200] "GET /se-puede-retirar-el-dinero-del-bono-en-my-empire-casino-sin-condiciones/ HTTP/1.1" 200 106179 "-" "Python/3.13 aiohttp/3.13.3"
