54.164.52.35 - - [04/Jun/2026:00:52:42 +0200] "GET /wp-content/plugins/elementor/assets/js/shared-frontend-handlers.03caa53373b56d3bab67.bundle.min.js HTTP/2.0" 200 2515 "https://elettroservicegroup.it/" "Mozilla/5.0 (Macintosh; Intel Mac OS X 10_15_4) AppleWebKit/537.36 (KHTML, like Gecko) Chrome/83.0.4103.97 Safari/537.36"
54.164.52.35 - - [04/Jun/2026:00:52:42 +0200] "GET /wp-content/plugins/elementor/assets/js/text-editor.45609661e409413f1cef.bundle.min.js HTTP/2.0" 200 592 "https://elettroservicegroup.it/" "Mozilla/5.0 (Macintosh; Intel Mac OS X 10_15_4) AppleWebKit/537.36 (KHTML, like Gecko) Chrome/83.0.4103.97 Safari/537.36"
54.164.52.35 - - [04/Jun/2026:00:52:49 +0200] "GET /wp-content/plugins/gp-premium/menu-plus/functions/js/sticky.min.js?ver=2.5.5 HTTP/1.1" 200 8524 "-" "Mozilla/5.0 (Macintosh; Intel Mac OS X 10_15_4) AppleWebKit/537.36 (KHTML, like Gecko) Chrome/83.0.4103.97 Safari/537.36"
54.164.52.35 - - [04/Jun/2026:00:52:49 +0200] "GET /wp-content/plugins/elementor/assets/js/frontend.min.js?ver=4.1.1 HTTP/1.1" 200 32098 "-" "Mozilla/5.0 (Macintosh; Intel Mac OS X 10_15_4) AppleWebKit/537.36 (KHTML, like Gecko) Chrome/83.0.4103.97 Safari/537.36"
54.164.52.35 - - [04/Jun/2026:00:52:49 +0200] "GET /wp-content/cache/wpfc-minified/965h9meg/84jtm.js HTTP/1.1" 200 28877 "-" "Mozilla/5.0 (Macintosh; Intel Mac OS X 10_15_4) AppleWebKit/537.36 (KHTML, like Gecko) Chrome/83.0.4103.97 Safari/537.36"
54.164.52.35 - - [04/Jun/2026:00:52:49 +0200] "GET /wp-content/themes/generatepress/assets/js/back-to-top.min.js?ver=3.6.1 HTTP/1.1" 200 737 "-" "Mozilla/5.0 (Macintosh; Intel Mac OS X 10_15_4) AppleWebKit/537.36 (KHTML, like Gecko) Chrome/83.0.4103.97 Safari/537.36"
54.164.52.35 - - [04/Jun/2026:00:52:49 +0200] "GET /wp-content/plugins/elementor/assets/js/webpack.runtime.min.js?ver=4.1.1 HTTP/1.1" 200 5819 "-" "Mozilla/5.0 (Macintosh; Intel Mac OS X 10_15_4) AppleWebKit/537.36 (KHTML, like Gecko) Chrome/83.0.4103.97 Safari/537.36"
54.164.52.35 - - [04/Jun/2026:00:52:49 +0200] "GET /wp-content/plugins/elementor/assets/js/text-editor.45609661e409413f1cef.bundle.min.js HTTP/1.1" 200 1348 "-" "Mozilla/5.0 (Macintosh; Intel Mac OS X 10_15_4) AppleWebKit/537.36 (KHTML, like Gecko) Chrome/83.0.4103.97 Safari/537.36"
54.164.52.35 - - [04/Jun/2026:00:52:49 +0200] "GET /wp-includes/js/jquery/ui/core.min.js?ver=1.13.3 HTTP/1.1" 200 21464 "-" "Mozilla/5.0 (Macintosh; Intel Mac OS X 10_15_4) AppleWebKit/537.36 (KHTML, like Gecko) Chrome/83.0.4103.97 Safari/537.36"
54.164.52.35 - - [04/Jun/2026:00:52:49 +0200] "GET /wp-content/themes/generatepress/assets/js/menu.min.js?ver=3.6.1 HTTP/1.1" 200 7333 "-" "Mozilla/5.0 (Macintosh; Intel Mac OS X 10_15_4) AppleWebKit/537.36 (KHTML, like Gecko) Chrome/83.0.4103.97 Safari/537.36"
54.164.52.35 - - [04/Jun/2026:00:52:49 +0200] "GET /wp-content/plugins/elementor/assets/js/frontend-modules.min.js?ver=4.1.1 HTTP/1.1" 200 50602 "-" "Mozilla/5.0 (Macintosh; Intel Mac OS X 10_15_4) AppleWebKit/537.36 (KHTML, like Gecko) Chrome/83.0.4103.97 Safari/537.36"
54.164.52.35 - - [04/Jun/2026:00:52:49 +0200] "GET /wp-content/plugins/complianz-gdpr-premium/cookiebanner/js/complianz.min.js?ver=1780325960 HTTP/1.1" 200 42768 "-" "Mozilla/5.0 (Macintosh; Intel Mac OS X 10_15_4) AppleWebKit/537.36 (KHTML, like Gecko) Chrome/83.0.4103.97 Safari/537.36"
54.164.52.35 - - [04/Jun/2026:00:52:49 +0200] "GET /wp-content/cache/wpfc-minified/kdwvm73z/84jtm.js HTTP/1.1" 200 99709 "-" "Mozilla/5.0 (Macintosh; Intel Mac OS X 10_15_4) AppleWebKit/537.36 (KHTML, like Gecko) Chrome/83.0.4103.97 Safari/537.36"
54.164.52.35 - - [04/Jun/2026:00:53:05 +0200] "GET /chi-siamo/ HTTP/2.0" 200 22028 "-" "Mozilla/5.0 (Macintosh; Intel Mac OS X 10_15_4) AppleWebKit/537.36 (KHTML, like Gecko) Chrome/83.0.4103.97 Safari/537.36"
54.164.52.35 - - [04/Jun/2026:00:53:10 +0200] "GET /wp-content/plugins/gp-premium/menu-plus/functions/js/sticky.min.js?ver=2.5.5 HTTP/1.1" 200 8524 "-" "Mozilla/5.0 (Macintosh; Intel Mac OS X 10_15_4) AppleWebKit/537.36 (KHTML, like Gecko) Chrome/83.0.4103.97 Safari/537.36"
54.164.52.35 - - [04/Jun/2026:00:53:10 +0200] "GET /wp-content/themes/generatepress/assets/js/back-to-top.min.js?ver=3.6.1 HTTP/1.1" 200 737 "-" "Mozilla/5.0 (Macintosh; Intel Mac OS X 10_15_4) AppleWebKit/537.36 (KHTML, like Gecko) Chrome/83.0.4103.97 Safari/537.36"
54.164.52.35 - - [04/Jun/2026:00:53:10 +0200] "GET /wp-content/plugins/elementor/assets/js/section-frontend-handlers.d85ab872da118940910d.bundle.min.js HTTP/1.1" 200 449 "-" "Mozilla/5.0 (Macintosh; Intel Mac OS X 10_15_4) AppleWebKit/537.36 (KHTML, like Gecko) Chrome/83.0.4103.97 Safari/537.36"
54.164.52.35 - - [04/Jun/2026:00:53:10 +0200] "GET /wp-content/plugins/elementor/assets/js/text-editor.45609661e409413f1cef.bundle.min.js HTTP/1.1" 200 1348 "-" "Mozilla/5.0 (Macintosh; Intel Mac OS X 10_15_4) AppleWebKit/537.36 (KHTML, like Gecko) Chrome/83.0.4103.97 Safari/537.36"
54.164.52.35 - - [04/Jun/2026:00:53:10 +0200] "GET /wp-includes/js/jquery/ui/core.min.js?ver=1.13.3 HTTP/1.1" 200 21464 "-" "Mozilla/5.0 (Macintosh; Intel Mac OS X 10_15_4) AppleWebKit/537.36 (KHTML, like Gecko) Chrome/83.0.4103.97 Safari/537.36"
54.164.52.35 - - [04/Jun/2026:00:53:10 +0200] "GET /wp-content/plugins/elementor/assets/js/shared-frontend-handlers.03caa53373b56d3bab67.bundle.min.js HTTP/1.1" 200 8481 "-" "Mozilla/5.0 (Macintosh; Intel Mac OS X 10_15_4) AppleWebKit/537.36 (KHTML, like Gecko) Chrome/83.0.4103.97 Safari/537.36"
54.164.52.35 - - [04/Jun/2026:00:53:10 +0200] "GET /wp-content/themes/generatepress/assets/js/menu.min.js?ver=3.6.1 HTTP/1.1" 200 7333 "-" "Mozilla/5.0 (Macintosh; Intel Mac OS X 10_15_4) AppleWebKit/537.36 (KHTML, like Gecko) Chrome/83.0.4103.97 Safari/537.36"
54.164.52.35 - - [04/Jun/2026:00:53:10 +0200] "GET /wp-content/plugins/elementor/assets/js/frontend-modules.min.js?ver=4.1.1 HTTP/1.1" 200 50602 "-" "Mozilla/5.0 (Macintosh; Intel Mac OS X 10_15_4) AppleWebKit/537.36 (KHTML, like Gecko) Chrome/83.0.4103.97 Safari/537.36"
54.164.52.35 - - [04/Jun/2026:00:53:10 +0200] "GET /wp-content/plugins/elementor/assets/js/webpack.runtime.min.js?ver=4.1.1 HTTP/1.1" 200 5819 "-" "Mozilla/5.0 (Macintosh; Intel Mac OS X 10_15_4) AppleWebKit/537.36 (KHTML, like Gecko) Chrome/83.0.4103.97 Safari/537.36"
54.164.52.35 - - [04/Jun/2026:00:53:10 +0200] "GET /wp-content/plugins/complianz-gdpr-premium/cookiebanner/js/complianz.min.js?ver=1780325960 HTTP/1.1" 200 42768 "-" "Mozilla/5.0 (Macintosh; Intel Mac OS X 10_15_4) AppleWebKit/537.36 (KHTML, like Gecko) Chrome/83.0.4103.97 Safari/537.36"
54.164.52.35 - - [04/Jun/2026:00:53:10 +0200] "GET /wp-content/cache/wpfc-minified/965h9meg/84jtm.js HTTP/1.1" 200 28877 "-" "Mozilla/5.0 (Macintosh; Intel Mac OS X 10_15_4) AppleWebKit/537.36 (KHTML, like Gecko) Chrome/83.0.4103.97 Safari/537.36"
54.164.52.35 - - [04/Jun/2026:00:53:10 +0200] "GET /wp-content/plugins/elementor/assets/js/frontend.min.js?ver=4.1.1 HTTP/1.1" 200 32098 "-" "Mozilla/5.0 (Macintosh; Intel Mac OS X 10_15_4) AppleWebKit/537.36 (KHTML, like Gecko) Chrome/83.0.4103.97 Safari/537.36"
54.164.52.35 - - [04/Jun/2026:00:53:10 +0200] "GET /wp-content/cache/wpfc-minified/kdwvm73z/84jtm.js HTTP/1.1" 200 99709 "-" "Mozilla/5.0 (Macintosh; Intel Mac OS X 10_15_4) AppleWebKit/537.36 (KHTML, like Gecko) Chrome/83.0.4103.97 Safari/537.36"
54.236.235.89 - - [04/Jun/2026:01:01:26 +0200] "GET / HTTP/2.0" 200 21194 "-" "Mozilla/5.0 (Macintosh; Intel Mac OS X 10_15_4) AppleWebKit/537.36 (KHTML, like Gecko) Chrome/83.0.4103.97 Safari/537.36"
65.108.235.243 - - [04/Jun/2026:01:01:26 +0200] "POST /wp-cron.php?doing_wp_cron=1780527686.2754590511322021484375 HTTP/1.1" 200 1 "-" "WordPress/7.0; https://elettroservicegroup.it"
54.236.235.89 - - [04/Jun/2026:01:01:24 +0200] "GET /robots.txt HTTP/1.1" 200 177 "-" "Mozilla/5.0 (Macintosh; Intel Mac OS X 10_15_4) AppleWebKit/537.36 (KHTML, like Gecko) Chrome/83.0.4103.97 Safari/537.36"
54.236.235.89 - - [04/Jun/2026:01:01:28 +0200] "GET /wp-content/cache/wpfc-minified/kdwvm73z/84jtm.js HTTP/2.0" 200 32843 "https://elettroservicegroup.it/" "Mozilla/5.0 (Macintosh; Intel Mac OS X 10_15_4) AppleWebKit/537.36 (KHTML, like Gecko) Chrome/83.0.4103.97 Safari/537.36"
54.236.235.89 - - [04/Jun/2026:01:01:28 +0200] "GET /wp-content/cache/wpfc-minified/965h9meg/84jtm.js HTTP/2.0" 200 8743 "https://elettroservicegroup.it/" "Mozilla/5.0 (Macintosh; Intel Mac OS X 10_15_4) AppleWebKit/537.36 (KHTML, like Gecko) Chrome/83.0.4103.97 Safari/537.36"
54.236.235.89 - - [04/Jun/2026:01:01:28 +0200] "GET /wp-content/plugins/elementor/assets/js/webpack.runtime.min.js?ver=4.1.1 HTTP/2.0" 200 2340 "https://elettroservicegroup.it/" "Mozilla/5.0 (Macintosh; Intel Mac OS X 10_15_4) AppleWebKit/537.36 (KHTML, like Gecko) Chrome/83.0.4103.97 Safari/537.36"
54.236.235.89 - - [04/Jun/2026:01:01:28 +0200] "GET /wp-content/plugins/gp-premium/menu-plus/functions/js/sticky.min.js?ver=2.5.5 HTTP/2.0" 200 2670 "https://elettroservicegroup.it/" "Mozilla/5.0 (Macintosh; Intel Mac OS X 10_15_4) AppleWebKit/537.36 (KHTML, like Gecko) Chrome/83.0.4103.97 Safari/537.36"
54.236.235.89 - - [04/Jun/2026:01:01:29 +0200] "GET /wp-content/plugins/elementor/assets/js/frontend-modules.min.js?ver=4.1.1 HTTP/2.0" 200 15454 "https://elettroservicegroup.it/" "Mozilla/5.0 (Macintosh; Intel Mac OS X 10_15_4) AppleWebKit/537.36 (KHTML, like Gecko) Chrome/83.0.4103.97 Safari/537.36"
54.236.235.89 - - [04/Jun/2026:01:01:29 +0200] "GET /wp-includes/js/jquery/ui/core.min.js?ver=1.13.3 HTTP/2.0" 200 6820 "https://elettroservicegroup.it/" "Mozilla/5.0 (Macintosh; Intel Mac OS X 10_15_4) AppleWebKit/537.36 (KHTML, like Gecko) Chrome/83.0.4103.97 Safari/537.36"
54.236.235.89 - - [04/Jun/2026:01:01:29 +0200] "GET /wp-content/plugins/elementor/assets/js/frontend.min.js?ver=4.1.1 HTTP/2.0" 200 10140 "https://elettroservicegroup.it/" "Mozilla/5.0 (Macintosh; Intel Mac OS X 10_15_4) AppleWebKit/537.36 (KHTML, like Gecko) Chrome/83.0.4103.97 Safari/537.36"
54.236.235.89 - - [04/Jun/2026:01:01:30 +0200] "GET /wp-content/themes/generatepress/assets/js/back-to-top.min.js?ver=3.6.1 HTTP/2.0" 200 336 "https://elettroservicegroup.it/" "Mozilla/5.0 (Macintosh; Intel Mac OS X 10_15_4) AppleWebKit/537.36 (KHTML, like Gecko) Chrome/83.0.4103.97 Safari/537.36"
54.236.235.89 - - [04/Jun/2026:01:01:30 +0200] "GET /wp-content/themes/generatepress/assets/js/menu.min.js?ver=3.6.1 HTTP/2.0" 200 1688 "https://elettroservicegroup.it/" "Mozilla/5.0 (Macintosh; Intel Mac OS X 10_15_4) AppleWebKit/537.36 (KHTML, like Gecko) Chrome/83.0.4103.97 Safari/537.36"
54.236.235.89 - - [04/Jun/2026:01:01:32 +0200] "GET /wp-content/plugins/complianz-gdpr-premium/cookiebanner/js/complianz.min.js?ver=1780325960 HTTP/2.0" 200 10708 "https://elettroservicegroup.it/" "Mozilla/5.0 (Macintosh; Intel Mac OS X 10_15_4) AppleWebKit/537.36 (KHTML, like Gecko) Chrome/83.0.4103.97 Safari/537.36"
54.236.235.89 - - [04/Jun/2026:01:01:35 +0200] "GET /wp-content/plugins/elementor/assets/js/section-frontend-handlers.d85ab872da118940910d.bundle.min.js HTTP/2.0" 200 230 "https://elettroservicegroup.it/" "Mozilla/5.0 (Macintosh; Intel Mac OS X 10_15_4) AppleWebKit/537.36 (KHTML, like Gecko) Chrome/83.0.4103.97 Safari/537.36"
54.236.235.89 - - [04/Jun/2026:01:01:39 +0200] "GET /wp-content/plugins/elementor/assets/js/text-editor.45609661e409413f1cef.bundle.min.js HTTP/2.0" 200 592 "https://elettroservicegroup.it/" "Mozilla/5.0 (Macintosh; Intel Mac OS X 10_15_4) AppleWebKit/537.36 (KHTML, like Gecko) Chrome/83.0.4103.97 Safari/537.36"
54.236.235.89 - - [04/Jun/2026:01:01:39 +0200] "GET /wp-content/plugins/elementor/assets/js/shared-frontend-handlers.03caa53373b56d3bab67.bundle.min.js HTTP/2.0" 200 2515 "https://elettroservicegroup.it/" "Mozilla/5.0 (Macintosh; Intel Mac OS X 10_15_4) AppleWebKit/537.36 (KHTML, like Gecko) Chrome/83.0.4103.97 Safari/537.36"
54.236.235.89 - - [04/Jun/2026:01:01:48 +0200] "GET /wp-content/plugins/elementor/assets/js/frontend-modules.min.js?ver=4.1.1 HTTP/1.1" 200 50602 "-" "Mozilla/5.0 (Macintosh; Intel Mac OS X 10_15_4) AppleWebKit/537.36 (KHTML, like Gecko) Chrome/83.0.4103.97 Safari/537.36"
54.236.235.89 - - [04/Jun/2026:01:01:48 +0200] "GET /wp-includes/js/jquery/ui/core.min.js?ver=1.13.3 HTTP/1.1" 200 21464 "-" "Mozilla/5.0 (Macintosh; Intel Mac OS X 10_15_4) AppleWebKit/537.36 (KHTML, like Gecko) Chrome/83.0.4103.97 Safari/537.36"
54.236.235.89 - - [04/Jun/2026:01:01:48 +0200] "GET /wp-content/plugins/elementor/assets/js/frontend.min.js?ver=4.1.1 HTTP/1.1" 200 32098 "-" "Mozilla/5.0 (Macintosh; Intel Mac OS X 10_15_4) AppleWebKit/537.36 (KHTML, like Gecko) Chrome/83.0.4103.97 Safari/537.36"
54.236.235.89 - - [04/Jun/2026:01:01:48 +0200] "GET /wp-content/plugins/complianz-gdpr-premium/cookiebanner/js/complianz.min.js?ver=1780325960 HTTP/1.1" 200 42768 "-" "Mozilla/5.0 (Macintosh; Intel Mac OS X 10_15_4) AppleWebKit/537.36 (KHTML, like Gecko) Chrome/83.0.4103.97 Safari/537.36"
54.236.235.89 - - [04/Jun/2026:01:01:48 +0200] "GET /wp-content/plugins/elementor/assets/js/webpack.runtime.min.js?ver=4.1.1 HTTP/1.1" 200 5819 "-" "Mozilla/5.0 (Macintosh; Intel Mac OS X 10_15_4) AppleWebKit/537.36 (KHTML, like Gecko) Chrome/83.0.4103.97 Safari/537.36"
54.236.235.89 - - [04/Jun/2026:01:01:48 +0200] "GET /wp-content/themes/generatepress/assets/js/back-to-top.min.js?ver=3.6.1 HTTP/1.1" 200 737 "-" "Mozilla/5.0 (Macintosh; Intel Mac OS X 10_15_4) AppleWebKit/537.36 (KHTML, like Gecko) Chrome/83.0.4103.97 Safari/537.36"
54.236.235.89 - - [04/Jun/2026:01:01:48 +0200] "GET /wp-content/themes/generatepress/assets/js/menu.min.js?ver=3.6.1 HTTP/1.1" 200 7333 "-" "Mozilla/5.0 (Macintosh; Intel Mac OS X 10_15_4) AppleWebKit/537.36 (KHTML, like Gecko) Chrome/83.0.4103.97 Safari/537.36"
54.236.235.89 - - [04/Jun/2026:01:01:48 +0200] "GET /wp-content/cache/wpfc-minified/965h9meg/84jtm.js HTTP/1.1" 200 28877 "-" "Mozilla/5.0 (Macintosh; Intel Mac OS X 10_15_4) AppleWebKit/537.36 (KHTML, like Gecko) Chrome/83.0.4103.97 Safari/537.36"
54.236.235.89 - - [04/Jun/2026:01:01:48 +0200] "GET /wp-content/plugins/gp-premium/menu-plus/functions/js/sticky.min.js?ver=2.5.5 HTTP/1.1" 200 8524 "-" "Mozilla/5.0 (Macintosh; Intel Mac OS X 10_15_4) AppleWebKit/537.36 (KHTML, like Gecko) Chrome/83.0.4103.97 Safari/537.36"
54.236.235.89 - - [04/Jun/2026:01:01:48 +0200] "GET /wp-content/cache/wpfc-minified/kdwvm73z/84jtm.js HTTP/1.1" 200 99709 "-" "Mozilla/5.0 (Macintosh; Intel Mac OS X 10_15_4) AppleWebKit/537.36 (KHTML, like Gecko) Chrome/83.0.4103.97 Safari/537.36"
65.108.235.243 - - [04/Jun/2026:01:27:41 +0200] "POST /wp-cron.php?doing_wp_cron=1780529261.5481998920440673828125 HTTP/1.1" 200 1 "-" "WordPress/7.0; https://elettroservicegroup.it"
31.134.0.16 - - [04/Jun/2026:01:27:39 +0200] "GET /wp-upload.php HTTP/1.1" 404 82608 "-" "Mozilla/5.0 (Windows NT 10.0; Win64; x64) AppleWebKit/537.36 (KHTML, like Gecko) Chrome/120.0.0.0 Safari/537.36"
74.7.227.171 - - [04/Jun/2026:01:33:01 +0200] "GET / HTTP/2.0" 415 21203 "-" "Mozilla/5.0 AppleWebKit/537.36 (KHTML, like Gecko; compatible; GPTBot/1.4; +https://openai.com/gptbot)"
65.108.235.243 - - [04/Jun/2026:01:33:02 +0200] "POST /wp-cron.php?doing_wp_cron=1780529582.7246420383453369140625 HTTP/1.1" 200 1 "-" "WordPress/7.0; https://elettroservicegroup.it"
74.7.228.36 - - [04/Jun/2026:01:33:01 +0200] "GET /robots.txt HTTP/2.0" 200 99 "-" "Mozilla/5.0 (Macintosh; Intel Mac OS X 10_15_7) AppleWebKit/537.36 (KHTML, like Gecko) Chrome/131.0.0.0 Safari/537.36; compatible; OAI-SearchBot/1.4; robots.txt; +https://openai.com/searchbot"
35.145.247.135 - - [04/Jun/2026:02:05:26 +0200] "GET /dichiarazione-sulla-privacy-ue/ HTTP/1.1" 200 22099 "-" "Mozilla/5.0 (Macintosh; Intel Mac OS X 13_4_1) AppleWebKit/537.36 (KHTML, like Gecko) Chrome/126.0.6478.182 Safari/537.36"
102.158.65.253 - - [04/Jun/2026:02:11:03 +0200] "GET / HTTP/1.1" 200 23104 "-" "Mozilla/5.0 (Windows NT 10.0; Win64; x64) AppleWebKit/537.36 (KHTML, like Gecko) Chrome/120.0.0.0 Safari/537.36"
65.108.235.243 - - [04/Jun/2026:02:45:56 +0200] "POST /wp-cron.php?doing_wp_cron=1780533956.1558101177215576171875 HTTP/1.1" 200 1 "-" "WordPress/7.0; https://elettroservicegroup.it"
98.159.37.118 - - [04/Jun/2026:02:45:54 +0200] "GET /wp-login.php HTTP/1.1" 302 - "-" "Mozilla/5.0 (Macintosh; Intel Mac OS X 10_15_7) AppleWebKit/605.1.15 Version/17.0 Safari/605.1.15"
98.159.37.116 - - [04/Jun/2026:02:45:57 +0200] "GET /wp-admin/ HTTP/1.1" 302 - "-" "Mozilla/5.0 (Macintosh; Intel Mac OS X 10_15_7) AppleWebKit/605.1.15 Version/17.0 Safari/605.1.15"
65.108.235.243 - - [04/Jun/2026:02:51:17 +0200] "POST /wp-cron.php?doing_wp_cron=1780534277.5811688899993896484375 HTTP/1.1" 200 1 "-" "WordPress/7.0; https://elettroservicegroup.it"
216.73.217.169 - - [04/Jun/2026:02:51:15 +0200] "GET /robots.txt HTTP/2.0" 200 99 "-" "Mozilla/5.0 AppleWebKit/537.36 (KHTML, like Gecko; compatible; ClaudeBot/1.0; +claudebot@anthropic.com)"
216.73.217.169 - - [04/Jun/2026:02:51:17 +0200] "GET /sitemap.rss HTTP/2.0" 200 724 "-" "Mozilla/5.0 AppleWebKit/537.36 (KHTML, like Gecko; compatible; ClaudeBot/1.0; +claudebot@anthropic.com)"
43.173.1.57 - - [04/Jun/2026:02:52:39 +0200] "GET / HTTP/1.1" 200 23316 "http://elettroservicegroup.it" "Mozilla/5.0 (iPhone; CPU iPhone OS 13_2_3 like Mac OS X) AppleWebKit/605.1.15 (KHTML, like Gecko) Version/13.0.3 Mobile/15E148 Safari/604.1"
65.108.235.243 - - [04/Jun/2026:03:23:03 +0200] "POST /wp-cron.php?doing_wp_cron=1780536183.2091279029846191406250 HTTP/1.1" 200 1 "-" "WordPress/7.0; https://elettroservicegroup.it"
52.167.144.163 - - [04/Jun/2026:03:23:01 +0200] "GET /wp-sitemap-users-1.xml HTTP/2.0" 404 17499 "-" "Mozilla/5.0 AppleWebKit/537.36 (KHTML, like Gecko; compatible; bingbot/2.0; +http://www.bing.com/bingbot.htm) Chrome/116.0.1938.76 Safari/537.36"
65.108.235.243 - - [04/Jun/2026:03:39:15 +0200] "POST /wp-cron.php?doing_wp_cron=1780537155.1252489089965820312500 HTTP/1.1" 200 1 "-" "WordPress/7.0; https://elettroservicegroup.it"
40.77.167.45 - - [04/Jun/2026:03:39:13 +0200] "GET /wp-sitemap-posts-post-1.xml HTTP/2.0" 404 17501 "-" "Mozilla/5.0 AppleWebKit/537.36 (KHTML, like Gecko; compatible; bingbot/2.0; +http://www.bing.com/bingbot.htm) Chrome/116.0.1938.76 Safari/537.36"
65.108.235.243 - - [04/Jun/2026:03:39:15 +0200] "POST /wp-admin/admin-ajax.php?action=wordfence_testAjax HTTP/1.1" 200 16 "-" "WordPress/7.0; https://elettroservicegroup.it"
65.108.235.243 - - [04/Jun/2026:03:39:15 +0200] "GET /wp-admin/admin-ajax.php?action=wordfence_doScan&isFork=0&scanMode=standard&cronKey=e5dbdf3a4d2fa969313b7144fd92f7e2&signature=1db0bd842e29840524dcb146790c1c0ec7e207ddbf3c1c1056a7312198d4be22 HTTP/1.1" 200 1 "-" "WordPress/7.0; https://elettroservicegroup.it"
65.108.235.243 - - [04/Jun/2026:03:39:49 +0200] "POST /wp-cron.php?doing_wp_cron=1780537189.1495189666748046875000 HTTP/1.1" 200 1 "-" "WordPress/7.0; https://elettroservicegroup.it"
65.108.235.243 - - [04/Jun/2026:03:39:32 +0200] "GET /wp-admin/admin-ajax.php?action=wordfence_doScan&isFork=1&scanMode=standard&cronKey=f9a00ae7e0e13f74668860b2ad8d8fe8&signature=51a25ecdad90f14970594ff927c80c69921a3c3ac70f3ee3601843d435414d81 HTTP/1.1" 200 1 "-" "WordPress/7.0; https://elettroservicegroup.it"
65.108.235.243 - - [04/Jun/2026:03:39:54 +0200] "GET /.user.ini HTTP/1.1" 404 17489 "-" "WordPress/7.0; https://elettroservicegroup.it"
65.108.235.243 - - [04/Jun/2026:03:40:05 +0200] "POST /wp-cron.php?doing_wp_cron=1780537205.1363608837127685546875 HTTP/1.1" 200 1 "-" "WordPress/7.0; https://elettroservicegroup.it"
65.108.235.243 - - [04/Jun/2026:03:39:48 +0200] "GET /wp-admin/admin-ajax.php?action=wordfence_doScan&isFork=1&scanMode=standard&cronKey=26f928f7e966859dfb8ebe95a969660a&signature=2eea118d3c1721ed9fdb77e8edd3dfcd06dd2b5c096b5afd0e113496cfc92d22 HTTP/1.1" 200 1 "-" "WordPress/7.0; https://elettroservicegroup.it"
65.108.235.243 - - [04/Jun/2026:03:40:21 +0200] "POST /wp-cron.php?doing_wp_cron=1780537221.1449880599975585937500 HTTP/1.1" 200 1 "-" "WordPress/7.0; https://elettroservicegroup.it"
65.108.235.243 - - [04/Jun/2026:03:40:04 +0200] "GET /wp-admin/admin-ajax.php?action=wordfence_doScan&isFork=1&scanMode=standard&cronKey=f687dedce3d946cbd37541510ef5f840&signature=de3f00b1f5485635689bcd1a54d08bb24c3c43c3f831a32c5272580f892ccb17 HTTP/1.1" 200 1 "-" "WordPress/7.0; https://elettroservicegroup.it"
65.108.235.243 - - [04/Jun/2026:03:40:37 +0200] "POST /wp-cron.php?doing_wp_cron=1780537237.1338300704956054687500 HTTP/1.1" 200 1 "-" "WordPress/7.0; https://elettroservicegroup.it"
65.108.235.243 - - [04/Jun/2026:03:40:20 +0200] "GET /wp-admin/admin-ajax.php?action=wordfence_doScan&isFork=1&scanMode=standard&cronKey=a75a1ccded5ee081ddb866b689371ac9&signature=c558243aed9781c6f542c3a254db6eb5d9580bafb40e5a28ca8803e54051008c HTTP/1.1" 200 1 "-" "WordPress/7.0; https://elettroservicegroup.it"
65.108.235.243 - - [04/Jun/2026:03:40:36 +0200] "GET /wp-admin/admin-ajax.php?action=wordfence_doScan&isFork=1&scanMode=standard&cronKey=8d6d236358ff9b3f6a083a7fb8cb7cfe&signature=a5243c0cd9c4477b24f86f3af6f9c5e0998e4f69e77b64df0a3b50b156ad8bb9 HTTP/1.1" 200 1 "-" "WordPress/7.0; https://elettroservicegroup.it"
65.108.235.243 - - [04/Jun/2026:03:40:52 +0200] "GET /wp-admin/admin-ajax.php?action=wordfence_doScan&isFork=1&scanMode=standard&cronKey=9ce05c3a067a49cabecbea9f0b810245&signature=3cc48fddde3c20719bad4fd55fa33f9d15b3f5ca68b981d66b8e2213be8926f2 HTTP/1.1" 200 1 "-" "WordPress/7.0; https://elettroservicegroup.it"
65.108.235.243 - - [04/Jun/2026:03:41:08 +0200] "GET /wp-admin/admin-ajax.php?action=wordfence_doScan&isFork=1&scanMode=standard&cronKey=79f9166a2e60b952b6ab4e0df6f48e85&signature=471f48a8c6ecdf3f9d6280b23de98789c0343a429f7a59ac85bf8ae47839eba4 HTTP/1.1" 200 1 "-" "WordPress/7.0; https://elettroservicegroup.it"
66.132.224.231 - - [04/Jun/2026:03:44:01 +0200] "GET / HTTP/1.1" 415 139498 "-" "Mozilla/5.0 (compatible; CensysInspect/1.1; +https://about.censys.io/)"
65.108.235.243 - - [04/Jun/2026:03:44:30 +0200] "POST /wp-cron.php?doing_wp_cron=1780537470.4381179809570312500000 HTTP/1.1" 200 1 "-" "WordPress/7.0; https://elettroservicegroup.it"
66.132.195.39 - - [04/Jun/2026:03:44:30 +0200] "GET / HTTP/1.1" 301 - "-" "Mozilla/5.0 (compatible; CensysInspect/1.1; +https://about.censys.io/)"
66.132.195.39 - - [04/Jun/2026:03:44:38 +0200] "GET / HTTP/1.1" 200 23104 "-" "Mozilla/5.0 (compatible; CensysInspect/1.1; +https://about.censys.io/)"
66.132.195.39 - - [04/Jun/2026:03:44:48 +0200] "GET /wp-content/uploads/2021/10/cropped-cropped-cropped-cropped-logo_white_background-32x32.png HTTP/1.1" 200 1525 "-" "Mozilla/5.0 (compatible; CensysInspect/1.1; +https://about.censys.io/)"
66.132.195.39 - - [04/Jun/2026:03:44:56 +0200] "GET /wp-content/uploads/2021/10/cropped-cropped-cropped-cropped-logo_white_background-180x180.png HTTP/1.1" 200 21353 "-" "Mozilla/5.0 (compatible; CensysInspect/1.1; +https://about.censys.io/)"
65.108.235.243 - - [04/Jun/2026:03:45:00 +0200] "POST /wp-cron.php?doing_wp_cron=1780537500.8131849765777587890625 HTTP/1.1" 200 1 "-" "WordPress/7.0; https://elettroservicegroup.it"
66.132.195.39 - - [04/Jun/2026:03:45:00 +0200] "GET /favicon.ico HTTP/1.1" 302 - "-" "Mozilla/5.0 (compatible; CensysInspect/1.1; +https://about.censys.io/)"
66.132.195.39 - - [04/Jun/2026:03:46:12 +0200] "GET / HTTP/1.1" 421 362 "-" "Mozilla/5.0 (compatible; CensysInspect/1.1; +https://about.censys.io/)"
65.108.235.243 - - [04/Jun/2026:03:51:08 +0200] "POST /wp-cron.php?doing_wp_cron=1780537868.0910270214080810546875 HTTP/1.1" 200 1 "-" "WordPress/7.0; https://elettroservicegroup.it"
40.77.167.72 - - [04/Jun/2026:03:51:06 +0200] "GET /wp-sitemap-taxonomies-category-1.xml HTTP/2.0" 404 17510 "-" "Mozilla/5.0 AppleWebKit/537.36 (KHTML, like Gecko; compatible; bingbot/2.0; +http://www.bing.com/bingbot.htm) Chrome/116.0.1938.76 Safari/537.36"
65.108.235.243 - - [04/Jun/2026:03:58:18 +0200] "POST /wp-cron.php?doing_wp_cron=1780538298.9264409542083740234375 HTTP/1.1" 200 1 "-" "WordPress/7.0; https://elettroservicegroup.it"
52.167.144.204 - - [04/Jun/2026:03:58:17 +0200] "GET /wp-sitemap-posts-page-1.xml HTTP/2.0" 404 17503 "-" "Mozilla/5.0 AppleWebKit/537.36 (KHTML, like Gecko; compatible; bingbot/2.0; +http://www.bing.com/bingbot.htm) Chrome/116.0.1938.76 Safari/537.36"
43.131.45.213 - - [04/Jun/2026:04:17:29 +0200] "GET / HTTP/1.1" 200 23350 "http://www.elettroservicegroup.it" "Mozilla/5.0 (iPhone; CPU iPhone OS 13_2_3 like Mac OS X) AppleWebKit/605.1.15 (KHTML, like Gecko) Version/13.0.3 Mobile/15E148 Safari/604.1"
142.93.161.143 - - [04/Jun/2026:04:19:34 +0200] "GET /wp-login.php HTTP/1.1" 200 5043 "-" "Mozilla/5.0"
142.93.161.143 - - [04/Jun/2026:04:19:34 +0200] "GET /?author=1 HTTP/1.1" 404 69123 "-" "Mozilla/5.0"
142.93.161.143 - - [04/Jun/2026:04:19:35 +0200] "GET /?feed=rss2 HTTP/1.1" 301 - "-" "Mozilla/5.0"
142.93.161.143 - - [04/Jun/2026:04:19:35 +0200] "GET /feed/ HTTP/1.1" 200 573 "-" "Mozilla/5.0"
65.108.235.243 - - [04/Jun/2026:04:51:46 +0200] "POST /wp-cron.php?doing_wp_cron=1780541506.1897308826446533203125 HTTP/1.1" 200 1 "-" "WordPress/7.0; https://elettroservicegroup.it"
142.93.161.143 - - [04/Jun/2026:04:51:44 +0200] "POST /wp-login.php HTTP/1.1" 503 18951 "-" "Mozilla/5.0"
142.93.161.143 - - [04/Jun/2026:04:56:20 +0200] "POST /wp-login.php HTTP/1.1" 503 18038 "-" "Mozilla/5.0"
142.93.161.143 - - [04/Jun/2026:05:00:51 +0200] "POST /wp-login.php HTTP/1.1" 503 18038 "-" "Mozilla/5.0"
65.108.235.243 - - [04/Jun/2026:05:06:20 +0200] "POST /wp-cron.php?doing_wp_cron=1780542380.7470040321350097656250 HTTP/1.1" 200 1 "-" "WordPress/7.0; https://elettroservicegroup.it"
65.108.235.243 - - [04/Jun/2026:05:06:20 +0200] "POST /?wordfence_syncAttackData=1780542380.3572 HTTP/1.1" 200 1 "-" "WordPress/7.0; https://elettroservicegroup.it"
142.93.161.143 - - [04/Jun/2026:05:06:19 +0200] "POST /wp-login.php HTTP/1.1" 302 - "-" "Mozilla/5.0"
65.108.235.243 - - [04/Jun/2026:05:07:33 +0200] "POST /wp-cron.php?doing_wp_cron=1780542453.7638700008392333984375 HTTP/1.1" 200 1 "-" "WordPress/7.0; https://elettroservicegroup.it"
52.123.138.237 - - [04/Jun/2026:05:07:32 +0200] "GET /wp-login.php HTTP/1.1" 200 5034 "-" "-"
174.138.4.46 - - [04/Jun/2026:05:07:55 +0200] "GET /wp-login.php HTTP/1.1" 200 5043 "-" "Mozilla/5.0"
174.138.4.46 - - [04/Jun/2026:05:07:56 +0200] "GET /?author=1 HTTP/1.1" 404 69123 "-" "Mozilla/5.0"
174.138.4.46 - - [04/Jun/2026:05:07:56 +0200] "GET /?feed=rss2 HTTP/1.1" 301 - "-" "Mozilla/5.0"
174.138.4.46 - - [04/Jun/2026:05:07:56 +0200] "GET /feed/ HTTP/1.1" 200 573 "-" "Mozilla/5.0"
65.108.235.243 - - [04/Jun/2026:05:09:34 +0200] "POST /wp-cron.php?doing_wp_cron=1780542574.9249229431152343750000 HTTP/1.1" 200 1 "-" "WordPress/7.0; https://elettroservicegroup.it"
89.187.185.11 - - [04/Jun/2026:05:09:33 +0200] "GET /wp-login.php HTTP/2.0" 200 4650 "-" "Mozilla/5.0 (Windows NT 10.0; Win64; x64) AppleWebKit/537.36 (KHTML, like Gecko) Chrome/148.0.0.0 Safari/537.36"
89.187.185.11 - - [04/Jun/2026:05:09:36 +0200] "GET /wp-admin/load-styles.php?c=1&dir=ltr&load%5Bchunk_0%5D=dashicons,buttons,forms,l10n,wp-base-styles,login&ver=7.0 HTTP/2.0" 200 45751 "https://elettroservicegroup.it/wp-login.php" "Mozilla/5.0 (Windows NT 10.0; Win64; x64) AppleWebKit/537.36 (KHTML, like Gecko) Chrome/148.0.0.0 Safari/537.36"
89.187.185.11 - - [04/Jun/2026:05:09:37 +0200] "GET /wp-includes/js/wp-util.min.js?ver=7.0 HTTP/2.0" 200 693 "https://elettroservicegroup.it/wp-login.php" "Mozilla/5.0 (Windows NT 10.0; Win64; x64) AppleWebKit/537.36 (KHTML, like Gecko) Chrome/148.0.0.0 Safari/537.36"
89.187.185.11 - - [04/Jun/2026:05:09:37 +0200] "GET /wp-includes/js/dist/i18n.min.js?ver=781d11515ad3d91786ec HTTP/2.0" 200 2333 "https://elettroservicegroup.it/wp-login.php" "Mozilla/5.0 (Windows NT 10.0; Win64; x64) AppleWebKit/537.36 (KHTML, like Gecko) Chrome/148.0.0.0 Safari/537.36"
89.187.185.11 - - [04/Jun/2026:05:09:37 +0200] "GET /wp-admin/js/password-strength-meter.min.js?ver=7.0 HTTP/2.0" 200 560 "https://elettroservicegroup.it/wp-login.php" "Mozilla/5.0 (Windows NT 10.0; Win64; x64) AppleWebKit/537.36 (KHTML, like Gecko) Chrome/148.0.0.0 Safari/537.36"
89.187.185.11 - - [04/Jun/2026:05:09:37 +0200] "GET /wp-includes/js/underscore.min.js?ver=1.13.8 HTTP/2.0" 200 7243 "https://elettroservicegroup.it/wp-login.php" "Mozilla/5.0 (Windows NT 10.0; Win64; x64) AppleWebKit/537.36 (KHTML, like Gecko) Chrome/148.0.0.0 Safari/537.36"
89.187.185.11 - - [04/Jun/2026:05:09:37 +0200] "GET /wp-admin/load-scripts.php?c=1&load%5Bchunk_0%5D=clipboard,jquery-core,jquery-migrate,zxcvbn-async,wp-hooks&ver=7.0 HTTP/2.0" 200 37674 "https://elettroservicegroup.it/wp-login.php" "Mozilla/5.0 (Windows NT 10.0; Win64; x64) AppleWebKit/537.36 (KHTML, like Gecko) Chrome/148.0.0.0 Safari/537.36"
89.187.185.11 - - [04/Jun/2026:05:09:37 +0200] "GET /wp-includes/js/dist/dom-ready.min.js?ver=a06281ae5cf5500e9317 HTTP/2.0" 200 398 "https://elettroservicegroup.it/wp-login.php" "Mozilla/5.0 (Windows NT 10.0; Win64; x64) AppleWebKit/537.36 (KHTML, like Gecko) Chrome/148.0.0.0 Safari/537.36"
89.187.185.11 - - [04/Jun/2026:05:09:37 +0200] "GET /wp-includes/js/dist/a11y.min.js?ver=af934e5259bc51b8718e HTTP/2.0" 200 915 "https://elettroservicegroup.it/wp-login.php" "Mozilla/5.0 (Windows NT 10.0; Win64; x64) AppleWebKit/537.36 (KHTML, like Gecko) Chrome/148.0.0.0 Safari/537.36"
89.187.185.11 - - [04/Jun/2026:05:09:37 +0200] "GET /wp-admin/js/user-profile.min.js?ver=7.0 HTTP/2.0" 200 2891 "https://elettroservicegroup.it/wp-login.php" "Mozilla/5.0 (Windows NT 10.0; Win64; x64) AppleWebKit/537.36 (KHTML, like Gecko) Chrome/148.0.0.0 Safari/537.36"
89.187.185.11 - - [04/Jun/2026:05:09:39 +0200] "GET /wp-admin/images/wordpress-logo-gray.svg?ver=20260303 HTTP/2.0" 200 765 "https://elettroservicegroup.it/wp-admin/load-styles.php?c=1&dir=ltr&load%5Bchunk_0%5D=dashicons,buttons,forms,l10n,wp-base-styles,login&ver=7.0" "Mozilla/5.0 (Windows NT 10.0; Win64; x64) AppleWebKit/537.36 (KHTML, like Gecko) Chrome/148.0.0.0 Safari/537.36"
89.187.185.11 - - [04/Jun/2026:05:09:40 +0200] "GET /wp-login.php HTTP/2.0" 200 4650 "-" "Mozilla/5.0 (Windows NT 10.0; Win64; x64) AppleWebKit/537.36 (KHTML, like Gecko) Chrome/148.0.0.0 Safari/537.36"
89.187.185.11 - - [04/Jun/2026:05:09:42 +0200] "GET /wp-includes/js/zxcvbn.min.js HTTP/2.0" 200 387992 "https://elettroservicegroup.it/wp-login.php" "Mozilla/5.0 (Windows NT 10.0; Win64; x64) AppleWebKit/537.36 (KHTML, like Gecko) Chrome/148.0.0.0 Safari/537.36"
89.187.185.11 - - [04/Jun/2026:05:09:43 +0200] "POST /wp-login.php HTTP/2.0" 200 4768 "https://elettroservicegroup.it/wp-login.php" "Mozilla/5.0 (Windows NT 10.0; Win64; x64) AppleWebKit/537.36 (KHTML, like Gecko) Chrome/148.0.0.0 Safari/537.36"
89.187.185.11 - - [04/Jun/2026:05:10:09 +0200] "GET /wp-content/uploads/2021/10/cropped-cropped-cropped-cropped-logo_white_background-32x32.png HTTP/2.0" 200 1525 "https://elettroservicegroup.it/wp-login.php" "Mozilla/5.0 (Windows NT 10.0; Win64; x64) AppleWebKit/537.36 (KHTML, like Gecko) Chrome/148.0.0.0 Safari/537.36"
65.108.235.243 - - [04/Jun/2026:05:11:12 +0200] "POST /wp-cron.php?doing_wp_cron=1780542672.3936018943786621093750 HTTP/1.1" 200 1 "-" "WordPress/7.0; https://elettroservicegroup.it"
142.93.161.143 - - [04/Jun/2026:05:11:10 +0200] "POST /wp-login.php HTTP/1.1" 302 - "-" "Mozilla/5.0"
65.108.235.243 - - [04/Jun/2026:05:14:17 +0200] "POST /wp-cron.php?doing_wp_cron=1780542857.3506839275360107421875 HTTP/1.1" 200 1 "-" "WordPress/7.0; https://elettroservicegroup.it"
89.187.185.11 - - [04/Jun/2026:05:14:15 +0200] "POST /wp-login.php HTTP/2.0" 200 4768 "https://elettroservicegroup.it/wp-login.php" "Mozilla/5.0 (Windows NT 10.0; Win64; x64) AppleWebKit/537.36 (KHTML, like Gecko) Chrome/148.0.0.0 Safari/537.36"
65.108.235.243 - - [04/Jun/2026:05:17:00 +0200] "POST /wp-cron.php?doing_wp_cron=1780543020.4465980529785156250000 HTTP/1.1" 200 1 "-" "WordPress/7.0; https://elettroservicegroup.it"
142.93.161.143 - - [04/Jun/2026:05:16:58 +0200] "POST /wp-login.php HTTP/1.1" 302 - "-" "Mozilla/5.0"
89.187.185.11 - - [04/Jun/2026:05:17:41 +0200] "POST /wp-login.php HTTP/2.0" 200 4768 "https://elettroservicegroup.it/wp-login.php" "Mozilla/5.0 (Windows NT 10.0; Win64; x64) AppleWebKit/537.36 (KHTML, like Gecko) Chrome/148.0.0.0 Safari/537.36"
65.108.235.243 - - [04/Jun/2026:05:23:42 +0200] "POST /wp-cron.php?doing_wp_cron=1780543422.3311579227447509765625 HTTP/1.1" 200 1 "-" "WordPress/7.0; https://elettroservicegroup.it"
142.93.161.143 - - [04/Jun/2026:05:23:40 +0200] "POST /wp-login.php HTTP/1.1" 302 - "-" "Mozilla/5.0"
65.108.235.243 - - [04/Jun/2026:05:30:31 +0200] "POST /wp-cron.php?doing_wp_cron=1780543831.6716709136962890625000 HTTP/1.1" 200 1 "-" "WordPress/7.0; https://elettroservicegroup.it"
142.93.161.143 - - [04/Jun/2026:05:30:30 +0200] "POST /wp-login.php HTTP/1.1" 302 - "-" "Mozilla/5.0"
65.108.235.243 - - [04/Jun/2026:05:32:01 +0200] "POST /wp-cron.php?doing_wp_cron=1780543921.6134970188140869140625 HTTP/1.1" 200 1 "-" "WordPress/7.0; https://elettroservicegroup.it"
52.123.190.89 - - [04/Jun/2026:05:32:00 +0200] "GET /wp-login.php HTTP/1.1" 200 5043 "-" "Mozilla/5.0 (Windows NT 6.1; WOW64) SkypeUriPreview Preview/0.5 skype-url-preview@microsoft.com"
52.123.190.89 - - [04/Jun/2026:05:32:02 +0200] "GET /wp-content/uploads/2021/10/cropped-cropped-cropped-cropped-logo_white_background-32x32.png HTTP/1.1" 200 1525 "-" "Mozilla/5.0 (Windows NT 6.1; WOW64) SkypeUriPreview Preview/0.5 skype-url-preview@microsoft.com"
52.123.138.200 - - [04/Jun/2026:05:32:29 +0200] "GET /wp-login.php HTTP/1.1" 200 5034 "-" "-"
65.108.235.243 - - [04/Jun/2026:05:33:22 +0200] "POST /wp-cron.php?doing_wp_cron=1780544002.1635260581970214843750 HTTP/1.1" 200 1 "-" "WordPress/7.0; https://elettroservicegroup.it"
174.138.4.46 - - [04/Jun/2026:05:33:20 +0200] "POST /wp-login.php HTTP/1.1" 503 18951 "-" "Mozilla/5.0"
65.108.235.243 - - [04/Jun/2026:05:35:13 +0200] "POST /wp-cron.php?doing_wp_cron=1780544113.2463400363922119140625 HTTP/1.1" 200 1 "-" "WordPress/7.0; https://elettroservicegroup.it"
52.112.95.133 - - [04/Jun/2026:05:35:11 +0200] "GET /wp-login.php%E2%80%83%E2%80%83andrea,rasco@12_alister@33%E2%80%83%E2%80%83%E5%AF%86%E7%A0%81%E9%94%99%E8%AF%AF HTTP/1.1" 404 83087 "-" "-"
52.112.95.133 - - [04/Jun/2026:05:35:13 +0200] "GET /wp-login.php HTTP/1.1" 200 5034 "-" "-"
65.108.235.243 - - [04/Jun/2026:05:36:12 +0200] "POST /wp-cron.php?doing_wp_cron=1780544172.2893579006195068359375 HTTP/1.1" 200 1 "-" "WordPress/7.0; https://elettroservicegroup.it"
52.123.189.140 - - [04/Jun/2026:05:36:10 +0200] "GET /wp-login.php HTTP/1.1" 200 5034 "-" "-"
52.123.189.140 - - [04/Jun/2026:05:36:34 +0200] "GET /wp-login.php%E2%80%83%E2%80%83andrea,RasCo@12_AliSter@33%E2%80%83%E2%80%83%E5%AF%86%E7%A0%81%E9%94%99%E8%AF%AF HTTP/1.1" 404 83263 "-" "-"
174.138.4.46 - - [04/Jun/2026:05:36:41 +0200] "POST /wp-login.php HTTP/1.1" 503 18038 "-" "Mozilla/5.0"
65.108.235.243 - - [04/Jun/2026:05:37:18 +0200] "POST /wp-cron.php?doing_wp_cron=1780544238.3122069835662841796875 HTTP/1.1" 200 1 "-" "WordPress/7.0; https://elettroservicegroup.it"
65.108.235.243 - - [04/Jun/2026:05:37:18 +0200] "POST /?wordfence_syncAttackData=1780544237.9987 HTTP/1.1" 200 1 "-" "WordPress/7.0; https://elettroservicegroup.it"
142.93.161.143 - - [04/Jun/2026:05:37:18 +0200] "POST /wp-login.php HTTP/1.1" 302 - "-" "Mozilla/5.0"
65.108.235.243 - - [04/Jun/2026:05:37:18 +0200] "POST /wp-cron.php?doing_wp_cron=1780544238.6503961086273193359375 HTTP/1.1" 200 1 "-" "WordPress/7.0; https://elettroservicegroup.it"
52.112.95.133 - - [04/Jun/2026:05:37:16 +0200] "GET /wp-login.php%E2%80%83%E2%80%83andrea,RasCo@12_AliSter@33%E2%80%83%E2%80%83%E5%AF%86%E7%A0%81%E9%94%99%E8%AF%AF HTTP/1.1" 404 83263 "-" "-"
52.123.189.140 - - [04/Jun/2026:05:37:36 +0200] "GET /wp-login.php%E2%80%83%E2%80%83andrea,rasco@12_alister@33%E2%80%83%E2%80%83%E5%AF%86%E7%A0%81%E9%94%99%E8%AF%AF HTTP/1.1" 404 83263 "-" "-"
65.108.235.243 - - [04/Jun/2026:05:38:52 +0200] "POST /wp-cron.php?doing_wp_cron=1780544332.2510299682617187500000 HTTP/1.1" 200 1 "-" "WordPress/7.0; https://elettroservicegroup.it"
52.123.189.140 - - [04/Jun/2026:05:38:50 +0200] "GET /wp-login.php HTTP/1.1" 200 5034 "-" "-"
52.123.189.140 - - [04/Jun/2026:05:38:54 +0200] "GET /wp-login.php%E2%80%83%E2%80%83andrea,rasco@12_alister@33%E2%80%83%E2%80%83%E5%AF%86%E7%A0%81%E9%94%99%E8%AF%AF HTTP/1.1" 404 83263 "-" "-"
65.108.235.243 - - [04/Jun/2026:05:39:32 +0200] "POST /wp-cron.php?doing_wp_cron=1780544372.3594629764556884765625 HTTP/1.1" 200 1 "-" "WordPress/7.0; https://elettroservicegroup.it"
52.123.189.140 - - [04/Jun/2026:05:39:30 +0200] "GET /wp-login.php%E2%80%83%E2%80%83andrea,RasCo@12_AliSter@33%E2%80%83%E2%80%83%E5%AF%86%E7%A0%81%E9%94%99%E8%AF%AF HTTP/1.1" 404 83263 "-" "-"
174.138.4.46 - - [04/Jun/2026:05:39:32 +0200] "POST /wp-login.php HTTP/1.1" 503 18038 "-" "Mozilla/5.0"
174.138.4.46 - - [04/Jun/2026:05:42:35 +0200] "POST /wp-login.php HTTP/1.1" 503 18038 "-" "Mozilla/5.0"
65.108.235.243 - - [04/Jun/2026:05:45:37 +0200] "POST /wp-cron.php?doing_wp_cron=1780544737.6198489665985107421875 HTTP/1.1" 200 1 "-" "WordPress/7.0; https://elettroservicegroup.it"
65.108.235.243 - - [04/Jun/2026:05:45:37 +0200] "POST /?wordfence_syncAttackData=1780544737.2926 HTTP/1.1" 200 1 "-" "WordPress/7.0; https://elettroservicegroup.it"
142.93.161.143 - - [04/Jun/2026:05:45:36 +0200] "POST /wp-login.php HTTP/1.1" 302 - "-" "Mozilla/5.0"
65.108.235.243 - - [04/Jun/2026:05:46:16 +0200] "POST /wp-cron.php?doing_wp_cron=1780544776.7315189838409423828125 HTTP/1.1" 200 1 "-" "WordPress/7.0; https://elettroservicegroup.it"
174.138.4.46 - - [04/Jun/2026:05:46:15 +0200] "POST /wp-login.php HTTP/1.1" 302 - "-" "Mozilla/5.0"
65.108.235.243 - - [04/Jun/2026:05:49:47 +0200] "POST /wp-cron.php?doing_wp_cron=1780544987.3480269908905029296875 HTTP/1.1" 200 1 "-" "WordPress/7.0; https://elettroservicegroup.it"
174.138.4.46 - - [04/Jun/2026:05:49:45 +0200] "POST /wp-login.php HTTP/1.1" 302 - "-" "Mozilla/5.0"
65.108.235.243 - - [04/Jun/2026:05:53:11 +0200] "POST /wp-cron.php?doing_wp_cron=1780545191.4324970245361328125000 HTTP/1.1" 200 1 "-" "WordPress/7.0; https://elettroservicegroup.it"
174.138.4.46 - - [04/Jun/2026:05:53:09 +0200] "POST /wp-login.php HTTP/1.1" 302 - "-" "Mozilla/5.0"
65.108.235.243 - - [04/Jun/2026:05:54:19 +0200] "POST /wp-cron.php?doing_wp_cron=1780545259.0984969139099121093750 HTTP/1.1" 200 1 "-" "WordPress/7.0; https://elettroservicegroup.it"
142.93.161.143 - - [04/Jun/2026:05:54:17 +0200] "POST /wp-login.php HTTP/1.1" 302 - "-" "Mozilla/5.0"
91.160.47.226 - - [04/Jun/2026:05:58:53 +0200] "POST /xmlrpc.php HTTP/1.1" 403 52 "-" "Mozilla/5.0 (Windows NT 10.0; Win64; x64) AppleWebKit/537.36"
190.210.36.124 - - [04/Jun/2026:05:58:56 +0200] "GET / HTTP/1.1" 200 23104 "-" "Mozilla/5.0 (Windows NT 10.0; Win64; x64) AppleWebKit/537.36 (KHTML, like Gecko) Chrome/120.0.0.0 Safari/537.36"
65.108.235.243 - - [04/Jun/2026:05:59:00 +0200] "POST /wp-cron.php?doing_wp_cron=1780545540.1750380992889404296875 HTTP/1.1" 200 1 "-" "WordPress/7.0; https://elettroservicegroup.it"
190.210.36.124 - - [04/Jun/2026:05:58:58 +0200] "GET /wp-login.php HTTP/1.1" 200 5043 "-" "Mozilla/5.0 (Windows NT 10.0; Win64; x64) AppleWebKit/537.36 (KHTML, like Gecko) Chrome/120.0.0.0 Safari/537.36"
190.210.36.124 - - [04/Jun/2026:05:59:02 +0200] "GET /wp-login.php?wp_lang=en_US HTTP/1.1" 200 4262 "-" "Mozilla/5.0 (Windows NT 10.0; Win64; x64) AppleWebKit/537.36 (KHTML, like Gecko) Chrome/120.0.0.0 Safari/537.36"
190.210.36.124 - - [04/Jun/2026:05:59:04 +0200] "POST /wp-login.php HTTP/1.1" 200 4422 "https://elettroservicegroup.it" "Mozilla/5.0 (Windows NT 10.0; Win64; x64) AppleWebKit/537.36 (KHTML, like Gecko) Chrome/120.0.0.0 Safari/537.36"
65.108.235.243 - - [04/Jun/2026:06:03:12 +0200] "POST /wp-cron.php?doing_wp_cron=1780545792.0401790142059326171875 HTTP/1.1" 200 1 "-" "WordPress/7.0; https://elettroservicegroup.it"
142.93.161.143 - - [04/Jun/2026:06:03:10 +0200] "POST /wp-login.php HTTP/1.1" 302 - "-" "Mozilla/5.0"
15.156.75.197 - - [04/Jun/2026:06:04:14 +0200] "GET / HTTP/1.1" 200 23104 "-" "Mozilla/5.0 (Windows NT 10.0; Win64; x64) AppleWebKit/537.36 (KHTML, like Gecko) Chrome/131.0.0.0 Safari/537.36"
15.156.75.197 - - [04/Jun/2026:06:04:14 +0200] "POST / HTTP/1.1" 403 139498 "-" "Mozilla/5.0 (Windows NT 10.0; Win64; x64) AppleWebKit/537.36 (KHTML, like Gecko) Chrome/131.0.0.0 Safari/537.36"
15.156.75.197 - - [04/Jun/2026:06:04:18 +0200] "POST / HTTP/1.1" 403 139498 "-" "Mozilla/5.0 (Windows NT 10.0; Win64; x64) AppleWebKit/537.36 (KHTML, like Gecko) Chrome/131.0.0.0 Safari/537.36"
15.156.75.197 - - [04/Jun/2026:06:04:19 +0200] "POST / HTTP/1.1" 403 139498 "-" "Mozilla/5.0 (Windows NT 10.0; Win64; x64) AppleWebKit/537.36 (KHTML, like Gecko) Chrome/131.0.0.0 Safari/537.36"
65.108.235.243 - - [04/Jun/2026:06:04:24 +0200] "POST /wp-cron.php?doing_wp_cron=1780545864.2916800975799560546875 HTTP/1.1" 200 1 "-" "WordPress/7.0; https://elettroservicegroup.it"
15.156.75.197 - - [04/Jun/2026:06:04:20 +0200] "GET /.git/config HTTP/1.1" 404 82601 "-" "Mozilla/5.0 (Windows NT 10.0; Win64; x64) AppleWebKit/537.36 (KHTML, like Gecko) Chrome/131.0.0.0 Safari/537.36"
15.156.75.197 - - [04/Jun/2026:06:04:25 +0200] "GET /.env HTTP/1.1" 404 82545 "-" "Mozilla/5.0 (Windows NT 10.0; Win64; x64) AppleWebKit/537.36 (KHTML, like Gecko) Chrome/131.0.0.0 Safari/537.36"
15.156.75.197 - - [04/Jun/2026:06:04:27 +0200] "GET /.env.local HTTP/1.1" 404 82587 "-" "Mozilla/5.0 (Windows NT 10.0; Win64; x64) AppleWebKit/537.36 (KHTML, like Gecko) Chrome/131.0.0.0 Safari/537.36"
15.156.75.197 - - [04/Jun/2026:06:04:28 +0200] "GET /.env.production HTTP/1.1" 404 82622 "-" "Mozilla/5.0 (Windows NT 10.0; Win64; x64) AppleWebKit/537.36 (KHTML, like Gecko) Chrome/131.0.0.0 Safari/537.36"
15.156.75.197 - - [04/Jun/2026:06:04:29 +0200] "GET /.env.staging HTTP/1.1" 404 82601 "-" "Mozilla/5.0 (Windows NT 10.0; Win64; x64) AppleWebKit/537.36 (KHTML, like Gecko) Chrome/131.0.0.0 Safari/537.36"
15.156.75.197 - - [04/Jun/2026:06:04:30 +0200] "GET /.env.development HTTP/1.1" 404 82629 "-" "Mozilla/5.0 (Windows NT 10.0; Win64; x64) AppleWebKit/537.36 (KHTML, like Gecko) Chrome/131.0.0.0 Safari/537.36"
15.156.75.197 - - [04/Jun/2026:06:04:33 +0200] "GET /.env.test HTTP/1.1" 404 82580 "-" "Mozilla/5.0 (Windows NT 10.0; Win64; x64) AppleWebKit/537.36 (KHTML, like Gecko) Chrome/131.0.0.0 Safari/537.36"
15.156.75.197 - - [04/Jun/2026:06:04:35 +0200] "GET /.env.remote HTTP/1.1" 404 82594 "-" "Mozilla/5.0 (Windows NT 10.0; Win64; x64) AppleWebKit/537.36 (KHTML, like Gecko) Chrome/131.0.0.0 Safari/537.36"
15.156.75.197 - - [04/Jun/2026:06:04:39 +0200] "GET /.env.bak HTTP/1.1" 404 82573 "-" "Mozilla/5.0 (Windows NT 10.0; Win64; x64) AppleWebKit/537.36 (KHTML, like Gecko) Chrome/131.0.0.0 Safari/537.36"
15.156.75.197 - - [04/Jun/2026:06:04:42 +0200] "GET /.env.backup HTTP/1.1" 404 82594 "-" "Mozilla/5.0 (Windows NT 10.0; Win64; x64) AppleWebKit/537.36 (KHTML, like Gecko) Chrome/131.0.0.0 Safari/537.36"
15.156.75.197 - - [04/Jun/2026:06:04:44 +0200] "GET /.env.save HTTP/1.1" 404 82580 "-" "Mozilla/5.0 (Windows NT 10.0; Win64; x64) AppleWebKit/537.36 (KHTML, like Gecko) Chrome/131.0.0.0 Safari/537.36"
15.156.75.197 - - [04/Jun/2026:06:04:47 +0200] "GET /.env.old HTTP/1.1" 404 82573 "-" "Mozilla/5.0 (Windows NT 10.0; Win64; x64) AppleWebKit/537.36 (KHTML, like Gecko) Chrome/131.0.0.0 Safari/537.36"
15.156.75.197 - - [04/Jun/2026:06:04:50 +0200] "GET /.env.sample HTTP/1.1" 404 82594 "-" "Mozilla/5.0 (Windows NT 10.0; Win64; x64) AppleWebKit/537.36 (KHTML, like Gecko) Chrome/131.0.0.0 Safari/537.36"
15.156.75.197 - - [04/Jun/2026:06:04:52 +0200] "GET /.env.example HTTP/1.1" 404 82601 "-" "Mozilla/5.0 (Windows NT 10.0; Win64; x64) AppleWebKit/537.36 (KHTML, like Gecko) Chrome/131.0.0.0 Safari/537.36"
15.156.75.197 - - [04/Jun/2026:06:04:53 +0200] "GET /.env.dev HTTP/1.1" 404 82573 "-" "Mozilla/5.0 (Windows NT 10.0; Win64; x64) AppleWebKit/537.36 (KHTML, like Gecko) Chrome/131.0.0.0 Safari/537.36"
15.156.75.197 - - [04/Jun/2026:06:04:53 +0200] "GET /.env.prod HTTP/1.1" 404 82580 "-" "Mozilla/5.0 (Windows NT 10.0; Win64; x64) AppleWebKit/537.36 (KHTML, like Gecko) Chrome/131.0.0.0 Safari/537.36"
15.156.75.197 - - [04/Jun/2026:06:04:53 +0200] "GET /.env.stage HTTP/1.1" 404 82587 "-" "Mozilla/5.0 (Windows NT 10.0; Win64; x64) AppleWebKit/537.36 (KHTML, like Gecko) Chrome/131.0.0.0 Safari/537.36"
15.156.75.197 - - [04/Jun/2026:06:04:54 +0200] "GET /.env.ci HTTP/1.1" 404 82566 "-" "Mozilla/5.0 (Windows NT 10.0; Win64; x64) AppleWebKit/537.36 (KHTML, like Gecko) Chrome/131.0.0.0 Safari/537.36"
15.156.75.197 - - [04/Jun/2026:06:04:54 +0200] "GET /.env.docker HTTP/1.1" 404 82594 "-" "Mozilla/5.0 (Windows NT 10.0; Win64; x64) AppleWebKit/537.36 (KHTML, like Gecko) Chrome/131.0.0.0 Safari/537.36"
15.156.75.197 - - [04/Jun/2026:06:04:55 +0200] "GET /.env.live HTTP/1.1" 404 82580 "-" "Mozilla/5.0 (Windows NT 10.0; Win64; x64) AppleWebKit/537.36 (KHTML, like Gecko) Chrome/131.0.0.0 Safari/537.36"
15.156.75.197 - - [04/Jun/2026:06:04:55 +0200] "GET /.env.preprod HTTP/1.1" 404 82601 "-" "Mozilla/5.0 (Windows NT 10.0; Win64; x64) AppleWebKit/537.36 (KHTML, like Gecko) Chrome/131.0.0.0 Safari/537.36"
15.156.75.197 - - [04/Jun/2026:06:04:56 +0200] "GET /.env.uat HTTP/1.1" 404 82573 "-" "Mozilla/5.0 (Windows NT 10.0; Win64; x64) AppleWebKit/537.36 (KHTML, like Gecko) Chrome/131.0.0.0 Safari/537.36"
15.156.75.197 - - [04/Jun/2026:06:04:56 +0200] "GET /.env.dist HTTP/1.1" 404 82580 "-" "Mozilla/5.0 (Windows NT 10.0; Win64; x64) AppleWebKit/537.36 (KHTML, like Gecko) Chrome/131.0.0.0 Safari/537.36"
15.156.75.197 - - [04/Jun/2026:06:04:57 +0200] "GET /.env.swp HTTP/1.1" 404 82573 "-" "Mozilla/5.0 (Windows NT 10.0; Win64; x64) AppleWebKit/537.36 (KHTML, like Gecko) Chrome/131.0.0.0 Safari/537.36"
15.156.75.197 - - [04/Jun/2026:06:04:57 +0200] "GET /.env~ HTTP/1.1" 404 82552 "-" "Mozilla/5.0 (Windows NT 10.0; Win64; x64) AppleWebKit/537.36 (KHTML, like Gecko) Chrome/131.0.0.0 Safari/537.36"
15.156.75.197 - - [04/Jun/2026:06:04:58 +0200] "GET /.env1 HTTP/1.1" 404 82552 "-" "Mozilla/5.0 (Windows NT 10.0; Win64; x64) AppleWebKit/537.36 (KHTML, like Gecko) Chrome/131.0.0.0 Safari/537.36"
15.156.75.197 - - [04/Jun/2026:06:04:58 +0200] "GET /.env2 HTTP/1.1" 404 82552 "-" "Mozilla/5.0 (Windows NT 10.0; Win64; x64) AppleWebKit/537.36 (KHTML, like Gecko) Chrome/131.0.0.0 Safari/537.36"
15.156.75.197 - - [04/Jun/2026:06:04:59 +0200] "GET /.env_copy HTTP/1.1" 404 82580 "-" "Mozilla/5.0 (Windows NT 10.0; Win64; x64) AppleWebKit/537.36 (KHTML, like Gecko) Chrome/131.0.0.0 Safari/537.36"
65.108.235.243 - - [04/Jun/2026:06:05:00 +0200] "POST /wp-cron.php?doing_wp_cron=1780545900.1827991008758544921875 HTTP/1.1" 200 1 "-" "WordPress/7.0; https://elettroservicegroup.it"
15.156.75.197 - - [04/Jun/2026:06:04:59 +0200] "GET /.env.txt HTTP/1.1" 404 82573 "-" "Mozilla/5.0 (Windows NT 10.0; Win64; x64) AppleWebKit/537.36 (KHTML, like Gecko) Chrome/131.0.0.0 Safari/537.36"
15.156.75.197 - - [04/Jun/2026:06:05:00 +0200] "GET /.env.json HTTP/1.1" 404 82580 "-" "Mozilla/5.0 (Windows NT 10.0; Win64; x64) AppleWebKit/537.36 (KHTML, like Gecko) Chrome/131.0.0.0 Safari/537.36"
15.156.75.197 - - [04/Jun/2026:06:05:00 +0200] "GET /.env.yaml HTTP/1.1" 404 82580 "-" "Mozilla/5.0 (Windows NT 10.0; Win64; x64) AppleWebKit/537.36 (KHTML, like Gecko) Chrome/131.0.0.0 Safari/537.36"
15.156.75.197 - - [04/Jun/2026:06:05:01 +0200] "GET /.env.yml HTTP/1.1" 404 82573 "-" "Mozilla/5.0 (Windows NT 10.0; Win64; x64) AppleWebKit/537.36 (KHTML, like Gecko) Chrome/131.0.0.0 Safari/537.36"
15.156.75.197 - - [04/Jun/2026:06:05:01 +0200] "GET /app/.env HTTP/1.1" 404 82580 "-" "Mozilla/5.0 (Windows NT 10.0; Win64; x64) AppleWebKit/537.36 (KHTML, like Gecko) Chrome/131.0.0.0 Safari/537.36"
15.156.75.197 - - [04/Jun/2026:06:05:02 +0200] "GET /apps/.env HTTP/1.1" 404 82587 "-" "Mozilla/5.0 (Windows NT 10.0; Win64; x64) AppleWebKit/537.36 (KHTML, like Gecko) Chrome/131.0.0.0 Safari/537.36"
15.156.75.197 - - [04/Jun/2026:06:05:03 +0200] "GET /api/.env HTTP/1.1" 404 82580 "-" "Mozilla/5.0 (Windows NT 10.0; Win64; x64) AppleWebKit/537.36 (KHTML, like Gecko) Chrome/131.0.0.0 Safari/537.36"
15.156.75.197 - - [04/Jun/2026:06:05:04 +0200] "GET /web/.env HTTP/1.1" 404 82580 "-" "Mozilla/5.0 (Windows NT 10.0; Win64; x64) AppleWebKit/537.36 (KHTML, like Gecko) Chrome/131.0.0.0 Safari/537.36"
15.156.75.197 - - [04/Jun/2026:06:05:04 +0200] "GET /site/.env HTTP/1.1" 404 82587 "-" "Mozilla/5.0 (Windows NT 10.0; Win64; x64) AppleWebKit/537.36 (KHTML, like Gecko) Chrome/131.0.0.0 Safari/537.36"
15.156.75.197 - - [04/Jun/2026:06:05:05 +0200] "GET /public/.env HTTP/1.1" 404 82601 "-" "Mozilla/5.0 (Windows NT 10.0; Win64; x64) AppleWebKit/537.36 (KHTML, like Gecko) Chrome/131.0.0.0 Safari/537.36"
15.156.75.197 - - [04/Jun/2026:06:05:06 +0200] "GET /admin/.env HTTP/1.1" 404 82594 "-" "Mozilla/5.0 (Windows NT 10.0; Win64; x64) AppleWebKit/537.36 (KHTML, like Gecko) Chrome/131.0.0.0 Safari/537.36"
15.156.75.197 - - [04/Jun/2026:06:05:07 +0200] "GET /backend/.env HTTP/1.1" 404 82608 "-" "Mozilla/5.0 (Windows NT 10.0; Win64; x64) AppleWebKit/537.36 (KHTML, like Gecko) Chrome/131.0.0.0 Safari/537.36"
15.156.75.197 - - [04/Jun/2026:06:05:08 +0200] "GET /server/.env HTTP/1.1" 404 82601 "-" "Mozilla/5.0 (Windows NT 10.0; Win64; x64) AppleWebKit/537.36 (KHTML, like Gecko) Chrome/131.0.0.0 Safari/537.36"
15.156.75.197 - - [04/Jun/2026:06:05:10 +0200] "GET /frontend/.env HTTP/1.1" 404 82615 "-" "Mozilla/5.0 (Windows NT 10.0; Win64; x64) AppleWebKit/537.36 (KHTML, like Gecko) Chrome/131.0.0.0 Safari/537.36"
15.156.75.197 - - [04/Jun/2026:06:05:12 +0200] "GET /src/.env HTTP/1.1" 404 82580 "-" "Mozilla/5.0 (Windows NT 10.0; Win64; x64) AppleWebKit/537.36 (KHTML, like Gecko) Chrome/131.0.0.0 Safari/537.36"
15.156.75.197 - - [04/Jun/2026:06:05:14 +0200] "GET /core/.env HTTP/1.1" 404 82587 "-" "Mozilla/5.0 (Windows NT 10.0; Win64; x64) AppleWebKit/537.36 (KHTML, like Gecko) Chrome/131.0.0.0 Safari/537.36"
