136.0.27.196 - - [03/Jun/2026:18:04:52 +0200] "GET /feed/ HTTP/2.0" 200 11729 "-" "Mozilla/5.0 (Windows NT 10.0; Win64; x64) AppleWebKit/537.36 (KHTML, like Gecko) Chrome/124.0.6367.207 Safari/537.36"
136.0.27.196 - - [03/Jun/2026:18:04:54 +0200] "GET /readme.html HTTP/2.0" 200 11858 "-" "Mozilla/5.0 (Windows NT 10.0; Win64; x64) AppleWebKit/537.36 (KHTML, like Gecko) Chrome/124.0.6367.207 Safari/537.36"
136.0.27.196 - - [03/Jun/2026:18:04:55 +0200] "GET /wp-login.php HTTP/2.0" 200 11723 "-" "Mozilla/5.0 (Windows NT 10.0; Win64; x64) AppleWebKit/537.36 (KHTML, like Gecko) Chrome/124.0.6367.207 Safari/537.36"
217.70.158.130 - - [03/Jun/2026:18:04:57 +0200] "GET /feed/ HTTP/2.0" 200 11788 "-" "Mozilla/5.0 (Windows NT 10.0; Win64; x64) AppleWebKit/537.36 (KHTML, like Gecko) Chrome/124.0.6367.207 Safari/537.36"
217.70.158.130 - - [03/Jun/2026:18:04:58 +0200] "GET /readme.html HTTP/2.0" 200 11847 "-" "Mozilla/5.0 (Windows NT 10.0; Win64; x64) AppleWebKit/537.36 (KHTML, like Gecko) Chrome/124.0.6367.207 Safari/537.36"
217.70.158.130 - - [03/Jun/2026:18:04:59 +0200] "GET /wp-login.php HTTP/2.0" 200 11798 "-" "Mozilla/5.0 (Windows NT 10.0; Win64; x64) AppleWebKit/537.36 (KHTML, like Gecko) Chrome/124.0.6367.207 Safari/537.36"
185.51.122.18 - - [03/Jun/2026:18:05:01 +0200] "GET /feed/ HTTP/2.0" 200 11712 "-" "Mozilla/5.0 (Windows NT 10.0; Win64; x64) AppleWebKit/537.36 (KHTML, like Gecko) Chrome/124.0.6367.207 Safari/537.36"
185.51.122.18 - - [03/Jun/2026:18:05:02 +0200] "GET /readme.html HTTP/2.0" 200 11767 "-" "Mozilla/5.0 (Windows NT 10.0; Win64; x64) AppleWebKit/537.36 (KHTML, like Gecko) Chrome/124.0.6367.207 Safari/537.36"
185.51.122.18 - - [03/Jun/2026:18:05:02 +0200] "GET /wp-login.php HTTP/2.0" 200 11768 "-" "Mozilla/5.0 (Windows NT 10.0; Win64; x64) AppleWebKit/537.36 (KHTML, like Gecko) Chrome/124.0.6367.207 Safari/537.36"
94.177.98.45 - - [03/Jun/2026:18:05:04 +0200] "GET /feed/ HTTP/2.0" 200 11823 "-" "Mozilla/5.0 (Windows NT 10.0; Win64; x64) AppleWebKit/537.36 (KHTML, like Gecko) Chrome/124.0.6367.207 Safari/537.36"
94.177.98.45 - - [03/Jun/2026:18:05:05 +0200] "GET /readme.html HTTP/2.0" 200 11737 "-" "Mozilla/5.0 (Windows NT 10.0; Win64; x64) AppleWebKit/537.36 (KHTML, like Gecko) Chrome/124.0.6367.207 Safari/537.36"
94.177.98.45 - - [03/Jun/2026:18:05:05 +0200] "GET /wp-login.php HTTP/2.0" 200 11738 "-" "Mozilla/5.0 (Windows NT 10.0; Win64; x64) AppleWebKit/537.36 (KHTML, like Gecko) Chrome/124.0.6367.207 Safari/537.36"
45.95.220.159 - - [03/Jun/2026:18:05:08 +0200] "GET /feed/ HTTP/2.0" 200 11763 "-" "Mozilla/5.0 (Windows NT 10.0; Win64; x64) AppleWebKit/537.36 (KHTML, like Gecko) Chrome/124.0.6367.207 Safari/537.36"
45.95.220.159 - - [03/Jun/2026:18:05:08 +0200] "GET /readme.html HTTP/2.0" 200 11767 "-" "Mozilla/5.0 (Windows NT 10.0; Win64; x64) AppleWebKit/537.36 (KHTML, like Gecko) Chrome/124.0.6367.207 Safari/537.36"
45.95.220.159 - - [03/Jun/2026:18:05:09 +0200] "GET /wp-login.php HTTP/2.0" 200 11819 "-" "Mozilla/5.0 (Windows NT 10.0; Win64; x64) AppleWebKit/537.36 (KHTML, like Gecko) Chrome/124.0.6367.207 Safari/537.36"
152.232.63.238 - - [03/Jun/2026:18:05:12 +0200] "GET /feed/ HTTP/2.0" 200 11797 "-" "Mozilla/5.0 (Windows NT 10.0; Win64; x64) AppleWebKit/537.36 (KHTML, like Gecko) Chrome/124.0.6367.207 Safari/537.36"
152.232.63.238 - - [03/Jun/2026:18:05:13 +0200] "GET /readme.html HTTP/2.0" 200 11852 "-" "Mozilla/5.0 (Windows NT 10.0; Win64; x64) AppleWebKit/537.36 (KHTML, like Gecko) Chrome/124.0.6367.207 Safari/537.36"
152.232.63.238 - - [03/Jun/2026:18:05:14 +0200] "GET /wp-login.php HTTP/2.0" 200 11799 "-" "Mozilla/5.0 (Windows NT 10.0; Win64; x64) AppleWebKit/537.36 (KHTML, like Gecko) Chrome/124.0.6367.207 Safari/537.36"
65.108.235.243 - - [03/Jun/2026:18:15:45 +0200] "POST /wp-cron.php?doing_wp_cron=1780503345.3873269557952880859375 HTTP/1.1" 200 1 "-" "WordPress/7.0; https://elettroservicegroup.it"
52.167.144.147 - - [03/Jun/2026:18:15:43 +0200] "GET /sitemap.xml HTTP/2.0" 200 311 "-" "Mozilla/5.0 AppleWebKit/537.36 (KHTML, like Gecko; compatible; bingbot/2.0; +http://www.bing.com/bingbot.htm) Chrome/116.0.1938.76 Safari/537.36"
65.108.235.243 - - [03/Jun/2026:18:30:13 +0200] "POST /wp-cron.php?doing_wp_cron=1780504213.7537109851837158203125 HTTP/1.1" 200 1 "-" "WordPress/7.0; https://elettroservicegroup.it"
93.35.177.253 - - [03/Jun/2026:18:30:12 +0200] "GET / HTTP/2.0" 200 21456 "https://www.google.com/" "Mozilla/5.0 (Linux; Android 10; K) AppleWebKit/537.36 (KHTML, like Gecko) SamsungBrowser/30.0 Chrome/143.0.0.0 Mobile Safari/537.36"
93.35.177.253 - - [03/Jun/2026:18:30:14 +0200] "GET /wp-content/plugins/elementor/assets/lib/animations/styles/zoomIn.min.css?ver=4.1.1 HTTP/2.0" 200 87 "https://elettroservicegroup.it/" "Mozilla/5.0 (Linux; Android 10; K) AppleWebKit/537.36 (KHTML, like Gecko) SamsungBrowser/30.0 Chrome/143.0.0.0 Mobile Safari/537.36"
93.35.177.253 - - [03/Jun/2026:18:30:14 +0200] "GET /wp-content/plugins/all-in-one-seo-pack/dist/Lite/assets/css/table-of-contents/global.e90f6d47.css?ver=4.9.7.2 HTTP/2.0" 200 420 "https://elettroservicegroup.it/" "Mozilla/5.0 (Linux; Android 10; K) AppleWebKit/537.36 (KHTML, like Gecko) SamsungBrowser/30.0 Chrome/143.0.0.0 Mobile Safari/537.36"
93.35.177.253 - - [03/Jun/2026:18:30:14 +0200] "GET /wp-content/plugins/header-footer-elementor/assets/css/header-footer-elementor.css?ver=2.8.8 HTTP/2.0" 200 260 "https://elettroservicegroup.it/" "Mozilla/5.0 (Linux; Android 10; K) AppleWebKit/537.36 (KHTML, like Gecko) SamsungBrowser/30.0 Chrome/143.0.0.0 Mobile Safari/537.36"
93.35.177.253 - - [03/Jun/2026:18:30:14 +0200] "GET /wp-content/plugins/complianz-gdpr-premium/assets/css/cookieblocker.min.css?ver=1780325961 HTTP/2.0" 200 615 "https://elettroservicegroup.it/" "Mozilla/5.0 (Linux; Android 10; K) AppleWebKit/537.36 (KHTML, like Gecko) SamsungBrowser/30.0 Chrome/143.0.0.0 Mobile Safari/537.36"
93.35.177.253 - - [03/Jun/2026:18:30:14 +0200] "GET /wp-content/uploads/elementor/css/post-14146.css?ver=1780456321 HTTP/2.0" 200 428 "https://elettroservicegroup.it/" "Mozilla/5.0 (Linux; Android 10; K) AppleWebKit/537.36 (KHTML, like Gecko) SamsungBrowser/30.0 Chrome/143.0.0.0 Mobile Safari/537.36"
93.35.177.253 - - [03/Jun/2026:18:30:14 +0200] "GET /wp-content/plugins/elementor/assets/css/widget-spacer.min.css?ver=4.1.1 HTTP/2.0" 200 287 "https://elettroservicegroup.it/" "Mozilla/5.0 (Linux; Android 10; K) AppleWebKit/537.36 (KHTML, like Gecko) SamsungBrowser/30.0 Chrome/143.0.0.0 Mobile Safari/537.36"
93.35.177.253 - - [03/Jun/2026:18:30:14 +0200] "GET /wp-content/plugins/elementor/assets/css/widget-heading.min.css?ver=4.1.1 HTTP/2.0" 200 127 "https://elettroservicegroup.it/" "Mozilla/5.0 (Linux; Android 10; K) AppleWebKit/537.36 (KHTML, like Gecko) SamsungBrowser/30.0 Chrome/143.0.0.0 Mobile Safari/537.36"
93.35.177.253 - - [03/Jun/2026:18:30:14 +0200] "GET /wp-content/plugins/elementor/assets/lib/eicons/css/elementor-icons.min.css?ver=5.49.0 HTTP/2.0" 200 4115 "https://elettroservicegroup.it/" "Mozilla/5.0 (Linux; Android 10; K) AppleWebKit/537.36 (KHTML, like Gecko) SamsungBrowser/30.0 Chrome/143.0.0.0 Mobile Safari/537.36"
93.35.177.253 - - [03/Jun/2026:18:30:14 +0200] "GET /wp-content/plugins/elementor/assets/lib/font-awesome/css/v4-shims.min.css?ver=4.1.1 HTTP/2.0" 200 3986 "https://elettroservicegroup.it/" "Mozilla/5.0 (Linux; Android 10; K) AppleWebKit/537.36 (KHTML, like Gecko) SamsungBrowser/30.0 Chrome/143.0.0.0 Mobile Safari/537.36"
93.35.177.253 - - [03/Jun/2026:18:30:14 +0200] "GET /wp-content/plugins/elementor/assets/css/frontend.min.css?ver=4.1.1 HTTP/2.0" 200 6618 "https://elettroservicegroup.it/" "Mozilla/5.0 (Linux; Android 10; K) AppleWebKit/537.36 (KHTML, like Gecko) SamsungBrowser/30.0 Chrome/143.0.0.0 Mobile Safari/537.36"
93.35.177.253 - - [03/Jun/2026:18:30:14 +0200] "GET /wp-content/plugins/header-footer-elementor/inc/widgets-css/frontend.css?ver=2.8.8 HTTP/2.0" 200 8711 "https://elettroservicegroup.it/" "Mozilla/5.0 (Linux; Android 10; K) AppleWebKit/537.36 (KHTML, like Gecko) SamsungBrowser/30.0 Chrome/143.0.0.0 Mobile Safari/537.36"
93.35.177.253 - - [03/Jun/2026:18:30:14 +0200] "GET /wp-content/uploads/elementor/css/post-14366.css?ver=1780456321 HTTP/2.0" 200 310 "https://elettroservicegroup.it/" "Mozilla/5.0 (Linux; Android 10; K) AppleWebKit/537.36 (KHTML, like Gecko) SamsungBrowser/30.0 Chrome/143.0.0.0 Mobile Safari/537.36"
93.35.177.253 - - [03/Jun/2026:18:30:14 +0200] "GET /wp-content/plugins/elementor/assets/lib/font-awesome/css/solid.css?ver=5.15.3 HTTP/2.0" 200 299 "https://elettroservicegroup.it/" "Mozilla/5.0 (Linux; Android 10; K) AppleWebKit/537.36 (KHTML, like Gecko) SamsungBrowser/30.0 Chrome/143.0.0.0 Mobile Safari/537.36"
93.35.177.253 - - [03/Jun/2026:18:30:14 +0200] "GET /wp-content/plugins/elementor/assets/lib/font-awesome/css/all.min.css?ver=4.1.1 HTTP/2.0" 200 12402 "https://elettroservicegroup.it/" "Mozilla/5.0 (Linux; Android 10; K) AppleWebKit/537.36 (KHTML, like Gecko) SamsungBrowser/30.0 Chrome/143.0.0.0 Mobile Safari/537.36"
93.35.177.253 - - [03/Jun/2026:18:30:14 +0200] "GET /wp-content/plugins/elementor/assets/lib/animations/styles/bounceIn.min.css?ver=4.1.1 HTTP/2.0" 200 186 "https://elettroservicegroup.it/" "Mozilla/5.0 (Linux; Android 10; K) AppleWebKit/537.36 (KHTML, like Gecko) SamsungBrowser/30.0 Chrome/143.0.0.0 Mobile Safari/537.36"
93.35.177.253 - - [03/Jun/2026:18:30:14 +0200] "GET /wp-content/uploads/elementor/css/post-13305.css?ver=1780456321 HTTP/2.0" 200 2452 "https://elettroservicegroup.it/" "Mozilla/5.0 (Linux; Android 10; K) AppleWebKit/537.36 (KHTML, like Gecko) SamsungBrowser/30.0 Chrome/143.0.0.0 Mobile Safari/537.36"
93.35.177.253 - - [03/Jun/2026:18:30:14 +0200] "GET /wp-content/plugins/elementor/assets/css/widget-social-icons.min.css?ver=3.24.0 HTTP/2.0" 200 1039 "https://elettroservicegroup.it/" "Mozilla/5.0 (Linux; Android 10; K) AppleWebKit/537.36 (KHTML, like Gecko) SamsungBrowser/30.0 Chrome/143.0.0.0 Mobile Safari/537.36"
93.35.177.253 - - [03/Jun/2026:18:30:14 +0200] "GET /wp-content/plugins/elementor/assets/lib/font-awesome/css/brands.css?ver=5.15.3 HTTP/2.0" 200 298 "https://elettroservicegroup.it/" "Mozilla/5.0 (Linux; Android 10; K) AppleWebKit/537.36 (KHTML, like Gecko) SamsungBrowser/30.0 Chrome/143.0.0.0 Mobile Safari/537.36"
93.35.177.253 - - [03/Jun/2026:18:30:14 +0200] "GET /wp-content/themes/generatepress/assets/css/main.min.css?ver=3.6.1 HTTP/2.0" 200 4410 "https://elettroservicegroup.it/" "Mozilla/5.0 (Linux; Android 10; K) AppleWebKit/537.36 (KHTML, like Gecko) SamsungBrowser/30.0 Chrome/143.0.0.0 Mobile Safari/537.36"
93.35.177.253 - - [03/Jun/2026:18:30:14 +0200] "GET /wp-content/plugins/elementor/assets/css/widget-icon-list.min.css?ver=3.24.3 HTTP/2.0" 200 928 "https://elettroservicegroup.it/" "Mozilla/5.0 (Linux; Android 10; K) AppleWebKit/537.36 (KHTML, like Gecko) SamsungBrowser/30.0 Chrome/143.0.0.0 Mobile Safari/537.36"
93.35.177.253 - - [03/Jun/2026:18:30:14 +0200] "GET /wp-content/plugins/gp-premium/menu-plus/functions/css/navigation-branding-flex.min.css?ver=2.5.5 HTTP/2.0" 200 542 "https://elettroservicegroup.it/" "Mozilla/5.0 (Linux; Android 10; K) AppleWebKit/537.36 (KHTML, like Gecko) SamsungBrowser/30.0 Chrome/143.0.0.0 Mobile Safari/537.36"
93.35.177.253 - - [03/Jun/2026:18:30:14 +0200] "GET /wp-content/uploads/elementor/google-fonts/css/robotoslab.css?ver=1742274091 HTTP/2.0" 200 708 "https://elettroservicegroup.it/" "Mozilla/5.0 (Linux; Android 10; K) AppleWebKit/537.36 (KHTML, like Gecko) SamsungBrowser/30.0 Chrome/143.0.0.0 Mobile Safari/537.36"
93.35.177.253 - - [03/Jun/2026:18:30:14 +0200] "GET /wp-content/plugins/elementor/assets/lib/eicons/css/elementor-icons.min.css?ver=5.34.0 HTTP/2.0" 200 4115 "https://elettroservicegroup.it/" "Mozilla/5.0 (Linux; Android 10; K) AppleWebKit/537.36 (KHTML, like Gecko) SamsungBrowser/30.0 Chrome/143.0.0.0 Mobile Safari/537.36"
93.35.177.253 - - [03/Jun/2026:18:30:14 +0200] "GET /wp-content/uploads/2021/10/cropped-cropped-cropped-logo_white_background.png HTTP/2.0" 200 38971 "https://elettroservicegroup.it/" "Mozilla/5.0 (Linux; Android 10; K) AppleWebKit/537.36 (KHTML, like Gecko) SamsungBrowser/30.0 Chrome/143.0.0.0 Mobile Safari/537.36"
93.35.177.253 - - [03/Jun/2026:18:30:14 +0200] "GET /wp-content/plugins/elementor/assets/lib/font-awesome/css/fontawesome.css?ver=5.15.3 HTTP/2.0" 200 12535 "https://elettroservicegroup.it/" "Mozilla/5.0 (Linux; Android 10; K) AppleWebKit/537.36 (KHTML, like Gecko) SamsungBrowser/30.0 Chrome/143.0.0.0 Mobile Safari/537.36"
93.35.177.253 - - [03/Jun/2026:18:30:14 +0200] "GET /wp-content/uploads/elementor/google-fonts/css/roboto.css?ver=1742274089 HTTP/2.0" 200 1874 "https://elettroservicegroup.it/" "Mozilla/5.0 (Linux; Android 10; K) AppleWebKit/537.36 (KHTML, like Gecko) SamsungBrowser/30.0 Chrome/143.0.0.0 Mobile Safari/537.36"
93.35.177.253 - - [03/Jun/2026:18:30:14 +0200] "GET /wp-content/plugins/elementor/assets/lib/font-awesome/css/fontawesome.min.css?ver=5.15.3 HTTP/2.0" 200 12179 "https://elettroservicegroup.it/" "Mozilla/5.0 (Linux; Android 10; K) AppleWebKit/537.36 (KHTML, like Gecko) SamsungBrowser/30.0 Chrome/143.0.0.0 Mobile Safari/537.36"
93.35.177.253 - - [03/Jun/2026:18:30:14 +0200] "GET /wp-content/plugins/elementor/assets/lib/font-awesome/css/solid.min.css?ver=5.15.3 HTTP/2.0" 200 286 "https://elettroservicegroup.it/" "Mozilla/5.0 (Linux; Android 10; K) AppleWebKit/537.36 (KHTML, like Gecko) SamsungBrowser/30.0 Chrome/143.0.0.0 Mobile Safari/537.36"
93.35.177.253 - - [03/Jun/2026:18:30:14 +0200] "GET /wp-content/plugins/elementor/assets/lib/font-awesome/css/regular.min.css?ver=5.15.3 HTTP/2.0" 200 282 "https://elettroservicegroup.it/" "Mozilla/5.0 (Linux; Android 10; K) AppleWebKit/537.36 (KHTML, like Gecko) SamsungBrowser/30.0 Chrome/143.0.0.0 Mobile Safari/537.36"
93.35.177.253 - - [03/Jun/2026:18:30:14 +0200] "GET /wp-includes/js/jquery/jquery.min.js?ver=3.7.1 HTTP/2.0" 200 29769 "https://elettroservicegroup.it/" "Mozilla/5.0 (Linux; Android 10; K) AppleWebKit/537.36 (KHTML, like Gecko) SamsungBrowser/30.0 Chrome/143.0.0.0 Mobile Safari/537.36"
93.35.177.253 - - [03/Jun/2026:18:30:14 +0200] "GET /wp-content/plugins/elementor/assets/lib/font-awesome/js/v4-shims.min.js?ver=4.1.1 HTTP/2.0" 200 4043 "https://elettroservicegroup.it/" "Mozilla/5.0 (Linux; Android 10; K) AppleWebKit/537.36 (KHTML, like Gecko) SamsungBrowser/30.0 Chrome/143.0.0.0 Mobile Safari/537.36"
93.35.177.253 - - [03/Jun/2026:18:30:14 +0200] "GET /wp-includes/js/jquery/jquery-migrate.min.js?ver=3.4.1 HTTP/2.0" 200 4685 "https://elettroservicegroup.it/" "Mozilla/5.0 (Linux; Android 10; K) AppleWebKit/537.36 (KHTML, like Gecko) SamsungBrowser/30.0 Chrome/143.0.0.0 Mobile Safari/537.36"
93.35.177.253 - - [03/Jun/2026:18:30:14 +0200] "GET /wp-content/plugins/gp-premium/menu-plus/functions/js/sticky.min.js?ver=2.5.5 HTTP/2.0" 200 2670 "https://elettroservicegroup.it/" "Mozilla/5.0 (Linux; Android 10; K) AppleWebKit/537.36 (KHTML, like Gecko) SamsungBrowser/30.0 Chrome/143.0.0.0 Mobile Safari/537.36"
93.35.177.253 - - [03/Jun/2026:18:30:14 +0200] "GET /wp-content/plugins/elementor/assets/js/webpack.runtime.min.js?ver=4.1.1 HTTP/2.0" 200 2340 "https://elettroservicegroup.it/" "Mozilla/5.0 (Linux; Android 10; K) AppleWebKit/537.36 (KHTML, like Gecko) SamsungBrowser/30.0 Chrome/143.0.0.0 Mobile Safari/537.36"
93.35.177.253 - - [03/Jun/2026:18:30:14 +0200] "GET /wp-includes/js/jquery/ui/core.min.js?ver=1.13.3 HTTP/2.0" 200 6820 "https://elettroservicegroup.it/" "Mozilla/5.0 (Linux; Android 10; K) AppleWebKit/537.36 (KHTML, like Gecko) SamsungBrowser/30.0 Chrome/143.0.0.0 Mobile Safari/537.36"
93.35.177.253 - - [03/Jun/2026:18:30:14 +0200] "GET /wp-content/plugins/elementor/assets/js/frontend-modules.min.js?ver=4.1.1 HTTP/2.0" 200 15454 "https://elettroservicegroup.it/" "Mozilla/5.0 (Linux; Android 10; K) AppleWebKit/537.36 (KHTML, like Gecko) SamsungBrowser/30.0 Chrome/143.0.0.0 Mobile Safari/537.36"
93.35.177.253 - - [03/Jun/2026:18:30:14 +0200] "GET /wp-content/plugins/elementor/assets/js/frontend.min.js?ver=4.1.1 HTTP/2.0" 200 10140 "https://elettroservicegroup.it/" "Mozilla/5.0 (Linux; Android 10; K) AppleWebKit/537.36 (KHTML, like Gecko) SamsungBrowser/30.0 Chrome/143.0.0.0 Mobile Safari/537.36"
93.35.177.253 - - [03/Jun/2026:18:30:14 +0200] "GET /wp-content/themes/generatepress/assets/js/menu.min.js?ver=3.6.1 HTTP/2.0" 200 1688 "https://elettroservicegroup.it/" "Mozilla/5.0 (Linux; Android 10; K) AppleWebKit/537.36 (KHTML, like Gecko) SamsungBrowser/30.0 Chrome/143.0.0.0 Mobile Safari/537.36"
93.35.177.253 - - [03/Jun/2026:18:30:14 +0200] "GET /wp-content/themes/generatepress/assets/js/back-to-top.min.js?ver=3.6.1 HTTP/2.0" 200 336 "https://elettroservicegroup.it/" "Mozilla/5.0 (Linux; Android 10; K) AppleWebKit/537.36 (KHTML, like Gecko) SamsungBrowser/30.0 Chrome/143.0.0.0 Mobile Safari/537.36"
93.35.177.253 - - [03/Jun/2026:18:30:14 +0200] "GET /wp-content/plugins/google-analytics-for-wordpress/assets/js/frontend-gtag.min.js?ver=10.2.2 HTTP/2.0" 200 3075 "https://elettroservicegroup.it/" "Mozilla/5.0 (Linux; Android 10; K) AppleWebKit/537.36 (KHTML, like Gecko) SamsungBrowser/30.0 Chrome/143.0.0.0 Mobile Safari/537.36"
93.35.177.253 - - [03/Jun/2026:18:30:14 +0200] "GET /wp-content/plugins/complianz-gdpr-premium/cookiebanner/js/complianz.min.js?ver=1780325960 HTTP/2.0" 200 10708 "https://elettroservicegroup.it/" "Mozilla/5.0 (Linux; Android 10; K) AppleWebKit/537.36 (KHTML, like Gecko) SamsungBrowser/30.0 Chrome/143.0.0.0 Mobile Safari/537.36"
93.35.177.253 - - [03/Jun/2026:18:30:14 +0200] "GET /wp-content/uploads/2021/10/TECNICO-ELETTRODOMESTICI.jpg HTTP/2.0" 200 24210 "https://elettroservicegroup.it/wp-content/uploads/elementor/css/post-13305.css?ver=1780456321" "Mozilla/5.0 (Linux; Android 10; K) AppleWebKit/537.36 (KHTML, like Gecko) SamsungBrowser/30.0 Chrome/143.0.0.0 Mobile Safari/537.36"
93.35.177.253 - - [03/Jun/2026:18:30:14 +0200] "GET /wp-content/uploads/elementor/google-fonts/fonts/roboto-kfo7cnqeu92fr1me7ksn66agldtyluama3yuba.woff2 HTTP/2.0" 200 40132 "https://elettroservicegroup.it/wp-content/uploads/elementor/google-fonts/css/roboto.css?ver=1742274089" "Mozilla/5.0 (Linux; Android 10; K) AppleWebKit/537.36 (KHTML, like Gecko) SamsungBrowser/30.0 Chrome/143.0.0.0 Mobile Safari/537.36"
93.35.177.253 - - [03/Jun/2026:18:30:14 +0200] "GET /wp-content/plugins/elementor/assets/lib/font-awesome/webfonts/fa-solid-900.woff2 HTTP/2.0" 200 78201 "https://elettroservicegroup.it/wp-content/plugins/elementor/assets/lib/font-awesome/css/all.min.css?ver=4.1.1" "Mozilla/5.0 (Linux; Android 10; K) AppleWebKit/537.36 (KHTML, like Gecko) SamsungBrowser/30.0 Chrome/143.0.0.0 Mobile Safari/537.36"
93.35.177.253 - - [03/Jun/2026:18:30:14 +0200] "GET /wp-content/plugins/elementor/assets/lib/font-awesome/webfonts/fa-regular-400.woff2 HTTP/2.0" 200 13277 "https://elettroservicegroup.it/wp-content/plugins/elementor/assets/lib/font-awesome/css/all.min.css?ver=4.1.1" "Mozilla/5.0 (Linux; Android 10; K) AppleWebKit/537.36 (KHTML, like Gecko) SamsungBrowser/30.0 Chrome/143.0.0.0 Mobile Safari/537.36"
93.35.177.253 - - [03/Jun/2026:18:30:15 +0200] "GET /wp-content/plugins/elementor/assets/js/section-frontend-handlers.d85ab872da118940910d.bundle.min.js HTTP/2.0" 200 230 "https://elettroservicegroup.it/" "Mozilla/5.0 (Linux; Android 10; K) AppleWebKit/537.36 (KHTML, like Gecko) SamsungBrowser/30.0 Chrome/143.0.0.0 Mobile Safari/537.36"
93.35.177.253 - - [03/Jun/2026:18:30:15 +0200] "GET /wp-content/plugins/elementor/assets/js/shared-frontend-handlers.03caa53373b56d3bab67.bundle.min.js HTTP/2.0" 200 2515 "https://elettroservicegroup.it/" "Mozilla/5.0 (Linux; Android 10; K) AppleWebKit/537.36 (KHTML, like Gecko) SamsungBrowser/30.0 Chrome/143.0.0.0 Mobile Safari/537.36"
93.35.177.253 - - [03/Jun/2026:18:30:15 +0200] "GET /wp-content/plugins/elementor/assets/js/text-editor.45609661e409413f1cef.bundle.min.js HTTP/2.0" 200 592 "https://elettroservicegroup.it/" "Mozilla/5.0 (Linux; Android 10; K) AppleWebKit/537.36 (KHTML, like Gecko) SamsungBrowser/30.0 Chrome/143.0.0.0 Mobile Safari/537.36"
93.35.177.253 - - [03/Jun/2026:18:30:15 +0200] "GET /wp-content/uploads/2021/10/cropped-cropped-cropped-cropped-logo_white_background-192x192.png HTTP/2.0" 200 19089 "https://elettroservicegroup.it/" "Mozilla/5.0 (Linux; Android 10; K) AppleWebKit/537.36 (KHTML, like Gecko) SamsungBrowser/30.0 Chrome/143.0.0.0 Mobile Safari/537.36"
93.35.177.253 - - [03/Jun/2026:18:30:15 +0200] "GET /wp-content/uploads/2021/10/cropped-cropped-cropped-cropped-logo_white_background-180x180.png HTTP/2.0" 200 21353 "https://elettroservicegroup.it/" "Mozilla/5.0 (Linux; Android 10; K) AppleWebKit/537.36 (KHTML, like Gecko) SamsungBrowser/30.0 Chrome/143.0.0.0 Mobile Safari/537.36"
93.35.177.253 - - [03/Jun/2026:18:30:15 +0200] "GET /wp-json/complianz/v1/banner?lang=it&locale=it_IT&token=ipbpn HTTP/2.0" 200 83 "https://elettroservicegroup.it/" "Mozilla/5.0 (Linux; Android 10; K) AppleWebKit/537.36 (KHTML, like Gecko) SamsungBrowser/30.0 Chrome/143.0.0.0 Mobile Safari/537.36"
93.35.177.253 - - [03/Jun/2026:18:30:15 +0200] "GET /wp-content/uploads/complianz/css/banner-1-optin.css?v=45 HTTP/2.0" 200 2651 "https://elettroservicegroup.it/" "Mozilla/5.0 (Linux; Android 10; K) AppleWebKit/537.36 (KHTML, like Gecko) SamsungBrowser/30.0 Chrome/143.0.0.0 Mobile Safari/537.36"
93.35.177.253 - - [03/Jun/2026:18:30:15 +0200] "GET /wp-json/complianz/v1/cookie_data HTTP/2.0" 200 97 "https://elettroservicegroup.it/" "Mozilla/5.0 (Linux; Android 10; K) AppleWebKit/537.36 (KHTML, like Gecko) SamsungBrowser/30.0 Chrome/143.0.0.0 Mobile Safari/537.36"
34.122.16.212 - - [03/Jun/2026:18:47:55 +0200] "POST / HTTP/1.1" 200 11789 "https://elettroservicegroup.it/" "Mozilla/5.0 (Macintosh; Intel Mac OS X 10_15_7) AppleWebKit/537.36 (KHTML, like Gecko) Chrome/146.0.0.0 Safari/537.36"
91.227.114.43 - - [03/Jun/2026:19:36:43 +0200] "GET /wp-content/plugins/ai-engine/readme.txt HTTP/2.0" 200 11822 "-" "Mozilla/5.0 (X11; Linux x86_64) AppleWebKit/537.36 (KHTML, like Gecko) Chrome/148.0.0.0 Safari/537.36"
91.227.114.43 - - [03/Jun/2026:19:36:43 +0200] "GET /wp-content/plugins/ai-engine/readme.txt HTTP/2.0" 200 11822 "-" "Mozilla/5.0 (X11; Linux x86_64) AppleWebKit/537.36 (KHTML, like Gecko) Chrome/148.0.0.0 Safari/537.36"
65.108.235.243 - - [03/Jun/2026:19:42:53 +0200] "POST /wp-cron.php?doing_wp_cron=1780508573.4384689331054687500000 HTTP/1.1" 200 1 "-" "WordPress/7.0; https://elettroservicegroup.it"
52.167.144.156 - - [03/Jun/2026:19:42:51 +0200] "GET /sitemap.xml.gz HTTP/2.0" 200 311 "-" "Mozilla/5.0 AppleWebKit/537.36 (KHTML, like Gecko; compatible; bingbot/2.0; +http://www.bing.com/bingbot.htm) Chrome/116.0.1938.76 Safari/537.36"
65.108.235.243 - - [03/Jun/2026:19:58:43 +0200] "POST /wp-cron.php?doing_wp_cron=1780509523.0572340488433837890625 HTTP/1.1" 200 1 "-" "WordPress/7.0; https://elettroservicegroup.it"
104.207.44.214 - - [03/Jun/2026:19:58:40 +0200] "GET /wp-login.php HTTP/2.0" 200 4650 "-" "Mozilla/5.0 (Macintosh; Intel Mac OS X 10_15_7) AppleWebKit/605.1.15 (KHTML, like Gecko) Version/18.0 Safari/605.1.15"
104.207.44.214 - - [03/Jun/2026:19:58:44 +0200] "GET /wp-login.php?wp_lang=en_US HTTP/2.0" 200 3887 "-" "Mozilla/5.0 (Macintosh; Intel Mac OS X 10_15_7) AppleWebKit/605.1.15 (KHTML, like Gecko) Version/18.0 Safari/605.1.15"
104.207.44.214 - - [03/Jun/2026:19:58:45 +0200] "POST /wp-login.php?wp_lang=en_US HTTP/2.0" 200 4004 "https://elettroservicegroup.it/wp-login.php?wp_lang=en_US" "Mozilla/5.0 (Macintosh; Intel Mac OS X 10_15_7) AppleWebKit/605.1.15 (KHTML, like Gecko) Version/18.0 Safari/605.1.15"
209.50.183.132 - - [03/Jun/2026:19:58:46 +0200] "GET /wp-login.php?wp_lang=en_US HTTP/2.0" 200 3887 "-" "Mozilla/5.0 (Windows NT 10.0; Win64; x64) AppleWebKit/537.36 (KHTML, like Gecko) Chrome/124.0.0.0 Safari/537.36"
209.50.183.132 - - [03/Jun/2026:19:58:47 +0200] "POST /wp-login.php?wp_lang=en_US HTTP/2.0" 200 4004 "https://elettroservicegroup.it/wp-login.php?wp_lang=en_US" "Mozilla/5.0 (Windows NT 10.0; Win64; x64) AppleWebKit/537.36 (KHTML, like Gecko) Chrome/124.0.0.0 Safari/537.36"
216.26.246.226 - - [03/Jun/2026:19:58:48 +0200] "GET /wp-login.php?wp_lang=en_US HTTP/2.0" 200 3887 "-" "Mozilla/5.0 (Windows NT 10.0; Win64; x64) AppleWebKit/537.36 (KHTML, like Gecko) Chrome/124.0.0.0 Safari/537.36"
216.26.246.226 - - [03/Jun/2026:19:58:49 +0200] "POST /wp-login.php?wp_lang=en_US HTTP/2.0" 200 4004 "https://elettroservicegroup.it/wp-login.php?wp_lang=en_US" "Mozilla/5.0 (Windows NT 10.0; Win64; x64) AppleWebKit/537.36 (KHTML, like Gecko) Chrome/124.0.0.0 Safari/537.36"
216.26.224.141 - - [03/Jun/2026:19:58:51 +0200] "GET /wp-login.php?wp_lang=en_US HTTP/2.0" 200 11776 "-" "Mozilla/5.0 (Windows NT 10.0; Win64; x64; rv:133.0) Gecko/20100101 Firefox/133.0"
216.26.236.9 - - [03/Jun/2026:19:58:52 +0200] "GET /wp-login.php?wp_lang=en_US HTTP/2.0" 200 11811 "-" "Mozilla/5.0 (Windows NT 10.0; Win64; x64) AppleWebKit/537.36 (KHTML, like Gecko) Chrome/124.0.0.0 Safari/537.36"
209.50.187.35 - - [03/Jun/2026:19:58:53 +0200] "GET /wp-login.php?wp_lang=en_US HTTP/2.0" 200 11745 "-" "Mozilla/5.0 (Windows NT 10.0; Win64; x64; rv:133.0) Gecko/20100101 Firefox/133.0"
209.50.161.171 - - [03/Jun/2026:19:58:54 +0200] "GET /wp-login.php?wp_lang=en_US HTTP/2.0" 200 3887 "-" "Mozilla/5.0 (Macintosh; Intel Mac OS X 10_15_7) AppleWebKit/605.1.15 (KHTML, like Gecko) Version/18.0 Safari/605.1.15"
209.50.161.171 - - [03/Jun/2026:19:58:55 +0200] "POST /wp-login.php?wp_lang=en_US HTTP/2.0" 200 4004 "https://elettroservicegroup.it/wp-login.php?wp_lang=en_US" "Mozilla/5.0 (Macintosh; Intel Mac OS X 10_15_7) AppleWebKit/605.1.15 (KHTML, like Gecko) Version/18.0 Safari/605.1.15"
217.181.91.56 - - [03/Jun/2026:19:58:56 +0200] "GET /wp-login.php?wp_lang=en_US HTTP/2.0" 200 3887 "-" "Mozilla/5.0 (Macintosh; Intel Mac OS X 10_15_7) AppleWebKit/605.1.15 (KHTML, like Gecko) Version/18.0 Safari/605.1.15"
217.181.91.56 - - [03/Jun/2026:19:58:56 +0200] "POST /wp-login.php?wp_lang=en_US HTTP/2.0" 200 4004 "https://elettroservicegroup.it/wp-login.php?wp_lang=en_US" "Mozilla/5.0 (Macintosh; Intel Mac OS X 10_15_7) AppleWebKit/605.1.15 (KHTML, like Gecko) Version/18.0 Safari/605.1.15"
65.111.23.127 - - [03/Jun/2026:19:58:57 +0200] "GET /wp-login.php?wp_lang=en_US HTTP/2.0" 200 3887 "-" "Mozilla/5.0 (Windows NT 10.0; Win64; x64; rv:133.0) Gecko/20100101 Firefox/133.0"
65.111.23.127 - - [03/Jun/2026:19:58:58 +0200] "POST /wp-login.php?wp_lang=en_US HTTP/2.0" 200 4004 "https://elettroservicegroup.it/wp-login.php?wp_lang=en_US" "Mozilla/5.0 (Windows NT 10.0; Win64; x64; rv:133.0) Gecko/20100101 Firefox/133.0"
65.108.235.243 - - [03/Jun/2026:19:59:00 +0200] "POST /wp-cron.php?doing_wp_cron=1780509540.4620440006256103515625 HTTP/1.1" 200 1 "-" "WordPress/7.0; https://elettroservicegroup.it"
209.50.171.3 - - [03/Jun/2026:19:59:00 +0200] "GET /wp-login.php?wp_lang=en_US HTTP/2.0" 200 3887 "-" "Mozilla/5.0 (Windows NT 10.0; Win64; x64) AppleWebKit/537.36 (KHTML, like Gecko) Chrome/124.0.0.0 Safari/537.36"
209.50.171.3 - - [03/Jun/2026:19:59:01 +0200] "POST /wp-login.php?wp_lang=en_US HTTP/2.0" 200 4004 "https://elettroservicegroup.it/wp-login.php?wp_lang=en_US" "Mozilla/5.0 (Windows NT 10.0; Win64; x64) AppleWebKit/537.36 (KHTML, like Gecko) Chrome/124.0.0.0 Safari/537.36"
216.26.255.72 - - [03/Jun/2026:19:59:02 +0200] "GET /wp-login.php?wp_lang=en_US HTTP/2.0" 200 3887 "-" "Mozilla/5.0 (Windows NT 10.0; Win64; x64; rv:133.0) Gecko/20100101 Firefox/133.0"
216.26.255.72 - - [03/Jun/2026:19:59:02 +0200] "POST /wp-login.php?wp_lang=en_US HTTP/2.0" 200 4004 "https://elettroservicegroup.it/wp-login.php?wp_lang=en_US" "Mozilla/5.0 (Windows NT 10.0; Win64; x64; rv:133.0) Gecko/20100101 Firefox/133.0"
65.111.6.13 - - [03/Jun/2026:19:59:04 +0200] "GET /wp-login.php?wp_lang=en_US HTTP/2.0" 200 3887 "-" "Mozilla/5.0 (Windows NT 10.0; Win64; x64) AppleWebKit/537.36 (KHTML, like Gecko) Chrome/124.0.0.0 Safari/537.36"
65.111.6.13 - - [03/Jun/2026:19:59:05 +0200] "POST /wp-login.php?wp_lang=en_US HTTP/2.0" 200 4004 "https://elettroservicegroup.it/wp-login.php?wp_lang=en_US" "Mozilla/5.0 (Windows NT 10.0; Win64; x64) AppleWebKit/537.36 (KHTML, like Gecko) Chrome/124.0.0.0 Safari/537.36"
45.3.34.147 - - [03/Jun/2026:19:59:07 +0200] "GET /wp-login.php?wp_lang=en_US HTTP/2.0" 200 3887 "-" "Mozilla/5.0 (Windows NT 10.0; Win64; x64) AppleWebKit/537.36 (KHTML, like Gecko) Chrome/124.0.0.0 Safari/537.36"
45.3.34.147 - - [03/Jun/2026:19:59:08 +0200] "POST /wp-login.php?wp_lang=en_US HTTP/2.0" 200 4004 "https://elettroservicegroup.it/wp-login.php?wp_lang=en_US" "Mozilla/5.0 (Windows NT 10.0; Win64; x64) AppleWebKit/537.36 (KHTML, like Gecko) Chrome/124.0.0.0 Safari/537.36"
216.26.249.44 - - [03/Jun/2026:19:59:09 +0200] "GET /wp-login.php?wp_lang=en_US HTTP/2.0" 200 11786 "-" "Mozilla/5.0 (Windows NT 10.0; Win64; x64; rv:133.0) Gecko/20100101 Firefox/133.0"
65.111.23.237 - - [03/Jun/2026:19:59:10 +0200] "GET /wp-login.php?wp_lang=en_US HTTP/2.0" 200 11886 "-" "Mozilla/5.0 (Windows NT 10.0; Win64; x64) AppleWebKit/537.36 (KHTML, like Gecko) Chrome/124.0.0.0 Safari/537.36"
209.50.177.233 - - [03/Jun/2026:19:59:11 +0200] "GET /wp-login.php?wp_lang=en_US HTTP/2.0" 200 3887 "-" "Mozilla/5.0 (Windows NT 10.0; Win64; x64) AppleWebKit/537.36 (KHTML, like Gecko) Chrome/124.0.0.0 Safari/537.36"
209.50.177.233 - - [03/Jun/2026:19:59:11 +0200] "POST /wp-login.php?wp_lang=en_US HTTP/2.0" 200 4004 "https://elettroservicegroup.it/wp-login.php?wp_lang=en_US" "Mozilla/5.0 (Windows NT 10.0; Win64; x64) AppleWebKit/537.36 (KHTML, like Gecko) Chrome/124.0.0.0 Safari/537.36"
45.3.36.184 - - [03/Jun/2026:19:59:14 +0200] "GET /wp-login.php?wp_lang=en_US HTTP/2.0" 200 3887 "-" "Mozilla/5.0 (Windows NT 10.0; Win64; x64) AppleWebKit/537.36 (KHTML, like Gecko) Chrome/124.0.0.0 Safari/537.36"
45.3.36.184 - - [03/Jun/2026:19:59:14 +0200] "POST /wp-login.php?wp_lang=en_US HTTP/2.0" 200 4004 "https://elettroservicegroup.it/wp-login.php?wp_lang=en_US" "Mozilla/5.0 (Windows NT 10.0; Win64; x64) AppleWebKit/537.36 (KHTML, like Gecko) Chrome/124.0.0.0 Safari/537.36"
65.108.235.243 - - [03/Jun/2026:19:59:16 +0200] "POST /wp-cron.php?doing_wp_cron=1780509556.3996570110321044921875 HTTP/1.1" 200 1 "-" "WordPress/7.0; https://elettroservicegroup.it"
45.3.51.185 - - [03/Jun/2026:19:59:16 +0200] "GET /wp-login.php?wp_lang=en_US HTTP/2.0" 200 3887 "-" "Mozilla/5.0 (Windows NT 10.0; Win64; x64; rv:133.0) Gecko/20100101 Firefox/133.0"
45.3.51.185 - - [03/Jun/2026:19:59:16 +0200] "POST /wp-login.php?wp_lang=en_US HTTP/2.0" 200 4004 "https://elettroservicegroup.it/wp-login.php?wp_lang=en_US" "Mozilla/5.0 (Windows NT 10.0; Win64; x64; rv:133.0) Gecko/20100101 Firefox/133.0"
217.181.92.229 - - [03/Jun/2026:19:59:17 +0200] "GET /wp-login.php?wp_lang=en_US HTTP/2.0" 200 3887 "-" "Mozilla/5.0 (Windows NT 10.0; Win64; x64) AppleWebKit/537.36 (KHTML, like Gecko) Chrome/124.0.0.0 Safari/537.36"
217.181.92.229 - - [03/Jun/2026:19:59:18 +0200] "POST /wp-login.php?wp_lang=en_US HTTP/2.0" 200 4004 "https://elettroservicegroup.it/wp-login.php?wp_lang=en_US" "Mozilla/5.0 (Windows NT 10.0; Win64; x64) AppleWebKit/537.36 (KHTML, like Gecko) Chrome/124.0.0.0 Safari/537.36"
209.50.180.88 - - [03/Jun/2026:19:59:19 +0200] "GET /wp-login.php?wp_lang=en_US HTTP/2.0" 200 3887 "-" "Mozilla/5.0 (Macintosh; Intel Mac OS X 10_15_7) AppleWebKit/605.1.15 (KHTML, like Gecko) Version/18.0 Safari/605.1.15"
209.50.180.88 - - [03/Jun/2026:19:59:19 +0200] "POST /wp-login.php?wp_lang=en_US HTTP/2.0" 200 4004 "https://elettroservicegroup.it/wp-login.php?wp_lang=en_US" "Mozilla/5.0 (Macintosh; Intel Mac OS X 10_15_7) AppleWebKit/605.1.15 (KHTML, like Gecko) Version/18.0 Safari/605.1.15"
209.50.173.251 - - [03/Jun/2026:19:59:21 +0200] "GET /wp-login.php?wp_lang=en_US HTTP/2.0" 200 11882 "-" "Mozilla/5.0 (Windows NT 10.0; Win64; x64) AppleWebKit/537.36 (KHTML, like Gecko) Chrome/124.0.0.0 Safari/537.36"
104.207.63.60 - - [03/Jun/2026:19:59:22 +0200] "GET /wp-login.php?wp_lang=en_US HTTP/2.0" 200 3887 "-" "Mozilla/5.0 (Windows NT 10.0; Win64; x64) AppleWebKit/537.36 (KHTML, like Gecko) Chrome/124.0.0.0 Safari/537.36"
104.207.63.60 - - [03/Jun/2026:19:59:22 +0200] "POST /wp-login.php?wp_lang=en_US HTTP/2.0" 200 4004 "https://elettroservicegroup.it/wp-login.php?wp_lang=en_US" "Mozilla/5.0 (Windows NT 10.0; Win64; x64) AppleWebKit/537.36 (KHTML, like Gecko) Chrome/124.0.0.0 Safari/537.36"
216.26.233.144 - - [03/Jun/2026:19:59:24 +0200] "GET /wp-login.php?wp_lang=en_US HTTP/2.0" 200 3887 "-" "Mozilla/5.0 (Windows NT 10.0; Win64; x64) AppleWebKit/537.36 (KHTML, like Gecko) Chrome/124.0.0.0 Safari/537.36"
216.26.233.144 - - [03/Jun/2026:19:59:25 +0200] "POST /wp-login.php?wp_lang=en_US HTTP/2.0" 200 4004 "https://elettroservicegroup.it/wp-login.php?wp_lang=en_US" "Mozilla/5.0 (Windows NT 10.0; Win64; x64) AppleWebKit/537.36 (KHTML, like Gecko) Chrome/124.0.0.0 Safari/537.36"
209.50.181.194 - - [03/Jun/2026:19:59:26 +0200] "GET /wp-login.php?wp_lang=en_US HTTP/2.0" 200 3887 "-" "Mozilla/5.0 (Windows NT 10.0; Win64; x64) AppleWebKit/537.36 (KHTML, like Gecko) Chrome/124.0.0.0 Safari/537.36"
209.50.181.194 - - [03/Jun/2026:19:59:27 +0200] "POST /wp-login.php?wp_lang=en_US HTTP/2.0" 200 4004 "https://elettroservicegroup.it/wp-login.php?wp_lang=en_US" "Mozilla/5.0 (Windows NT 10.0; Win64; x64) AppleWebKit/537.36 (KHTML, like Gecko) Chrome/124.0.0.0 Safari/537.36"
217.181.90.155 - - [03/Jun/2026:19:59:28 +0200] "GET /wp-login.php?wp_lang=en_US HTTP/2.0" 200 3887 "-" "Mozilla/5.0 (Windows NT 10.0; Win64; x64) AppleWebKit/537.36 (KHTML, like Gecko) Chrome/124.0.0.0 Safari/537.36"
217.181.90.155 - - [03/Jun/2026:19:59:28 +0200] "POST /wp-login.php?wp_lang=en_US HTTP/2.0" 200 4004 "https://elettroservicegroup.it/wp-login.php?wp_lang=en_US" "Mozilla/5.0 (Windows NT 10.0; Win64; x64) AppleWebKit/537.36 (KHTML, like Gecko) Chrome/124.0.0.0 Safari/537.36"
45.3.36.251 - - [03/Jun/2026:19:59:30 +0200] "GET /wp-login.php?wp_lang=en_US HTTP/2.0" 200 11827 "-" "Mozilla/5.0 (Windows NT 10.0; Win64; x64) AppleWebKit/537.36 (KHTML, like Gecko) Chrome/124.0.0.0 Safari/537.36"
216.26.233.251 - - [03/Jun/2026:19:59:31 +0200] "GET /wp-login.php?wp_lang=en_US HTTP/2.0" 200 3887 "-" "Mozilla/5.0 (Windows NT 10.0; Win64; x64; rv:133.0) Gecko/20100101 Firefox/133.0"
216.26.233.251 - - [03/Jun/2026:19:59:32 +0200] "POST /wp-login.php?wp_lang=en_US HTTP/2.0" 200 4004 "https://elettroservicegroup.it/wp-login.php?wp_lang=en_US" "Mozilla/5.0 (Windows NT 10.0; Win64; x64; rv:133.0) Gecko/20100101 Firefox/133.0"
216.26.247.199 - - [03/Jun/2026:19:59:33 +0200] "GET /wp-login.php?wp_lang=en_US HTTP/2.0" 200 11846 "-" "Mozilla/5.0 (Windows NT 10.0; Win64; x64; rv:133.0) Gecko/20100101 Firefox/133.0"
209.50.182.79 - - [03/Jun/2026:19:59:34 +0200] "GET /wp-login.php?wp_lang=en_US HTTP/2.0" 200 3887 "-" "Mozilla/5.0 (Windows NT 10.0; Win64; x64; rv:133.0) Gecko/20100101 Firefox/133.0"
209.50.182.79 - - [03/Jun/2026:19:59:34 +0200] "POST /wp-login.php?wp_lang=en_US HTTP/2.0" 200 4004 "https://elettroservicegroup.it/wp-login.php?wp_lang=en_US" "Mozilla/5.0 (Windows NT 10.0; Win64; x64; rv:133.0) Gecko/20100101 Firefox/133.0"
65.111.4.88 - - [03/Jun/2026:19:59:37 +0200] "GET /wp-login.php?wp_lang=en_US HTTP/2.0" 200 3887 "-" "Mozilla/5.0 (Windows NT 10.0; Win64; x64) AppleWebKit/537.36 (KHTML, like Gecko) Chrome/124.0.0.0 Safari/537.36"
65.111.4.88 - - [03/Jun/2026:19:59:38 +0200] "POST /wp-login.php?wp_lang=en_US HTTP/2.0" 200 4004 "https://elettroservicegroup.it/wp-login.php?wp_lang=en_US" "Mozilla/5.0 (Windows NT 10.0; Win64; x64) AppleWebKit/537.36 (KHTML, like Gecko) Chrome/124.0.0.0 Safari/537.36"
104.207.53.94 - - [03/Jun/2026:19:59:39 +0200] "GET /wp-login.php?wp_lang=en_US HTTP/2.0" 200 3887 "-" "Mozilla/5.0 (Windows NT 10.0; Win64; x64; rv:133.0) Gecko/20100101 Firefox/133.0"
104.207.53.94 - - [03/Jun/2026:19:59:39 +0200] "POST /wp-login.php?wp_lang=en_US HTTP/2.0" 200 4004 "https://elettroservicegroup.it/wp-login.php?wp_lang=en_US" "Mozilla/5.0 (Windows NT 10.0; Win64; x64; rv:133.0) Gecko/20100101 Firefox/133.0"
216.26.239.115 - - [03/Jun/2026:19:59:41 +0200] "GET /wp-login.php?wp_lang=en_US HTTP/2.0" 200 11736 "-" "Mozilla/5.0 (Windows NT 10.0; Win64; x64; rv:133.0) Gecko/20100101 Firefox/133.0"
209.50.180.210 - - [03/Jun/2026:19:59:42 +0200] "GET /wp-login.php?wp_lang=en_US HTTP/2.0" 200 3887 "-" "Mozilla/5.0 (Windows NT 10.0; Win64; x64) AppleWebKit/537.36 (KHTML, like Gecko) Chrome/124.0.0.0 Safari/537.36"
209.50.180.210 - - [03/Jun/2026:19:59:42 +0200] "POST /wp-login.php?wp_lang=en_US HTTP/2.0" 200 4004 "https://elettroservicegroup.it/wp-login.php?wp_lang=en_US" "Mozilla/5.0 (Windows NT 10.0; Win64; x64) AppleWebKit/537.36 (KHTML, like Gecko) Chrome/124.0.0.0 Safari/537.36"
20.191.45.212 - - [03/Jun/2026:20:05:11 +0200] "GET / HTTP/1.1" 200 23104 "http://elettroservicegroup.it" "DuckDuckBot/1.1; (+http://duckduckgo.com/duckduckbot.html)"
20.191.45.212 - - [03/Jun/2026:20:05:11 +0200] "GET /wp-content/uploads/2021/10/cropped-cropped-cropped-cropped-logo_white_background-32x32.png HTTP/1.1" 200 1525 "-" "DuckDuckBot/1.1; (+http://duckduckgo.com/duckduckbot.html)"
65.108.235.243 - - [03/Jun/2026:20:09:19 +0200] "POST /wp-cron.php?doing_wp_cron=1780510159.7217190265655517578125 HTTP/1.1" 200 1 "-" "WordPress/7.0; https://elettroservicegroup.it"
40.77.167.45 - - [03/Jun/2026:20:09:17 +0200] "GET /wp-sitemap-users-1.xml HTTP/2.0" 404 17497 "-" "Mozilla/5.0 AppleWebKit/537.36 (KHTML, like Gecko; compatible; bingbot/2.0; +http://www.bing.com/bingbot.htm) Chrome/116.0.1938.76 Safari/537.36"
65.108.235.243 - - [03/Jun/2026:20:17:05 +0200] "POST /wp-cron.php?doing_wp_cron=1780510625.0513679981231689453125 HTTP/1.1" 200 1 "-" "WordPress/7.0; https://elettroservicegroup.it"
66.249.64.97 - - [03/Jun/2026:20:17:03 +0200] "GET /robots.txt HTTP/1.1" 200 99 "-" "Mozilla/5.0 (compatible; Googlebot/2.1; +http://www.google.com/bot.html)"
66.249.64.97 - - [03/Jun/2026:20:17:05 +0200] "GET /chi-siamo/ HTTP/1.1" 200 22215 "-" "Mozilla/5.0 (Linux; Android 6.0.1; Nexus 5X Build/MMB29P) AppleWebKit/537.36 (KHTML, like Gecko) Chrome/148.0.7778.96 Mobile Safari/537.36 (compatible; Googlebot/2.1; +http://www.google.com/bot.html)"
65.108.235.243 - - [03/Jun/2026:20:20:41 +0200] "POST /wp-cron.php?doing_wp_cron=1780510841.0412819385528564453125 HTTP/1.1" 200 1 "-" "WordPress/7.0; https://elettroservicegroup.it"
40.77.167.151 - - [03/Jun/2026:20:20:39 +0200] "GET /wp-sitemap-posts-post-1.xml HTTP/2.0" 404 17499 "-" "Mozilla/5.0 AppleWebKit/537.36 (KHTML, like Gecko; compatible; bingbot/2.0; +http://www.bing.com/bingbot.htm) Chrome/116.0.1938.76 Safari/537.36"
65.108.235.243 - - [03/Jun/2026:20:23:18 +0200] "POST /wp-cron.php?doing_wp_cron=1780510998.6888020038604736328125 HTTP/1.1" 200 1 "-" "WordPress/7.0; https://elettroservicegroup.it"
168.194.106.131 - - [03/Jun/2026:20:23:16 +0200] "POST /wp-login.php HTTP/1.1" 200 16908 "-" "Mozilla/5.0 (Windows NT 10.0; Win64; x64) AppleWebKit/537.36 (KHTML, like Gecko) Chrome/124.0 Safari/537.36"
159.146.43.217 - - [03/Jun/2026:20:52:44 +0200] "POST /wp-login.php HTTP/1.1" 200 11824 "https://elettroservicegroup.it/wp-admin/" "Mozilla/5.0 (Windows NT 10.0; Win64; x64) AppleWebKit/537.36"
159.146.43.217 - - [03/Jun/2026:20:52:45 +0200] "GET /wp-admin/ HTTP/1.1" 200 11813 "www.google.com" "Mozilla/5.0 (Windows NT 10.0; Win64; x64) AppleWebKit/537.36"
65.108.235.243 - - [03/Jun/2026:21:14:52 +0200] "POST /wp-cron.php?doing_wp_cron=1780514092.9874510765075683593750 HTTP/1.1" 200 1 "-" "WordPress/7.0; https://elettroservicegroup.it"
66.249.64.97 - - [03/Jun/2026:21:14:51 +0200] "GET /sitemap1.xml HTTP/1.1" 302 1 "-" "Mozilla/5.0 (compatible; Googlebot/2.1; +http://www.google.com/bot.html)"
66.249.64.97 - - [03/Jun/2026:21:14:53 +0200] "GET /sitemap.xml HTTP/1.1" 200 311 "-" "Mozilla/5.0 (compatible; Googlebot/2.1; +http://www.google.com/bot.html)"
65.108.235.243 - - [03/Jun/2026:21:40:42 +0200] "POST /wp-cron.php?doing_wp_cron=1780515642.2399230003356933593750 HTTP/1.1" 200 1 "-" "WordPress/7.0; https://elettroservicegroup.it"
45.3.54.252 - - [03/Jun/2026:21:40:40 +0200] "GET /wp-login.php HTTP/1.1" 200 16497 "https://elettroservicegroup.it/wp-login.php" "Mozilla/5.0 (Windows NT 6.2; WOW64) AppleWebKit/537.36 (KHTML, like Gecko) Chrome/33.0.1750.117 Safari/537.36 OPR/20.0.1387.64"
45.3.54.252 - - [03/Jun/2026:21:40:44 +0200] "POST /wp-login.php HTTP/1.1" 200 16916 "https://elettroservicegroup.it/wp-login.php" "Mozilla/5.0 (Windows NT 6.2; WOW64) AppleWebKit/537.36 (KHTML, like Gecko) Chrome/33.0.1750.117 Safari/537.36 OPR/20.0.1387.64"
65.108.235.243 - - [03/Jun/2026:21:42:24 +0200] "POST /wp-cron.php?doing_wp_cron=1780515744.0955209732055664062500 HTTP/1.1" 200 1 "-" "WordPress/7.0; https://elettroservicegroup.it"
172.203.190.141 - - [03/Jun/2026:21:42:22 +0200] "GET /robots.txt HTTP/2.0" 200 99 "-" "Mozilla/5.0 (Macintosh; Intel Mac OS X 10_15_7) AppleWebKit/537.36 (KHTML, like Gecko) Chrome/131.0.0.0 Safari/537.36; compatible; OAI-SearchBot/1.0; +https://openai.com/searchbot"
65.108.235.243 - - [03/Jun/2026:22:15:09 +0200] "POST /wp-cron.php?doing_wp_cron=1780517709.8187129497528076171875 HTTP/1.1" 200 1 "-" "WordPress/7.0; https://elettroservicegroup.it"
104.210.140.128 - - [03/Jun/2026:22:15:08 +0200] "GET /robots.txt HTTP/2.0" 200 99 "-" "Mozilla/5.0 (Macintosh; Intel Mac OS X 10_15_7) AppleWebKit/537.36 (KHTML, like Gecko) Chrome/131.0.0.0 Safari/537.36; compatible; OAI-SearchBot/1.0; +https://openai.com/searchbot"
65.108.235.243 - - [03/Jun/2026:22:41:16 +0200] "POST /wp-cron.php?doing_wp_cron=1780519276.0362179279327392578125 HTTP/1.1" 200 1 "-" "WordPress/7.0; https://elettroservicegroup.it"
66.249.64.96 - - [03/Jun/2026:22:41:14 +0200] "GET /2026/05/31/baccarat-dal-vivo-puntata-minima-100-euro/ HTTP/1.1" 404 17486 "-" "Mozilla/5.0 (Linux; Android 6.0.1; Nexus 5X Build/MMB29P) AppleWebKit/537.36 (KHTML, like Gecko) Chrome/148.0.7778.96 Mobile Safari/537.36 (compatible; Googlebot/2.1; +http://www.google.com/bot.html)"
65.108.235.243 - - [03/Jun/2026:22:50:54 +0200] "POST /wp-cron.php?doing_wp_cron=1780519854.4498488903045654296875 HTTP/1.1" 200 1 "-" "WordPress/7.0; https://elettroservicegroup.it"
172.174.221.225 - - [03/Jun/2026:22:50:52 +0200] "POST /wp/xmlrpc.php HTTP/1.1" 404 82615 "-" "Mozilla/5.0 (Windows NT 10.0; Win64; x64) AppleWebKit/537.36 (KHTML, like Gecko) Chrome/124.0.0.0 Safari/537.36"
65.108.235.243 - - [03/Jun/2026:23:04:41 +0200] "POST /wp-cron.php?doing_wp_cron=1780520681.8079121112823486328125 HTTP/1.1" 200 1 "-" "WordPress/7.0; https://elettroservicegroup.it"
66.249.64.97 - - [03/Jun/2026:23:04:39 +0200] "GET /?p=15801 HTTP/1.1" 404 17455 "-" "Mozilla/5.0 (Linux; Android 6.0.1; Nexus 5X Build/MMB29P) AppleWebKit/537.36 (KHTML, like Gecko) Chrome/148.0.7778.96 Mobile Safari/537.36 (compatible; Googlebot/2.1; +http://www.google.com/bot.html)"
34.174.4.218 - - [03/Jun/2026:23:13:27 +0200] "HEAD / HTTP/2.0" 200 - "http://elettroservicegroup.it/" "Mozilla/5.0 (iPhone; CPU iPhone OS 17_5 like Mac OS X) AppleWebKit/605.1.15 (KHTML, like Gecko) Version/17.5 Mobile/15E148 Safari/604.1"
65.108.235.243 - - [03/Jun/2026:23:33:22 +0200] "POST /wp-cron.php?doing_wp_cron=1780522402.6882779598236083984375 HTTP/1.1" 200 1 "-" "WordPress/7.0; https://elettroservicegroup.it"
93.35.177.253 - - [03/Jun/2026:23:33:21 +0200] "GET /wp-json/complianz/v1/banner?lang=it&locale=it_IT&token=dnrpo HTTP/2.0" 200 83 "https://elettroservicegroup.it/" "Mozilla/5.0 (Linux; Android 10; K) AppleWebKit/537.36 (KHTML, like Gecko) SamsungBrowser/30.0 Chrome/143.0.0.0 Mobile Safari/537.36"
93.35.177.253 - - [03/Jun/2026:23:33:22 +0200] "GET /wp-json/complianz/v1/cookie_data HTTP/2.0" 200 97 "https://elettroservicegroup.it/" "Mozilla/5.0 (Linux; Android 10; K) AppleWebKit/537.36 (KHTML, like Gecko) SamsungBrowser/30.0 Chrome/143.0.0.0 Mobile Safari/537.36"
65.108.235.243 - - [03/Jun/2026:23:34:35 +0200] "POST /wp-cron.php?doing_wp_cron=1780522475.4768021106719970703125 HTTP/1.1" 200 1 "-" "WordPress/7.0; https://elettroservicegroup.it"
114.119.132.122 - - [03/Jun/2026:23:34:33 +0200] "GET /robots.txt HTTP/1.1" 200 126 "-" "Mozilla/5.0 (compatible;PetalBot;+https://webmaster.petalsearch.com/site/petalbot)"
65.108.235.243 - - [04/Jun/2026:00:15:46 +0200] "POST /wp-cron.php?doing_wp_cron=1780524946.8973250389099121093750 HTTP/1.1" 200 1 "-" "WordPress/7.0; https://elettroservicegroup.it"
114.119.148.161 - - [04/Jun/2026:00:15:45 +0200] "GET /cookie-policy-ue HTTP/1.1" 301 1 "https://elettroservicegroup.it/termini-e-condizioni" "Mozilla/5.0 (Linux; Android 7.0;) AppleWebKit/537.36 (HTML, like Gecko) Mobile Safari/537.36 (compatible; PetalBot;+https://webmaster.petalsearch.com/site/petalbot)"
114.119.148.161 - - [04/Jun/2026:00:15:47 +0200] "GET /cookie-policy-ue/ HTTP/1.1" 200 20597 "https://elettroservicegroup.it/termini-e-condizioni" "Mozilla/5.0 (Linux; Android 7.0;) AppleWebKit/537.36 (HTML, like Gecko) Mobile Safari/537.36 (compatible; PetalBot;+https://webmaster.petalsearch.com/site/petalbot)"
65.108.235.243 - - [04/Jun/2026:00:46:53 +0200] "POST /wp-cron.php?doing_wp_cron=1780526813.2913379669189453125000 HTTP/1.1" 200 1 "-" "WordPress/7.0; https://elettroservicegroup.it"
216.73.217.169 - - [04/Jun/2026:00:46:51 +0200] "GET /robots.txt HTTP/2.0" 200 99 "-" "Mozilla/5.0 AppleWebKit/537.36 (KHTML, like Gecko; compatible; ClaudeBot/1.0; +claudebot@anthropic.com)"
216.73.217.169 - - [04/Jun/2026:00:46:53 +0200] "GET /sitemap.xml HTTP/2.0" 200 311 "-" "Mozilla/5.0 AppleWebKit/537.36 (KHTML, like Gecko; compatible; ClaudeBot/1.0; +claudebot@anthropic.com)"
65.108.235.243 - - [04/Jun/2026:00:47:33 +0200] "POST /wp-cron.php?doing_wp_cron=1780526853.7807419300079345703125 HTTP/1.1" 200 1 "-" "WordPress/7.0; https://elettroservicegroup.it"
216.73.217.169 - - [04/Jun/2026:00:47:32 +0200] "GET /sitemap.rss HTTP/2.0" 200 724 "-" "Mozilla/5.0 AppleWebKit/537.36 (KHTML, like Gecko; compatible; ClaudeBot/1.0; +claudebot@anthropic.com)"
54.164.52.35 - - [04/Jun/2026:00:52:38 +0200] "GET / HTTP/2.0" 200 21194 "-" "Mozilla/5.0 (Macintosh; Intel Mac OS X 10_15_4) AppleWebKit/537.36 (KHTML, like Gecko) Chrome/83.0.4103.97 Safari/537.36"
65.108.235.243 - - [04/Jun/2026:00:52:40 +0200] "POST /wp-cron.php?doing_wp_cron=1780527160.0733840465545654296875 HTTP/1.1" 200 1 "-" "WordPress/7.0; https://elettroservicegroup.it"
54.164.52.35 - - [04/Jun/2026:00:52:38 +0200] "GET /robots.txt HTTP/1.1" 200 177 "-" "Mozilla/5.0 (Macintosh; Intel Mac OS X 10_15_4) AppleWebKit/537.36 (KHTML, like Gecko) Chrome/83.0.4103.97 Safari/537.36"
54.164.52.35 - - [04/Jun/2026:00:52:40 +0200] "GET /wp-content/cache/wpfc-minified/kdwvm73z/84jtm.js HTTP/2.0" 200 32843 "https://elettroservicegroup.it/" "Mozilla/5.0 (Macintosh; Intel Mac OS X 10_15_4) AppleWebKit/537.36 (KHTML, like Gecko) Chrome/83.0.4103.97 Safari/537.36"
54.164.52.35 - - [04/Jun/2026:00:52:40 +0200] "GET /wp-content/cache/wpfc-minified/965h9meg/84jtm.js HTTP/2.0" 200 8743 "https://elettroservicegroup.it/" "Mozilla/5.0 (Macintosh; Intel Mac OS X 10_15_4) AppleWebKit/537.36 (KHTML, like Gecko) Chrome/83.0.4103.97 Safari/537.36"
54.164.52.35 - - [04/Jun/2026:00:52:40 +0200] "GET /wp-content/plugins/gp-premium/menu-plus/functions/js/sticky.min.js?ver=2.5.5 HTTP/2.0" 200 2670 "https://elettroservicegroup.it/" "Mozilla/5.0 (Macintosh; Intel Mac OS X 10_15_4) AppleWebKit/537.36 (KHTML, like Gecko) Chrome/83.0.4103.97 Safari/537.36"
54.164.52.35 - - [04/Jun/2026:00:52:40 +0200] "GET /wp-content/plugins/elementor/assets/js/webpack.runtime.min.js?ver=4.1.1 HTTP/2.0" 200 2340 "https://elettroservicegroup.it/" "Mozilla/5.0 (Macintosh; Intel Mac OS X 10_15_4) AppleWebKit/537.36 (KHTML, like Gecko) Chrome/83.0.4103.97 Safari/537.36"
54.164.52.35 - - [04/Jun/2026:00:52:41 +0200] "GET /wp-content/plugins/elementor/assets/js/frontend-modules.min.js?ver=4.1.1 HTTP/2.0" 200 15454 "https://elettroservicegroup.it/" "Mozilla/5.0 (Macintosh; Intel Mac OS X 10_15_4) AppleWebKit/537.36 (KHTML, like Gecko) Chrome/83.0.4103.97 Safari/537.36"
54.164.52.35 - - [04/Jun/2026:00:52:41 +0200] "GET /wp-includes/js/jquery/ui/core.min.js?ver=1.13.3 HTTP/2.0" 200 6820 "https://elettroservicegroup.it/" "Mozilla/5.0 (Macintosh; Intel Mac OS X 10_15_4) AppleWebKit/537.36 (KHTML, like Gecko) Chrome/83.0.4103.97 Safari/537.36"
54.164.52.35 - - [04/Jun/2026:00:52:41 +0200] "GET /wp-content/plugins/elementor/assets/js/frontend.min.js?ver=4.1.1 HTTP/2.0" 200 10140 "https://elettroservicegroup.it/" "Mozilla/5.0 (Macintosh; Intel Mac OS X 10_15_4) AppleWebKit/537.36 (KHTML, like Gecko) Chrome/83.0.4103.97 Safari/537.36"
54.164.52.35 - - [04/Jun/2026:00:52:41 +0200] "GET /wp-content/themes/generatepress/assets/js/back-to-top.min.js?ver=3.6.1 HTTP/2.0" 200 336 "https://elettroservicegroup.it/" "Mozilla/5.0 (Macintosh; Intel Mac OS X 10_15_4) AppleWebKit/537.36 (KHTML, like Gecko) Chrome/83.0.4103.97 Safari/537.36"
54.164.52.35 - - [04/Jun/2026:00:52:41 +0200] "GET /wp-content/themes/generatepress/assets/js/menu.min.js?ver=3.6.1 HTTP/2.0" 200 1688 "https://elettroservicegroup.it/" "Mozilla/5.0 (Macintosh; Intel Mac OS X 10_15_4) AppleWebKit/537.36 (KHTML, like Gecko) Chrome/83.0.4103.97 Safari/537.36"
54.164.52.35 - - [04/Jun/2026:00:52:42 +0200] "GET /wp-content/plugins/complianz-gdpr-premium/cookiebanner/js/complianz.min.js?ver=1780325960 HTTP/2.0" 200 10708 "https://elettroservicegroup.it/" "Mozilla/5.0 (Macintosh; Intel Mac OS X 10_15_4) AppleWebKit/537.36 (KHTML, like Gecko) Chrome/83.0.4103.97 Safari/537.36"
54.164.52.35 - - [04/Jun/2026:00:52:42 +0200] "GET /wp-content/plugins/elementor/assets/js/section-frontend-handlers.d85ab872da118940910d.bundle.min.js HTTP/2.0" 200 230 "https://elettroservicegroup.it/" "Mozilla/5.0 (Macintosh; Intel Mac OS X 10_15_4) AppleWebKit/537.36 (KHTML, like Gecko) Chrome/83.0.4103.97 Safari/537.36"
