13.221.122.241 - - [03/Jun/2026:23:57:49 +0200] "GET /test/phpinfo.php HTTP/1.1" 404 83977 "-" "Mozilla/5.0 (X11; Linux x86_64) AppleWebKit/537.36 (KHTML, like Gecko) Chrome/131.0.0.0 Safari/537.36"
13.221.122.241 - - [03/Jun/2026:23:57:50 +0200] "GET /dev/phpinfo.php HTTP/1.1" 301 - "-" "Mozilla/5.0 (X11; Linux x86_64) AppleWebKit/537.36 (KHTML, like Gecko) Chrome/131.0.0.0 Safari/537.36"
13.221.122.241 - - [03/Jun/2026:23:57:50 +0200] "GET /dev/phpinfo.php HTTP/1.1" 404 83971 "-" "Mozilla/5.0 (X11; Linux x86_64) AppleWebKit/537.36 (KHTML, like Gecko) Chrome/131.0.0.0 Safari/537.36"
13.221.122.241 - - [03/Jun/2026:23:57:51 +0200] "GET /old/phpinfo.php HTTP/1.1" 301 - "-" "Mozilla/5.0 (X11; Linux x86_64) AppleWebKit/537.36 (KHTML, like Gecko) Chrome/131.0.0.0 Safari/537.36"
13.221.122.241 - - [03/Jun/2026:23:57:52 +0200] "GET /old/phpinfo.php HTTP/1.1" 404 83971 "-" "Mozilla/5.0 (X11; Linux x86_64) AppleWebKit/537.36 (KHTML, like Gecko) Chrome/131.0.0.0 Safari/537.36"
13.221.122.241 - - [03/Jun/2026:23:57:52 +0200] "GET /tmp/phpinfo.php HTTP/1.1" 301 - "-" "Mozilla/5.0 (X11; Linux x86_64) AppleWebKit/537.36 (KHTML, like Gecko) Chrome/131.0.0.0 Safari/537.36"
13.221.122.241 - - [03/Jun/2026:23:57:53 +0200] "GET /tmp/phpinfo.php HTTP/1.1" 404 83971 "-" "Mozilla/5.0 (X11; Linux x86_64) AppleWebKit/537.36 (KHTML, like Gecko) Chrome/131.0.0.0 Safari/537.36"
13.221.122.241 - - [03/Jun/2026:23:57:54 +0200] "GET /public/phpinfo.php HTTP/1.1" 301 - "-" "Mozilla/5.0 (X11; Linux x86_64) AppleWebKit/537.36 (KHTML, like Gecko) Chrome/131.0.0.0 Safari/537.36"
13.221.122.241 - - [03/Jun/2026:23:57:54 +0200] "GET /public/phpinfo.php HTTP/1.1" 404 83989 "-" "Mozilla/5.0 (X11; Linux x86_64) AppleWebKit/537.36 (KHTML, like Gecko) Chrome/131.0.0.0 Safari/537.36"
13.221.122.241 - - [03/Jun/2026:23:57:55 +0200] "GET /info HTTP/1.1" 301 - "-" "Mozilla/5.0 (X11; Linux x86_64) AppleWebKit/537.36 (KHTML, like Gecko) Chrome/131.0.0.0 Safari/537.36"
13.221.122.241 - - [03/Jun/2026:23:57:55 +0200] "GET /informativa-privacy/ HTTP/1.1" 415 98619 "-" "Mozilla/5.0 (X11; Linux x86_64) AppleWebKit/537.36 (KHTML, like Gecko) Chrome/131.0.0.0 Safari/537.36"
13.221.122.241 - - [03/Jun/2026:23:57:56 +0200] "GET /php-info.php HTTP/1.1" 301 - "-" "Mozilla/5.0 (X11; Linux x86_64) AppleWebKit/537.36 (KHTML, like Gecko) Chrome/131.0.0.0 Safari/537.36"
13.221.122.241 - - [03/Jun/2026:23:57:56 +0200] "GET /php-info.php HTTP/1.1" 404 83947 "-" "Mozilla/5.0 (X11; Linux x86_64) AppleWebKit/537.36 (KHTML, like Gecko) Chrome/131.0.0.0 Safari/537.36"
13.221.122.241 - - [03/Jun/2026:23:57:57 +0200] "GET /phpversion.php HTTP/1.1" 301 - "-" "Mozilla/5.0 (X11; Linux x86_64) AppleWebKit/537.36 (KHTML, like Gecko) Chrome/131.0.0.0 Safari/537.36"
13.221.122.241 - - [03/Jun/2026:23:57:58 +0200] "GET /phpversion.php HTTP/1.1" 404 83959 "-" "Mozilla/5.0 (X11; Linux x86_64) AppleWebKit/537.36 (KHTML, like Gecko) Chrome/131.0.0.0 Safari/537.36"
13.221.122.241 - - [03/Jun/2026:23:57:58 +0200] "GET /_phpinfo.php HTTP/1.1" 301 - "-" "Mozilla/5.0 (X11; Linux x86_64) AppleWebKit/537.36 (KHTML, like Gecko) Chrome/131.0.0.0 Safari/537.36"
13.221.122.241 - - [03/Jun/2026:23:57:59 +0200] "GET /_phpinfo.php HTTP/1.1" 404 83947 "-" "Mozilla/5.0 (X11; Linux x86_64) AppleWebKit/537.36 (KHTML, like Gecko) Chrome/131.0.0.0 Safari/537.36"
13.221.122.241 - - [03/Jun/2026:23:58:00 +0200] "GET /old_phpinfo.php HTTP/1.1" 301 - "-" "Mozilla/5.0 (X11; Linux x86_64) AppleWebKit/537.36 (KHTML, like Gecko) Chrome/131.0.0.0 Safari/537.36"
13.221.122.241 - - [03/Jun/2026:23:58:00 +0200] "GET /old_phpinfo.php HTTP/1.1" 404 83965 "-" "Mozilla/5.0 (X11; Linux x86_64) AppleWebKit/537.36 (KHTML, like Gecko) Chrome/131.0.0.0 Safari/537.36"
13.221.122.241 - - [03/Jun/2026:23:58:01 +0200] "GET /server-info.php HTTP/1.1" 301 - "-" "Mozilla/5.0 (X11; Linux x86_64) AppleWebKit/537.36 (KHTML, like Gecko) Chrome/131.0.0.0 Safari/537.36"
65.108.235.243 - - [03/Jun/2026:23:58:02 +0200] "POST /wp-cron.php?doing_wp_cron=1780523882.1765739917755126953125 HTTP/1.1" 200 1 "-" "WordPress/7.0; https://piacenza.elettroservicegroup.it"
13.221.122.241 - - [03/Jun/2026:23:58:01 +0200] "GET /server-info.php HTTP/1.1" 404 83965 "-" "Mozilla/5.0 (X11; Linux x86_64) AppleWebKit/537.36 (KHTML, like Gecko) Chrome/131.0.0.0 Safari/537.36"
13.221.122.241 - - [03/Jun/2026:23:58:02 +0200] "GET /server-status.php HTTP/1.1" 301 - "-" "Mozilla/5.0 (X11; Linux x86_64) AppleWebKit/537.36 (KHTML, like Gecko) Chrome/131.0.0.0 Safari/537.36"
13.221.122.241 - - [03/Jun/2026:23:58:03 +0200] "GET /server-status.php HTTP/1.1" 404 83977 "-" "Mozilla/5.0 (X11; Linux x86_64) AppleWebKit/537.36 (KHTML, like Gecko) Chrome/131.0.0.0 Safari/537.36"
13.221.122.241 - - [03/Jun/2026:23:58:04 +0200] "GET /_profiler/phpinfo HTTP/1.1" 301 - "-" "Mozilla/5.0 (X11; Linux x86_64) AppleWebKit/537.36 (KHTML, like Gecko) Chrome/131.0.0.0 Safari/537.36"
13.221.122.241 - - [03/Jun/2026:23:58:04 +0200] "GET /_profiler/phpinfo HTTP/1.1" 404 83983 "-" "Mozilla/5.0 (X11; Linux x86_64) AppleWebKit/537.36 (KHTML, like Gecko) Chrome/131.0.0.0 Safari/537.36"
13.221.122.241 - - [03/Jun/2026:23:58:05 +0200] "GET /_environment HTTP/1.1" 301 - "-" "Mozilla/5.0 (X11; Linux x86_64) AppleWebKit/537.36 (KHTML, like Gecko) Chrome/131.0.0.0 Safari/537.36"
13.221.122.241 - - [03/Jun/2026:23:58:05 +0200] "GET /_environment HTTP/1.1" 404 83947 "-" "Mozilla/5.0 (X11; Linux x86_64) AppleWebKit/537.36 (KHTML, like Gecko) Chrome/131.0.0.0 Safari/537.36"
13.221.122.241 - - [03/Jun/2026:23:58:06 +0200] "GET /webroot/index.php/_environment HTTP/1.1" 301 - "-" "Mozilla/5.0 (X11; Linux x86_64) AppleWebKit/537.36 (KHTML, like Gecko) Chrome/131.0.0.0 Safari/537.36"
13.221.122.241 - - [03/Jun/2026:23:58:07 +0200] "GET /webroot/_environment HTTP/1.1" 404 84001 "-" "Mozilla/5.0 (X11; Linux x86_64) AppleWebKit/537.36 (KHTML, like Gecko) Chrome/131.0.0.0 Safari/537.36"
13.221.122.241 - - [03/Jun/2026:23:58:07 +0200] "GET /mail/phpinfo.php HTTP/1.1" 301 - "-" "Mozilla/5.0 (X11; Linux x86_64) AppleWebKit/537.36 (KHTML, like Gecko) Chrome/131.0.0.0 Safari/537.36"
13.221.122.241 - - [03/Jun/2026:23:58:08 +0200] "GET /mail/phpinfo.php HTTP/1.1" 404 83977 "-" "Mozilla/5.0 (X11; Linux x86_64) AppleWebKit/537.36 (KHTML, like Gecko) Chrome/131.0.0.0 Safari/537.36"
13.221.122.241 - - [03/Jun/2026:23:58:08 +0200] "GET /cpanel/phpinfo.php HTTP/1.1" 301 - "-" "Mozilla/5.0 (X11; Linux x86_64) AppleWebKit/537.36 (KHTML, like Gecko) Chrome/131.0.0.0 Safari/537.36"
13.221.122.241 - - [03/Jun/2026:23:58:09 +0200] "GET /cpanel/phpinfo.php HTTP/1.1" 404 83989 "-" "Mozilla/5.0 (X11; Linux x86_64) AppleWebKit/537.36 (KHTML, like Gecko) Chrome/131.0.0.0 Safari/537.36"
13.221.122.241 - - [03/Jun/2026:23:58:10 +0200] "GET /hosting/phpinfo.php HTTP/1.1" 301 - "-" "Mozilla/5.0 (X11; Linux x86_64) AppleWebKit/537.36 (KHTML, like Gecko) Chrome/131.0.0.0 Safari/537.36"
13.221.122.241 - - [03/Jun/2026:23:58:10 +0200] "GET /hosting/phpinfo.php HTTP/1.1" 404 83995 "-" "Mozilla/5.0 (X11; Linux x86_64) AppleWebKit/537.36 (KHTML, like Gecko) Chrome/131.0.0.0 Safari/537.36"
13.221.122.241 - - [03/Jun/2026:23:58:11 +0200] "GET /webmail/phpinfo.php HTTP/1.1" 301 - "-" "Mozilla/5.0 (X11; Linux x86_64) AppleWebKit/537.36 (KHTML, like Gecko) Chrome/131.0.0.0 Safari/537.36"
13.221.122.241 - - [03/Jun/2026:23:58:11 +0200] "GET /webmail/phpinfo.php HTTP/1.1" 404 83995 "-" "Mozilla/5.0 (X11; Linux x86_64) AppleWebKit/537.36 (KHTML, like Gecko) Chrome/131.0.0.0 Safari/537.36"
13.221.122.241 - - [03/Jun/2026:23:58:12 +0200] "GET /smtp/phpinfo.php HTTP/1.1" 301 - "-" "Mozilla/5.0 (X11; Linux x86_64) AppleWebKit/537.36 (KHTML, like Gecko) Chrome/131.0.0.0 Safari/537.36"
13.221.122.241 - - [03/Jun/2026:23:58:13 +0200] "GET /smtp/phpinfo.php HTTP/1.1" 404 83977 "-" "Mozilla/5.0 (X11; Linux x86_64) AppleWebKit/537.36 (KHTML, like Gecko) Chrome/131.0.0.0 Safari/537.36"
65.108.235.243 - - [04/Jun/2026:00:22:30 +0200] "POST /wp-cron.php?doing_wp_cron=1780525350.8446249961853027343750 HTTP/1.1" 200 1 "-" "WordPress/7.0; https://piacenza.elettroservicegroup.it"
216.81.248.121 - - [04/Jun/2026:00:22:29 +0200] "GET /.git/HEAD HTTP/1.1" 404 83911 "-" "Mozilla/5.0 (Linux; Android 9; Redmi Note 7) AppleWebKit/537.36 (KHTML, like Gecko) Chrome/75.0.3770.89 Mobile Safari/537.36"
65.108.235.243 - - [04/Jun/2026:00:22:31 +0200] "GET /cookie-policy/ HTTP/1.1" 200 17908 "-" "WP Fastest Cache Preload Bot"
65.108.235.243 - - [04/Jun/2026:00:22:31 +0200] "GET /termini-e-condizioni/ HTTP/1.1" 200 17462 "-" "WP Fastest Cache Preload Bot"
65.108.235.243 - - [04/Jun/2026:00:22:31 +0200] "GET /cookie-policy-ue/ HTTP/1.1" 200 19419 "-" "WP Fastest Cache Preload Bot"
65.108.235.243 - - [04/Jun/2026:00:22:32 +0200] "GET /informativa-privacy/ HTTP/1.1" 200 19707 "-" "WP Fastest Cache Preload Bot"
65.108.235.243 - - [04/Jun/2026:00:28:43 +0200] "POST /wp-cron.php?doing_wp_cron=1780525723.5107920169830322265625 HTTP/1.1" 200 1 "-" "WordPress/7.0; https://piacenza.elettroservicegroup.it"
216.73.217.169 - - [04/Jun/2026:00:28:42 +0200] "GET /robots.txt HTTP/2.0" 200 108 "-" "Mozilla/5.0 AppleWebKit/537.36 (KHTML, like Gecko; compatible; ClaudeBot/1.0; +claudebot@anthropic.com)"
216.73.217.169 - - [04/Jun/2026:00:28:43 +0200] "GET /sitemap.rss HTTP/2.0" 200 1299 "-" "Mozilla/5.0 AppleWebKit/537.36 (KHTML, like Gecko; compatible; ClaudeBot/1.0; +claudebot@anthropic.com)"
65.108.235.243 - - [04/Jun/2026:00:28:43 +0200] "GET /assistenza-frigoriferi/ HTTP/1.1" 200 19775 "-" "WP Fastest Cache Preload Bot"
65.108.235.243 - - [04/Jun/2026:00:28:44 +0200] "GET /assistenza-lavastoviglie/ HTTP/1.1" 200 19832 "-" "WP Fastest Cache Preload Bot"
65.108.235.243 - - [04/Jun/2026:00:28:44 +0200] "GET /assistenza-asciugatrici/ HTTP/1.1" 200 19585 "-" "WP Fastest Cache Preload Bot"
65.108.235.243 - - [04/Jun/2026:00:28:44 +0200] "GET /assistenza-lavatrici/ HTTP/1.1" 200 19330 "-" "WP Fastest Cache Preload Bot"
65.108.235.243 - - [04/Jun/2026:00:57:56 +0200] "POST /wp-cron.php?doing_wp_cron=1780527476.4673271179199218750000 HTTP/1.1" 200 1 "-" "WordPress/7.0; https://piacenza.elettroservicegroup.it"
114.119.130.67 - - [04/Jun/2026:00:57:55 +0200] "GET /elettro7-5-768x307 HTTP/1.1" 301 1 "https://piacenza.elettroservicegroup.it/elettro7-5-768x307" "Mozilla/5.0 (Linux; Android 7.0;) AppleWebKit/537.36 (HTML, like Gecko) Mobile Safari/537.36 (compatible; PetalBot;+https://webmaster.petalsearch.com/site/petalbot)"
65.108.235.243 - - [04/Jun/2026:00:57:56 +0200] "GET / HTTP/1.1" 200 21703 "-" "WP Fastest Cache Preload Bot"
114.119.130.67 - - [04/Jun/2026:00:57:57 +0200] "GET /elettro7-5-768x307/ HTTP/1.1" 200 17087 "https://piacenza.elettroservicegroup.it/elettro7-5-768x307" "Mozilla/5.0 (Linux; Android 7.0;) AppleWebKit/537.36 (HTML, like Gecko) Mobile Safari/537.36 (compatible; PetalBot;+https://webmaster.petalsearch.com/site/petalbot)"
65.108.235.243 - - [04/Jun/2026:00:59:18 +0200] "POST /wp-cron.php?doing_wp_cron=1780527558.5286951065063476562500 HTTP/1.1" 200 1 "-" "WordPress/7.0; https://piacenza.elettroservicegroup.it"
114.119.130.67 - - [04/Jun/2026:00:59:16 +0200] "GET /assistenza-lavatrici-aeg-castelvetro-piacentino/ HTTP/1.1" 404 16163 "https://piacenza.elettroservicegroup.it/assistenza-lavatrici-aeg-castelvetro-piacentino" "Mozilla/5.0 (Linux; Android 7.0;) AppleWebKit/537.36 (HTML, like Gecko) Mobile Safari/537.36 (compatible; PetalBot;+https://webmaster.petalsearch.com/site/petalbot)"
65.108.235.243 - - [04/Jun/2026:01:22:26 +0200] "POST /wp-cron.php?doing_wp_cron=1780528946.1136560440063476562500 HTTP/1.1" 200 1 "-" "WordPress/7.0; https://piacenza.elettroservicegroup.it"
114.119.130.67 - - [04/Jun/2026:01:22:24 +0200] "GET /repairman-refrigerator-repairing-examining-installing-2/ HTTP/1.1" 200 17167 "https://piacenza.elettroservicegroup.it/repairman-refrigerator-repairing-examining-installing-2" "Mozilla/5.0 (Linux; Android 7.0;) AppleWebKit/537.36 (HTML, like Gecko) Mobile Safari/537.36 (compatible; PetalBot;+https://webmaster.petalsearch.com/site/petalbot)"
65.108.235.243 - - [04/Jun/2026:01:23:50 +0200] "POST /wp-cron.php?doing_wp_cron=1780529030.1402969360351562500000 HTTP/1.1" 200 1 "-" "WordPress/7.0; https://piacenza.elettroservicegroup.it"
114.119.137.153 - - [04/Jun/2026:01:23:48 +0200] "GET /?attachment_id=16060 HTTP/1.1" 200 17138 "https://piacenza.elettroservicegroup.it/?attachment_id=16060" "Mozilla/5.0 (Linux; Android 7.0;) AppleWebKit/537.36 (HTML, like Gecko) Mobile Safari/537.36 (compatible; PetalBot;+https://webmaster.petalsearch.com/site/petalbot)"
65.108.235.243 - - [04/Jun/2026:01:48:11 +0200] "POST /wp-cron.php?doing_wp_cron=1780530491.0620269775390625000000 HTTP/1.1" 200 1 "-" "WordPress/7.0; https://piacenza.elettroservicegroup.it"
114.119.154.115 - - [04/Jun/2026:01:48:09 +0200] "GET /handymen-repairing-clients-home-appliance/ HTTP/1.1" 200 17248 "https://piacenza.elettroservicegroup.it/handymen-repairing-clients-home-appliance/" "Mozilla/5.0 (Linux; Android 7.0;) AppleWebKit/537.36 (HTML, like Gecko) Mobile Safari/537.36 (compatible; PetalBot;+https://webmaster.petalsearch.com/site/petalbot)"
65.108.235.243 - - [04/Jun/2026:01:48:11 +0200] "GET /imprint/ HTTP/1.1" 200 17088 "-" "WP Fastest Cache Preload Bot"
65.108.235.243 - - [04/Jun/2026:01:48:11 +0200] "GET /dichiarazione-sulla-privacy-ue/ HTTP/1.1" 200 19584 "-" "WP Fastest Cache Preload Bot"
65.108.235.243 - - [04/Jun/2026:01:48:12 +0200] "GET /assistenza-whirlpool-piacenza/ HTTP/1.1" 200 21743 "-" "WP Fastest Cache Preload Bot"
65.108.235.243 - - [04/Jun/2026:01:48:12 +0200] "GET /assistenza-smeg-piacenza/ HTTP/1.1" 200 21688 "-" "WP Fastest Cache Preload Bot"
65.108.235.243 - - [04/Jun/2026:01:48:12 +0200] "GET / HTTP/1.1" 200 21703 "-" "WP Fastest Cache Preload Bot"
176.29.225.219 - - [04/Jun/2026:02:11:04 +0200] "GET / HTTP/1.1" 200 23580 "-" "Mozilla/5.0 (Windows NT 10.0; Win64; x64) AppleWebKit/537.36 (KHTML, like Gecko) Chrome/120.0.0.0 Safari/537.36"
65.108.235.243 - - [04/Jun/2026:02:35:53 +0200] "POST /wp-cron.php?doing_wp_cron=1780533353.1648409366607666015625 HTTP/1.1" 200 1 "-" "WordPress/7.0; https://piacenza.elettroservicegroup.it"
114.119.141.228 - - [04/Jun/2026:02:35:51 +0200] "GET /?attachment_id=16067 HTTP/1.1" 200 17098 "https://piacenza.elettroservicegroup.it/?attachment_id=16067" "Mozilla/5.0 (Linux; Android 7.0;) AppleWebKit/537.36 (HTML, like Gecko) Mobile Safari/537.36 (compatible; PetalBot;+https://webmaster.petalsearch.com/site/petalbot)"
65.108.235.243 - - [04/Jun/2026:02:35:53 +0200] "GET /imprint/ HTTP/1.1" 200 17077 "-" "WP Fastest Cache Preload Bot"
65.108.235.243 - - [04/Jun/2026:02:35:53 +0200] "GET /dichiarazione-sulla-privacy-ue/ HTTP/1.1" 200 19575 "-" "WP Fastest Cache Preload Bot"
65.108.235.243 - - [04/Jun/2026:02:35:54 +0200] "GET /assistenza-whirlpool-piacenza/ HTTP/1.1" 200 21743 "-" "WP Fastest Cache Preload Bot"
65.108.235.243 - - [04/Jun/2026:02:35:54 +0200] "GET /assistenza-smeg-piacenza/ HTTP/1.1" 200 21687 "-" "WP Fastest Cache Preload Bot"
65.108.235.243 - - [04/Jun/2026:02:37:13 +0200] "POST /wp-cron.php?doing_wp_cron=1780533433.6921749114990234375000 HTTP/1.1" 200 1 "-" "WordPress/7.0; https://piacenza.elettroservicegroup.it"
52.167.144.159 - - [04/Jun/2026:02:37:12 +0200] "GET /wp-sitemap-posts-post-1.xml HTTP/2.0" 404 16172 "-" "Mozilla/5.0 AppleWebKit/537.36 (KHTML, like Gecko; compatible; bingbot/2.0; +http://www.bing.com/bingbot.htm) Chrome/116.0.1938.76 Safari/537.36"
65.108.235.243 - - [04/Jun/2026:02:41:23 +0200] "POST /wp-cron.php?doing_wp_cron=1780533683.7566740512847900390625 HTTP/1.1" 200 1 "-" "WordPress/7.0; https://piacenza.elettroservicegroup.it"
52.167.144.160 - - [04/Jun/2026:02:41:22 +0200] "GET /wp-sitemap-posts-page-1.xml HTTP/2.0" 404 16175 "-" "Mozilla/5.0 AppleWebKit/537.36 (KHTML, like Gecko; compatible; bingbot/2.0; +http://www.bing.com/bingbot.htm) Chrome/116.0.1938.76 Safari/537.36"
65.108.235.243 - - [04/Jun/2026:02:41:24 +0200] "GET /assistenza-siemens-piacenza/ HTTP/1.1" 200 21867 "-" "WP Fastest Cache Preload Bot"
65.108.235.243 - - [04/Jun/2026:02:41:24 +0200] "GET /assistenza-rex-electrolux-piacenza/ HTTP/1.1" 200 21731 "-" "WP Fastest Cache Preload Bot"
65.108.235.243 - - [04/Jun/2026:02:41:24 +0200] "GET /assistenza-miele-piacenza/ HTTP/1.1" 200 21973 "-" "WP Fastest Cache Preload Bot"
65.108.235.243 - - [04/Jun/2026:02:41:25 +0200] "GET /assistenza-lavatrici-whirlpool-piacenza/ HTTP/1.1" 200 21843 "-" "WP Fastest Cache Preload Bot"
65.108.235.243 - - [04/Jun/2026:02:46:56 +0200] "POST /wp-cron.php?doing_wp_cron=1780534016.9381248950958251953125 HTTP/1.1" 200 1 "-" "WordPress/7.0; https://piacenza.elettroservicegroup.it"
74.7.175.147 - - [04/Jun/2026:02:46:55 +0200] "GET /robots.txt HTTP/2.0" 200 108 "-" "Mozilla/5.0 (Macintosh; Intel Mac OS X 10_15_7) AppleWebKit/537.36 (KHTML, like Gecko) Chrome/131.0.0.0 Safari/537.36; compatible; OAI-SearchBot/1.4; robots.txt; +https://openai.com/searchbot"
65.108.235.243 - - [04/Jun/2026:02:46:57 +0200] "GET /assistenza-lavatrici-smeg-piacenza/ HTTP/1.1" 200 21591 "-" "WP Fastest Cache Preload Bot"
65.108.235.243 - - [04/Jun/2026:02:46:57 +0200] "GET /assistenza-lavatrici-rex-electrolux-piacenza/ HTTP/1.1" 200 21560 "-" "WP Fastest Cache Preload Bot"
65.108.235.243 - - [04/Jun/2026:02:46:58 +0200] "GET /assistenza-lavatrici-indesit-piacenza/ HTTP/1.1" 200 21584 "-" "WP Fastest Cache Preload Bot"
65.108.235.243 - - [04/Jun/2026:02:46:58 +0200] "GET /assistenza-lavatrici-bosch-piacenza/ HTTP/1.1" 200 21632 "-" "WP Fastest Cache Preload Bot"
65.108.235.243 - - [04/Jun/2026:02:52:14 +0200] "POST /wp-cron.php?doing_wp_cron=1780534334.6858780384063720703125 HTTP/1.1" 200 1 "-" "WordPress/7.0; https://piacenza.elettroservicegroup.it"
52.167.144.201 - - [04/Jun/2026:02:52:13 +0200] "GET /wp-sitemap-users-1.xml HTTP/2.0" 404 16170 "-" "Mozilla/5.0 AppleWebKit/537.36 (KHTML, like Gecko; compatible; bingbot/2.0; +http://www.bing.com/bingbot.htm) Chrome/116.0.1938.76 Safari/537.36"
65.108.235.243 - - [04/Jun/2026:02:52:15 +0200] "GET /assistenza-lavatrici-ariston-piacenza/ HTTP/1.1" 200 21649 "-" "WP Fastest Cache Preload Bot"
65.108.235.243 - - [04/Jun/2026:02:52:15 +0200] "GET /assistenza-lavatrici-aeg-piacenza/ HTTP/1.1" 200 21649 "-" "WP Fastest Cache Preload Bot"
65.108.235.243 - - [04/Jun/2026:02:52:15 +0200] "GET /assistenza-lavatrici-piacenza/ HTTP/1.1" 200 21902 "-" "WP Fastest Cache Preload Bot"
65.108.235.243 - - [04/Jun/2026:02:52:16 +0200] "GET /assistenza-lavastoviglie-whirlpool-piacenza/ HTTP/1.1" 200 21596 "-" "WP Fastest Cache Preload Bot"
65.108.235.243 - - [04/Jun/2026:03:01:59 +0200] "GET /assistenza-lavastoviglie-smeg-piacenza/ HTTP/1.1" 200 21546 "-" "WP Fastest Cache Preload Bot"
65.108.235.243 - - [04/Jun/2026:03:02:00 +0200] "GET /assistenza-lavastoviglie-rex-electrolux-piacenza/ HTTP/1.1" 200 21510 "-" "WP Fastest Cache Preload Bot"
65.108.235.243 - - [04/Jun/2026:03:02:00 +0200] "GET /assistenza-lavastoviglie-indesit-piacenza/ HTTP/1.1" 200 22009 "-" "WP Fastest Cache Preload Bot"
65.108.235.243 - - [04/Jun/2026:03:02:00 +0200] "GET /assistenza-lavastoviglie-bosch-piacenza/ HTTP/1.1" 200 22031 "-" "WP Fastest Cache Preload Bot"
43.155.162.41 - - [04/Jun/2026:03:02:01 +0200] "GET / HTTP/1.1" 200 23580 "http://piacenza.elettroservicegroup.it" "Mozilla/5.0 (iPhone; CPU iPhone OS 13_2_3 like Mac OS X) AppleWebKit/605.1.15 (KHTML, like Gecko) Version/13.0.3 Mobile/15E148 Safari/604.1"
65.108.235.243 - - [04/Jun/2026:03:09:45 +0200] "POST /wp-cron.php?doing_wp_cron=1780535385.8641591072082519531250 HTTP/1.1" 200 1 "-" "WordPress/7.0; https://piacenza.elettroservicegroup.it"
40.77.167.73 - - [04/Jun/2026:03:09:44 +0200] "GET /wp-sitemap-taxonomies-category-1.xml HTTP/2.0" 404 16178 "-" "Mozilla/5.0 AppleWebKit/537.36 (KHTML, like Gecko; compatible; bingbot/2.0; +http://www.bing.com/bingbot.htm) Chrome/116.0.1938.76 Safari/537.36"
65.108.235.243 - - [04/Jun/2026:03:09:46 +0200] "GET /assistenza-lavastoviglie-ariston-piacenza/ HTTP/1.1" 200 21963 "-" "WP Fastest Cache Preload Bot"
65.108.235.243 - - [04/Jun/2026:03:09:46 +0200] "GET /assistenza-lavastoviglie-aeg-piacenza/ HTTP/1.1" 200 22025 "-" "WP Fastest Cache Preload Bot"
65.108.235.243 - - [04/Jun/2026:03:09:46 +0200] "GET /assistenza-lavastoviglie-piacenza/ HTTP/1.1" 200 21637 "-" "WP Fastest Cache Preload Bot"
65.108.235.243 - - [04/Jun/2026:03:09:47 +0200] "GET /assistenza-indesit-piacenza/ HTTP/1.1" 200 21684 "-" "WP Fastest Cache Preload Bot"
65.108.235.243 - - [04/Jun/2026:03:25:07 +0200] "POST /wp-cron.php?doing_wp_cron=1780536307.9583039283752441406250 HTTP/1.1" 200 1 "-" "WordPress/7.0; https://piacenza.elettroservicegroup.it"
40.77.167.136 - - [04/Jun/2026:03:25:06 +0200] "GET /wp-sitemap-posts-page-1.xml HTTP/2.0" 404 16175 "-" "Mozilla/5.0 AppleWebKit/537.36 (KHTML, like Gecko; compatible; bingbot/2.0; +http://www.bing.com/bingbot.htm) Chrome/116.0.1938.76 Safari/537.36"
65.108.235.243 - - [04/Jun/2026:03:25:08 +0200] "GET /assistenza-candy-piacenza/ HTTP/1.1" 200 21780 "-" "WP Fastest Cache Preload Bot"
65.108.235.243 - - [04/Jun/2026:03:25:08 +0200] "GET /assistenza-bosch-piacenza/ HTTP/1.1" 200 21779 "-" "WP Fastest Cache Preload Bot"
65.108.235.243 - - [04/Jun/2026:03:25:09 +0200] "GET /assistenza-ariston-piacenza/ HTTP/1.1" 200 21767 "-" "WP Fastest Cache Preload Bot"
65.108.235.243 - - [04/Jun/2026:03:25:09 +0200] "GET /assistenza-aeg-piacenza/ HTTP/1.1" 200 21772 "-" "WP Fastest Cache Preload Bot"
65.108.235.243 - - [04/Jun/2026:03:26:57 +0200] "POST /wp-cron.php?doing_wp_cron=1780536417.7298800945281982421875 HTTP/1.1" 200 1 "-" "WordPress/7.0; https://piacenza.elettroservicegroup.it"
40.77.167.136 - - [04/Jun/2026:03:26:56 +0200] "GET /wp-sitemap-posts-post-1.xml HTTP/2.0" 404 16172 "-" "Mozilla/5.0 AppleWebKit/537.36 (KHTML, like Gecko; compatible; bingbot/2.0; +http://www.bing.com/bingbot.htm) Chrome/116.0.1938.76 Safari/537.36"
65.108.235.243 - - [04/Jun/2026:03:42:39 +0200] "POST /wp-cron.php?doing_wp_cron=1780537359.2838869094848632812500 HTTP/1.1" 200 1 "-" "WordPress/7.0; https://piacenza.elettroservicegroup.it"
40.77.167.71 - - [04/Jun/2026:03:42:37 +0200] "GET /wp-sitemap-users-1.xml HTTP/2.0" 404 16170 "-" "Mozilla/5.0 AppleWebKit/537.36 (KHTML, like Gecko; compatible; bingbot/2.0; +http://www.bing.com/bingbot.htm) Chrome/116.0.1938.76 Safari/537.36"
65.108.235.243 - - [04/Jun/2026:03:42:39 +0200] "GET /cookie-policy/ HTTP/1.1" 200 17908 "-" "WP Fastest Cache Preload Bot"
40.77.167.71 - - [04/Jun/2026:03:42:39 +0200] "GET /wp-sitemap-taxonomies-category-1.xml HTTP/2.0" 404 16178 "-" "Mozilla/5.0 AppleWebKit/537.36 (KHTML, like Gecko; compatible; bingbot/2.0; +http://www.bing.com/bingbot.htm) Chrome/116.0.1938.76 Safari/537.36"
65.108.235.243 - - [04/Jun/2026:03:42:39 +0200] "GET /termini-e-condizioni/ HTTP/1.1" 200 17463 "-" "WP Fastest Cache Preload Bot"
65.108.235.243 - - [04/Jun/2026:03:42:40 +0200] "GET /cookie-policy-ue/ HTTP/1.1" 200 19426 "-" "WP Fastest Cache Preload Bot"
65.108.235.243 - - [04/Jun/2026:03:42:40 +0200] "GET /informativa-privacy/ HTTP/1.1" 200 19705 "-" "WP Fastest Cache Preload Bot"
65.108.235.243 - - [04/Jun/2026:04:24:21 +0200] "POST /wp-cron.php?doing_wp_cron=1780539861.7568919658660888671875 HTTP/1.1" 200 1 "-" "WordPress/7.0; https://piacenza.elettroservicegroup.it"
188.137.250.184 - - [04/Jun/2026:04:24:20 +0200] "GET /wp-json/wp/v2/settings HTTP/1.1" 401 84 "-" "Mozilla/5.0 (Macintosh; Intel Mac OS X 14_5) AppleWebKit/605.1.15 (KHTML, like Gecko) Version/17.5 Safari/605.1.15"
188.137.250.184 - - [04/Jun/2026:04:24:21 +0200] "GET / HTTP/1.1" 200 21681 "-" "Mozilla/5.0 (Macintosh; Intel Mac OS X 14_5) AppleWebKit/605.1.15 (KHTML, like Gecko) Version/17.5 Safari/605.1.15"
81.161.101.135 - - [04/Jun/2026:04:24:22 +0200] "POST /xmlrpc.php HTTP/1.1" 403 52 "-" "Mozilla/5.0 (Linux; Android 14; SM-S928B) AppleWebKit/537.36 (KHTML, like Gecko) Chrome/125.0.0.0 Mobile Safari/537.36"
65.108.235.243 - - [04/Jun/2026:04:24:22 +0200] "GET /assistenza-frigoriferi/ HTTP/1.1" 200 19774 "-" "WP Fastest Cache Preload Bot"
65.108.235.243 - - [04/Jun/2026:04:24:22 +0200] "GET /assistenza-lavastoviglie/ HTTP/1.1" 200 19831 "-" "WP Fastest Cache Preload Bot"
81.161.101.143 - - [04/Jun/2026:04:24:22 +0200] "POST /xmlrpc.php HTTP/1.1" 403 52 "-" "Mozilla/5.0 (iPhone; CPU iPhone OS 17_5 like Mac OS X) AppleWebKit/605.1.15 (KHTML, like Gecko) Version/17.5 Mobile/15E148 Safari/604.1"
188.137.250.184 - - [04/Jun/2026:04:24:22 +0200] "POST /xmlrpc.php HTTP/1.1" 403 52 "-" "Mozilla/5.0 (Macintosh; Intel Mac OS X 14_5) AppleWebKit/605.1.15 (KHTML, like Gecko) Version/17.5 Safari/605.1.15"
65.108.235.243 - - [04/Jun/2026:04:24:22 +0200] "GET /assistenza-asciugatrici/ HTTP/1.1" 200 19585 "-" "WP Fastest Cache Preload Bot"
65.108.235.243 - - [04/Jun/2026:04:24:23 +0200] "GET /assistenza-lavatrici/ HTTP/1.1" 200 19331 "-" "WP Fastest Cache Preload Bot"
81.161.101.135 - - [04/Jun/2026:04:24:23 +0200] "GET /wp-json/wp/v2/posts?context=edit&per_page=1 HTTP/1.1" 401 155 "-" "Mozilla/5.0 (Windows NT 10.0; Win64; x64) AppleWebKit/537.36 (KHTML, like Gecko) Chrome/125.0.0.0 Safari/537.36"
81.161.101.135 - - [04/Jun/2026:04:24:24 +0200] "GET /wp-login.php HTTP/1.1" 200 10170 "https://piacenza.elettroservicegroup.it/wp-login.php" "Mozilla/5.0 (Windows NT 10.0; Win64; x64) AppleWebKit/537.36 (KHTML, like Gecko) Chrome/125.0.0.0 Safari/537.36"
81.161.101.135 - - [04/Jun/2026:04:24:25 +0200] "POST /wp-login.php HTTP/1.1" 200 10608 "https://piacenza.elettroservicegroup.it/wp-login.php" "Mozilla/5.0 (iPhone; CPU iPhone OS 17_5 like Mac OS X) AppleWebKit/605.1.15 (KHTML, like Gecko) Version/17.5 Mobile/15E148 Safari/604.1"
81.161.101.135 - - [04/Jun/2026:04:24:26 +0200] "GET /wp-admin/ HTTP/1.1" 302 - "https://piacenza.elettroservicegroup.it/wp-login.php" "Mozilla/5.0 (Windows NT 10.0; Win64; x64; rv:126.0) Gecko/20100101 Firefox/126.0"
81.161.101.135 - - [04/Jun/2026:04:24:27 +0200] "GET /wp-login.php?redirect_to=https%3A%2F%2Fpiacenza.elettroservicegroup.it%2Fwp-admin%2F&reauth=1 HTTP/1.1" 200 10261 "https://piacenza.elettroservicegroup.it/wp-admin/" "Mozilla/5.0 (Macintosh; Intel Mac OS X 14_5) AppleWebKit/537.36 (KHTML, like Gecko) Chrome/125.0.0.0 Safari/537.36"
54.165.169.15 - - [04/Jun/2026:04:28:20 +0200] "GET /robots.txt HTTP/1.1" 200 11795 "-" "Mozilla/5.0 (Macintosh; Intel Mac OS X 10_10_1) AppleWebKit/600.2.5 (KHTML, like Gecko) Version/8.0.2 Safari/600.2.5 (Lanai)"
3.219.228.21 - - [04/Jun/2026:04:28:23 +0200] "GET /assistenza-whirlpool-piacenza/ HTTP/1.1" 200 11781 "-" "Mozilla/5.0 (Macintosh; Intel Mac OS X 10_10_1) AppleWebKit/600.2.5 (KHTML, like Gecko) Version/8.0.2 Safari/600.2.5 (Lanai)"
65.108.235.243 - - [04/Jun/2026:05:14:17 +0200] "POST /wp-cron.php?doing_wp_cron=1780542857.9548621177673339843750 HTTP/1.1" 200 1 "-" "WordPress/7.0; https://piacenza.elettroservicegroup.it"
40.77.167.42 - - [04/Jun/2026:05:14:16 +0200] "GET /wp-sitemap-posts-page-1.xml HTTP/2.0" 404 16175 "-" "Mozilla/5.0 AppleWebKit/537.36 (KHTML, like Gecko; compatible; bingbot/2.0; +http://www.bing.com/bingbot.htm) Chrome/116.0.1938.76 Safari/537.36"
65.108.235.243 - - [04/Jun/2026:05:14:18 +0200] "GET / HTTP/1.1" 200 21703 "-" "WP Fastest Cache Preload Bot"
65.108.235.243 - - [04/Jun/2026:05:17:48 +0200] "POST /wp-cron.php?doing_wp_cron=1780543068.0918030738830566406250 HTTP/1.1" 200 1 "-" "WordPress/7.0; https://piacenza.elettroservicegroup.it"
40.77.167.42 - - [04/Jun/2026:05:17:46 +0200] "GET /wp-sitemap-users-1.xml HTTP/2.0" 404 16170 "-" "Mozilla/5.0 AppleWebKit/537.36 (KHTML, like Gecko; compatible; bingbot/2.0; +http://www.bing.com/bingbot.htm) Chrome/116.0.1938.76 Safari/537.36"
65.108.235.243 - - [04/Jun/2026:05:21:18 +0200] "POST /wp-cron.php?doing_wp_cron=1780543278.5262119770050048828125 HTTP/1.1" 200 1 "-" "WordPress/7.0; https://piacenza.elettroservicegroup.it"
40.77.167.42 - - [04/Jun/2026:05:21:16 +0200] "GET /wp-sitemap-posts-post-1.xml HTTP/2.0" 404 16172 "-" "Mozilla/5.0 AppleWebKit/537.36 (KHTML, like Gecko; compatible; bingbot/2.0; +http://www.bing.com/bingbot.htm) Chrome/116.0.1938.76 Safari/537.36"
65.108.235.243 - - [04/Jun/2026:05:21:18 +0200] "GET /imprint/ HTTP/1.1" 200 17075 "-" "WP Fastest Cache Preload Bot"
65.108.235.243 - - [04/Jun/2026:05:21:19 +0200] "GET /dichiarazione-sulla-privacy-ue/ HTTP/1.1" 200 19562 "-" "WP Fastest Cache Preload Bot"
65.108.235.243 - - [04/Jun/2026:05:21:19 +0200] "GET /assistenza-whirlpool-piacenza/ HTTP/1.1" 200 21743 "-" "WP Fastest Cache Preload Bot"
65.108.235.243 - - [04/Jun/2026:05:21:19 +0200] "GET /assistenza-smeg-piacenza/ HTTP/1.1" 200 21687 "-" "WP Fastest Cache Preload Bot"
65.108.235.243 - - [04/Jun/2026:05:21:20 +0200] "GET / HTTP/1.1" 200 21702 "-" "WP Fastest Cache Preload Bot"
65.108.235.243 - - [04/Jun/2026:05:33:17 +0200] "POST /wp-cron.php?doing_wp_cron=1780543997.9823279380798339843750 HTTP/1.1" 200 1 "-" "WordPress/7.0; https://piacenza.elettroservicegroup.it"
23.104.212.156 - - [04/Jun/2026:05:33:16 +0200] "GET /wp-login.php HTTP/2.0" 200 2750 "-" "Mozilla/5.0 (Windows NT 10.0; Win64; x64) AppleWebKit/537.36 (KHTML, like Gecko) Chrome/148.0.0.0 Safari/537.36"
23.104.212.156 - - [04/Jun/2026:05:33:18 +0200] "GET /wp-includes/css/dist/base-styles/admin-schemes.min.css?ver=7.0 HTTP/2.0" 200 726 "https://piacenza.elettroservicegroup.it/wp-login.php" "Mozilla/5.0 (Windows NT 10.0; Win64; x64) AppleWebKit/537.36 (KHTML, like Gecko) Chrome/148.0.0.0 Safari/537.36"
23.104.212.156 - - [04/Jun/2026:05:33:18 +0200] "GET /wp-includes/css/buttons.min.css?ver=7.0 HTTP/2.0" 200 1462 "https://piacenza.elettroservicegroup.it/wp-login.php" "Mozilla/5.0 (Windows NT 10.0; Win64; x64) AppleWebKit/537.36 (KHTML, like Gecko) Chrome/148.0.0.0 Safari/537.36"
23.104.212.156 - - [04/Jun/2026:05:33:18 +0200] "GET /wp-admin/css/l10n.min.css?ver=7.0 HTTP/2.0" 200 677 "https://piacenza.elettroservicegroup.it/wp-login.php" "Mozilla/5.0 (Windows NT 10.0; Win64; x64) AppleWebKit/537.36 (KHTML, like Gecko) Chrome/148.0.0.0 Safari/537.36"
23.104.212.156 - - [04/Jun/2026:05:33:18 +0200] "GET /wp-admin/css/login.min.css?ver=7.0 HTTP/2.0" 200 2020 "https://piacenza.elettroservicegroup.it/wp-login.php" "Mozilla/5.0 (Windows NT 10.0; Win64; x64) AppleWebKit/537.36 (KHTML, like Gecko) Chrome/148.0.0.0 Safari/537.36"
23.104.212.156 - - [04/Jun/2026:05:33:18 +0200] "GET /wp-admin/css/forms.min.css?ver=7.0 HTTP/2.0" 200 6492 "https://piacenza.elettroservicegroup.it/wp-login.php" "Mozilla/5.0 (Windows NT 10.0; Win64; x64) AppleWebKit/537.36 (KHTML, like Gecko) Chrome/148.0.0.0 Safari/537.36"
23.104.212.156 - - [04/Jun/2026:05:33:18 +0200] "GET /wp-includes/css/dashicons.min.css?ver=7.0 HTTP/2.0" 200 35100 "https://piacenza.elettroservicegroup.it/wp-login.php" "Mozilla/5.0 (Windows NT 10.0; Win64; x64) AppleWebKit/537.36 (KHTML, like Gecko) Chrome/148.0.0.0 Safari/537.36"
65.108.235.243 - - [04/Jun/2026:05:33:18 +0200] "GET /imprint/ HTTP/1.1" 200 17069 "-" "WP Fastest Cache Preload Bot"
23.104.212.156 - - [04/Jun/2026:05:33:18 +0200] "GET /wp-includes/js/zxcvbn-async.min.js?ver=1.0 HTTP/2.0" 200 188 "https://piacenza.elettroservicegroup.it/wp-login.php" "Mozilla/5.0 (Windows NT 10.0; Win64; x64) AppleWebKit/537.36 (KHTML, like Gecko) Chrome/148.0.0.0 Safari/537.36"
23.104.212.156 - - [04/Jun/2026:05:33:18 +0200] "GET /wp-admin/js/password-strength-meter.min.js?ver=7.0 HTTP/2.0" 200 560 "https://piacenza.elettroservicegroup.it/wp-login.php" "Mozilla/5.0 (Windows NT 10.0; Win64; x64) AppleWebKit/537.36 (KHTML, like Gecko) Chrome/148.0.0.0 Safari/537.36"
23.104.212.156 - - [04/Jun/2026:05:33:18 +0200] "GET /wp-includes/js/wp-util.min.js?ver=7.0 HTTP/2.0" 200 693 "https://piacenza.elettroservicegroup.it/wp-login.php" "Mozilla/5.0 (Windows NT 10.0; Win64; x64) AppleWebKit/537.36 (KHTML, like Gecko) Chrome/148.0.0.0 Safari/537.36"
23.104.212.156 - - [04/Jun/2026:05:33:18 +0200] "GET /wp-includes/js/dist/dom-ready.min.js?ver=a06281ae5cf5500e9317 HTTP/2.0" 200 398 "https://piacenza.elettroservicegroup.it/wp-login.php" "Mozilla/5.0 (Windows NT 10.0; Win64; x64) AppleWebKit/537.36 (KHTML, like Gecko) Chrome/148.0.0.0 Safari/537.36"
23.104.212.156 - - [04/Jun/2026:05:33:18 +0200] "GET /wp-includes/js/dist/a11y.min.js?ver=af934e5259bc51b8718e HTTP/2.0" 200 915 "https://piacenza.elettroservicegroup.it/wp-login.php" "Mozilla/5.0 (Windows NT 10.0; Win64; x64) AppleWebKit/537.36 (KHTML, like Gecko) Chrome/148.0.0.0 Safari/537.36"
23.104.212.156 - - [04/Jun/2026:05:33:18 +0200] "GET /wp-includes/js/clipboard.min.js?ver=2.0.11 HTTP/2.0" 200 2997 "https://piacenza.elettroservicegroup.it/wp-login.php" "Mozilla/5.0 (Windows NT 10.0; Win64; x64) AppleWebKit/537.36 (KHTML, like Gecko) Chrome/148.0.0.0 Safari/537.36"
23.104.212.156 - - [04/Jun/2026:05:33:18 +0200] "GET /wp-includes/js/jquery/jquery-migrate.min.js?ver=3.4.1 HTTP/2.0" 200 4685 "https://piacenza.elettroservicegroup.it/wp-login.php" "Mozilla/5.0 (Windows NT 10.0; Win64; x64) AppleWebKit/537.36 (KHTML, like Gecko) Chrome/148.0.0.0 Safari/537.36"
23.104.212.156 - - [04/Jun/2026:05:33:18 +0200] "GET /wp-includes/js/dist/hooks.min.js?ver=7496969728ca0f95732d HTTP/2.0" 200 1711 "https://piacenza.elettroservicegroup.it/wp-login.php" "Mozilla/5.0 (Windows NT 10.0; Win64; x64) AppleWebKit/537.36 (KHTML, like Gecko) Chrome/148.0.0.0 Safari/537.36"
23.104.212.156 - - [04/Jun/2026:05:33:18 +0200] "GET /wp-includes/js/dist/i18n.min.js?ver=781d11515ad3d91786ec HTTP/2.0" 200 2333 "https://piacenza.elettroservicegroup.it/wp-login.php" "Mozilla/5.0 (Windows NT 10.0; Win64; x64) AppleWebKit/537.36 (KHTML, like Gecko) Chrome/148.0.0.0 Safari/537.36"
23.104.212.156 - - [04/Jun/2026:05:33:18 +0200] "GET /wp-admin/js/user-profile.min.js?ver=7.0 HTTP/2.0" 200 2891 "https://piacenza.elettroservicegroup.it/wp-login.php" "Mozilla/5.0 (Windows NT 10.0; Win64; x64) AppleWebKit/537.36 (KHTML, like Gecko) Chrome/148.0.0.0 Safari/537.36"
23.104.212.156 - - [04/Jun/2026:05:33:18 +0200] "GET /wp-includes/js/underscore.min.js?ver=1.13.8 HTTP/2.0" 200 7243 "https://piacenza.elettroservicegroup.it/wp-login.php" "Mozilla/5.0 (Windows NT 10.0; Win64; x64) AppleWebKit/537.36 (KHTML, like Gecko) Chrome/148.0.0.0 Safari/537.36"
23.104.212.156 - - [04/Jun/2026:05:33:18 +0200] "GET /wp-includes/js/jquery/jquery.min.js?ver=3.7.1 HTTP/2.0" 200 29769 "https://piacenza.elettroservicegroup.it/wp-login.php" "Mozilla/5.0 (Windows NT 10.0; Win64; x64) AppleWebKit/537.36 (KHTML, like Gecko) Chrome/148.0.0.0 Safari/537.36"
65.108.235.243 - - [04/Jun/2026:05:33:18 +0200] "GET /dichiarazione-sulla-privacy-ue/ HTTP/1.1" 200 19578 "-" "WP Fastest Cache Preload Bot"
65.108.235.243 - - [04/Jun/2026:05:33:19 +0200] "GET /assistenza-whirlpool-piacenza/ HTTP/1.1" 200 21743 "-" "WP Fastest Cache Preload Bot"
23.104.212.156 - - [04/Jun/2026:05:33:19 +0200] "GET /wp-admin/images/wordpress-logo-gray.svg?ver=20260303 HTTP/2.0" 200 765 "https://piacenza.elettroservicegroup.it/wp-admin/css/login.min.css?ver=7.0" "Mozilla/5.0 (Windows NT 10.0; Win64; x64) AppleWebKit/537.36 (KHTML, like Gecko) Chrome/148.0.0.0 Safari/537.36"
65.108.235.243 - - [04/Jun/2026:05:33:19 +0200] "GET /assistenza-smeg-piacenza/ HTTP/1.1" 200 21687 "-" "WP Fastest Cache Preload Bot"
23.104.212.156 - - [04/Jun/2026:05:33:20 +0200] "GET /wp-login.php HTTP/2.0" 200 2750 "-" "Mozilla/5.0 (Windows NT 10.0; Win64; x64) AppleWebKit/537.36 (KHTML, like Gecko) Chrome/148.0.0.0 Safari/537.36"
23.104.212.156 - - [04/Jun/2026:05:33:22 +0200] "GET /wp-includes/js/zxcvbn.min.js HTTP/2.0" 200 387992 "https://piacenza.elettroservicegroup.it/wp-login.php" "Mozilla/5.0 (Windows NT 10.0; Win64; x64) AppleWebKit/537.36 (KHTML, like Gecko) Chrome/148.0.0.0 Safari/537.36"
65.108.235.243 - - [04/Jun/2026:05:33:23 +0200] "POST /wp-cron.php?doing_wp_cron=1780544003.5996389389038085937500 HTTP/1.1" 200 1 "-" "WordPress/7.0; https://piacenza.elettroservicegroup.it"
23.104.212.156 - - [04/Jun/2026:05:33:22 +0200] "POST /wp-login.php HTTP/2.0" 200 2871 "https://piacenza.elettroservicegroup.it/wp-login.php" "Mozilla/5.0 (Windows NT 10.0; Win64; x64) AppleWebKit/537.36 (KHTML, like Gecko) Chrome/148.0.0.0 Safari/537.36"
23.104.212.156 - - [04/Jun/2026:05:33:27 +0200] "GET /wp-content/uploads/2021/10/cropped-cropped-cropped-cropped-logo_white_background-32x32.png HTTP/2.0" 200 716 "https://piacenza.elettroservicegroup.it/wp-login.php" "Mozilla/5.0 (Windows NT 10.0; Win64; x64) AppleWebKit/537.36 (KHTML, like Gecko) Chrome/148.0.0.0 Safari/537.36"
65.108.235.243 - - [04/Jun/2026:05:44:31 +0200] "POST /wp-cron.php?doing_wp_cron=1780544671.1171240806579589843750 HTTP/1.1" 200 1 "-" "WordPress/7.0; https://piacenza.elettroservicegroup.it"
23.104.212.156 - - [04/Jun/2026:05:44:29 +0200] "POST /wp-login.php HTTP/2.0" 200 2871 "https://piacenza.elettroservicegroup.it/wp-login.php" "Mozilla/5.0 (Windows NT 10.0; Win64; x64) AppleWebKit/537.36 (KHTML, like Gecko) Chrome/148.0.0.0 Safari/537.36"
65.108.235.243 - - [04/Jun/2026:05:44:31 +0200] "GET /assistenza-siemens-piacenza/ HTTP/1.1" 200 21867 "-" "WP Fastest Cache Preload Bot"
65.108.235.243 - - [04/Jun/2026:05:44:31 +0200] "GET /assistenza-rex-electrolux-piacenza/ HTTP/1.1" 200 21731 "-" "WP Fastest Cache Preload Bot"
65.108.235.243 - - [04/Jun/2026:05:44:32 +0200] "GET /assistenza-miele-piacenza/ HTTP/1.1" 200 21973 "-" "WP Fastest Cache Preload Bot"
65.108.235.243 - - [04/Jun/2026:05:44:32 +0200] "GET /assistenza-lavatrici-whirlpool-piacenza/ HTTP/1.1" 200 21844 "-" "WP Fastest Cache Preload Bot"
65.108.235.243 - - [04/Jun/2026:05:45:26 +0200] "POST /wp-cron.php?doing_wp_cron=1780544726.7940659523010253906250 HTTP/1.1" 200 1 "-" "WordPress/7.0; https://piacenza.elettroservicegroup.it"
66.249.64.166 - - [04/Jun/2026:05:45:25 +0200] "GET /robots.txt HTTP/1.1" 200 108 "-" "Mozilla/5.0 (compatible; Googlebot/2.1; +http://www.google.com/bot.html)"
65.108.235.243 - - [04/Jun/2026:05:45:27 +0200] "GET /assistenza-lavatrici-smeg-piacenza/ HTTP/1.1" 200 21591 "-" "WP Fastest Cache Preload Bot"
65.108.235.243 - - [04/Jun/2026:05:45:27 +0200] "GET /assistenza-lavatrici-rex-electrolux-piacenza/ HTTP/1.1" 200 21560 "-" "WP Fastest Cache Preload Bot"
65.108.235.243 - - [04/Jun/2026:05:45:27 +0200] "GET /assistenza-lavatrici-indesit-piacenza/ HTTP/1.1" 200 21584 "-" "WP Fastest Cache Preload Bot"
65.108.235.243 - - [04/Jun/2026:05:45:28 +0200] "GET /assistenza-lavatrici-bosch-piacenza/ HTTP/1.1" 200 21631 "-" "WP Fastest Cache Preload Bot"
66.249.64.166 - - [04/Jun/2026:05:45:29 +0200] "GET /sitemap2.xml HTTP/1.1" 302 1 "-" "Mozilla/5.0 (compatible; Googlebot/2.1; +http://www.google.com/bot.html)"
66.249.64.166 - - [04/Jun/2026:05:45:29 +0200] "GET /sitemap.xml HTTP/1.1" 200 332 "-" "Mozilla/5.0 (compatible; Googlebot/2.1; +http://www.google.com/bot.html)"
65.108.235.243 - - [04/Jun/2026:05:46:06 +0200] "POST /wp-cron.php?doing_wp_cron=1780544766.9466779232025146484375 HTTP/1.1" 200 1 "-" "WordPress/7.0; https://piacenza.elettroservicegroup.it"
23.104.212.156 - - [04/Jun/2026:05:46:04 +0200] "POST /wp-login.php HTTP/2.0" 200 2871 "https://piacenza.elettroservicegroup.it/wp-login.php" "Mozilla/5.0 (Windows NT 10.0; Win64; x64) AppleWebKit/537.36 (KHTML, like Gecko) Chrome/148.0.0.0 Safari/537.36"
23.104.212.156 - - [04/Jun/2026:05:46:21 +0200] "POST /wp-login.php HTTP/2.0" 200 2871 "https://piacenza.elettroservicegroup.it/wp-login.php" "Mozilla/5.0 (Windows NT 10.0; Win64; x64) AppleWebKit/537.36 (KHTML, like Gecko) Chrome/148.0.0.0 Safari/537.36"
190.158.28.125 - - [04/Jun/2026:05:58:55 +0200] "POST /xmlrpc.php HTTP/1.1" 200 11774 "-" "Mozilla/5.0 (Windows NT 10.0; Win64; x64) AppleWebKit/537.36"
65.108.235.243 - - [04/Jun/2026:06:05:02 +0200] "POST /wp-cron.php?doing_wp_cron=1780545902.9174649715423583984375 HTTP/1.1" 200 1 "-" "WordPress/7.0; https://piacenza.elettroservicegroup.it"
52.167.144.19 - - [04/Jun/2026:06:05:01 +0200] "GET /wp-sitemap-taxonomies-category-1.xml HTTP/2.0" 404 16178 "-" "Mozilla/5.0 AppleWebKit/537.36 (KHTML, like Gecko; compatible; bingbot/2.0; +http://www.bing.com/bingbot.htm) Chrome/116.0.1938.76 Safari/537.36"
65.108.235.243 - - [04/Jun/2026:06:05:03 +0200] "GET /assistenza-lavatrici-ariston-piacenza/ HTTP/1.1" 200 21649 "-" "WP Fastest Cache Preload Bot"
65.108.235.243 - - [04/Jun/2026:06:05:04 +0200] "GET /assistenza-lavatrici-aeg-piacenza/ HTTP/1.1" 200 21649 "-" "WP Fastest Cache Preload Bot"
65.108.235.243 - - [04/Jun/2026:06:05:04 +0200] "GET /assistenza-lavatrici-piacenza/ HTTP/1.1" 200 21903 "-" "WP Fastest Cache Preload Bot"
65.108.235.243 - - [04/Jun/2026:06:05:04 +0200] "GET /assistenza-lavastoviglie-whirlpool-piacenza/ HTTP/1.1" 200 21596 "-" "WP Fastest Cache Preload Bot"
65.108.235.243 - - [04/Jun/2026:06:06:02 +0200] "POST /wp-cron.php?doing_wp_cron=1780545962.7620730400085449218750 HTTP/1.1" 200 1 "-" "WordPress/7.0; https://piacenza.elettroservicegroup.it"
52.167.144.19 - - [04/Jun/2026:06:06:01 +0200] "GET /wp-sitemap-taxonomies-category-1.xml HTTP/2.0" 404 16178 "-" "Mozilla/5.0 AppleWebKit/537.36 (KHTML, like Gecko; compatible; bingbot/2.0; +http://www.bing.com/bingbot.htm) Chrome/116.0.1938.76 Safari/537.36"
65.108.235.243 - - [04/Jun/2026:06:39:56 +0200] "GET /assistenza-lavastoviglie-smeg-piacenza/ HTTP/1.1" 200 21546 "-" "WP Fastest Cache Preload Bot"
65.108.235.243 - - [04/Jun/2026:06:39:56 +0200] "GET /assistenza-lavastoviglie-rex-electrolux-piacenza/ HTTP/1.1" 200 21511 "-" "WP Fastest Cache Preload Bot"
65.108.235.243 - - [04/Jun/2026:06:39:57 +0200] "GET /assistenza-lavastoviglie-indesit-piacenza/ HTTP/1.1" 200 22010 "-" "WP Fastest Cache Preload Bot"
65.108.235.243 - - [04/Jun/2026:06:39:57 +0200] "GET /assistenza-lavastoviglie-bosch-piacenza/ HTTP/1.1" 200 22032 "-" "WP Fastest Cache Preload Bot"