114.119.132.207 - - [03/Jun/2026:16:47:11 +0200] "GET /assistenza-smeg-firenzuola-darda HTTP/1.1" 404 16149 "https://piacenza.elettroservicegroup.it/assistenza-smeg-firenzuola-darda" "Mozilla/5.0 (Linux; Android 7.0;) AppleWebKit/537.36 (HTML, like Gecko) Mobile Safari/537.36 (compatible; PetalBot;+https://webmaster.petalsearch.com/site/petalbot)"
65.108.235.243 - - [03/Jun/2026:16:48:35 +0200] "POST /wp-cron.php?doing_wp_cron=1780498115.6297919750213623046875 HTTP/1.1" 200 1 "-" "WordPress/7.0; https://piacenza.elettroservicegroup.it"
114.119.132.207 - - [03/Jun/2026:16:48:33 +0200] "GET /assistenza-lavatrici/assistenza-elettrodomestici-milano/ HTTP/1.1" 404 16155 "https://piacenza.elettroservicegroup.it/assistenza-lavatrici/assistenza-elettrodomestici-milano/" "Mozilla/5.0 (Linux; Android 7.0;) AppleWebKit/537.36 (HTML, like Gecko) Mobile Safari/537.36 (compatible; PetalBot;+https://webmaster.petalsearch.com/site/petalbot)"
65.108.235.243 - - [03/Jun/2026:16:49:59 +0200] "POST /wp-cron.php?doing_wp_cron=1780498199.5935060977935791015625 HTTP/1.1" 200 1 "-" "WordPress/7.0; https://piacenza.elettroservicegroup.it"
114.119.137.153 - - [03/Jun/2026:16:49:57 +0200] "GET /assistenza-lavatrici-rex-electrolux-castelvetro-piacentino HTTP/1.1" 404 16163 "https://piacenza.elettroservicegroup.it/assistenza-lavatrici-rex-electrolux-castelvetro-piacentino" "Mozilla/5.0 (Linux; Android 7.0;) AppleWebKit/537.36 (HTML, like Gecko) Mobile Safari/537.36 (compatible; PetalBot;+https://webmaster.petalsearch.com/site/petalbot)"
65.108.235.243 - - [03/Jun/2026:16:49:59 +0200] "GET /assistenza-candy-piacenza/ HTTP/1.1" 200 21781 "-" "WP Fastest Cache Preload Bot"
65.108.235.243 - - [03/Jun/2026:16:50:00 +0200] "GET /assistenza-bosch-piacenza/ HTTP/1.1" 200 21781 "-" "WP Fastest Cache Preload Bot"
65.108.235.243 - - [03/Jun/2026:16:50:00 +0200] "GET /assistenza-ariston-piacenza/ HTTP/1.1" 200 21766 "-" "WP Fastest Cache Preload Bot"
65.108.235.243 - - [03/Jun/2026:16:50:01 +0200] "GET /assistenza-aeg-piacenza/ HTTP/1.1" 200 21774 "-" "WP Fastest Cache Preload Bot"
65.108.235.243 - - [03/Jun/2026:16:51:23 +0200] "POST /wp-cron.php?doing_wp_cron=1780498283.2482910156250000000000 HTTP/1.1" 200 1 "-" "WordPress/7.0; https://piacenza.elettroservicegroup.it"
114.119.141.228 - - [03/Jun/2026:16:51:21 +0200] "GET /assistenza-lavatrici-ariston-piacenza HTTP/1.1" 301 1 "https://piacenza.elettroservicegroup.it/assistenza-lavatrici-ariston-piacenza" "Mozilla/5.0 (Linux; Android 7.0;) AppleWebKit/537.36 (HTML, like Gecko) Mobile Safari/537.36 (compatible; PetalBot;+https://webmaster.petalsearch.com/site/petalbot)"
114.119.141.228 - - [03/Jun/2026:16:51:23 +0200] "GET /assistenza-lavatrici-ariston-piacenza/ HTTP/1.1" 200 21627 "https://piacenza.elettroservicegroup.it/assistenza-lavatrici-ariston-piacenza" "Mozilla/5.0 (Linux; Android 7.0;) AppleWebKit/537.36 (HTML, like Gecko) Mobile Safari/537.36 (compatible; PetalBot;+https://webmaster.petalsearch.com/site/petalbot)"
66.56.86.40 - - [03/Jun/2026:16:52:40 +0200] "POST /xmlrpc.php HTTP/1.1" 403 52 "-" "Mozilla/5.0 (Windows NT 10.0; Win64; x64) AppleWebKit/537.36 (KHTML, like Gecko) Chrome/114.0.0.0 YaBrowser/22.7.0 Yowser/2.5 Safari/537.36"
66.56.86.40 - - [03/Jun/2026:16:52:40 +0200] "POST /xmlrpc.php HTTP/1.1" 403 52 "-" "Mozilla/5.0 (Windows NT 10.0; Win64; x64) AppleWebKit/537.36 (KHTML, like Gecko) Chrome/114.0.0.0 YaBrowser/22.7.0 Yowser/2.5 Safari/537.36"
66.56.86.40 - - [03/Jun/2026:16:52:40 +0200] "POST /xmlrpc.php HTTP/1.1" 403 52 "-" "Mozilla/5.0 (Windows NT 10.0; Win64; x64) AppleWebKit/537.36 (KHTML, like Gecko) Chrome/114.0.0.0 YaBrowser/22.7.0 Yowser/2.5 Safari/537.36"
66.56.86.40 - - [03/Jun/2026:16:52:40 +0200] "POST /xmlrpc.php HTTP/1.1" 403 52 "-" "Mozilla/5.0 (Windows NT 10.0; Win64; x64) AppleWebKit/537.36 (KHTML, like Gecko) Chrome/114.0.0.0 YaBrowser/22.7.0 Yowser/2.5 Safari/537.36"
65.108.235.243 - - [03/Jun/2026:16:52:46 +0200] "POST /wp-cron.php?doing_wp_cron=1780498366.3208119869232177734375 HTTP/1.1" 200 1 "-" "WordPress/7.0; https://piacenza.elettroservicegroup.it"
114.119.154.115 - - [03/Jun/2026:16:52:44 +0200] "GET /assistenza-lavastoviglie-whirlpool-piacenza HTTP/1.1" 301 1 "https://piacenza.elettroservicegroup.it/assistenza-lavastoviglie-whirlpool-piacenza" "Mozilla/5.0 (Linux; Android 7.0;) AppleWebKit/537.36 (HTML, like Gecko) Mobile Safari/537.36 (compatible; PetalBot;+https://webmaster.petalsearch.com/site/petalbot)"
114.119.154.115 - - [03/Jun/2026:16:52:46 +0200] "GET /assistenza-lavastoviglie-whirlpool-piacenza/ HTTP/1.1" 200 21575 "https://piacenza.elettroservicegroup.it/assistenza-lavastoviglie-whirlpool-piacenza" "Mozilla/5.0 (Linux; Android 7.0;) AppleWebKit/537.36 (HTML, like Gecko) Mobile Safari/537.36 (compatible; PetalBot;+https://webmaster.petalsearch.com/site/petalbot)"
65.108.235.243 - - [03/Jun/2026:16:54:10 +0200] "POST /wp-cron.php?doing_wp_cron=1780498450.4493069648742675781250 HTTP/1.1" 200 1 "-" "WordPress/7.0; https://piacenza.elettroservicegroup.it"
114.119.137.153 - - [03/Jun/2026:16:54:08 +0200] "GET /assistenza-lavastoviglie-whirlpool-castelvetro-piacentino HTTP/1.1" 404 16164 "https://piacenza.elettroservicegroup.it/assistenza-lavastoviglie-whirlpool-castelvetro-piacentino" "Mozilla/5.0 (Linux; Android 7.0;) AppleWebKit/537.36 (HTML, like Gecko) Mobile Safari/537.36 (compatible; PetalBot;+https://webmaster.petalsearch.com/site/petalbot)"
65.108.235.243 - - [03/Jun/2026:16:55:32 +0200] "POST /wp-cron.php?doing_wp_cron=1780498532.8247959613800048828125 HTTP/1.1" 200 1 "-" "WordPress/7.0; https://piacenza.elettroservicegroup.it"
114.119.137.153 - - [03/Jun/2026:16:55:31 +0200] "GET /assistenza-lavastoviglie-indesit-castel-san-giovanni HTTP/1.1" 404 16163 "https://piacenza.elettroservicegroup.it/assistenza-lavastoviglie-indesit-castel-san-giovanni" "Mozilla/5.0 (Linux; Android 7.0;) AppleWebKit/537.36 (HTML, like Gecko) Mobile Safari/537.36 (compatible; PetalBot;+https://webmaster.petalsearch.com/site/petalbot)"
65.108.235.243 - - [03/Jun/2026:16:55:33 +0200] "GET /cookie-policy/ HTTP/1.1" 200 17908 "-" "WP Fastest Cache Preload Bot"
65.108.235.243 - - [03/Jun/2026:16:55:33 +0200] "GET /termini-e-condizioni/ HTTP/1.1" 200 17462 "-" "WP Fastest Cache Preload Bot"
65.108.235.243 - - [03/Jun/2026:16:55:33 +0200] "GET /cookie-policy-ue/ HTTP/1.1" 200 19425 "-" "WP Fastest Cache Preload Bot"
65.108.235.243 - - [03/Jun/2026:16:55:34 +0200] "GET /informativa-privacy/ HTTP/1.1" 200 19707 "-" "WP Fastest Cache Preload Bot"
114.119.138.37 - - [03/Jun/2026:17:03:52 +0200] "GET /assistenza-whirlpool-piacenza/ HTTP/1.1" 200 21720 "https://piacenza.elettroservicegroup.it/assistenza-lavatrici-piacenza/" "Mozilla/5.0 (Linux; Android 7.0;) AppleWebKit/537.36 (HTML, like Gecko) Mobile Safari/537.36 (compatible; PetalBot;+https://webmaster.petalsearch.com/site/petalbot)"
65.108.235.243 - - [03/Jun/2026:17:05:17 +0200] "POST /wp-cron.php?doing_wp_cron=1780499117.3283829689025878906250 HTTP/1.1" 200 1 "-" "WordPress/7.0; https://piacenza.elettroservicegroup.it"
114.119.137.153 - - [03/Jun/2026:17:05:15 +0200] "GET /assistenza-lavastoviglie-ariston-firenzuola-darda/ HTTP/1.1" 404 16162 "https://piacenza.elettroservicegroup.it/assistenza-lavastoviglie-ariston-firenzuola-darda/" "Mozilla/5.0 (Linux; Android 7.0;) AppleWebKit/537.36 (HTML, like Gecko) Mobile Safari/537.36 (compatible; PetalBot;+https://webmaster.petalsearch.com/site/petalbot)"
65.108.235.243 - - [03/Jun/2026:17:05:17 +0200] "GET /assistenza-frigoriferi/ HTTP/1.1" 200 19774 "-" "WP Fastest Cache Preload Bot"
65.108.235.243 - - [03/Jun/2026:17:05:18 +0200] "GET /assistenza-lavastoviglie/ HTTP/1.1" 200 19832 "-" "WP Fastest Cache Preload Bot"
65.108.235.243 - - [03/Jun/2026:17:05:18 +0200] "GET /assistenza-asciugatrici/ HTTP/1.1" 200 19586 "-" "WP Fastest Cache Preload Bot"
65.108.235.243 - - [03/Jun/2026:17:05:18 +0200] "GET /assistenza-lavatrici/ HTTP/1.1" 200 19331 "-" "WP Fastest Cache Preload Bot"
65.108.235.243 - - [03/Jun/2026:17:06:41 +0200] "POST /wp-cron.php?doing_wp_cron=1780499200.9947049617767333984375 HTTP/1.1" 200 1 "-" "WordPress/7.0; https://piacenza.elettroservicegroup.it"
114.119.141.228 - - [03/Jun/2026:17:06:39 +0200] "GET /assistenza-elettrodomestici/forno-elettrico/ HTTP/1.1" 200 17017 "https://piacenza.elettroservicegroup.it/assistenza-elettrodomestici/forno-elettrico" "Mozilla/5.0 (Linux; Android 7.0;) AppleWebKit/537.36 (HTML, like Gecko) Mobile Safari/537.36 (compatible; PetalBot;+https://webmaster.petalsearch.com/site/petalbot)"
65.108.235.243 - - [03/Jun/2026:17:08:04 +0200] "POST /wp-cron.php?doing_wp_cron=1780499284.2508580684661865234375 HTTP/1.1" 200 1 "-" "WordPress/7.0; https://piacenza.elettroservicegroup.it"
114.119.138.37 - - [03/Jun/2026:17:08:02 +0200] "GET /assistenza-elettrodomestici/copertina-riparazione_lavastoviglie/ HTTP/1.1" 200 17060 "https://piacenza.elettroservicegroup.it/assistenza-elettrodomestici/copertina-riparazione_lavastoviglie" "Mozilla/5.0 (Linux; Android 7.0;) AppleWebKit/537.36 (HTML, like Gecko) Mobile Safari/537.36 (compatible; PetalBot;+https://webmaster.petalsearch.com/site/petalbot)"
65.108.235.243 - - [03/Jun/2026:17:09:27 +0200] "POST /wp-cron.php?doing_wp_cron=1780499367.8151319026947021484375 HTTP/1.1" 200 1 "-" "WordPress/7.0; https://piacenza.elettroservicegroup.it"
114.119.148.161 - - [03/Jun/2026:17:09:26 +0200] "GET /assistenza-elettrodomestici-milano-5 HTTP/1.1" 404 16141 "https://piacenza.elettroservicegroup.it/assistenza-elettrodomestici-milano-5" "Mozilla/5.0 (Linux; Android 7.0;) AppleWebKit/537.36 (HTML, like Gecko) Mobile Safari/537.36 (compatible; PetalBot;+https://webmaster.petalsearch.com/site/petalbot)"
65.108.235.243 - - [03/Jun/2026:17:10:51 +0200] "POST /wp-cron.php?doing_wp_cron=1780499451.4722208976745605468750 HTTP/1.1" 200 1 "-" "WordPress/7.0; https://piacenza.elettroservicegroup.it"
114.119.130.67 - - [03/Jun/2026:17:10:49 +0200] "GET /assistenza-elettrodomestici-milano-4/ HTTP/1.1" 404 16141 "https://piacenza.elettroservicegroup.it/assistenza-elettrodomestici-milano-4/" "Mozilla/5.0 (Linux; Android 7.0;) AppleWebKit/537.36 (HTML, like Gecko) Mobile Safari/537.36 (compatible; PetalBot;+https://webmaster.petalsearch.com/site/petalbot)"
65.108.235.243 - - [03/Jun/2026:17:10:51 +0200] "GET / HTTP/1.1" 200 21703 "-" "WP Fastest Cache Preload Bot"
65.108.235.243 - - [03/Jun/2026:17:12:14 +0200] "POST /wp-cron.php?doing_wp_cron=1780499534.3878719806671142578125 HTTP/1.1" 200 1 "-" "WordPress/7.0; https://piacenza.elettroservicegroup.it"
114.119.148.161 - - [03/Jun/2026:17:12:12 +0200] "GET /assistenza-bosch-castelvetro-piacentino HTTP/1.1" 404 16154 "https://piacenza.elettroservicegroup.it/assistenza-bosch-castelvetro-piacentino" "Mozilla/5.0 (Linux; Android 7.0;) AppleWebKit/537.36 (HTML, like Gecko) Mobile Safari/537.36 (compatible; PetalBot;+https://webmaster.petalsearch.com/site/petalbot)"
114.119.137.153 - - [03/Jun/2026:17:13:35 +0200] "GET /assistenza-aeg-piacenza/ HTTP/1.1" 200 21751 "https://piacenza.elettroservicegroup.it/assistenza-lavatrici-piacenza/" "Mozilla/5.0 (Linux; Android 7.0;) AppleWebKit/537.36 (HTML, like Gecko) Mobile Safari/537.36 (compatible; PetalBot;+https://webmaster.petalsearch.com/site/petalbot)"
114.119.130.67 - - [03/Jun/2026:17:15:25 +0200] "GET /aplicacion-oficial-de-sg-casino-funciona-en-android-ios-descubre-sus-ventajas/ HTTP/1.1" 503 - "https://piacenza.elettroservicegroup.it/pourquoi-les-joueurs-plebiscitent-all-wins-casino-pour-la-securite/" "Mozilla/5.0 (Linux; Android 7.0;) AppleWebKit/537.36 (HTML, like Gecko) Mobile Safari/537.36 (compatible; PetalBot;+https://webmaster.petalsearch.com/site/petalbot)"
65.108.235.243 - - [03/Jun/2026:17:16:24 +0200] "POST /wp-cron.php?doing_wp_cron=1780499784.8616960048675537109375 HTTP/1.1" 200 1 "-" "WordPress/7.0; https://piacenza.elettroservicegroup.it"
114.119.148.161 - - [03/Jun/2026:17:16:23 +0200] "GET /?attachment_id=16131 HTTP/1.1" 200 17064 "https://piacenza.elettroservicegroup.it/?attachment_id=16131" "Mozilla/5.0 (Linux; Android 7.0;) AppleWebKit/537.36 (HTML, like Gecko) Mobile Safari/537.36 (compatible; PetalBot;+https://webmaster.petalsearch.com/site/petalbot)"
162.120.188.9 - - [03/Jun/2026:17:17:39 +0200] "GET /assistenza-bosch-piacenza/ HTTP/2.0" 200 21758 "https://www.google.com/" "Mozilla/5.0 (Windows NT 10.0; Win64; x64) AppleWebKit/537.36 (KHTML, like Gecko) Chrome/148.0.0.0 Safari/537.36"
65.108.235.243 - - [03/Jun/2026:17:17:40 +0200] "POST /wp-cron.php?doing_wp_cron=1780499860.7582740783691406250000 HTTP/1.1" 200 1 "-" "WordPress/7.0; https://piacenza.elettroservicegroup.it"
142.250.32.1 - - [03/Jun/2026:17:17:39 +0200] "GET /.well-known/traffic-advice HTTP/1.1" 404 16170 "-" "Chrome Privacy Preserving Prefetch Proxy"
114.119.141.228 - - [03/Jun/2026:17:17:46 +0200] "GET /?attachment_id=16068 HTTP/1.1" 200 17146 "https://piacenza.elettroservicegroup.it/?attachment_id=16068" "Mozilla/5.0 (Linux; Android 7.0;) AppleWebKit/537.36 (HTML, like Gecko) Mobile Safari/537.36 (compatible; PetalBot;+https://webmaster.petalsearch.com/site/petalbot)"
20.191.45.212 - - [03/Jun/2026:17:18:06 +0200] "GET / HTTP/1.1" 200 23580 "http://piacenza.elettroservicegroup.it" "DuckDuckBot/1.1; (+http://duckduckgo.com/duckduckbot.html)"
20.191.45.212 - - [03/Jun/2026:17:18:06 +0200] "GET /wp-content/uploads/2021/10/cropped-cropped-cropped-cropped-logo_white_background-32x32.png HTTP/1.1" 200 1242 "-" "DuckDuckBot/1.1; (+http://duckduckgo.com/duckduckbot.html)"
65.108.235.243 - - [03/Jun/2026:17:18:36 +0200] "POST /wp-cron.php?doing_wp_cron=1780499916.2000401020050048828125 HTTP/1.1" 200 1 "-" "WordPress/7.0; https://piacenza.elettroservicegroup.it"
74.7.175.147 - - [03/Jun/2026:17:18:36 +0200] "GET /robots.txt HTTP/2.0" 200 108 "-" "Mozilla/5.0 (Macintosh; Intel Mac OS X 10_15_7) AppleWebKit/537.36 (KHTML, like Gecko) Chrome/131.0.0.0 Safari/537.36; compatible; OAI-SearchBot/1.4; robots.txt; +https://openai.com/searchbot"
74.7.242.171 - - [03/Jun/2026:17:18:35 +0200] "GET /assistenza-condizionatori/ HTTP/2.0" 404 16170 "-" "Mozilla/5.0 (Macintosh; Intel Mac OS X 10_15_7) AppleWebKit/537.36 (KHTML, like Gecko) Chrome/131.0.0.0 Safari/537.36; compatible; OAI-SearchBot/1.4; +https://openai.com/searchbot"
65.108.235.243 - - [03/Jun/2026:17:19:12 +0200] "POST /wp-cron.php?doing_wp_cron=1780499952.3187890052795410156250 HTTP/1.1" 200 1 "-" "WordPress/7.0; https://piacenza.elettroservicegroup.it"
114.119.138.37 - - [03/Jun/2026:17:19:10 +0200] "GET /?attachment_id=16064 HTTP/1.1" 200 17090 "https://piacenza.elettroservicegroup.it/?attachment_id=16064" "Mozilla/5.0 (Linux; Android 7.0;) AppleWebKit/537.36 (HTML, like Gecko) Mobile Safari/537.36 (compatible; PetalBot;+https://webmaster.petalsearch.com/site/petalbot)"
65.108.235.243 - - [03/Jun/2026:17:20:35 +0200] "POST /wp-cron.php?doing_wp_cron=1780500035.5349080562591552734375 HTTP/1.1" 200 1 "-" "WordPress/7.0; https://piacenza.elettroservicegroup.it"
114.119.137.153 - - [03/Jun/2026:17:20:33 +0200] "GET /?attachment_id=15847 HTTP/1.1" 200 17095 "https://piacenza.elettroservicegroup.it/?attachment_id=15847" "Mozilla/5.0 (Linux; Android 7.0;) AppleWebKit/537.36 (HTML, like Gecko) Mobile Safari/537.36 (compatible; PetalBot;+https://webmaster.petalsearch.com/site/petalbot)"
65.108.235.243 - - [03/Jun/2026:17:20:35 +0200] "GET /imprint/ HTTP/1.1" 200 17070 "-" "WP Fastest Cache Preload Bot"
65.108.235.243 - - [03/Jun/2026:17:20:36 +0200] "GET /dichiarazione-sulla-privacy-ue/ HTTP/1.1" 200 19576 "-" "WP Fastest Cache Preload Bot"
65.108.235.243 - - [03/Jun/2026:17:20:36 +0200] "GET /assistenza-whirlpool-piacenza/ HTTP/1.1" 200 21743 "-" "WP Fastest Cache Preload Bot"
65.108.235.243 - - [03/Jun/2026:17:20:36 +0200] "GET /assistenza-smeg-piacenza/ HTTP/1.1" 200 21687 "-" "WP Fastest Cache Preload Bot"
65.108.235.243 - - [03/Jun/2026:17:20:37 +0200] "GET / HTTP/1.1" 200 21703 "-" "WP Fastest Cache Preload Bot"
65.108.235.243 - - [03/Jun/2026:17:21:59 +0200] "POST /wp-cron.php?doing_wp_cron=1780500119.3197619915008544921875 HTTP/1.1" 200 1 "-" "WordPress/7.0; https://piacenza.elettroservicegroup.it"
114.119.148.161 - - [03/Jun/2026:17:21:57 +0200] "GET /6-1-png HTTP/1.1" 404 16134 "https://piacenza.elettroservicegroup.it/6-1-png" "Mozilla/5.0 (Linux; Android 7.0;) AppleWebKit/537.36 (HTML, like Gecko) Mobile Safari/537.36 (compatible; PetalBot;+https://webmaster.petalsearch.com/site/petalbot)"
162.120.188.19 - - [03/Jun/2026:17:32:12 +0200] "GET / HTTP/2.0" 200 21681 "https://www.google.com/" "Mozilla/5.0 (Linux; Android 10; K) AppleWebKit/537.36 (KHTML, like Gecko) Chrome/148.0.0.0 Mobile Safari/537.36"
178.61.225.212 - - [03/Jun/2026:17:38:07 +0200] "POST /xmlrpc.php HTTP/1.1" 403 52 "-" "Mozilla/5.0 (Windows NT 10.0; Win64; x64) AppleWebKit/537.36 (KHTML, like Gecko) Chrome/124.0 Safari/537.36"
65.108.235.243 - - [03/Jun/2026:17:38:13 +0200] "POST /wp-cron.php?doing_wp_cron=1780501093.8540189266204833984375 HTTP/1.1" 200 1 "-" "WordPress/7.0; https://piacenza.elettroservicegroup.it"
82.167.53.208 - - [03/Jun/2026:17:38:08 +0200] "POST /wp-login.php HTTP/1.1" 200 10580 "-" "Mozilla/5.0 (Windows NT 10.0; Win64; x64) AppleWebKit/537.36 (KHTML, like Gecko) Chrome/124.0 Safari/537.36"
65.108.235.243 - - [03/Jun/2026:17:38:14 +0200] "GET /imprint/ HTTP/1.1" 200 17083 "-" "WP Fastest Cache Preload Bot"
65.108.235.243 - - [03/Jun/2026:17:38:15 +0200] "GET /dichiarazione-sulla-privacy-ue/ HTTP/1.1" 200 19574 "-" "WP Fastest Cache Preload Bot"
65.108.235.243 - - [03/Jun/2026:17:38:15 +0200] "GET /assistenza-whirlpool-piacenza/ HTTP/1.1" 200 21743 "-" "WP Fastest Cache Preload Bot"
65.108.235.243 - - [03/Jun/2026:17:38:16 +0200] "GET /assistenza-smeg-piacenza/ HTTP/1.1" 200 21688 "-" "WP Fastest Cache Preload Bot"
95.164.158.115 - - [03/Jun/2026:17:40:12 +0200] "POST /xmlrpc.php HTTP/1.1" 403 52 "-" "Python-xmlrpc/3.10"
65.108.235.243 - - [03/Jun/2026:17:40:14 +0200] "GET /assistenza-siemens-piacenza/ HTTP/1.1" 200 21869 "-" "WP Fastest Cache Preload Bot"
95.164.158.115 - - [03/Jun/2026:17:40:15 +0200] "GET /wp-login.php HTTP/1.1" 200 3046 "-" "Mozilla/5.0 (Macintosh; Intel Mac OS X 10_12_6) AppleWebKit/603.3.8 (KHTML, like Gecko) Version/10.1.2 Safari/603.3.8"
65.108.235.243 - - [03/Jun/2026:17:40:15 +0200] "GET /assistenza-rex-electrolux-piacenza/ HTTP/1.1" 200 21733 "-" "WP Fastest Cache Preload Bot"
65.108.235.243 - - [03/Jun/2026:17:40:15 +0200] "GET /assistenza-miele-piacenza/ HTTP/1.1" 200 21974 "-" "WP Fastest Cache Preload Bot"
65.108.235.243 - - [03/Jun/2026:17:40:15 +0200] "GET /assistenza-lavatrici-whirlpool-piacenza/ HTTP/1.1" 200 21845 "-" "WP Fastest Cache Preload Bot"
95.164.158.115 - - [03/Jun/2026:17:40:16 +0200] "GET /wp-login.php HTTP/1.1" 200 3046 "-" "Mozilla/5.0 (Macintosh; Intel Mac OS X 10_12_6) AppleWebKit/603.3.8 (KHTML, like Gecko) Version/10.1.2 Safari/603.3.8"
95.164.158.115 - - [03/Jun/2026:17:40:17 +0200] "GET /wp-admin/post-new.php HTTP/1.1" 302 - "-" "Mozilla/5.0 (Macintosh; Intel Mac OS X 10_12_6) AppleWebKit/603.3.8 (KHTML, like Gecko) Version/10.1.2 Safari/603.3.8"
95.164.158.115 - - [03/Jun/2026:17:40:17 +0200] "GET /wp-login.php?redirect_to=https%3A%2F%2Fpiacenza.elettroservicegroup.it%2Fwp-admin%2Fpost-new.php&reauth=1 HTTP/1.1" 200 3050 "-" "Mozilla/5.0 (Macintosh; Intel Mac OS X 10_12_6) AppleWebKit/603.3.8 (KHTML, like Gecko) Version/10.1.2 Safari/603.3.8"
65.108.235.243 - - [03/Jun/2026:17:43:11 +0200] "POST /wp-cron.php?doing_wp_cron=1780501391.7299420833587646484375 HTTP/1.1" 200 1 "-" "WordPress/7.0; https://piacenza.elettroservicegroup.it"
40.77.167.132 - - [03/Jun/2026:17:43:10 +0200] "GET /sitemap2.xml HTTP/2.0" 302 1 "-" "Mozilla/5.0 AppleWebKit/537.36 (KHTML, like Gecko; compatible; bingbot/2.0; +http://www.bing.com/bingbot.htm) Chrome/116.0.1938.76 Safari/537.36"
40.77.167.132 - - [03/Jun/2026:17:43:13 +0200] "GET /sitemap.xml HTTP/2.0" 200 333 "-" "Mozilla/5.0 AppleWebKit/537.36 (KHTML, like Gecko; compatible; bingbot/2.0; +http://www.bing.com/bingbot.htm) Chrome/116.0.1938.76 Safari/537.36"
2.36.96.81 - - [03/Jun/2026:17:48:49 +0200] "GET /assistenza-candy-piacenza/ HTTP/2.0" 200 21758 "https://www.google.com/" "Mozilla/5.0 (Windows NT 10.0; Win64; x64) AppleWebKit/537.36 (KHTML, like Gecko) Chrome/148.0.0.0 Safari/537.36"
2.36.96.81 - - [03/Jun/2026:17:48:49 +0200] "GET /wp-content/cache/wpfc-minified/98f2uwim/4bjdx.css HTTP/2.0" 200 418 "https://piacenza.elettroservicegroup.it/assistenza-candy-piacenza/" "Mozilla/5.0 (Windows NT 10.0; Win64; x64) AppleWebKit/537.36 (KHTML, like Gecko) Chrome/148.0.0.0 Safari/537.36"
2.36.96.81 - - [03/Jun/2026:17:48:49 +0200] "GET /wp-content/uploads/elementor/css/post-14146.css?ver=1780326254 HTTP/2.0" 200 428 "https://piacenza.elettroservicegroup.it/assistenza-candy-piacenza/" "Mozilla/5.0 (Windows NT 10.0; Win64; x64) AppleWebKit/537.36 (KHTML, like Gecko) Chrome/148.0.0.0 Safari/537.36"
2.36.96.81 - - [03/Jun/2026:17:48:49 +0200] "GET /wp-content/uploads/elementor/css/post-16897.css?ver=1780329342 HTTP/2.0" 200 1996 "https://piacenza.elettroservicegroup.it/assistenza-candy-piacenza/" "Mozilla/5.0 (Windows NT 10.0; Win64; x64) AppleWebKit/537.36 (KHTML, like Gecko) Chrome/148.0.0.0 Safari/537.36"
2.36.96.81 - - [03/Jun/2026:17:48:49 +0200] "GET /wp-content/cache/wpfc-minified/lkeozi6d/4bjdx.css HTTP/2.0" 200 7521 "https://piacenza.elettroservicegroup.it/assistenza-candy-piacenza/" "Mozilla/5.0 (Windows NT 10.0; Win64; x64) AppleWebKit/537.36 (KHTML, like Gecko) Chrome/148.0.0.0 Safari/537.36"
2.36.96.81 - - [03/Jun/2026:17:48:49 +0200] "GET /wp-content/cache/wpfc-minified/qha2vzve/4bjdx.css HTTP/2.0" 200 11336 "https://piacenza.elettroservicegroup.it/assistenza-candy-piacenza/" "Mozilla/5.0 (Windows NT 10.0; Win64; x64) AppleWebKit/537.36 (KHTML, like Gecko) Chrome/148.0.0.0 Safari/537.36"
2.36.96.81 - - [03/Jun/2026:17:48:49 +0200] "GET /wp-content/cache/wpfc-minified/5g6kml4/4bjox.css HTTP/2.0" 200 16441 "https://piacenza.elettroservicegroup.it/assistenza-candy-piacenza/" "Mozilla/5.0 (Windows NT 10.0; Win64; x64) AppleWebKit/537.36 (KHTML, like Gecko) Chrome/148.0.0.0 Safari/537.36"
2.36.96.81 - - [03/Jun/2026:17:48:49 +0200] "GET /wp-content/uploads/2022/01/ASCIUGATRICE-TECNIC-2.jpg HTTP/2.0" 200 43278 "https://piacenza.elettroservicegroup.it/assistenza-candy-piacenza/" "Mozilla/5.0 (Windows NT 10.0; Win64; x64) AppleWebKit/537.36 (KHTML, like Gecko) Chrome/148.0.0.0 Safari/537.36"
2.36.96.81 - - [03/Jun/2026:17:48:49 +0200] "GET /wp-content/uploads/elementor/css/post-14366.css?ver=1780326254 HTTP/2.0" 200 302 "https://piacenza.elettroservicegroup.it/assistenza-candy-piacenza/" "Mozilla/5.0 (Windows NT 10.0; Win64; x64) AppleWebKit/537.36 (KHTML, like Gecko) Chrome/148.0.0.0 Safari/537.36"
2.36.96.81 - - [03/Jun/2026:17:48:49 +0200] "GET /wp-content/cache/wpfc-minified/9h35mpo4/4bjdx.css HTTP/2.0" 200 4410 "https://piacenza.elettroservicegroup.it/assistenza-candy-piacenza/" "Mozilla/5.0 (Windows NT 10.0; Win64; x64) AppleWebKit/537.36 (KHTML, like Gecko) Chrome/148.0.0.0 Safari/537.36"
2.36.96.81 - - [03/Jun/2026:17:48:49 +0200] "GET /wp-content/cache/wpfc-minified/30gnld0u/4bjdx.css HTTP/2.0" 200 19026 "https://piacenza.elettroservicegroup.it/assistenza-candy-piacenza/" "Mozilla/5.0 (Windows NT 10.0; Win64; x64) AppleWebKit/537.36 (KHTML, like Gecko) Chrome/148.0.0.0 Safari/537.36"
2.36.96.81 - - [03/Jun/2026:17:48:49 +0200] "GET /wp-content/cache/wpfc-minified/6ykfum2g/4bjdx.css HTTP/2.0" 200 14492 "https://piacenza.elettroservicegroup.it/assistenza-candy-piacenza/" "Mozilla/5.0 (Windows NT 10.0; Win64; x64) AppleWebKit/537.36 (KHTML, like Gecko) Chrome/148.0.0.0 Safari/537.36"
2.36.96.81 - - [03/Jun/2026:17:48:49 +0200] "GET /wp-content/cache/wpfc-minified/1e78wxqt/4bjdx.js HTTP/2.0" 200 37592 "https://piacenza.elettroservicegroup.it/assistenza-candy-piacenza/" "Mozilla/5.0 (Windows NT 10.0; Win64; x64) AppleWebKit/537.36 (KHTML, like Gecko) Chrome/148.0.0.0 Safari/537.36"
2.36.96.81 - - [03/Jun/2026:17:48:49 +0200] "GET /wp-content/uploads/2021/10/cropped-cropped-cropped-logo_white_background.png HTTP/2.0" 200 10924 "https://piacenza.elettroservicegroup.it/assistenza-candy-piacenza/" "Mozilla/5.0 (Windows NT 10.0; Win64; x64) AppleWebKit/537.36 (KHTML, like Gecko) Chrome/148.0.0.0 Safari/537.36"
2.36.96.81 - - [03/Jun/2026:17:48:49 +0200] "GET /wp-content/plugins/gp-premium/menu-plus/functions/js/sticky.min.js?ver=2.5.5 HTTP/2.0" 200 2670 "https://piacenza.elettroservicegroup.it/assistenza-candy-piacenza/" "Mozilla/5.0 (Windows NT 10.0; Win64; x64) AppleWebKit/537.36 (KHTML, like Gecko) Chrome/148.0.0.0 Safari/537.36"
2.36.96.81 - - [03/Jun/2026:17:48:49 +0200] "GET /wp-content/plugins/elementor/assets/js/webpack.runtime.min.js?ver=4.1.1 HTTP/2.0" 200 2340 "https://piacenza.elettroservicegroup.it/assistenza-candy-piacenza/" "Mozilla/5.0 (Windows NT 10.0; Win64; x64) AppleWebKit/537.36 (KHTML, like Gecko) Chrome/148.0.0.0 Safari/537.36"
2.36.96.81 - - [03/Jun/2026:17:48:49 +0200] "GET /wp-includes/js/jquery/ui/core.min.js?ver=1.13.3 HTTP/2.0" 200 6820 "https://piacenza.elettroservicegroup.it/assistenza-candy-piacenza/" "Mozilla/5.0 (Windows NT 10.0; Win64; x64) AppleWebKit/537.36 (KHTML, like Gecko) Chrome/148.0.0.0 Safari/537.36"
2.36.96.81 - - [03/Jun/2026:17:48:49 +0200] "GET /wp-content/plugins/elementor/assets/js/frontend-modules.min.js?ver=4.1.1 HTTP/2.0" 200 15454 "https://piacenza.elettroservicegroup.it/assistenza-candy-piacenza/" "Mozilla/5.0 (Windows NT 10.0; Win64; x64) AppleWebKit/537.36 (KHTML, like Gecko) Chrome/148.0.0.0 Safari/537.36"
2.36.96.81 - - [03/Jun/2026:17:48:49 +0200] "GET /wp-content/themes/generatepress/assets/js/back-to-top.min.js?ver=3.6.1 HTTP/2.0" 200 336 "https://piacenza.elettroservicegroup.it/assistenza-candy-piacenza/" "Mozilla/5.0 (Windows NT 10.0; Win64; x64) AppleWebKit/537.36 (KHTML, like Gecko) Chrome/148.0.0.0 Safari/537.36"
2.36.96.81 - - [03/Jun/2026:17:48:49 +0200] "GET /wp-content/themes/generatepress/assets/js/menu.min.js?ver=3.6.1 HTTP/2.0" 200 1688 "https://piacenza.elettroservicegroup.it/assistenza-candy-piacenza/" "Mozilla/5.0 (Windows NT 10.0; Win64; x64) AppleWebKit/537.36 (KHTML, like Gecko) Chrome/148.0.0.0 Safari/537.36"
2.36.96.81 - - [03/Jun/2026:17:48:49 +0200] "GET /wp-content/plugins/elementor/assets/js/frontend.min.js?ver=4.1.1 HTTP/2.0" 200 10140 "https://piacenza.elettroservicegroup.it/assistenza-candy-piacenza/" "Mozilla/5.0 (Windows NT 10.0; Win64; x64) AppleWebKit/537.36 (KHTML, like Gecko) Chrome/148.0.0.0 Safari/537.36"
2.36.96.81 - - [03/Jun/2026:17:48:49 +0200] "GET /wp-content/plugins/complianz-gdpr-premium/cookiebanner/js/complianz.min.js?ver=1780326249 HTTP/2.0" 200 10708 "https://piacenza.elettroservicegroup.it/assistenza-candy-piacenza/" "Mozilla/5.0 (Windows NT 10.0; Win64; x64) AppleWebKit/537.36 (KHTML, like Gecko) Chrome/148.0.0.0 Safari/537.36"
2.36.96.81 - - [03/Jun/2026:17:48:49 +0200] "GET /wp-content/uploads/2022/01/COPERTINA-4.png HTTP/2.0" 200 238875 "https://piacenza.elettroservicegroup.it/wp-content/uploads/elementor/css/post-16897.css?ver=1780329342" "Mozilla/5.0 (Windows NT 10.0; Win64; x64) AppleWebKit/537.36 (KHTML, like Gecko) Chrome/148.0.0.0 Safari/537.36"
2.36.96.81 - - [03/Jun/2026:17:48:49 +0200] "GET /wp-content/plugins/elementor/assets/lib/font-awesome/webfonts/fa-regular-400.woff2 HTTP/2.0" 200 13277 "https://piacenza.elettroservicegroup.it/wp-content/cache/wpfc-minified/5g6kml4/4bjox.css" "Mozilla/5.0 (Windows NT 10.0; Win64; x64) AppleWebKit/537.36 (KHTML, like Gecko) Chrome/148.0.0.0 Safari/537.36"
2.36.96.81 - - [03/Jun/2026:17:48:49 +0200] "GET /wp-content/uploads/elementor/google-fonts/fonts/roboto-kfo7cnqeu92fr1me7ksn66agldtyluama3yuba.woff2 HTTP/2.0" 200 40132 "https://piacenza.elettroservicegroup.it/wp-content/cache/wpfc-minified/6ykfum2g/4bjdx.css" "Mozilla/5.0 (Windows NT 10.0; Win64; x64) AppleWebKit/537.36 (KHTML, like Gecko) Chrome/148.0.0.0 Safari/537.36"
2.36.96.81 - - [03/Jun/2026:17:48:49 +0200] "GET /wp-content/plugins/elementor/assets/lib/font-awesome/webfonts/fa-solid-900.woff2 HTTP/2.0" 200 78201 "https://piacenza.elettroservicegroup.it/wp-content/cache/wpfc-minified/5g6kml4/4bjox.css" "Mozilla/5.0 (Windows NT 10.0; Win64; x64) AppleWebKit/537.36 (KHTML, like Gecko) Chrome/148.0.0.0 Safari/537.36"
2.36.96.81 - - [03/Jun/2026:17:48:49 +0200] "GET /wp-content/plugins/elementor/assets/js/section-frontend-handlers.d85ab872da118940910d.bundle.min.js HTTP/2.0" 200 230 "https://piacenza.elettroservicegroup.it/assistenza-candy-piacenza/" "Mozilla/5.0 (Windows NT 10.0; Win64; x64) AppleWebKit/537.36 (KHTML, like Gecko) Chrome/148.0.0.0 Safari/537.36"
2.36.96.81 - - [03/Jun/2026:17:48:49 +0200] "GET /wp-content/plugins/elementor/assets/js/text-editor.45609661e409413f1cef.bundle.min.js HTTP/2.0" 200 592 "https://piacenza.elettroservicegroup.it/assistenza-candy-piacenza/" "Mozilla/5.0 (Windows NT 10.0; Win64; x64) AppleWebKit/537.36 (KHTML, like Gecko) Chrome/148.0.0.0 Safari/537.36"
2.36.96.81 - - [03/Jun/2026:17:48:49 +0200] "GET /wp-content/plugins/elementor/assets/js/shared-frontend-handlers.03caa53373b56d3bab67.bundle.min.js HTTP/2.0" 200 2515 "https://piacenza.elettroservicegroup.it/assistenza-candy-piacenza/" "Mozilla/5.0 (Windows NT 10.0; Win64; x64) AppleWebKit/537.36 (KHTML, like Gecko) Chrome/148.0.0.0 Safari/537.36"
2.36.96.81 - - [03/Jun/2026:17:48:50 +0200] "GET /wp-content/uploads/2021/10/cropped-cropped-cropped-cropped-logo_white_background-32x32.png HTTP/2.0" 200 716 "https://piacenza.elettroservicegroup.it/assistenza-candy-piacenza/" "Mozilla/5.0 (Windows NT 10.0; Win64; x64) AppleWebKit/537.36 (KHTML, like Gecko) Chrome/148.0.0.0 Safari/537.36"
2.36.96.81 - - [03/Jun/2026:17:48:51 +0200] "GET /wp-content/uploads/2022/01/TECNICO-FRIGO-768x512.jpg HTTP/2.0" 200 50318 "https://piacenza.elettroservicegroup.it/assistenza-candy-piacenza/" "Mozilla/5.0 (Windows NT 10.0; Win64; x64) AppleWebKit/537.36 (KHTML, like Gecko) Chrome/148.0.0.0 Safari/537.36"
65.108.235.243 - - [03/Jun/2026:17:48:51 +0200] "POST /wp-cron.php?doing_wp_cron=1780501731.3319869041442871093750 HTTP/1.1" 200 1 "-" "WordPress/7.0; https://piacenza.elettroservicegroup.it"
2.36.96.81 - - [03/Jun/2026:17:48:49 +0200] "GET /wp-json/complianz/v1/banner?lang=it&locale=it_IT&token=jacdi HTTP/2.0" 200 84 "https://piacenza.elettroservicegroup.it/assistenza-candy-piacenza/" "Mozilla/5.0 (Windows NT 10.0; Win64; x64) AppleWebKit/537.36 (KHTML, like Gecko) Chrome/148.0.0.0 Safari/537.36"
2.36.96.81 - - [03/Jun/2026:17:48:51 +0200] "GET /wp-content/uploads/complianz/css/banner-1-optin.css?v=40 HTTP/2.0" 200 2617 "https://piacenza.elettroservicegroup.it/assistenza-candy-piacenza/" "Mozilla/5.0 (Windows NT 10.0; Win64; x64) AppleWebKit/537.36 (KHTML, like Gecko) Chrome/148.0.0.0 Safari/537.36"
2.36.96.81 - - [03/Jun/2026:17:48:51 +0200] "GET /wp-json/complianz/v1/cookie_data HTTP/2.0" 200 69 "https://piacenza.elettroservicegroup.it/assistenza-candy-piacenza/" "Mozilla/5.0 (Windows NT 10.0; Win64; x64) AppleWebKit/537.36 (KHTML, like Gecko) Chrome/148.0.0.0 Safari/537.36"
65.108.235.243 - - [03/Jun/2026:17:48:51 +0200] "GET /assistenza-lavatrici-smeg-piacenza/ HTTP/1.1" 200 21591 "-" "WP Fastest Cache Preload Bot"
65.108.235.243 - - [03/Jun/2026:17:48:52 +0200] "GET /assistenza-lavatrici-rex-electrolux-piacenza/ HTTP/1.1" 200 21561 "-" "WP Fastest Cache Preload Bot"
65.108.235.243 - - [03/Jun/2026:17:48:52 +0200] "GET /assistenza-lavatrici-indesit-piacenza/ HTTP/1.1" 200 21585 "-" "WP Fastest Cache Preload Bot"
2.36.96.81 - - [03/Jun/2026:17:48:52 +0200] "GET /wp-content/uploads/2026/05/logo.png HTTP/2.0" 200 48185 "https://piacenza.elettroservicegroup.it/assistenza-candy-piacenza/" "Mozilla/5.0 (Windows NT 10.0; Win64; x64) AppleWebKit/537.36 (KHTML, like Gecko) Chrome/148.0.0.0 Safari/537.36"
65.108.235.243 - - [03/Jun/2026:17:48:52 +0200] "GET /assistenza-lavatrici-bosch-piacenza/ HTTP/1.1" 200 21632 "-" "WP Fastest Cache Preload Bot"
2.36.96.81 - - [03/Jun/2026:17:48:58 +0200] "POST /wp-json/complianz/v1/track HTTP/2.0" 200 20 "https://piacenza.elettroservicegroup.it/assistenza-candy-piacenza/" "Mozilla/5.0 (Windows NT 10.0; Win64; x64) AppleWebKit/537.36 (KHTML, like Gecko) Chrome/148.0.0.0 Safari/537.36"
193.233.126.116 - - [03/Jun/2026:17:53:46 +0200] "GET /wp-login.php HTTP/2.0" 200 11858 "-" "Mozilla/5.0 (Windows NT 10.0; Win64; x64) AppleWebKit/537.36 (KHTML, like Gecko) Chrome/124.0.6367.207 Safari/537.36"
40.77.167.254 - - [03/Jun/2026:17:53:46 +0200] "GET /wp-content/uploads/2021/11/TECNICO-ELETTRODOMESTICI.jpg HTTP/2.0" 200 17166 "-" "Mozilla/5.0 AppleWebKit/537.36 (KHTML, like Gecko; compatible; bingbot/2.0; +http://www.bing.com/bingbot.htm) Chrome/116.0.1938.76 Safari/537.36"
45.134.139.132 - - [03/Jun/2026:17:53:50 +0200] "POST /xmlrpc.php HTTP/2.0" 200 11805 "-" "Mozilla/5.0 (Windows NT 10.0; Win64; x64) AppleWebKit/537.36 (KHTML, like Gecko) Chrome/124.0.6367.207 Safari/537.36"
89.39.201.60 - - [03/Jun/2026:17:53:53 +0200] "POST /xmlrpc.php HTTP/2.0" 200 11830 "-" "Mozilla/5.0 (Macintosh; Intel Mac OS X 13_5) AppleWebKit/605.1.15 (KHTML, like Gecko) Version/17.5 Safari/605.1.15"
45.129.232.120 - - [03/Jun/2026:17:53:59 +0200] "POST /xmlrpc.php HTTP/2.0" 200 11781 "-" "Mozilla/5.0 (Windows NT 10.0; Win64; x64) AppleWebKit/537.36 (KHTML, like Gecko) Chrome/124.0.6367.207 Safari/537.36"
142.111.129.253 - - [03/Jun/2026:17:54:02 +0200] "POST /xmlrpc.php HTTP/2.0" 200 11844 "-" "Mozilla/5.0 (Windows NT 10.0; Win64; x64) AppleWebKit/537.36 (KHTML, like Gecko) Chrome/124.0.6367.207 Safari/537.36"
82.21.68.171 - - [03/Jun/2026:17:54:05 +0200] "POST /xmlrpc.php HTTP/2.0" 200 11861 "-" "Mozilla/5.0 (Macintosh; Intel Mac OS X 13_5) AppleWebKit/605.1.15 (KHTML, like Gecko) Version/17.5 Safari/605.1.15"
45.129.232.158 - - [03/Jun/2026:17:54:09 +0200] "POST /xmlrpc.php HTTP/2.0" 200 11905 "-" "Mozilla/5.0 (Windows NT 10.0; Win64; x64) AppleWebKit/537.36 (KHTML, like Gecko) Chrome/124.0.6367.207 Safari/537.36"
92.38.209.126 - - [03/Jun/2026:17:54:14 +0200] "POST /xmlrpc.php HTTP/2.0" 200 11790 "-" "Mozilla/5.0 (Macintosh; Intel Mac OS X 13_5) AppleWebKit/605.1.15 (KHTML, like Gecko) Version/17.5 Safari/605.1.15"
193.233.126.116 - - [03/Jun/2026:17:54:17 +0200] "GET /feed/ HTTP/2.0" 200 11803 "-" "Mozilla/5.0 (Windows NT 10.0; Win64; x64) AppleWebKit/537.36 (KHTML, like Gecko) Chrome/124.0.6367.207 Safari/537.36"
193.233.126.116 - - [03/Jun/2026:17:54:18 +0200] "GET /readme.html HTTP/2.0" 200 11800 "-" "Mozilla/5.0 (Windows NT 10.0; Win64; x64) AppleWebKit/537.36 (KHTML, like Gecko) Chrome/124.0.6367.207 Safari/537.36"
193.233.126.116 - - [03/Jun/2026:17:54:19 +0200] "GET /wp-login.php HTTP/2.0" 200 11793 "-" "Mozilla/5.0 (Windows NT 10.0; Win64; x64) AppleWebKit/537.36 (KHTML, like Gecko) Chrome/124.0.6367.207 Safari/537.36"
205.186.66.196 - - [03/Jun/2026:17:54:23 +0200] "GET /feed/ HTTP/2.0" 200 11818 "-" "Mozilla/5.0 (Windows NT 10.0; Win64; x64) AppleWebKit/537.36 (KHTML, like Gecko) Chrome/124.0.6367.207 Safari/537.36"
205.186.66.196 - - [03/Jun/2026:17:54:24 +0200] "GET /readme.html HTTP/2.0" 200 11747 "-" "Mozilla/5.0 (Windows NT 10.0; Win64; x64) AppleWebKit/537.36 (KHTML, like Gecko) Chrome/124.0.6367.207 Safari/537.36"
205.186.66.196 - - [03/Jun/2026:17:54:25 +0200] "GET /wp-login.php HTTP/2.0" 200 11777 "-" "Mozilla/5.0 (Windows NT 10.0; Win64; x64) AppleWebKit/537.36 (KHTML, like Gecko) Chrome/124.0.6367.207 Safari/537.36"
72.57.106.150 - - [03/Jun/2026:17:54:30 +0200] "GET /feed/ HTTP/2.0" 200 11797 "-" "Mozilla/5.0 (Windows NT 10.0; Win64; x64) AppleWebKit/537.36 (KHTML, like Gecko) Chrome/124.0.6367.207 Safari/537.36"
72.57.106.150 - - [03/Jun/2026:17:54:33 +0200] "GET /readme.html HTTP/2.0" 200 11816 "-" "Mozilla/5.0 (Windows NT 10.0; Win64; x64) AppleWebKit/537.36 (KHTML, like Gecko) Chrome/124.0.6367.207 Safari/537.36"
72.57.106.150 - - [03/Jun/2026:17:54:34 +0200] "GET /wp-login.php HTTP/2.0" 200 11858 "-" "Mozilla/5.0 (Windows NT 10.0; Win64; x64) AppleWebKit/537.36 (KHTML, like Gecko) Chrome/124.0.6367.207 Safari/537.36"
185.200.136.153 - - [03/Jun/2026:17:54:37 +0200] "GET /feed/ HTTP/2.0" 200 11764 "-" "Mozilla/5.0 (Windows NT 10.0; Win64; x64) AppleWebKit/537.36 (KHTML, like Gecko) Chrome/124.0.6367.207 Safari/537.36"
185.200.136.153 - - [03/Jun/2026:17:54:38 +0200] "GET /readme.html HTTP/2.0" 200 11746 "-" "Mozilla/5.0 (Windows NT 10.0; Win64; x64) AppleWebKit/537.36 (KHTML, like Gecko) Chrome/124.0.6367.207 Safari/537.36"
185.200.136.153 - - [03/Jun/2026:17:54:40 +0200] "GET /wp-login.php HTTP/2.0" 200 11777 "-" "Mozilla/5.0 (Windows NT 10.0; Win64; x64) AppleWebKit/537.36 (KHTML, like Gecko) Chrome/124.0.6367.207 Safari/537.36"
173.211.36.94 - - [03/Jun/2026:17:54:44 +0200] "GET /feed/ HTTP/2.0" 200 11766 "-" "Mozilla/5.0 (Windows NT 10.0; Win64; x64) AppleWebKit/537.36 (KHTML, like Gecko) Chrome/124.0.6367.207 Safari/537.36"
173.211.36.94 - - [03/Jun/2026:17:54:45 +0200] "GET /readme.html HTTP/2.0" 200 11740 "-" "Mozilla/5.0 (Windows NT 10.0; Win64; x64) AppleWebKit/537.36 (KHTML, like Gecko) Chrome/124.0.6367.207 Safari/537.36"
173.211.36.94 - - [03/Jun/2026:17:54:47 +0200] "GET /wp-login.php HTTP/2.0" 200 11812 "-" "Mozilla/5.0 (Windows NT 10.0; Win64; x64) AppleWebKit/537.36 (KHTML, like Gecko) Chrome/124.0.6367.207 Safari/537.36"
45.95.220.170 - - [03/Jun/2026:17:54:52 +0200] "GET /feed/ HTTP/2.0" 200 11798 "-" "Mozilla/5.0 (Windows NT 10.0; Win64; x64) AppleWebKit/537.36 (KHTML, like Gecko) Chrome/124.0.6367.207 Safari/537.36"
45.95.220.170 - - [03/Jun/2026:17:54:54 +0200] "GET /readme.html HTTP/2.0" 200 11817 "-" "Mozilla/5.0 (Windows NT 10.0; Win64; x64) AppleWebKit/537.36 (KHTML, like Gecko) Chrome/124.0.6367.207 Safari/537.36"
45.95.220.170 - - [03/Jun/2026:17:54:56 +0200] "GET /wp-login.php HTTP/2.0" 200 11791 "-" "Mozilla/5.0 (Windows NT 10.0; Win64; x64) AppleWebKit/537.36 (KHTML, like Gecko) Chrome/124.0.6367.207 Safari/537.36"
84.33.251.225 - - [03/Jun/2026:17:55:00 +0200] "GET /feed/ HTTP/2.0" 200 11863 "-" "Mozilla/5.0 (Windows NT 10.0; Win64; x64) AppleWebKit/537.36 (KHTML, like Gecko) Chrome/124.0.6367.207 Safari/537.36"
84.33.251.225 - - [03/Jun/2026:17:55:01 +0200] "GET /readme.html HTTP/2.0" 200 11836 "-" "Mozilla/5.0 (Windows NT 10.0; Win64; x64) AppleWebKit/537.36 (KHTML, like Gecko) Chrome/124.0.6367.207 Safari/537.36"
84.33.251.225 - - [03/Jun/2026:17:55:03 +0200] "GET /wp-login.php HTTP/2.0" 200 11762 "-" "Mozilla/5.0 (Windows NT 10.0; Win64; x64) AppleWebKit/537.36 (KHTML, like Gecko) Chrome/124.0.6367.207 Safari/537.36"
154.17.173.160 - - [03/Jun/2026:17:55:07 +0200] "GET /feed/ HTTP/2.0" 200 11827 "-" "Mozilla/5.0 (Windows NT 10.0; Win64; x64) AppleWebKit/537.36 (KHTML, like Gecko) Chrome/124.0.6367.207 Safari/537.36"
154.17.173.160 - - [03/Jun/2026:17:55:08 +0200] "GET /readme.html HTTP/2.0" 200 11801 "-" "Mozilla/5.0 (Windows NT 10.0; Win64; x64) AppleWebKit/537.36 (KHTML, like Gecko) Chrome/124.0.6367.207 Safari/537.36"
154.17.173.160 - - [03/Jun/2026:17:55:10 +0200] "GET /wp-login.php HTTP/2.0" 200 11803 "-" "Mozilla/5.0 (Windows NT 10.0; Win64; x64) AppleWebKit/537.36 (KHTML, like Gecko) Chrome/124.0.6367.207 Safari/537.36"
66.78.5.118 - - [03/Jun/2026:17:55:14 +0200] "GET /feed/ HTTP/2.0" 200 11783 "-" "Mozilla/5.0 (Windows NT 10.0; Win64; x64) AppleWebKit/537.36 (KHTML, like Gecko) Chrome/124.0.6367.207 Safari/537.36"
66.78.5.118 - - [03/Jun/2026:17:55:16 +0200] "GET /readme.html HTTP/2.0" 200 11847 "-" "Mozilla/5.0 (Windows NT 10.0; Win64; x64) AppleWebKit/537.36 (KHTML, like Gecko) Chrome/124.0.6367.207 Safari/537.36"
66.78.5.118 - - [03/Jun/2026:17:55:17 +0200] "GET /wp-login.php HTTP/2.0" 200 11818 "-" "Mozilla/5.0 (Windows NT 10.0; Win64; x64) AppleWebKit/537.36 (KHTML, like Gecko) Chrome/124.0.6367.207 Safari/537.36"
50.114.101.141 - - [03/Jun/2026:17:55:22 +0200] "GET /feed/ HTTP/2.0" 200 11816 "-" "Mozilla/5.0 (Windows NT 10.0; Win64; x64) AppleWebKit/537.36 (KHTML, like Gecko) Chrome/124.0.6367.207 Safari/537.36"
50.114.101.141 - - [03/Jun/2026:17:55:23 +0200] "GET /readme.html HTTP/2.0" 200 11721 "-" "Mozilla/5.0 (Windows NT 10.0; Win64; x64) AppleWebKit/537.36 (KHTML, like Gecko) Chrome/124.0.6367.207 Safari/537.36"
50.114.101.141 - - [03/Jun/2026:17:55:24 +0200] "GET /wp-login.php HTTP/2.0" 200 11793 "-" "Mozilla/5.0 (Windows NT 10.0; Win64; x64) AppleWebKit/537.36 (KHTML, like Gecko) Chrome/124.0.6367.207 Safari/537.36"
94.177.98.126 - - [03/Jun/2026:17:55:28 +0200] "GET /feed/ HTTP/2.0" 200 11771 "-" "Mozilla/5.0 (Windows NT 10.0; Win64; x64) AppleWebKit/537.36 (KHTML, like Gecko) Chrome/124.0.6367.207 Safari/537.36"
94.177.98.126 - - [03/Jun/2026:17:55:29 +0200] "GET /readme.html HTTP/2.0" 200 11842 "-" "Mozilla/5.0 (Windows NT 10.0; Win64; x64) AppleWebKit/537.36 (KHTML, like Gecko) Chrome/124.0.6367.207 Safari/537.36"
94.177.98.126 - - [03/Jun/2026:17:55:30 +0200] "GET /wp-login.php HTTP/2.0" 200 11762 "-" "Mozilla/5.0 (Windows NT 10.0; Win64; x64) AppleWebKit/537.36 (KHTML, like Gecko) Chrome/124.0.6367.207 Safari/537.36"
23.109.205.195 - - [03/Jun/2026:17:55:33 +0200] "GET /feed/ HTTP/2.0" 200 11727 "-" "Mozilla/5.0 (Windows NT 10.0; Win64; x64) AppleWebKit/537.36 (KHTML, like Gecko) Chrome/124.0.6367.207 Safari/537.36"
23.109.205.195 - - [03/Jun/2026:17:55:34 +0200] "GET /readme.html HTTP/2.0" 200 11816 "-" "Mozilla/5.0 (Windows NT 10.0; Win64; x64) AppleWebKit/537.36 (KHTML, like Gecko) Chrome/124.0.6367.207 Safari/537.36"
23.109.205.195 - - [03/Jun/2026:17:55:35 +0200] "GET /wp-login.php HTTP/2.0" 200 11732 "-" "Mozilla/5.0 (Windows NT 10.0; Win64; x64) AppleWebKit/537.36 (KHTML, like Gecko) Chrome/124.0.6367.207 Safari/537.36"
136.0.202.235 - - [03/Jun/2026:17:55:39 +0200] "GET /feed/ HTTP/2.0" 200 11732 "-" "Mozilla/5.0 (Windows NT 10.0; Win64; x64) AppleWebKit/537.36 (KHTML, like Gecko) Chrome/124.0.6367.207 Safari/537.36"
136.0.202.235 - - [03/Jun/2026:17:55:41 +0200] "GET /readme.html HTTP/2.0" 200 11835 "-" "Mozilla/5.0 (Windows NT 10.0; Win64; x64) AppleWebKit/537.36 (KHTML, like Gecko) Chrome/124.0.6367.207 Safari/537.36"
136.0.202.235 - - [03/Jun/2026:17:55:42 +0200] "GET /wp-login.php HTTP/2.0" 200 11813 "-" "Mozilla/5.0 (Windows NT 10.0; Win64; x64) AppleWebKit/537.36 (KHTML, like Gecko) Chrome/124.0.6367.207 Safari/537.36"
23.26.230.115 - - [03/Jun/2026:17:55:45 +0200] "GET /feed/ HTTP/2.0" 200 11762 "-" "Mozilla/5.0 (Windows NT 10.0; Win64; x64) AppleWebKit/537.36 (KHTML, like Gecko) Chrome/124.0.6367.207 Safari/537.36"
23.26.230.115 - - [03/Jun/2026:17:55:46 +0200] "GET /readme.html HTTP/2.0" 200 11776 "-" "Mozilla/5.0 (Windows NT 10.0; Win64; x64) AppleWebKit/537.36 (KHTML, like Gecko) Chrome/124.0.6367.207 Safari/537.36"
23.26.230.115 - - [03/Jun/2026:17:55:47 +0200] "GET /wp-login.php HTTP/2.0" 200 11808 "-" "Mozilla/5.0 (Windows NT 10.0; Win64; x64) AppleWebKit/537.36 (KHTML, like Gecko) Chrome/124.0.6367.207 Safari/537.36"
154.17.173.110 - - [03/Jun/2026:17:55:50 +0200] "GET /feed/ HTTP/2.0" 200 11816 "-" "Mozilla/5.0 (Windows NT 10.0; Win64; x64) AppleWebKit/537.36 (KHTML, like Gecko) Chrome/124.0.6367.207 Safari/537.36"
154.17.173.110 - - [03/Jun/2026:17:55:52 +0200] "GET /readme.html HTTP/2.0" 200 11726 "-" "Mozilla/5.0 (Windows NT 10.0; Win64; x64) AppleWebKit/537.36 (KHTML, like Gecko) Chrome/124.0.6367.207 Safari/537.36"
154.17.173.110 - - [03/Jun/2026:17:55:53 +0200] "GET /wp-login.php HTTP/2.0" 200 11827 "-" "Mozilla/5.0 (Windows NT 10.0; Win64; x64) AppleWebKit/537.36 (KHTML, like Gecko) Chrome/124.0.6367.207 Safari/537.36"
45.95.221.220 - - [03/Jun/2026:17:55:55 +0200] "GET /feed/ HTTP/2.0" 200 11778 "-" "Mozilla/5.0 (Windows NT 10.0; Win64; x64) AppleWebKit/537.36 (KHTML, like Gecko) Chrome/124.0.6367.207 Safari/537.36"
45.95.221.220 - - [03/Jun/2026:17:55:57 +0200] "GET /readme.html HTTP/2.0" 200 11727 "-" "Mozilla/5.0 (Windows NT 10.0; Win64; x64) AppleWebKit/537.36 (KHTML, like Gecko) Chrome/124.0.6367.207 Safari/537.36"
45.95.221.220 - - [03/Jun/2026:17:55:58 +0200] "GET /wp-login.php HTTP/2.0" 200 11771 "-" "Mozilla/5.0 (Windows NT 10.0; Win64; x64) AppleWebKit/537.36 (KHTML, like Gecko) Chrome/124.0.6367.207 Safari/537.36"
2.57.70.163 - - [03/Jun/2026:17:56:00 +0200] "GET /feed/ HTTP/2.0" 200 11772 "-" "Mozilla/5.0 (Windows NT 10.0; Win64; x64) AppleWebKit/537.36 (KHTML, like Gecko) Chrome/124.0.6367.207 Safari/537.36"
2.57.70.163 - - [03/Jun/2026:17:56:01 +0200] "GET /readme.html HTTP/2.0" 200 11754 "-" "Mozilla/5.0 (Windows NT 10.0; Win64; x64) AppleWebKit/537.36 (KHTML, like Gecko) Chrome/124.0.6367.207 Safari/537.36"
2.57.70.163 - - [03/Jun/2026:17:56:02 +0200] "GET /wp-login.php HTTP/2.0" 200 11843 "-" "Mozilla/5.0 (Windows NT 10.0; Win64; x64) AppleWebKit/537.36 (KHTML, like Gecko) Chrome/124.0.6367.207 Safari/537.36"
89.208.53.214 - - [03/Jun/2026:17:56:07 +0200] "GET /feed/ HTTP/2.0" 200 11812 "-" "Mozilla/5.0 (Windows NT 10.0; Win64; x64) AppleWebKit/537.36 (KHTML, like Gecko) Chrome/124.0.6367.207 Safari/537.36"
89.208.53.214 - - [03/Jun/2026:17:56:08 +0200] "GET /readme.html HTTP/2.0" 200 11776 "-" "Mozilla/5.0 (Windows NT 10.0; Win64; x64) AppleWebKit/537.36 (KHTML, like Gecko) Chrome/124.0.6367.207 Safari/537.36"
89.208.53.214 - - [03/Jun/2026:17:56:09 +0200] "GET /wp-login.php HTTP/2.0" 200 11778 "-" "Mozilla/5.0 (Windows NT 10.0; Win64; x64) AppleWebKit/537.36 (KHTML, like Gecko) Chrome/124.0.6367.207 Safari/537.36"
154.37.80.59 - - [03/Jun/2026:17:56:13 +0200] "GET /feed/ HTTP/2.0" 200 11792 "-" "Mozilla/5.0 (Windows NT 10.0; Win64; x64) AppleWebKit/537.36 (KHTML, like Gecko) Chrome/124.0.6367.207 Safari/537.36"
154.37.80.59 - - [03/Jun/2026:17:56:15 +0200] "GET /readme.html HTTP/2.0" 200 11785 "-" "Mozilla/5.0 (Windows NT 10.0; Win64; x64) AppleWebKit/537.36 (KHTML, like Gecko) Chrome/124.0.6367.207 Safari/537.36"
154.37.80.59 - - [03/Jun/2026:17:56:16 +0200] "GET /wp-login.php HTTP/2.0" 200 11851 "-" "Mozilla/5.0 (Windows NT 10.0; Win64; x64) AppleWebKit/537.36 (KHTML, like Gecko) Chrome/124.0.6367.207 Safari/537.36"
185.51.122.197 - - [03/Jun/2026:17:56:20 +0200] "GET /feed/ HTTP/2.0" 200 11848 "-" "Mozilla/5.0 (Windows NT 10.0; Win64; x64) AppleWebKit/537.36 (KHTML, like Gecko) Chrome/124.0.6367.207 Safari/537.36"
185.51.122.197 - - [03/Jun/2026:17:56:21 +0200] "GET /readme.html HTTP/2.0" 200 11837 "-" "Mozilla/5.0 (Windows NT 10.0; Win64; x64) AppleWebKit/537.36 (KHTML, like Gecko) Chrome/124.0.6367.207 Safari/537.36"
185.51.122.197 - - [03/Jun/2026:17:56:22 +0200] "GET /wp-login.php HTTP/2.0" 200 11861 "-" "Mozilla/5.0 (Windows NT 10.0; Win64; x64) AppleWebKit/537.36 (KHTML, like Gecko) Chrome/124.0.6367.207 Safari/537.36"
185.201.160.217 - - [03/Jun/2026:17:56:25 +0200] "GET /feed/ HTTP/2.0" 200 11827 "-" "Mozilla/5.0 (Windows NT 10.0; Win64; x64) AppleWebKit/537.36 (KHTML, like Gecko) Chrome/124.0.6367.207 Safari/537.36"
185.201.160.217 - - [03/Jun/2026:17:56:26 +0200] "GET /readme.html HTTP/2.0" 200 11797 "-" "Mozilla/5.0 (Windows NT 10.0; Win64; x64) AppleWebKit/537.36 (KHTML, like Gecko) Chrome/124.0.6367.207 Safari/537.36"
185.201.160.217 - - [03/Jun/2026:17:56:27 +0200] "GET /wp-login.php HTTP/2.0" 200 11720 "-" "Mozilla/5.0 (Windows NT 10.0; Win64; x64) AppleWebKit/537.36 (KHTML, like Gecko) Chrome/124.0.6367.207 Safari/537.36"
84.54.34.160 - - [03/Jun/2026:17:56:30 +0200] "GET /feed/ HTTP/2.0" 200 11868 "-" "Mozilla/5.0 (Windows NT 10.0; Win64; x64) AppleWebKit/537.36 (KHTML, like Gecko) Chrome/124.0.6367.207 Safari/537.36"
84.54.34.160 - - [03/Jun/2026:17:56:32 +0200] "GET /readme.html HTTP/2.0" 200 11816 "-" "Mozilla/5.0 (Windows NT 10.0; Win64; x64) AppleWebKit/537.36 (KHTML, like Gecko) Chrome/124.0.6367.207 Safari/537.36"
84.54.34.160 - - [03/Jun/2026:17:56:33 +0200] "GET /wp-login.php HTTP/2.0" 200 11768 "-" "Mozilla/5.0 (Windows NT 10.0; Win64; x64) AppleWebKit/537.36 (KHTML, like Gecko) Chrome/124.0.6367.207 Safari/537.36"
195.128.162.62 - - [03/Jun/2026:17:56:36 +0200] "GET /feed/ HTTP/2.0" 200 11808 "-" "Mozilla/5.0 (Windows NT 10.0; Win64; x64) AppleWebKit/537.36 (KHTML, like Gecko) Chrome/124.0.6367.207 Safari/537.36"
195.128.162.62 - - [03/Jun/2026:17:56:37 +0200] "GET /readme.html HTTP/2.0" 200 11806 "-" "Mozilla/5.0 (Windows NT 10.0; Win64; x64) AppleWebKit/537.36 (KHTML, like Gecko) Chrome/124.0.6367.207 Safari/537.36"
195.128.162.62 - - [03/Jun/2026:17:56:38 +0200] "GET /wp-login.php HTTP/2.0" 200 11827 "-" "Mozilla/5.0 (Windows NT 10.0; Win64; x64) AppleWebKit/537.36 (KHTML, like Gecko) Chrome/124.0.6367.207 Safari/537.36"
85.209.76.114 - - [03/Jun/2026:17:56:42 +0200] "GET /feed/ HTTP/2.0" 200 11818 "-" "Mozilla/5.0 (Windows NT 10.0; Win64; x64) AppleWebKit/537.36 (KHTML, like Gecko) Chrome/124.0.6367.207 Safari/537.36"
85.209.76.114 - - [03/Jun/2026:17:56:43 +0200] "GET /readme.html HTTP/2.0" 200 11791 "-" "Mozilla/5.0 (Windows NT 10.0; Win64; x64) AppleWebKit/537.36 (KHTML, like Gecko) Chrome/124.0.6367.207 Safari/537.36"
85.209.76.114 - - [03/Jun/2026:17:56:44 +0200] "GET /wp-login.php HTTP/2.0" 200 11752 "-" "Mozilla/5.0 (Windows NT 10.0; Win64; x64) AppleWebKit/537.36 (KHTML, like Gecko) Chrome/124.0.6367.207 Safari/537.36"
89.39.201.60 - - [03/Jun/2026:17:56:48 +0200] "GET /feed/ HTTP/2.0" 200 11822 "-" "Mozilla/5.0 (Windows NT 10.0; Win64; x64) AppleWebKit/537.36 (KHTML, like Gecko) Chrome/124.0.6367.207 Safari/537.36"
89.39.201.60 - - [03/Jun/2026:17:56:49 +0200] "GET /readme.html HTTP/2.0" 200 11795 "-" "Mozilla/5.0 (Windows NT 10.0; Win64; x64) AppleWebKit/537.36 (KHTML, like Gecko) Chrome/124.0.6367.207 Safari/537.36"
89.39.201.60 - - [03/Jun/2026:17:56:50 +0200] "GET /wp-login.php HTTP/2.0" 200 11745 "-" "Mozilla/5.0 (Windows NT 10.0; Win64; x64) AppleWebKit/537.36 (KHTML, like Gecko) Chrome/124.0.6367.207 Safari/537.36"
45.95.220.147 - - [03/Jun/2026:17:56:53 +0200] "GET /feed/ HTTP/2.0" 200 11796 "-" "Mozilla/5.0 (Windows NT 10.0; Win64; x64) AppleWebKit/537.36 (KHTML, like Gecko) Chrome/124.0.6367.207 Safari/537.36"
