65.108.235.243 - - [03/Jun/2026:20:51:11 +0200] "GET /assistenza-lavatrici-rex-electrolux-piacenza/ HTTP/1.1" 200 21561 "-" "WP Fastest Cache Preload Bot"
65.108.235.243 - - [03/Jun/2026:20:51:11 +0200] "GET /assistenza-lavatrici-indesit-piacenza/ HTTP/1.1" 200 21585 "-" "WP Fastest Cache Preload Bot"
65.108.235.243 - - [03/Jun/2026:20:51:12 +0200] "GET /assistenza-lavatrici-bosch-piacenza/ HTTP/1.1" 200 21632 "-" "WP Fastest Cache Preload Bot"
159.146.43.217 - - [03/Jun/2026:20:52:42 +0200] "POST /wp-login.php HTTP/1.1" 200 11748 "https://piacenza.elettroservicegroup.it/wp-admin/" "Mozilla/5.0 (Windows NT 10.0; Win64; x64) AppleWebKit/537.36"
159.146.43.217 - - [03/Jun/2026:20:52:43 +0200] "GET /wp-admin/ HTTP/1.1" 200 11771 "www.google.com" "Mozilla/5.0 (Windows NT 10.0; Win64; x64) AppleWebKit/537.36"
193.186.4.23 - - [03/Jun/2026:21:29:34 +0200] "GET /assistenza-ariston-piacenza/ HTTP/2.0" 200 21745 "https://www.google.com/" "Mozilla/5.0 (Windows NT 10.0; Win64; x64) AppleWebKit/537.36 (KHTML, like Gecko) Chrome/148.0.0.0 Safari/537.36"
2.157.255.177 - - [03/Jun/2026:21:29:34 +0200] "GET /wp-content/cache/wpfc-minified/98f2uwim/4bjdx.css HTTP/2.0" 200 418 "https://piacenza.elettroservicegroup.it/assistenza-ariston-piacenza/" "Mozilla/5.0 (Windows NT 10.0; Win64; x64) AppleWebKit/537.36 (KHTML, like Gecko) Chrome/148.0.0.0 Safari/537.36"
2.157.255.177 - - [03/Jun/2026:21:29:34 +0200] "GET /wp-content/uploads/elementor/css/post-14146.css?ver=1780326254 HTTP/2.0" 200 428 "https://piacenza.elettroservicegroup.it/assistenza-ariston-piacenza/" "Mozilla/5.0 (Windows NT 10.0; Win64; x64) AppleWebKit/537.36 (KHTML, like Gecko) Chrome/148.0.0.0 Safari/537.36"
2.157.255.177 - - [03/Jun/2026:21:29:34 +0200] "GET /wp-content/cache/wpfc-minified/lkeozi6d/4bjdx.css HTTP/2.0" 200 7521 "https://piacenza.elettroservicegroup.it/assistenza-ariston-piacenza/" "Mozilla/5.0 (Windows NT 10.0; Win64; x64) AppleWebKit/537.36 (KHTML, like Gecko) Chrome/148.0.0.0 Safari/537.36"
2.157.255.177 - - [03/Jun/2026:21:29:34 +0200] "GET /wp-content/uploads/elementor/css/post-16889.css?ver=1780329343 HTTP/2.0" 200 2005 "https://piacenza.elettroservicegroup.it/assistenza-ariston-piacenza/" "Mozilla/5.0 (Windows NT 10.0; Win64; x64) AppleWebKit/537.36 (KHTML, like Gecko) Chrome/148.0.0.0 Safari/537.36"
2.157.255.177 - - [03/Jun/2026:21:29:34 +0200] "GET /wp-content/cache/wpfc-minified/qha2vzve/4bjdx.css HTTP/2.0" 200 11336 "https://piacenza.elettroservicegroup.it/assistenza-ariston-piacenza/" "Mozilla/5.0 (Windows NT 10.0; Win64; x64) AppleWebKit/537.36 (KHTML, like Gecko) Chrome/148.0.0.0 Safari/537.36"
2.157.255.177 - - [03/Jun/2026:21:29:34 +0200] "GET /wp-content/uploads/elementor/css/post-14366.css?ver=1780326254 HTTP/2.0" 200 302 "https://piacenza.elettroservicegroup.it/assistenza-ariston-piacenza/" "Mozilla/5.0 (Windows NT 10.0; Win64; x64) AppleWebKit/537.36 (KHTML, like Gecko) Chrome/148.0.0.0 Safari/537.36"
2.157.255.177 - - [03/Jun/2026:21:29:34 +0200] "GET /wp-content/cache/wpfc-minified/9h35mpo4/4bjdx.css HTTP/2.0" 200 4410 "https://piacenza.elettroservicegroup.it/assistenza-ariston-piacenza/" "Mozilla/5.0 (Windows NT 10.0; Win64; x64) AppleWebKit/537.36 (KHTML, like Gecko) Chrome/148.0.0.0 Safari/537.36"
2.157.255.177 - - [03/Jun/2026:21:29:34 +0200] "GET /wp-content/cache/wpfc-minified/5g6kml4/4bjox.css HTTP/2.0" 200 16441 "https://piacenza.elettroservicegroup.it/assistenza-ariston-piacenza/" "Mozilla/5.0 (Windows NT 10.0; Win64; x64) AppleWebKit/537.36 (KHTML, like Gecko) Chrome/148.0.0.0 Safari/537.36"
2.157.255.177 - - [03/Jun/2026:21:29:34 +0200] "GET /wp-content/cache/wpfc-minified/30gnld0u/4bjdx.css HTTP/2.0" 200 19026 "https://piacenza.elettroservicegroup.it/assistenza-ariston-piacenza/" "Mozilla/5.0 (Windows NT 10.0; Win64; x64) AppleWebKit/537.36 (KHTML, like Gecko) Chrome/148.0.0.0 Safari/537.36"
2.157.255.177 - - [03/Jun/2026:21:29:34 +0200] "GET /wp-content/cache/wpfc-minified/6ykfum2g/4bjdx.css HTTP/2.0" 200 14492 "https://piacenza.elettroservicegroup.it/assistenza-ariston-piacenza/" "Mozilla/5.0 (Windows NT 10.0; Win64; x64) AppleWebKit/537.36 (KHTML, like Gecko) Chrome/148.0.0.0 Safari/537.36"
2.157.255.177 - - [03/Jun/2026:21:29:34 +0200] "GET /wp-content/cache/wpfc-minified/1e78wxqt/4bjdx.js HTTP/2.0" 200 37592 "https://piacenza.elettroservicegroup.it/assistenza-ariston-piacenza/" "Mozilla/5.0 (Windows NT 10.0; Win64; x64) AppleWebKit/537.36 (KHTML, like Gecko) Chrome/148.0.0.0 Safari/537.36"
2.157.255.177 - - [03/Jun/2026:21:29:34 +0200] "GET /wp-content/uploads/2021/10/cropped-cropped-cropped-logo_white_background.png HTTP/2.0" 200 10924 "https://piacenza.elettroservicegroup.it/assistenza-ariston-piacenza/" "Mozilla/5.0 (Windows NT 10.0; Win64; x64) AppleWebKit/537.36 (KHTML, like Gecko) Chrome/148.0.0.0 Safari/537.36"
2.157.255.177 - - [03/Jun/2026:21:29:34 +0200] "GET /wp-content/uploads/2022/10/COPERTINA-6-300x150.png HTTP/2.0" 200 30285 "https://piacenza.elettroservicegroup.it/assistenza-ariston-piacenza/" "Mozilla/5.0 (Windows NT 10.0; Win64; x64) AppleWebKit/537.36 (KHTML, like Gecko) Chrome/148.0.0.0 Safari/537.36"
2.157.255.177 - - [03/Jun/2026:21:29:34 +0200] "GET /wp-content/plugins/gp-premium/menu-plus/functions/js/sticky.min.js?ver=2.5.5 HTTP/2.0" 200 2670 "https://piacenza.elettroservicegroup.it/assistenza-ariston-piacenza/" "Mozilla/5.0 (Windows NT 10.0; Win64; x64) AppleWebKit/537.36 (KHTML, like Gecko) Chrome/148.0.0.0 Safari/537.36"
2.157.255.177 - - [03/Jun/2026:21:29:34 +0200] "GET /wp-content/uploads/2022/10/COPERTINA-5.png HTTP/2.0" 200 238875 "https://piacenza.elettroservicegroup.it/wp-content/uploads/elementor/css/post-16889.css?ver=1780329343" "Mozilla/5.0 (Windows NT 10.0; Win64; x64) AppleWebKit/537.36 (KHTML, like Gecko) Chrome/148.0.0.0 Safari/537.36"
2.157.255.177 - - [03/Jun/2026:21:29:34 +0200] "GET /wp-content/plugins/elementor/assets/js/webpack.runtime.min.js?ver=4.1.1 HTTP/2.0" 200 2340 "https://piacenza.elettroservicegroup.it/assistenza-ariston-piacenza/" "Mozilla/5.0 (Windows NT 10.0; Win64; x64) AppleWebKit/537.36 (KHTML, like Gecko) Chrome/148.0.0.0 Safari/537.36"
2.157.255.177 - - [03/Jun/2026:21:29:34 +0200] "GET /wp-content/themes/generatepress/assets/js/menu.min.js?ver=3.6.1 HTTP/2.0" 200 1688 "https://piacenza.elettroservicegroup.it/assistenza-ariston-piacenza/" "Mozilla/5.0 (Windows NT 10.0; Win64; x64) AppleWebKit/537.36 (KHTML, like Gecko) Chrome/148.0.0.0 Safari/537.36"
2.157.255.177 - - [03/Jun/2026:21:29:34 +0200] "GET /wp-content/themes/generatepress/assets/js/back-to-top.min.js?ver=3.6.1 HTTP/2.0" 200 336 "https://piacenza.elettroservicegroup.it/assistenza-ariston-piacenza/" "Mozilla/5.0 (Windows NT 10.0; Win64; x64) AppleWebKit/537.36 (KHTML, like Gecko) Chrome/148.0.0.0 Safari/537.36"
2.157.255.177 - - [03/Jun/2026:21:29:34 +0200] "GET /wp-includes/js/jquery/ui/core.min.js?ver=1.13.3 HTTP/2.0" 200 6820 "https://piacenza.elettroservicegroup.it/assistenza-ariston-piacenza/" "Mozilla/5.0 (Windows NT 10.0; Win64; x64) AppleWebKit/537.36 (KHTML, like Gecko) Chrome/148.0.0.0 Safari/537.36"
2.157.255.177 - - [03/Jun/2026:21:29:34 +0200] "GET /wp-content/plugins/elementor/assets/js/frontend.min.js?ver=4.1.1 HTTP/2.0" 200 10140 "https://piacenza.elettroservicegroup.it/assistenza-ariston-piacenza/" "Mozilla/5.0 (Windows NT 10.0; Win64; x64) AppleWebKit/537.36 (KHTML, like Gecko) Chrome/148.0.0.0 Safari/537.36"
2.157.255.177 - - [03/Jun/2026:21:29:34 +0200] "GET /wp-content/plugins/complianz-gdpr-premium/cookiebanner/js/complianz.min.js?ver=1780326249 HTTP/2.0" 200 10708 "https://piacenza.elettroservicegroup.it/assistenza-ariston-piacenza/" "Mozilla/5.0 (Windows NT 10.0; Win64; x64) AppleWebKit/537.36 (KHTML, like Gecko) Chrome/148.0.0.0 Safari/537.36"
2.157.255.177 - - [03/Jun/2026:21:29:34 +0200] "GET /wp-content/plugins/elementor/assets/js/frontend-modules.min.js?ver=4.1.1 HTTP/2.0" 200 15454 "https://piacenza.elettroservicegroup.it/assistenza-ariston-piacenza/" "Mozilla/5.0 (Windows NT 10.0; Win64; x64) AppleWebKit/537.36 (KHTML, like Gecko) Chrome/148.0.0.0 Safari/537.36"
2.157.255.177 - - [03/Jun/2026:21:29:35 +0200] "GET /wp-content/uploads/2022/01/TECNIC-LAVATRICE-300x169.jpg HTTP/2.0" 200 12560 "https://piacenza.elettroservicegroup.it/assistenza-ariston-piacenza/" "Mozilla/5.0 (Windows NT 10.0; Win64; x64) AppleWebKit/537.36 (KHTML, like Gecko) Chrome/148.0.0.0 Safari/537.36"
2.157.255.177 - - [03/Jun/2026:21:29:35 +0200] "GET /wp-content/uploads/elementor/google-fonts/fonts/roboto-kfo7cnqeu92fr1me7ksn66agldtyluama3yuba.woff2 HTTP/2.0" 200 40132 "https://piacenza.elettroservicegroup.it/wp-content/cache/wpfc-minified/6ykfum2g/4bjdx.css" "Mozilla/5.0 (Windows NT 10.0; Win64; x64) AppleWebKit/537.36 (KHTML, like Gecko) Chrome/148.0.0.0 Safari/537.36"
2.157.255.177 - - [03/Jun/2026:21:29:35 +0200] "GET /wp-content/plugins/elementor/assets/lib/font-awesome/webfonts/fa-regular-400.woff2 HTTP/2.0" 200 13277 "https://piacenza.elettroservicegroup.it/wp-content/cache/wpfc-minified/5g6kml4/4bjox.css" "Mozilla/5.0 (Windows NT 10.0; Win64; x64) AppleWebKit/537.36 (KHTML, like Gecko) Chrome/148.0.0.0 Safari/537.36"
2.157.255.177 - - [03/Jun/2026:21:29:35 +0200] "GET /wp-content/plugins/elementor/assets/lib/font-awesome/webfonts/fa-solid-900.woff2 HTTP/2.0" 200 78201 "https://piacenza.elettroservicegroup.it/wp-content/cache/wpfc-minified/5g6kml4/4bjox.css" "Mozilla/5.0 (Windows NT 10.0; Win64; x64) AppleWebKit/537.36 (KHTML, like Gecko) Chrome/148.0.0.0 Safari/537.36"
2.157.255.177 - - [03/Jun/2026:21:29:35 +0200] "GET /wp-content/plugins/elementor/assets/js/section-frontend-handlers.d85ab872da118940910d.bundle.min.js HTTP/2.0" 200 230 "https://piacenza.elettroservicegroup.it/assistenza-ariston-piacenza/" "Mozilla/5.0 (Windows NT 10.0; Win64; x64) AppleWebKit/537.36 (KHTML, like Gecko) Chrome/148.0.0.0 Safari/537.36"
2.157.255.177 - - [03/Jun/2026:21:29:35 +0200] "GET /wp-content/plugins/elementor/assets/js/text-editor.45609661e409413f1cef.bundle.min.js HTTP/2.0" 200 592 "https://piacenza.elettroservicegroup.it/assistenza-ariston-piacenza/" "Mozilla/5.0 (Windows NT 10.0; Win64; x64) AppleWebKit/537.36 (KHTML, like Gecko) Chrome/148.0.0.0 Safari/537.36"
2.157.255.177 - - [03/Jun/2026:21:29:35 +0200] "GET /wp-content/plugins/elementor/assets/js/shared-frontend-handlers.03caa53373b56d3bab67.bundle.min.js HTTP/2.0" 200 2515 "https://piacenza.elettroservicegroup.it/assistenza-ariston-piacenza/" "Mozilla/5.0 (Windows NT 10.0; Win64; x64) AppleWebKit/537.36 (KHTML, like Gecko) Chrome/148.0.0.0 Safari/537.36"
65.108.235.243 - - [03/Jun/2026:21:29:35 +0200] "POST /wp-cron.php?doing_wp_cron=1780514975.6692590713500976562500 HTTP/1.1" 200 1 "-" "WordPress/7.0; https://piacenza.elettroservicegroup.it"
2.157.255.177 - - [03/Jun/2026:21:29:35 +0200] "GET /wp-json/complianz/v1/banner?lang=it&locale=it_IT&token=dzihm HTTP/2.0" 200 84 "https://piacenza.elettroservicegroup.it/assistenza-ariston-piacenza/" "Mozilla/5.0 (Windows NT 10.0; Win64; x64) AppleWebKit/537.36 (KHTML, like Gecko) Chrome/148.0.0.0 Safari/537.36"
142.250.32.3 - - [03/Jun/2026:21:29:34 +0200] "GET /.well-known/traffic-advice HTTP/1.1" 404 16170 "-" "Chrome Privacy Preserving Prefetch Proxy"
2.157.255.177 - - [03/Jun/2026:21:29:35 +0200] "GET /wp-content/uploads/complianz/css/banner-1-optin.css?v=40 HTTP/2.0" 200 2617 "https://piacenza.elettroservicegroup.it/assistenza-ariston-piacenza/" "Mozilla/5.0 (Windows NT 10.0; Win64; x64) AppleWebKit/537.36 (KHTML, like Gecko) Chrome/148.0.0.0 Safari/537.36"
2.157.255.177 - - [03/Jun/2026:21:29:35 +0200] "GET /wp-json/complianz/v1/cookie_data HTTP/2.0" 200 69 "https://piacenza.elettroservicegroup.it/assistenza-ariston-piacenza/" "Mozilla/5.0 (Windows NT 10.0; Win64; x64) AppleWebKit/537.36 (KHTML, like Gecko) Chrome/148.0.0.0 Safari/537.36"
65.108.235.243 - - [03/Jun/2026:21:29:35 +0200] "POST /wp-admin/admin-ajax.php?action=wordfence_testAjax HTTP/1.1" 200 16 "-" "WordPress/7.0; https://piacenza.elettroservicegroup.it"
2.157.255.177 - - [03/Jun/2026:21:29:36 +0200] "GET /wp-content/uploads/2021/10/cropped-cropped-cropped-cropped-logo_white_background-32x32.png HTTP/2.0" 200 716 "https://piacenza.elettroservicegroup.it/assistenza-ariston-piacenza/" "Mozilla/5.0 (Windows NT 10.0; Win64; x64) AppleWebKit/537.36 (KHTML, like Gecko) Chrome/148.0.0.0 Safari/537.36"
65.108.235.243 - - [03/Jun/2026:21:29:37 +0200] "GET /assistenza-lavatrici-ariston-piacenza/ HTTP/1.1" 200 21650 "-" "WP Fastest Cache Preload Bot"
65.108.235.243 - - [03/Jun/2026:21:29:36 +0200] "GET /wp-admin/admin-ajax.php?action=wordfence_doScan&isFork=0&scanMode=quick&cronKey=30e93c4c457203f2c1c390ae7f42afed&signature=6b52e94eb68014c3d89a18bad7104bbfab17d83b0fbc63f94424d86a2c0c6863 HTTP/1.1" 200 1 "-" "WordPress/7.0; https://piacenza.elettroservicegroup.it"
65.108.235.243 - - [03/Jun/2026:21:29:37 +0200] "GET /assistenza-lavatrici-aeg-piacenza/ HTTP/1.1" 200 21650 "-" "WP Fastest Cache Preload Bot"
65.108.235.243 - - [03/Jun/2026:21:29:38 +0200] "GET /assistenza-lavatrici-piacenza/ HTTP/1.1" 200 21903 "-" "WP Fastest Cache Preload Bot"
65.108.235.243 - - [03/Jun/2026:21:29:38 +0200] "GET /assistenza-lavastoviglie-whirlpool-piacenza/ HTTP/1.1" 200 21598 "-" "WP Fastest Cache Preload Bot"
65.108.235.243 - - [03/Jun/2026:21:29:40 +0200] "POST /wp-cron.php?doing_wp_cron=1780514980.4250259399414062500000 HTTP/1.1" 200 1 "-" "WordPress/7.0; https://piacenza.elettroservicegroup.it"
2.157.255.177 - - [03/Jun/2026:21:29:40 +0200] "POST /wp-json/complianz/v1/track HTTP/2.0" 200 20 "https://piacenza.elettroservicegroup.it/assistenza-ariston-piacenza/" "Mozilla/5.0 (Windows NT 10.0; Win64; x64) AppleWebKit/537.36 (KHTML, like Gecko) Chrome/148.0.0.0 Safari/537.36"
2.157.255.177 - - [03/Jun/2026:21:30:53 +0200] "GET /wp-content/uploads/2026/05/logo.png HTTP/2.0" 200 48185 "https://piacenza.elettroservicegroup.it/assistenza-ariston-piacenza/" "Mozilla/5.0 (Windows NT 10.0; Win64; x64) AppleWebKit/537.36 (KHTML, like Gecko) Chrome/148.0.0.0 Safari/537.36"
184.72.95.195 - - [03/Jun/2026:21:34:11 +0200] "GET /wp-content/uploads/2022/01/TECNICO-FRIGO-300x200.jpg HTTP/1.1" 200 11815 "-" "Mozilla/5.0 AppleWebKit/537.36 (KHTML, like Gecko; compatible; Amazonbot/0.1; +https://developer.amazon.com/support/amazonbot) Chrome/119.0.6045.214 Safari/537.36"
65.108.235.243 - - [03/Jun/2026:21:36:37 +0200] "POST /wp-cron.php?doing_wp_cron=1780515397.7801759243011474609375 HTTP/1.1" 200 1 "-" "WordPress/7.0; https://piacenza.elettroservicegroup.it"
104.207.52.198 - - [03/Jun/2026:21:36:35 +0200] "GET /wp-login.php HTTP/1.1" 200 10170 "https://piacenza.elettroservicegroup.it/wp-login.php" "Opera/9.80 (Windows NT 6.1; MRA 8.2 (build 7137)) Presto/2.12.388 Version/12.12"
65.108.235.243 - - [03/Jun/2026:21:36:38 +0200] "GET /assistenza-lavastoviglie-smeg-piacenza/ HTTP/1.1" 200 21546 "-" "WP Fastest Cache Preload Bot"
65.108.235.243 - - [03/Jun/2026:21:36:38 +0200] "GET /assistenza-lavastoviglie-rex-electrolux-piacenza/ HTTP/1.1" 200 21511 "-" "WP Fastest Cache Preload Bot"
65.108.235.243 - - [03/Jun/2026:21:36:38 +0200] "GET /assistenza-lavastoviglie-indesit-piacenza/ HTTP/1.1" 200 22010 "-" "WP Fastest Cache Preload Bot"
65.108.235.243 - - [03/Jun/2026:21:36:39 +0200] "GET /assistenza-lavastoviglie-bosch-piacenza/ HTTP/1.1" 200 22031 "-" "WP Fastest Cache Preload Bot"
104.207.52.198 - - [03/Jun/2026:21:36:40 +0200] "POST /wp-login.php HTTP/1.1" 200 10608 "https://piacenza.elettroservicegroup.it/wp-login.php" "Opera/9.80 (Windows NT 6.1; MRA 8.2 (build 7137)) Presto/2.12.388 Version/12.12"
65.108.235.243 - - [03/Jun/2026:21:40:20 +0200] "POST /wp-cron.php?doing_wp_cron=1780515620.4631769657135009765625 HTTP/1.1" 200 1 "-" "WordPress/7.0; https://piacenza.elettroservicegroup.it"
114.119.130.67 - - [03/Jun/2026:21:40:18 +0200] "GET /elettro6-1/ HTTP/1.1" 200 17055 "https://piacenza.elettroservicegroup.it/elettro6-1" "Mozilla/5.0 (Linux; Android 7.0;) AppleWebKit/537.36 (HTML, like Gecko) Mobile Safari/537.36 (compatible; PetalBot;+https://webmaster.petalsearch.com/site/petalbot)"
65.108.235.243 - - [03/Jun/2026:21:40:20 +0200] "GET /assistenza-lavastoviglie-ariston-piacenza/ HTTP/1.1" 200 21965 "-" "WP Fastest Cache Preload Bot"
65.108.235.243 - - [03/Jun/2026:21:40:21 +0200] "GET /assistenza-lavastoviglie-aeg-piacenza/ HTTP/1.1" 200 22027 "-" "WP Fastest Cache Preload Bot"
65.108.235.243 - - [03/Jun/2026:21:40:21 +0200] "GET /assistenza-lavastoviglie-piacenza/ HTTP/1.1" 200 21638 "-" "WP Fastest Cache Preload Bot"
65.108.235.243 - - [03/Jun/2026:21:40:21 +0200] "GET /assistenza-indesit-piacenza/ HTTP/1.1" 200 21683 "-" "WP Fastest Cache Preload Bot"
65.108.235.243 - - [03/Jun/2026:21:51:54 +0200] "POST /wp-cron.php?doing_wp_cron=1780516314.3472459316253662109375 HTTP/1.1" 200 1 "-" "WordPress/7.0; https://piacenza.elettroservicegroup.it"
216.26.248.142 - - [03/Jun/2026:21:51:52 +0200] "GET /wp-login.php HTTP/1.1" 200 10170 "https://piacenza.elettroservicegroup.it/wp-login.php" "Mozilla/5.0 (Windows NT 6.1; WOW64) AppleWebKit/537.36 (KHTML, like Gecko) Chrome/31.0.1612.1 Safari/537.36"
65.108.235.243 - - [03/Jun/2026:21:51:54 +0200] "GET /assistenza-candy-piacenza/ HTTP/1.1" 200 21781 "-" "WP Fastest Cache Preload Bot"
65.108.235.243 - - [03/Jun/2026:21:51:55 +0200] "GET /assistenza-bosch-piacenza/ HTTP/1.1" 200 21781 "-" "WP Fastest Cache Preload Bot"
65.108.235.243 - - [03/Jun/2026:21:51:55 +0200] "GET /assistenza-ariston-piacenza/ HTTP/1.1" 200 21767 "-" "WP Fastest Cache Preload Bot"
65.108.235.243 - - [03/Jun/2026:21:51:55 +0200] "GET /assistenza-aeg-piacenza/ HTTP/1.1" 200 21774 "-" "WP Fastest Cache Preload Bot"
216.26.248.142 - - [03/Jun/2026:21:51:56 +0200] "POST /wp-login.php HTTP/1.1" 200 10598 "https://piacenza.elettroservicegroup.it/wp-login.php" "Mozilla/5.0 (Windows NT 6.1; WOW64) AppleWebKit/537.36 (KHTML, like Gecko) Chrome/31.0.1612.1 Safari/537.36"
47.128.23.46 - - [03/Jun/2026:21:57:40 +0200] "GET /robots.txt HTTP/1.1" 200 11765 "-" "Mozilla/5.0 (Linux; Android 5.0) AppleWebKit/537.36 (KHTML, like Gecko) Mobile Safari/537.36 (compatible; Bytespider; spider-feedback@bytedance.com)"
65.108.235.243 - - [03/Jun/2026:21:57:42 +0200] "POST /wp-cron.php?doing_wp_cron=1780516662.6249051094055175781250 HTTP/1.1" 200 1 "-" "WordPress/7.0; https://piacenza.elettroservicegroup.it"
173.252.83.7 - - [03/Jun/2026:21:57:42 +0200] "GET /robots.txt HTTP/2.0" 200 195 "-" "facebookexternalhit/1.1 (+http://www.facebook.com/externalhit_uatext.php)"
65.108.235.243 - - [03/Jun/2026:21:57:42 +0200] "POST /wp-cron.php?doing_wp_cron=1780516662.6249051094055175781250 HTTP/1.1" 200 1 "-" "WordPress/7.0; https://piacenza.elettroservicegroup.it"
173.252.83.1 - - [03/Jun/2026:21:57:41 +0200] "GET /robots.txt HTTP/2.0" 200 - "-" "facebookexternalhit/1.1 (+http://www.facebook.com/externalhit_uatext.php)"
65.108.235.243 - - [03/Jun/2026:21:57:44 +0200] "GET /cookie-policy/ HTTP/1.1" 200 17908 "-" "WP Fastest Cache Preload Bot"
65.108.235.243 - - [03/Jun/2026:21:57:44 +0200] "GET /cookie-policy/ HTTP/1.1" 200 17908 "-" "WP Fastest Cache Preload Bot"
65.108.235.243 - - [03/Jun/2026:21:57:44 +0200] "GET /termini-e-condizioni/ HTTP/1.1" 200 17462 "-" "WP Fastest Cache Preload Bot"
65.108.235.243 - - [03/Jun/2026:21:57:44 +0200] "GET /termini-e-condizioni/ HTTP/1.1" 200 17462 "-" "WP Fastest Cache Preload Bot"
65.108.235.243 - - [03/Jun/2026:21:57:44 +0200] "GET /cookie-policy-ue/ HTTP/1.1" 200 19423 "-" "WP Fastest Cache Preload Bot"
65.108.235.243 - - [03/Jun/2026:21:57:44 +0200] "GET /cookie-policy-ue/ HTTP/1.1" 200 19419 "-" "WP Fastest Cache Preload Bot"
65.108.235.243 - - [03/Jun/2026:21:57:45 +0200] "GET /informativa-privacy/ HTTP/1.1" 200 19707 "-" "WP Fastest Cache Preload Bot"
65.108.235.243 - - [03/Jun/2026:21:57:45 +0200] "GET /informativa-privacy/ HTTP/1.1" 200 19707 "-" "WP Fastest Cache Preload Bot"
114.119.138.37 - - [03/Jun/2026:22:01:13 +0200] "GET /assistenza-smeg-piacenza/ HTTP/1.1" 200 21666 "https://piacenza.elettroservicegroup.it/white-male-1871445_1280-2/" "Mozilla/5.0 (Linux; Android 7.0;) AppleWebKit/537.36 (HTML, like Gecko) Mobile Safari/537.36 (compatible; PetalBot;+https://webmaster.petalsearch.com/site/petalbot)"
65.108.235.243 - - [03/Jun/2026:22:02:37 +0200] "POST /wp-cron.php?doing_wp_cron=1780516957.0642759799957275390625 HTTP/1.1" 200 1 "-" "WordPress/7.0; https://piacenza.elettroservicegroup.it"
114.119.132.207 - - [03/Jun/2026:22:02:35 +0200] "GET /assistenza-lavatrici/lavatrice-1 HTTP/1.1" 301 1 "https://piacenza.elettroservicegroup.it/assistenza-lavatrici/lavatrice-1" "Mozilla/5.0 (Linux; Android 7.0;) AppleWebKit/537.36 (HTML, like Gecko) Mobile Safari/537.36 (compatible; PetalBot;+https://webmaster.petalsearch.com/site/petalbot)"
65.108.235.243 - - [03/Jun/2026:22:02:37 +0200] "GET /assistenza-frigoriferi/ HTTP/1.1" 200 19775 "-" "WP Fastest Cache Preload Bot"
114.119.132.207 - - [03/Jun/2026:22:02:37 +0200] "GET /assistenza-lavatrici/lavatrice-1/ HTTP/1.1" 200 17004 "https://piacenza.elettroservicegroup.it/assistenza-lavatrici/lavatrice-1" "Mozilla/5.0 (Linux; Android 7.0;) AppleWebKit/537.36 (HTML, like Gecko) Mobile Safari/537.36 (compatible; PetalBot;+https://webmaster.petalsearch.com/site/petalbot)"
65.108.235.243 - - [03/Jun/2026:22:02:37 +0200] "GET /assistenza-lavastoviglie/ HTTP/1.1" 200 19832 "-" "WP Fastest Cache Preload Bot"
65.108.235.243 - - [03/Jun/2026:22:02:38 +0200] "GET /assistenza-asciugatrici/ HTTP/1.1" 200 19586 "-" "WP Fastest Cache Preload Bot"
65.108.235.243 - - [03/Jun/2026:22:02:38 +0200] "GET /assistenza-lavatrici/ HTTP/1.1" 200 19332 "-" "WP Fastest Cache Preload Bot"
65.108.235.243 - - [03/Jun/2026:22:06:54 +0200] "POST /wp-cron.php?doing_wp_cron=1780517214.7476038932800292968750 HTTP/1.1" 200 1 "-" "WordPress/7.0; https://piacenza.elettroservicegroup.it"
17.22.253.209 - - [03/Jun/2026:22:06:53 +0200] "GET /comments/feed/ HTTP/2.0" 200 439 "-" "Mozilla/5.0 (Macintosh; Intel Mac OS X 10_15_7) AppleWebKit/605.1.15 (KHTML, like Gecko) Version/17.4 Safari/605.1.15 (Applebot/0.1; +http://www.apple.com/go/applebot)"
65.108.235.243 - - [03/Jun/2026:22:06:55 +0200] "GET / HTTP/1.1" 200 21703 "-" "WP Fastest Cache Preload Bot"
65.108.235.243 - - [03/Jun/2026:22:09:34 +0200] "POST /wp-cron.php?doing_wp_cron=1780517374.8225259780883789062500 HTTP/1.1" 200 1 "-" "WordPress/7.0; https://piacenza.elettroservicegroup.it"
114.119.138.37 - - [03/Jun/2026:22:09:33 +0200] "GET /assistenza-lavatrici-smeg-castelvetro-piacentino HTTP/1.1" 404 16168 "https://piacenza.elettroservicegroup.it/assistenza-lavatrici-smeg-castelvetro-piacentino" "Mozilla/5.0 (Linux; Android 7.0;) AppleWebKit/537.36 (HTML, like Gecko) Mobile Safari/537.36 (compatible; PetalBot;+https://webmaster.petalsearch.com/site/petalbot)"
65.108.235.243 - - [03/Jun/2026:22:15:08 +0200] "POST /wp-cron.php?doing_wp_cron=1780517708.7831959724426269531250 HTTP/1.1" 200 1 "-" "WordPress/7.0; https://piacenza.elettroservicegroup.it"
114.119.141.228 - - [03/Jun/2026:22:15:07 +0200] "GET /assistenza-elettrodomestici/copertina-riparazione_lavastoviglie HTTP/1.1" 301 1 "https://piacenza.elettroservicegroup.it/assistenza-elettrodomestici/copertina-riparazione_lavastoviglie" "Mozilla/5.0 (Linux; Android 7.0;) AppleWebKit/537.36 (HTML, like Gecko) Mobile Safari/537.36 (compatible; PetalBot;+https://webmaster.petalsearch.com/site/petalbot)"
65.108.235.243 - - [03/Jun/2026:22:15:09 +0200] "GET /imprint/ HTTP/1.1" 200 17075 "-" "WP Fastest Cache Preload Bot"
114.119.141.228 - - [03/Jun/2026:22:15:09 +0200] "GET /assistenza-elettrodomestici/copertina-riparazione_lavastoviglie/ HTTP/1.1" 200 17060 "https://piacenza.elettroservicegroup.it/assistenza-elettrodomestici/copertina-riparazione_lavastoviglie" "Mozilla/5.0 (Linux; Android 7.0;) AppleWebKit/537.36 (HTML, like Gecko) Mobile Safari/537.36 (compatible; PetalBot;+https://webmaster.petalsearch.com/site/petalbot)"
65.108.235.243 - - [03/Jun/2026:22:15:09 +0200] "GET /dichiarazione-sulla-privacy-ue/ HTTP/1.1" 200 19589 "-" "WP Fastest Cache Preload Bot"
65.108.235.243 - - [03/Jun/2026:22:15:10 +0200] "GET /assistenza-whirlpool-piacenza/ HTTP/1.1" 200 21743 "-" "WP Fastest Cache Preload Bot"
65.108.235.243 - - [03/Jun/2026:22:15:10 +0200] "GET /assistenza-smeg-piacenza/ HTTP/1.1" 200 21688 "-" "WP Fastest Cache Preload Bot"
65.108.235.243 - - [03/Jun/2026:22:15:10 +0200] "GET / HTTP/1.1" 200 21703 "-" "WP Fastest Cache Preload Bot"
114.119.138.37 - - [03/Jun/2026:22:19:18 +0200] "GET /assistenza-lavatrici-aeg-piacenza/ HTTP/1.1" 200 21627 "https://piacenza.elettroservicegroup.it/assistenza-lavatrici-aeg-piacenza" "Mozilla/5.0 (Linux; Android 7.0;) AppleWebKit/537.36 (HTML, like Gecko) Mobile Safari/537.36 (compatible; PetalBot;+https://webmaster.petalsearch.com/site/petalbot)"
65.108.235.243 - - [03/Jun/2026:22:23:31 +0200] "POST /wp-cron.php?doing_wp_cron=1780518211.2097079753875732421875 HTTP/1.1" 200 1 "-" "WordPress/7.0; https://piacenza.elettroservicegroup.it"
113.199.241.142 - - [03/Jun/2026:22:23:29 +0200] "POST /wp-json/wp/v2/posts HTTP/1.1" 401 121 "-" "Mozilla/5.0 (Windows NT 10.0; Win64; x64) AppleWebKit/537.36 (KHTML, like Gecko) Chrome/124.0 Safari/537.36"
65.108.235.243 - - [03/Jun/2026:22:23:31 +0200] "GET /imprint/ HTTP/1.1" 200 17089 "-" "WP Fastest Cache Preload Bot"
65.108.235.243 - - [03/Jun/2026:22:23:31 +0200] "GET /dichiarazione-sulla-privacy-ue/ HTTP/1.1" 200 19564 "-" "WP Fastest Cache Preload Bot"
65.108.235.243 - - [03/Jun/2026:22:23:32 +0200] "GET /assistenza-whirlpool-piacenza/ HTTP/1.1" 200 21743 "-" "WP Fastest Cache Preload Bot"
65.108.235.243 - - [03/Jun/2026:22:23:32 +0200] "GET /assistenza-smeg-piacenza/ HTTP/1.1" 200 21687 "-" "WP Fastest Cache Preload Bot"
113.199.241.142 - - [03/Jun/2026:22:23:34 +0200] "POST /wp-login.php HTTP/1.1" 200 10580 "-" "Mozilla/5.0 (Windows NT 10.0; Win64; x64) AppleWebKit/537.36 (KHTML, like Gecko) Chrome/124.0 Safari/537.36"
65.108.235.243 - - [03/Jun/2026:22:30:25 +0200] "POST /wp-cron.php?doing_wp_cron=1780518625.8063220977783203125000 HTTP/1.1" 200 1 "-" "WordPress/7.0; https://piacenza.elettroservicegroup.it"
114.119.137.98 - - [03/Jun/2026:22:30:24 +0200] "GET /assistenza-smeg-firenzuola-darda/ HTTP/1.1" 404 16149 "https://piacenza.elettroservicegroup.it/assistenza-smeg-firenzuola-darda/" "Mozilla/5.0 (Linux; Android 7.0;) AppleWebKit/537.36 (HTML, like Gecko) Mobile Safari/537.36 (compatible; PetalBot;+https://webmaster.petalsearch.com/site/petalbot)"
65.108.235.243 - - [03/Jun/2026:22:30:26 +0200] "GET /assistenza-siemens-piacenza/ HTTP/1.1" 200 21869 "-" "WP Fastest Cache Preload Bot"
65.108.235.243 - - [03/Jun/2026:22:30:26 +0200] "GET /assistenza-rex-electrolux-piacenza/ HTTP/1.1" 200 21733 "-" "WP Fastest Cache Preload Bot"
65.108.235.243 - - [03/Jun/2026:22:30:26 +0200] "GET /assistenza-miele-piacenza/ HTTP/1.1" 200 21974 "-" "WP Fastest Cache Preload Bot"
65.108.235.243 - - [03/Jun/2026:22:30:27 +0200] "GET /assistenza-lavatrici-whirlpool-piacenza/ HTTP/1.1" 200 21844 "-" "WP Fastest Cache Preload Bot"
65.108.235.243 - - [03/Jun/2026:22:34:36 +0200] "POST /wp-cron.php?doing_wp_cron=1780518876.9371349811553955078125 HTTP/1.1" 200 1 "-" "WordPress/7.0; https://piacenza.elettroservicegroup.it"
114.119.132.207 - - [03/Jun/2026:22:34:35 +0200] "GET /home-2 HTTP/1.1" 301 1 "https://piacenza.elettroservicegroup.it/home-2" "Mozilla/5.0 (Linux; Android 7.0;) AppleWebKit/537.36 (HTML, like Gecko) Mobile Safari/537.36 (compatible; PetalBot;+https://webmaster.petalsearch.com/site/petalbot)"
65.108.235.243 - - [03/Jun/2026:22:34:37 +0200] "GET /assistenza-lavatrici-smeg-piacenza/ HTTP/1.1" 200 21591 "-" "WP Fastest Cache Preload Bot"
114.119.132.207 - - [03/Jun/2026:22:34:37 +0200] "GET /home-2/ HTTP/1.1" 200 17084 "https://piacenza.elettroservicegroup.it/home-2" "Mozilla/5.0 (Linux; Android 7.0;) AppleWebKit/537.36 (HTML, like Gecko) Mobile Safari/537.36 (compatible; PetalBot;+https://webmaster.petalsearch.com/site/petalbot)"
65.108.235.243 - - [03/Jun/2026:22:34:37 +0200] "GET /assistenza-lavatrici-rex-electrolux-piacenza/ HTTP/1.1" 200 21561 "-" "WP Fastest Cache Preload Bot"
65.108.235.243 - - [03/Jun/2026:22:34:38 +0200] "GET /assistenza-lavatrici-indesit-piacenza/ HTTP/1.1" 200 21585 "-" "WP Fastest Cache Preload Bot"
65.108.235.243 - - [03/Jun/2026:22:34:38 +0200] "GET /assistenza-lavatrici-bosch-piacenza/ HTTP/1.1" 200 21632 "-" "WP Fastest Cache Preload Bot"
65.108.235.243 - - [03/Jun/2026:22:38:47 +0200] "POST /wp-cron.php?doing_wp_cron=1780519127.5564539432525634765625 HTTP/1.1" 200 1 "-" "WordPress/7.0; https://piacenza.elettroservicegroup.it"
114.119.132.207 - - [03/Jun/2026:22:38:45 +0200] "GET /elet1-2-1024x463/ HTTP/1.1" 200 17089 "https://piacenza.elettroservicegroup.it/elet1-2-1024x463" "Mozilla/5.0 (Linux; Android 7.0;) AppleWebKit/537.36 (HTML, like Gecko) Mobile Safari/537.36 (compatible; PetalBot;+https://webmaster.petalsearch.com/site/petalbot)"
98.83.8.142 - - [03/Jun/2026:22:56:37 +0200] "GET /wp-content/uploads/2026/05/logo.png HTTP/1.1" 200 11759 "-" "Mozilla/5.0 AppleWebKit/537.36 (KHTML, like Gecko; compatible; Amazonbot/0.1; +https://developer.amazon.com/support/amazonbot) Chrome/119.0.6045.214 Safari/537.36"
4.227.232.143 - - [03/Jun/2026:23:01:36 +0200] "POST / HTTP/1.1" 200 11830 "https://www.piacenza.elettroservicegroup.it/" "Mozilla/5.0 (Windows NT 10.0; Win64; x64) AppleWebKit/537.36 (KHTML, like Gecko) Chrome/145.0.0.0 Safari/537.36"
40.77.167.241 - - [03/Jun/2026:23:09:56 +0200] "GET / HTTP/2.0" 200 21681 "-" "Mozilla/5.0 AppleWebKit/537.36 (KHTML, like Gecko; compatible; bingbot/2.0; +http://www.bing.com/bingbot.htm) Chrome/116.0.1938.76 Safari/537.36"
40.77.167.241 - - [03/Jun/2026:23:10:06 +0200] "GET /wp-content/cache/wpfc-minified/6ykfum2g/4bjdx.css HTTP/2.0" 200 14492 "https://piacenza.elettroservicegroup.it/" "Mozilla/5.0 AppleWebKit/537.36 (KHTML, like Gecko; compatible; bingbot/2.0; +http://www.bing.com/bingbot.htm) Chrome/136.0.0.0 Safari/537.36 AppleWebKit/537.36 (KHTML, like Gecko; compatible; bingbot/2.0; +http://www.bing.com/bingbot.htm) Chrome/116.0.1938.76 Safari/537.36"
40.77.167.241 - - [03/Jun/2026:23:10:07 +0200] "GET /wp-content/uploads/elementor/css/post-14366.css?ver=1780326254 HTTP/2.0" 200 302 "https://piacenza.elettroservicegroup.it/" "Mozilla/5.0 AppleWebKit/537.36 (KHTML, like Gecko; compatible; bingbot/2.0; +http://www.bing.com/bingbot.htm) Chrome/136.0.0.0 Safari/537.36 AppleWebKit/537.36 (KHTML, like Gecko; compatible; bingbot/2.0; +http://www.bing.com/bingbot.htm) Chrome/116.0.1938.76 Safari/537.36"
40.77.167.241 - - [03/Jun/2026:23:10:07 +0200] "GET /wp-content/uploads/elementor/css/post-14146.css?ver=1780326254 HTTP/2.0" 200 428 "https://piacenza.elettroservicegroup.it/" "Mozilla/5.0 AppleWebKit/537.36 (KHTML, like Gecko; compatible; bingbot/2.0; +http://www.bing.com/bingbot.htm) Chrome/136.0.0.0 Safari/537.36 AppleWebKit/537.36 (KHTML, like Gecko; compatible; bingbot/2.0; +http://www.bing.com/bingbot.htm) Chrome/116.0.1938.76 Safari/537.36"
40.77.167.74 - - [03/Jun/2026:23:10:11 +0200] "GET /wp-content/cache/wpfc-minified/eujroqks/4bjdx.css HTTP/2.0" 200 16488 "https://piacenza.elettroservicegroup.it/" "Mozilla/5.0 AppleWebKit/537.36 (KHTML, like Gecko; compatible; bingbot/2.0; +http://www.bing.com/bingbot.htm) Chrome/136.0.0.0 Safari/537.36 AppleWebKit/537.36 (KHTML, like Gecko; compatible; bingbot/2.0; +http://www.bing.com/bingbot.htm) Chrome/116.0.1938.76 Safari/537.36"
40.77.167.74 - - [03/Jun/2026:23:10:11 +0200] "GET /wp-content/cache/wpfc-minified/9h35mpo4/4bjdx.css HTTP/2.0" 200 4410 "https://piacenza.elettroservicegroup.it/" "Mozilla/5.0 AppleWebKit/537.36 (KHTML, like Gecko; compatible; bingbot/2.0; +http://www.bing.com/bingbot.htm) Chrome/136.0.0.0 Safari/537.36 AppleWebKit/537.36 (KHTML, like Gecko; compatible; bingbot/2.0; +http://www.bing.com/bingbot.htm) Chrome/116.0.1938.76 Safari/537.36"
40.77.167.74 - - [03/Jun/2026:23:10:11 +0200] "GET /wp-content/cache/wpfc-minified/1e78wxqt/4bjdx.js HTTP/2.0" 200 37592 "https://piacenza.elettroservicegroup.it/" "Mozilla/5.0 AppleWebKit/537.36 (KHTML, like Gecko; compatible; bingbot/2.0; +http://www.bing.com/bingbot.htm) Chrome/136.0.0.0 Safari/537.36 AppleWebKit/537.36 (KHTML, like Gecko; compatible; bingbot/2.0; +http://www.bing.com/bingbot.htm) Chrome/116.0.1938.76 Safari/537.36"
40.77.167.74 - - [03/Jun/2026:23:10:12 +0200] "GET /wp-content/cache/wpfc-minified/30gnld0u/4bjdx.css HTTP/2.0" 200 19026 "https://piacenza.elettroservicegroup.it/" "Mozilla/5.0 AppleWebKit/537.36 (KHTML, like Gecko; compatible; bingbot/2.0; +http://www.bing.com/bingbot.htm) Chrome/136.0.0.0 Safari/537.36 AppleWebKit/537.36 (KHTML, like Gecko; compatible; bingbot/2.0; +http://www.bing.com/bingbot.htm) Chrome/116.0.1938.76 Safari/537.36"
40.77.167.74 - - [03/Jun/2026:23:10:12 +0200] "GET /wp-content/uploads/elementor/css/post-14227.css?ver=1780326254 HTTP/2.0" 200 2273 "https://piacenza.elettroservicegroup.it/" "Mozilla/5.0 AppleWebKit/537.36 (KHTML, like Gecko; compatible; bingbot/2.0; +http://www.bing.com/bingbot.htm) Chrome/136.0.0.0 Safari/537.36 AppleWebKit/537.36 (KHTML, like Gecko; compatible; bingbot/2.0; +http://www.bing.com/bingbot.htm) Chrome/116.0.1938.76 Safari/537.36"
52.167.144.157 - - [03/Jun/2026:23:10:16 +0200] "GET /wp-content/cache/wpfc-minified/98f2uwim/4bjdx.css HTTP/2.0" 200 418 "https://piacenza.elettroservicegroup.it/" "Mozilla/5.0 AppleWebKit/537.36 (KHTML, like Gecko; compatible; bingbot/2.0; +http://www.bing.com/bingbot.htm) Chrome/136.0.0.0 Safari/537.36 AppleWebKit/537.36 (KHTML, like Gecko; compatible; bingbot/2.0; +http://www.bing.com/bingbot.htm) Chrome/116.0.1938.76 Safari/537.36"
52.167.144.157 - - [03/Jun/2026:23:10:16 +0200] "GET /wp-content/cache/wpfc-minified/lkeozi6d/4bjdx.css HTTP/2.0" 200 7521 "https://piacenza.elettroservicegroup.it/" "Mozilla/5.0 AppleWebKit/537.36 (KHTML, like Gecko; compatible; bingbot/2.0; +http://www.bing.com/bingbot.htm) Chrome/136.0.0.0 Safari/537.36 AppleWebKit/537.36 (KHTML, like Gecko; compatible; bingbot/2.0; +http://www.bing.com/bingbot.htm) Chrome/116.0.1938.76 Safari/537.36"
52.167.144.157 - - [03/Jun/2026:23:10:16 +0200] "GET /wp-content/plugins/gp-premium/menu-plus/functions/js/sticky.min.js?ver=2.5.5 HTTP/2.0" 200 2670 "https://piacenza.elettroservicegroup.it/" "Mozilla/5.0 AppleWebKit/537.36 (KHTML, like Gecko; compatible; bingbot/2.0; +http://www.bing.com/bingbot.htm) Chrome/136.0.0.0 Safari/537.36 AppleWebKit/537.36 (KHTML, like Gecko; compatible; bingbot/2.0; +http://www.bing.com/bingbot.htm) Chrome/116.0.1938.76 Safari/537.36"
52.167.144.157 - - [03/Jun/2026:23:10:16 +0200] "GET /wp-content/cache/wpfc-minified/qha2vzve/4bjdx.css HTTP/2.0" 200 11336 "https://piacenza.elettroservicegroup.it/" "Mozilla/5.0 AppleWebKit/537.36 (KHTML, like Gecko; compatible; bingbot/2.0; +http://www.bing.com/bingbot.htm) Chrome/136.0.0.0 Safari/537.36 AppleWebKit/537.36 (KHTML, like Gecko; compatible; bingbot/2.0; +http://www.bing.com/bingbot.htm) Chrome/116.0.1938.76 Safari/537.36"
52.167.144.157 - - [03/Jun/2026:23:10:17 +0200] "GET /wp-includes/js/jquery/ui/core.min.js?ver=1.13.3 HTTP/2.0" 200 6820 "https://piacenza.elettroservicegroup.it/" "Mozilla/5.0 AppleWebKit/537.36 (KHTML, like Gecko; compatible; bingbot/2.0; +http://www.bing.com/bingbot.htm) Chrome/136.0.0.0 Safari/537.36 AppleWebKit/537.36 (KHTML, like Gecko; compatible; bingbot/2.0; +http://www.bing.com/bingbot.htm) Chrome/116.0.1938.76 Safari/537.36"
65.108.235.243 - - [03/Jun/2026:23:20:08 +0200] "GET /assistenza-lavatrici-ariston-piacenza/ HTTP/1.1" 200 21650 "-" "WP Fastest Cache Preload Bot"
65.108.235.243 - - [03/Jun/2026:23:20:08 +0200] "GET /assistenza-lavatrici-aeg-piacenza/ HTTP/1.1" 200 21650 "-" "WP Fastest Cache Preload Bot"
65.108.235.243 - - [03/Jun/2026:23:20:09 +0200] "GET /assistenza-lavatrici-piacenza/ HTTP/1.1" 200 21903 "-" "WP Fastest Cache Preload Bot"
65.108.235.243 - - [03/Jun/2026:23:20:09 +0200] "GET /assistenza-lavastoviglie-whirlpool-piacenza/ HTTP/1.1" 200 21597 "-" "WP Fastest Cache Preload Bot"
65.108.235.243 - - [03/Jun/2026:23:23:19 +0200] "POST /wp-cron.php?doing_wp_cron=1780521799.6552920341491699218750 HTTP/1.1" 200 1 "-" "WordPress/7.0; https://piacenza.elettroservicegroup.it"
114.119.137.98 - - [03/Jun/2026:23:23:17 +0200] "GET /marche/ HTTP/1.1" 200 17034 "https://piacenza.elettroservicegroup.it/marche" "Mozilla/5.0 (Linux; Android 7.0;) AppleWebKit/537.36 (HTML, like Gecko) Mobile Safari/537.36 (compatible; PetalBot;+https://webmaster.petalsearch.com/site/petalbot)"
65.55.210.195 - - [03/Jun/2026:23:26:05 +0200] "GET /wp-content/plugins/elementor/assets/js/section-frontend-handlers.d85ab872da118940910d.bundle.min.js HTTP/2.0" 200 230 "https://piacenza.elettroservicegroup.it/" "Mozilla/5.0 AppleWebKit/537.36 (KHTML, like Gecko; compatible; bingbot/2.0; +http://www.bing.com/bingbot.htm) Chrome/136.0.0.0 Safari/537.36"
65.55.210.195 - - [03/Jun/2026:23:26:05 +0200] "GET /wp-content/plugins/elementor/assets/lib/font-awesome/webfonts/fa-regular-400.woff2 HTTP/2.0" 200 13277 "https://piacenza.elettroservicegroup.it/wp-content/cache/wpfc-minified/eujroqks/4bjdx.css" "Mozilla/5.0 AppleWebKit/537.36 (KHTML, like Gecko; compatible; bingbot/2.0; +http://www.bing.com/bingbot.htm) Chrome/136.0.0.0 Safari/537.36"
65.55.210.195 - - [03/Jun/2026:23:26:05 +0200] "GET /wp-content/plugins/elementor/assets/js/text-editor.45609661e409413f1cef.bundle.min.js HTTP/2.0" 200 592 "https://piacenza.elettroservicegroup.it/" "Mozilla/5.0 AppleWebKit/537.36 (KHTML, like Gecko; compatible; bingbot/2.0; +http://www.bing.com/bingbot.htm) Chrome/136.0.0.0 Safari/537.36"
65.55.210.195 - - [03/Jun/2026:23:26:05 +0200] "GET /wp-content/uploads/elementor/google-fonts/fonts/roboto-kfo7cnqeu92fr1me7ksn66agldtyluama3yuba.woff2 HTTP/2.0" 200 40132 "https://piacenza.elettroservicegroup.it/wp-content/cache/wpfc-minified/6ykfum2g/4bjdx.css" "Mozilla/5.0 AppleWebKit/537.36 (KHTML, like Gecko; compatible; bingbot/2.0; +http://www.bing.com/bingbot.htm) Chrome/136.0.0.0 Safari/537.36"
65.55.210.195 - - [03/Jun/2026:23:26:05 +0200] "GET /wp-content/plugins/elementor/assets/js/shared-frontend-handlers.03caa53373b56d3bab67.bundle.min.js HTTP/2.0" 200 2515 "https://piacenza.elettroservicegroup.it/" "Mozilla/5.0 AppleWebKit/537.36 (KHTML, like Gecko; compatible; bingbot/2.0; +http://www.bing.com/bingbot.htm) Chrome/136.0.0.0 Safari/537.36"
65.55.210.195 - - [03/Jun/2026:23:26:05 +0200] "GET /wp-content/plugins/elementor/assets/lib/font-awesome/webfonts/fa-solid-900.woff2 HTTP/2.0" 200 78201 "https://piacenza.elettroservicegroup.it/wp-content/cache/wpfc-minified/eujroqks/4bjdx.css" "Mozilla/5.0 AppleWebKit/537.36 (KHTML, like Gecko; compatible; bingbot/2.0; +http://www.bing.com/bingbot.htm) Chrome/136.0.0.0 Safari/537.36"
65.108.235.243 - - [03/Jun/2026:23:27:29 +0200] "POST /wp-cron.php?doing_wp_cron=1780522049.9380030632019042968750 HTTP/1.1" 200 1 "-" "WordPress/7.0; https://piacenza.elettroservicegroup.it"
114.119.148.161 - - [03/Jun/2026:23:27:28 +0200] "GET /cropped-cropped-logo_white_background-png/ HTTP/1.1" 200 17076 "https://piacenza.elettroservicegroup.it/cropped-cropped-logo_white_background-png" "Mozilla/5.0 (Linux; Android 7.0;) AppleWebKit/537.36 (HTML, like Gecko) Mobile Safari/537.36 (compatible; PetalBot;+https://webmaster.petalsearch.com/site/petalbot)"
65.108.235.243 - - [03/Jun/2026:23:27:30 +0200] "GET /assistenza-lavastoviglie-smeg-piacenza/ HTTP/1.1" 200 21547 "-" "WP Fastest Cache Preload Bot"
65.108.235.243 - - [03/Jun/2026:23:27:30 +0200] "GET /assistenza-lavastoviglie-rex-electrolux-piacenza/ HTTP/1.1" 200 21511 "-" "WP Fastest Cache Preload Bot"
65.108.235.243 - - [03/Jun/2026:23:27:31 +0200] "GET /assistenza-lavastoviglie-indesit-piacenza/ HTTP/1.1" 200 22010 "-" "WP Fastest Cache Preload Bot"
65.108.235.243 - - [03/Jun/2026:23:27:31 +0200] "GET /assistenza-lavastoviglie-bosch-piacenza/ HTTP/1.1" 200 22032 "-" "WP Fastest Cache Preload Bot"
54.163.136.244 - - [03/Jun/2026:23:35:29 +0200] "GET /cookie-policy-ue/ HTTP/1.1" 200 11808 "-" "Mozilla/5.0 AppleWebKit/537.36 (KHTML, like Gecko; compatible; Amazonbot/0.1; +https://developer.amazon.com/support/amazonbot) Chrome/119.0.6045.214 Safari/537.36"
65.108.235.243 - - [03/Jun/2026:23:50:45 +0200] "POST /wp-cron.php?doing_wp_cron=1780523445.2225909233093261718750 HTTP/1.1" 200 1 "-" "WordPress/7.0; https://piacenza.elettroservicegroup.it"
114.119.138.37 - - [03/Jun/2026:23:50:43 +0200] "GET /space-fortuna-casino-un-univers-de-jeu-innovant-et-securise/ HTTP/1.1" 404 16175 "https://piacenza.elettroservicegroup.it/quels-sont-les-criteres-pour-choisir-un-jeu-fiable-sur-tiki-casino/" "Mozilla/5.0 (Linux; Android 7.0;) AppleWebKit/537.36 (HTML, like Gecko) Mobile Safari/537.36 (compatible; PetalBot;+https://webmaster.petalsearch.com/site/petalbot)"
65.108.235.243 - - [03/Jun/2026:23:50:45 +0200] "GET /assistenza-lavastoviglie-ariston-piacenza/ HTTP/1.1" 200 21964 "-" "WP Fastest Cache Preload Bot"
65.108.235.243 - - [03/Jun/2026:23:50:45 +0200] "GET /assistenza-lavastoviglie-aeg-piacenza/ HTTP/1.1" 200 22027 "-" "WP Fastest Cache Preload Bot"
65.108.235.243 - - [03/Jun/2026:23:50:46 +0200] "GET /assistenza-lavastoviglie-piacenza/ HTTP/1.1" 200 21638 "-" "WP Fastest Cache Preload Bot"
65.108.235.243 - - [03/Jun/2026:23:50:46 +0200] "GET /assistenza-indesit-piacenza/ HTTP/1.1" 200 21683 "-" "WP Fastest Cache Preload Bot"
65.108.235.243 - - [03/Jun/2026:23:54:38 +0200] "POST /wp-cron.php?doing_wp_cron=1780523678.9640109539031982421875 HTTP/1.1" 200 1 "-" "WordPress/7.0; https://piacenza.elettroservicegroup.it"
13.221.122.241 - - [03/Jun/2026:23:54:37 +0200] "GET / HTTP/1.1" 301 - "-" "Mozilla/5.0 (X11; Linux x86_64) AppleWebKit/537.36 (KHTML, like Gecko) Chrome/131.0.0.0 Safari/537.36"
13.221.122.241 - - [03/Jun/2026:23:54:39 +0200] "POST / HTTP/1.1" 301 - "-" "Mozilla/5.0 (X11; Linux x86_64) AppleWebKit/537.36 (KHTML, like Gecko) Chrome/131.0.0.0 Safari/537.36"
65.108.235.243 - - [03/Jun/2026:23:54:39 +0200] "GET /assistenza-candy-piacenza/ HTTP/1.1" 200 21781 "-" "WP Fastest Cache Preload Bot"
13.221.122.241 - - [03/Jun/2026:23:54:39 +0200] "POST / HTTP/1.1" 301 - "-" "Mozilla/5.0 (X11; Linux x86_64) AppleWebKit/537.36 (KHTML, like Gecko) Chrome/131.0.0.0 Safari/537.36"
65.108.235.243 - - [03/Jun/2026:23:54:39 +0200] "GET /assistenza-bosch-piacenza/ HTTP/1.1" 200 21781 "-" "WP Fastest Cache Preload Bot"
65.108.235.243 - - [03/Jun/2026:23:54:40 +0200] "GET /assistenza-ariston-piacenza/ HTTP/1.1" 200 21767 "-" "WP Fastest Cache Preload Bot"
13.221.122.241 - - [03/Jun/2026:23:54:40 +0200] "POST / HTTP/1.1" 301 - "-" "Mozilla/5.0 (X11; Linux x86_64) AppleWebKit/537.36 (KHTML, like Gecko) Chrome/131.0.0.0 Safari/537.36"
65.108.235.243 - - [03/Jun/2026:23:54:40 +0200] "GET /assistenza-aeg-piacenza/ HTTP/1.1" 200 21774 "-" "WP Fastest Cache Preload Bot"
13.221.122.241 - - [03/Jun/2026:23:54:40 +0200] "GET /.git/config HTTP/1.1" 301 - "-" "Mozilla/5.0 (X11; Linux x86_64) AppleWebKit/537.36 (KHTML, like Gecko) Chrome/131.0.0.0 Safari/537.36"
13.221.122.241 - - [03/Jun/2026:23:54:41 +0200] "GET /.git/config HTTP/1.1" 404 83947 "-" "Mozilla/5.0 (X11; Linux x86_64) AppleWebKit/537.36 (KHTML, like Gecko) Chrome/131.0.0.0 Safari/537.36"
13.221.122.241 - - [03/Jun/2026:23:54:42 +0200] "POST / HTTP/1.1" 301 - "-" "Mozilla/5.0 (X11; Linux x86_64) AppleWebKit/537.36 (KHTML, like Gecko) Chrome/131.0.0.0 Safari/537.36"
13.221.122.241 - - [03/Jun/2026:23:54:42 +0200] "GET /.env HTTP/1.1" 301 - "-" "Mozilla/5.0 (X11; Linux x86_64) AppleWebKit/537.36 (KHTML, like Gecko) Chrome/131.0.0.0 Safari/537.36"
13.221.122.241 - - [03/Jun/2026:23:54:43 +0200] "GET /.env HTTP/1.1" 404 83899 "-" "Mozilla/5.0 (X11; Linux x86_64) AppleWebKit/537.36 (KHTML, like Gecko) Chrome/131.0.0.0 Safari/537.36"
13.221.122.241 - - [03/Jun/2026:23:54:43 +0200] "GET /.env.local HTTP/1.1" 301 - "-" "Mozilla/5.0 (X11; Linux x86_64) AppleWebKit/537.36 (KHTML, like Gecko) Chrome/131.0.0.0 Safari/537.36"
13.221.122.241 - - [03/Jun/2026:23:54:44 +0200] "GET /.env.local HTTP/1.1" 404 83935 "-" "Mozilla/5.0 (X11; Linux x86_64) AppleWebKit/537.36 (KHTML, like Gecko) Chrome/131.0.0.0 Safari/537.36"
13.221.122.241 - - [03/Jun/2026:23:54:45 +0200] "GET /.env.production HTTP/1.1" 301 - "-" "Mozilla/5.0 (X11; Linux x86_64) AppleWebKit/537.36 (KHTML, like Gecko) Chrome/131.0.0.0 Safari/537.36"
13.221.122.241 - - [03/Jun/2026:23:54:45 +0200] "GET /.env.production HTTP/1.1" 404 83965 "-" "Mozilla/5.0 (X11; Linux x86_64) AppleWebKit/537.36 (KHTML, like Gecko) Chrome/131.0.0.0 Safari/537.36"
13.221.122.241 - - [03/Jun/2026:23:54:46 +0200] "GET /.env.staging HTTP/1.1" 301 - "-" "Mozilla/5.0 (X11; Linux x86_64) AppleWebKit/537.36 (KHTML, like Gecko) Chrome/131.0.0.0 Safari/537.36"
13.221.122.241 - - [03/Jun/2026:23:54:47 +0200] "GET /.env.staging HTTP/1.1" 404 83947 "-" "Mozilla/5.0 (X11; Linux x86_64) AppleWebKit/537.36 (KHTML, like Gecko) Chrome/131.0.0.0 Safari/537.36"
13.221.122.241 - - [03/Jun/2026:23:54:47 +0200] "GET /.env.development HTTP/1.1" 301 - "-" "Mozilla/5.0 (X11; Linux x86_64) AppleWebKit/537.36 (KHTML, like Gecko) Chrome/131.0.0.0 Safari/537.36"
13.221.122.241 - - [03/Jun/2026:23:54:48 +0200] "GET /.env.development HTTP/1.1" 404 83971 "-" "Mozilla/5.0 (X11; Linux x86_64) AppleWebKit/537.36 (KHTML, like Gecko) Chrome/131.0.0.0 Safari/537.36"
13.221.122.241 - - [03/Jun/2026:23:54:49 +0200] "GET /.env.test HTTP/1.1" 301 - "-" "Mozilla/5.0 (X11; Linux x86_64) AppleWebKit/537.36 (KHTML, like Gecko) Chrome/131.0.0.0 Safari/537.36"
13.221.122.241 - - [03/Jun/2026:23:54:49 +0200] "GET /.env.test HTTP/1.1" 404 83929 "-" "Mozilla/5.0 (X11; Linux x86_64) AppleWebKit/537.36 (KHTML, like Gecko) Chrome/131.0.0.0 Safari/537.36"
13.221.122.241 - - [03/Jun/2026:23:54:50 +0200] "GET /.env.remote HTTP/1.1" 301 - "-" "Mozilla/5.0 (X11; Linux x86_64) AppleWebKit/537.36 (KHTML, like Gecko) Chrome/131.0.0.0 Safari/537.36"
13.221.122.241 - - [03/Jun/2026:23:54:50 +0200] "GET /.env.remote HTTP/1.1" 404 83941 "-" "Mozilla/5.0 (X11; Linux x86_64) AppleWebKit/537.36 (KHTML, like Gecko) Chrome/131.0.0.0 Safari/537.36"
13.221.122.241 - - [03/Jun/2026:23:54:51 +0200] "GET /.env.bak HTTP/1.1" 301 - "-" "Mozilla/5.0 (X11; Linux x86_64) AppleWebKit/537.36 (KHTML, like Gecko) Chrome/131.0.0.0 Safari/537.36"
13.221.122.241 - - [03/Jun/2026:23:54:51 +0200] "GET /.env.bak HTTP/1.1" 404 83923 "-" "Mozilla/5.0 (X11; Linux x86_64) AppleWebKit/537.36 (KHTML, like Gecko) Chrome/131.0.0.0 Safari/537.36"
13.221.122.241 - - [03/Jun/2026:23:54:52 +0200] "GET /.env.backup HTTP/1.1" 301 - "-" "Mozilla/5.0 (X11; Linux x86_64) AppleWebKit/537.36 (KHTML, like Gecko) Chrome/131.0.0.0 Safari/537.36"
13.221.122.241 - - [03/Jun/2026:23:54:53 +0200] "GET /.env.backup HTTP/1.1" 404 83941 "-" "Mozilla/5.0 (X11; Linux x86_64) AppleWebKit/537.36 (KHTML, like Gecko) Chrome/131.0.0.0 Safari/537.36"
13.221.122.241 - - [03/Jun/2026:23:54:54 +0200] "GET /.env.save HTTP/1.1" 301 - "-" "Mozilla/5.0 (X11; Linux x86_64) AppleWebKit/537.36 (KHTML, like Gecko) Chrome/131.0.0.0 Safari/537.36"
13.221.122.241 - - [03/Jun/2026:23:54:54 +0200] "GET /.env.save HTTP/1.1" 404 83929 "-" "Mozilla/5.0 (X11; Linux x86_64) AppleWebKit/537.36 (KHTML, like Gecko) Chrome/131.0.0.0 Safari/537.36"
13.221.122.241 - - [03/Jun/2026:23:54:55 +0200] "GET /.env.old HTTP/1.1" 301 - "-" "Mozilla/5.0 (X11; Linux x86_64) AppleWebKit/537.36 (KHTML, like Gecko) Chrome/131.0.0.0 Safari/537.36"
13.221.122.241 - - [03/Jun/2026:23:54:55 +0200] "GET /.env.old HTTP/1.1" 404 83923 "-" "Mozilla/5.0 (X11; Linux x86_64) AppleWebKit/537.36 (KHTML, like Gecko) Chrome/131.0.0.0 Safari/537.36"
13.221.122.241 - - [03/Jun/2026:23:54:56 +0200] "GET /.env.sample HTTP/1.1" 301 - "-" "Mozilla/5.0 (X11; Linux x86_64) AppleWebKit/537.36 (KHTML, like Gecko) Chrome/131.0.0.0 Safari/537.36"
13.221.122.241 - - [03/Jun/2026:23:54:57 +0200] "GET /.env.sample HTTP/1.1" 404 83941 "-" "Mozilla/5.0 (X11; Linux x86_64) AppleWebKit/537.36 (KHTML, like Gecko) Chrome/131.0.0.0 Safari/537.36"
13.221.122.241 - - [03/Jun/2026:23:54:57 +0200] "GET /.env.example HTTP/1.1" 301 - "-" "Mozilla/5.0 (X11; Linux x86_64) AppleWebKit/537.36 (KHTML, like Gecko) Chrome/131.0.0.0 Safari/537.36"
13.221.122.241 - - [03/Jun/2026:23:54:58 +0200] "GET /.env.example HTTP/1.1" 404 83947 "-" "Mozilla/5.0 (X11; Linux x86_64) AppleWebKit/537.36 (KHTML, like Gecko) Chrome/131.0.0.0 Safari/537.36"
13.221.122.241 - - [03/Jun/2026:23:54:59 +0200] "GET /.env.dev HTTP/1.1" 301 - "-" "Mozilla/5.0 (X11; Linux x86_64) AppleWebKit/537.36 (KHTML, like Gecko) Chrome/131.0.0.0 Safari/537.36"
13.221.122.241 - - [03/Jun/2026:23:54:59 +0200] "GET /.env.dev HTTP/1.1" 404 83923 "-" "Mozilla/5.0 (X11; Linux x86_64) AppleWebKit/537.36 (KHTML, like Gecko) Chrome/131.0.0.0 Safari/537.36"
13.221.122.241 - - [03/Jun/2026:23:55:00 +0200] "GET /.env.prod HTTP/1.1" 301 - "-" "Mozilla/5.0 (X11; Linux x86_64) AppleWebKit/537.36 (KHTML, like Gecko) Chrome/131.0.0.0 Safari/537.36"
13.221.122.241 - - [03/Jun/2026:23:55:00 +0200] "GET /.env.prod HTTP/1.1" 404 83929 "-" "Mozilla/5.0 (X11; Linux x86_64) AppleWebKit/537.36 (KHTML, like Gecko) Chrome/131.0.0.0 Safari/537.36"
13.221.122.241 - - [03/Jun/2026:23:55:01 +0200] "GET /.env.stage HTTP/1.1" 301 - "-" "Mozilla/5.0 (X11; Linux x86_64) AppleWebKit/537.36 (KHTML, like Gecko) Chrome/131.0.0.0 Safari/537.36"
65.108.235.243 - - [03/Jun/2026:23:55:02 +0200] "POST /wp-cron.php?doing_wp_cron=1780523702.4787290096282958984375 HTTP/1.1" 200 1 "-" "WordPress/7.0; https://piacenza.elettroservicegroup.it"
13.221.122.241 - - [03/Jun/2026:23:55:02 +0200] "GET /.env.stage HTTP/1.1" 404 83935 "-" "Mozilla/5.0 (X11; Linux x86_64) AppleWebKit/537.36 (KHTML, like Gecko) Chrome/131.0.0.0 Safari/537.36"
13.221.122.241 - - [03/Jun/2026:23:55:02 +0200] "GET /.env.ci HTTP/1.1" 301 - "-" "Mozilla/5.0 (X11; Linux x86_64) AppleWebKit/537.36 (KHTML, like Gecko) Chrome/131.0.0.0 Safari/537.36"
