82.62.255.115 - - [03/Jun/2026:19:31:05 +0200] "GET /wp-content/plugins/elementor/assets/js/shared-frontend-handlers.03caa53373b56d3bab67.bundle.min.js HTTP/2.0" 200 2515 "https://reggio-emilia.elettroservicegroup.it/assistenza-miele-reggio-emilia/" "Mozilla/5.0 (Linux; Android 10; K) AppleWebKit/537.36 (KHTML, like Gecko) Chrome/148.0.0.0 Mobile Safari/537.36"
82.62.255.115 - - [03/Jun/2026:19:31:05 +0200] "GET /wp-json/complianz/v1/banner?lang=it&locale=it_IT&token=jgygl HTTP/2.0" 200 84 "https://reggio-emilia.elettroservicegroup.it/assistenza-miele-reggio-emilia/" "Mozilla/5.0 (Linux; Android 10; K) AppleWebKit/537.36 (KHTML, like Gecko) Chrome/148.0.0.0 Mobile Safari/537.36"
65.108.235.243 - - [03/Jun/2026:19:31:05 +0200] "GET /assistenza-whirlpool-rubiera/ HTTP/1.1" 200 24816 "-" "WP Fastest Cache Preload Bot"
82.62.255.115 - - [03/Jun/2026:19:31:05 +0200] "POST /wp-json/complianz/v1/track HTTP/2.0" 200 20 "https://reggio-emilia.elettroservicegroup.it/assistenza-miele-reggio-emilia/" "Mozilla/5.0 (Linux; Android 10; K) AppleWebKit/537.36 (KHTML, like Gecko) Chrome/148.0.0.0 Mobile Safari/537.36"
82.62.255.115 - - [03/Jun/2026:19:31:06 +0200] "GET /wp-content/uploads/2021/10/cropped-cropped-cropped-cropped-logo_white_background-192x192.png HTTP/2.0" 200 15729 "https://reggio-emilia.elettroservicegroup.it/assistenza-miele-reggio-emilia/" "Mozilla/5.0 (Linux; Android 10; K) AppleWebKit/537.36 (KHTML, like Gecko) Chrome/148.0.0.0 Mobile Safari/537.36"
82.62.255.115 - - [03/Jun/2026:19:31:06 +0200] "GET /wp-content/uploads/2021/10/cropped-cropped-cropped-cropped-logo_white_background-180x180.png HTTP/2.0" 200 16527 "https://reggio-emilia.elettroservicegroup.it/assistenza-miele-reggio-emilia/" "Mozilla/5.0 (Linux; Android 10; K) AppleWebKit/537.36 (KHTML, like Gecko) Chrome/148.0.0.0 Mobile Safari/537.36"
65.108.235.243 - - [03/Jun/2026:19:31:05 +0200] "GET /assistenza-whirlpool-scandiano/ HTTP/1.1" 200 24730 "-" "WP Fastest Cache Preload Bot"
65.108.235.243 - - [03/Jun/2026:19:31:06 +0200] "GET / HTTP/1.1" 200 25114 "-" "WP Fastest Cache Preload Bot"
82.62.255.115 - - [03/Jun/2026:19:31:08 +0200] "GET /wp-content/uploads/2022/01/ASCIUGATRICE-TECNIC.jpg HTTP/2.0" 200 43278 "https://reggio-emilia.elettroservicegroup.it/assistenza-miele-reggio-emilia/" "Mozilla/5.0 (Linux; Android 10; K) AppleWebKit/537.36 (KHTML, like Gecko) Chrome/148.0.0.0 Mobile Safari/537.36"
66.249.70.201 - - [03/Jun/2026:19:31:18 +0200] "GET /sitemap1.xml HTTP/1.1" 302 1 "-" "Mozilla/5.0 (compatible; Googlebot/2.1; +http://www.google.com/bot.html)"
66.249.70.200 - - [03/Jun/2026:19:31:18 +0200] "GET /sitemap.xml HTTP/1.1" 200 336 "-" "Mozilla/5.0 (compatible; Googlebot/2.1; +http://www.google.com/bot.html)"
52.167.144.199 - - [03/Jun/2026:19:53:31 +0200] "GET /assistenza-smeg-santilario-denza/ HTTP/2.0" 200 24839 "-" "Mozilla/5.0 AppleWebKit/537.36 (KHTML, like Gecko; compatible; bingbot/2.0; +http://www.bing.com/bingbot.htm) Chrome/116.0.1938.76 Safari/537.36"
17.246.23.83 - - [03/Jun/2026:19:54:28 +0200] "GET /assistenza-bosch-scandiano/ HTTP/2.0" 200 26776 "-" "Mozilla/5.0 (Macintosh; Intel Mac OS X 10_15_7) AppleWebKit/605.1.15 (KHTML, like Gecko) Version/17.4 Safari/605.1.15 (Applebot/0.1; +http://www.apple.com/go/applebot)"
52.167.144.222 - - [03/Jun/2026:19:56:45 +0200] "GET /assistenza-rex-electrolux-rubiera/ HTTP/2.0" 200 24800 "-" "Mozilla/5.0 AppleWebKit/537.36 (KHTML, like Gecko; compatible; bingbot/2.0; +http://www.bing.com/bingbot.htm) Chrome/116.0.1938.76 Safari/537.36"
17.246.23.221 - - [03/Jun/2026:19:58:15 +0200] "GET /wp-content/cache/wpfc-minified/1yoxc57o/4laq4.css HTTP/2.0" 200 16447 "https://reggio-emilia.elettroservicegroup.it/assistenza-bosch-scandiano/" "Mozilla/5.0 (Macintosh; Intel Mac OS X 10_15_7) AppleWebKit/605.1.15 (KHTML, like Gecko) Version/17.4 Safari/605.1.15 (Applebot/0.1; +http://www.apple.com/go/applebot)"
17.246.23.221 - - [03/Jun/2026:19:58:16 +0200] "GET /wp-content/uploads/elementor/css/post-14366.css?ver=1780326512 HTTP/2.0" 200 302 "https://reggio-emilia.elettroservicegroup.it/assistenza-bosch-scandiano/" "Mozilla/5.0 (Macintosh; Intel Mac OS X 10_15_7) AppleWebKit/605.1.15 (KHTML, like Gecko) Version/17.4 Safari/605.1.15 (Applebot/0.1; +http://www.apple.com/go/applebot)"
17.246.23.221 - - [03/Jun/2026:19:58:18 +0200] "GET /wp-content/uploads/elementor/css/post-17706.css?ver=1780356665 HTTP/2.0" 200 2163 "https://reggio-emilia.elettroservicegroup.it/assistenza-bosch-scandiano/" "Mozilla/5.0 (Macintosh; Intel Mac OS X 10_15_7) AppleWebKit/605.1.15 (KHTML, like Gecko) Version/17.4 Safari/605.1.15 (Applebot/0.1; +http://www.apple.com/go/applebot)"
17.246.23.221 - - [03/Jun/2026:19:58:20 +0200] "GET /wp-content/cache/wpfc-minified/m8ydgnxm/4lapt.css HTTP/2.0" 200 4410 "https://reggio-emilia.elettroservicegroup.it/assistenza-bosch-scandiano/" "Mozilla/5.0 (Macintosh; Intel Mac OS X 10_15_7) AppleWebKit/605.1.15 (KHTML, like Gecko) Version/17.4 Safari/605.1.15 (Applebot/0.1; +http://www.apple.com/go/applebot)"
17.246.23.221 - - [03/Jun/2026:19:58:22 +0200] "GET /wp-content/cache/wpfc-minified/g52dp1tu/4lapt.css HTTP/2.0" 200 19034 "https://reggio-emilia.elettroservicegroup.it/assistenza-bosch-scandiano/" "Mozilla/5.0 (Macintosh; Intel Mac OS X 10_15_7) AppleWebKit/605.1.15 (KHTML, like Gecko) Version/17.4 Safari/605.1.15 (Applebot/0.1; +http://www.apple.com/go/applebot)"
17.246.23.221 - - [03/Jun/2026:19:58:24 +0200] "GET /wp-content/cache/wpfc-minified/8tnr6p1l/4lapt.css HTTP/2.0" 200 2043 "https://reggio-emilia.elettroservicegroup.it/assistenza-bosch-scandiano/" "Mozilla/5.0 (Macintosh; Intel Mac OS X 10_15_7) AppleWebKit/605.1.15 (KHTML, like Gecko) Version/17.4 Safari/605.1.15 (Applebot/0.1; +http://www.apple.com/go/applebot)"
17.246.23.221 - - [03/Jun/2026:19:58:26 +0200] "GET /wp-content/plugins/elementor/assets/js/frontend-modules.min.js?ver=4.1.1 HTTP/2.0" 200 15454 "https://reggio-emilia.elettroservicegroup.it/assistenza-bosch-scandiano/" "Mozilla/5.0 (Macintosh; Intel Mac OS X 10_15_7) AppleWebKit/605.1.15 (KHTML, like Gecko) Version/17.4 Safari/605.1.15 (Applebot/0.1; +http://www.apple.com/go/applebot)"
65.108.235.243 - - [03/Jun/2026:19:58:29 +0200] "POST /wp-cron.php?doing_wp_cron=1780509509.5069808959960937500000 HTTP/1.1" 200 1 "-" "WordPress/7.0; https://reggio-emilia.elettroservicegroup.it"
17.246.23.221 - - [03/Jun/2026:19:58:27 +0200] "GET /wp-json/complianz/v1/banner?lang=it&locale=it_IT&token=nxckm HTTP/2.0" 200 84 "https://reggio-emilia.elettroservicegroup.it/assistenza-bosch-scandiano/" "Mozilla/5.0 (Macintosh; Intel Mac OS X 10_15_7) AppleWebKit/605.1.15 (KHTML, like Gecko) Version/17.4 Safari/605.1.15 (Applebot/0.1; +http://www.apple.com/go/applebot)"
17.246.23.221 - - [03/Jun/2026:19:58:29 +0200] "GET /wp-json/complianz/v1/cookie_data HTTP/2.0" 200 82 "https://reggio-emilia.elettroservicegroup.it/assistenza-bosch-scandiano/" "Mozilla/5.0 (Macintosh; Intel Mac OS X 10_15_7) AppleWebKit/605.1.15 (KHTML, like Gecko) Version/17.4 Safari/605.1.15 (Applebot/0.1; +http://www.apple.com/go/applebot)"
65.108.235.243 - - [03/Jun/2026:19:58:29 +0200] "GET /dichiarazione-sulla-privacy-ue/ HTTP/1.1" 200 20995 "-" "WP Fastest Cache Preload Bot"
65.108.235.243 - - [03/Jun/2026:19:58:30 +0200] "GET /imprint/ HTTP/1.1" 200 18514 "-" "WP Fastest Cache Preload Bot"
65.108.235.243 - - [03/Jun/2026:19:58:30 +0200] "GET /assistenza-whirlpool-rubiera/ HTTP/1.1" 200 24816 "-" "WP Fastest Cache Preload Bot"
65.108.235.243 - - [03/Jun/2026:19:58:31 +0200] "GET /assistenza-whirlpool-scandiano/ HTTP/1.1" 200 24730 "-" "WP Fastest Cache Preload Bot"
209.50.183.220 - - [03/Jun/2026:19:58:31 +0200] "GET /wp-login.php HTTP/2.0" 200 4529 "-" "Mozilla/5.0 (Macintosh; Intel Mac OS X 10_15_7) AppleWebKit/605.1.15 (KHTML, like Gecko) Version/18.0 Safari/605.1.15"
209.50.183.220 - - [03/Jun/2026:19:58:32 +0200] "GET /wp-login.php?wp_lang=en_US HTTP/2.0" 200 3758 "-" "Mozilla/5.0 (Windows NT 10.0; Win64; x64; rv:133.0) Gecko/20100101 Firefox/133.0"
209.50.183.220 - - [03/Jun/2026:19:58:32 +0200] "POST /wp-login.php?wp_lang=en_US HTTP/2.0" 200 3876 "https://reggio-emilia.elettroservicegroup.it/wp-login.php?wp_lang=en_US" "Mozilla/5.0 (Windows NT 10.0; Win64; x64; rv:133.0) Gecko/20100101 Firefox/133.0"
217.181.92.200 - - [03/Jun/2026:19:58:34 +0200] "GET /wp-login.php?wp_lang=en_US HTTP/2.0" 200 11826 "-" "Mozilla/5.0 (Windows NT 10.0; Win64; x64) AppleWebKit/537.36 (KHTML, like Gecko) Chrome/124.0.0.0 Safari/537.36"
65.111.14.23 - - [03/Jun/2026:19:58:35 +0200] "GET /wp-login.php?wp_lang=en_US HTTP/2.0" 200 3758 "-" "Mozilla/5.0 (Macintosh; Intel Mac OS X 10_15_7) AppleWebKit/605.1.15 (KHTML, like Gecko) Version/18.0 Safari/605.1.15"
65.111.14.23 - - [03/Jun/2026:19:58:36 +0200] "POST /wp-login.php?wp_lang=en_US HTTP/2.0" 200 3876 "https://reggio-emilia.elettroservicegroup.it/wp-login.php?wp_lang=en_US" "Mozilla/5.0 (Macintosh; Intel Mac OS X 10_15_7) AppleWebKit/605.1.15 (KHTML, like Gecko) Version/18.0 Safari/605.1.15"
104.207.34.78 - - [03/Jun/2026:19:58:38 +0200] "GET /wp-login.php?wp_lang=en_US HTTP/2.0" 200 3758 "-" "Mozilla/5.0 (Windows NT 10.0; Win64; x64) AppleWebKit/537.36 (KHTML, like Gecko) Chrome/124.0.0.0 Safari/537.36"
104.207.34.78 - - [03/Jun/2026:19:58:38 +0200] "POST /wp-login.php?wp_lang=en_US HTTP/2.0" 200 3876 "https://reggio-emilia.elettroservicegroup.it/wp-login.php?wp_lang=en_US" "Mozilla/5.0 (Windows NT 10.0; Win64; x64) AppleWebKit/537.36 (KHTML, like Gecko) Chrome/124.0.0.0 Safari/537.36"
209.50.179.116 - - [03/Jun/2026:19:58:40 +0200] "GET /wp-login.php?wp_lang=en_US HTTP/2.0" 200 11886 "-" "Mozilla/5.0 (Windows NT 10.0; Win64; x64; rv:133.0) Gecko/20100101 Firefox/133.0"
216.26.234.176 - - [03/Jun/2026:19:58:41 +0200] "GET /wp-login.php?wp_lang=en_US HTTP/2.0" 200 3758 "-" "Mozilla/5.0 (Windows NT 10.0; Win64; x64; rv:133.0) Gecko/20100101 Firefox/133.0"
216.26.234.176 - - [03/Jun/2026:19:58:42 +0200] "POST /wp-login.php?wp_lang=en_US HTTP/2.0" 200 3876 "https://reggio-emilia.elettroservicegroup.it/wp-login.php?wp_lang=en_US" "Mozilla/5.0 (Windows NT 10.0; Win64; x64; rv:133.0) Gecko/20100101 Firefox/133.0"
209.50.173.32 - - [03/Jun/2026:19:58:44 +0200] "GET /wp-login.php?wp_lang=en_US HTTP/2.0" 200 3758 "-" "Mozilla/5.0 (Windows NT 10.0; Win64; x64) AppleWebKit/537.36 (KHTML, like Gecko) Chrome/124.0.0.0 Safari/537.36"
209.50.173.32 - - [03/Jun/2026:19:58:45 +0200] "POST /wp-login.php?wp_lang=en_US HTTP/2.0" 200 3876 "https://reggio-emilia.elettroservicegroup.it/wp-login.php?wp_lang=en_US" "Mozilla/5.0 (Windows NT 10.0; Win64; x64) AppleWebKit/537.36 (KHTML, like Gecko) Chrome/124.0.0.0 Safari/537.36"
104.207.40.190 - - [03/Jun/2026:19:58:47 +0200] "GET /wp-login.php?wp_lang=en_US HTTP/2.0" 200 11819 "-" "Mozilla/5.0 (Windows NT 10.0; Win64; x64) AppleWebKit/537.36 (KHTML, like Gecko) Chrome/124.0.0.0 Safari/537.36"
104.167.19.117 - - [03/Jun/2026:19:58:49 +0200] "GET /wp-login.php?wp_lang=en_US HTTP/2.0" 200 11836 "-" "Mozilla/5.0 (Macintosh; Intel Mac OS X 10_15_7) AppleWebKit/605.1.15 (KHTML, like Gecko) Version/18.0 Safari/605.1.15"
65.111.28.25 - - [03/Jun/2026:19:58:50 +0200] "GET /wp-login.php?wp_lang=en_US HTTP/2.0" 200 11809 "-" "Mozilla/5.0 (Windows NT 10.0; Win64; x64; rv:133.0) Gecko/20100101 Firefox/133.0"
151.123.177.191 - - [03/Jun/2026:19:58:50 +0200] "GET /wp-login.php?wp_lang=en_US HTTP/2.0" 200 3758 "-" "Mozilla/5.0 (Windows NT 10.0; Win64; x64) AppleWebKit/537.36 (KHTML, like Gecko) Chrome/124.0.0.0 Safari/537.36"
151.123.177.191 - - [03/Jun/2026:19:58:50 +0200] "POST /wp-login.php?wp_lang=en_US HTTP/2.0" 200 3876 "https://reggio-emilia.elettroservicegroup.it/wp-login.php?wp_lang=en_US" "Mozilla/5.0 (Windows NT 10.0; Win64; x64) AppleWebKit/537.36 (KHTML, like Gecko) Chrome/124.0.0.0 Safari/537.36"
65.111.9.108 - - [03/Jun/2026:19:58:52 +0200] "GET /wp-login.php?wp_lang=en_US HTTP/2.0" 200 3758 "-" "Mozilla/5.0 (Windows NT 10.0; Win64; x64) AppleWebKit/537.36 (KHTML, like Gecko) Chrome/124.0.0.0 Safari/537.36"
65.111.9.108 - - [03/Jun/2026:19:58:53 +0200] "POST /wp-login.php?wp_lang=en_US HTTP/2.0" 200 3876 "https://reggio-emilia.elettroservicegroup.it/wp-login.php?wp_lang=en_US" "Mozilla/5.0 (Windows NT 10.0; Win64; x64) AppleWebKit/537.36 (KHTML, like Gecko) Chrome/124.0.0.0 Safari/537.36"
209.50.167.69 - - [03/Jun/2026:19:58:55 +0200] "GET /wp-login.php?wp_lang=en_US HTTP/2.0" 200 3758 "-" "Mozilla/5.0 (Windows NT 10.0; Win64; x64; rv:133.0) Gecko/20100101 Firefox/133.0"
209.50.167.69 - - [03/Jun/2026:19:58:55 +0200] "POST /wp-login.php?wp_lang=en_US HTTP/2.0" 200 3876 "https://reggio-emilia.elettroservicegroup.it/wp-login.php?wp_lang=en_US" "Mozilla/5.0 (Windows NT 10.0; Win64; x64; rv:133.0) Gecko/20100101 Firefox/133.0"
45.3.54.149 - - [03/Jun/2026:19:58:57 +0200] "GET /wp-login.php?wp_lang=en_US HTTP/2.0" 200 3758 "-" "Mozilla/5.0 (Windows NT 10.0; Win64; x64; rv:133.0) Gecko/20100101 Firefox/133.0"
45.3.54.149 - - [03/Jun/2026:19:58:57 +0200] "POST /wp-login.php?wp_lang=en_US HTTP/2.0" 200 3876 "https://reggio-emilia.elettroservicegroup.it/wp-login.php?wp_lang=en_US" "Mozilla/5.0 (Windows NT 10.0; Win64; x64; rv:133.0) Gecko/20100101 Firefox/133.0"
209.50.172.81 - - [03/Jun/2026:19:58:59 +0200] "GET /wp-login.php?wp_lang=en_US HTTP/2.0" 200 3758 "-" "Mozilla/5.0 (Windows NT 10.0; Win64; x64) AppleWebKit/537.36 (KHTML, like Gecko) Chrome/124.0.0.0 Safari/537.36"
209.50.172.81 - - [03/Jun/2026:19:58:59 +0200] "POST /wp-login.php?wp_lang=en_US HTTP/2.0" 200 3876 "https://reggio-emilia.elettroservicegroup.it/wp-login.php?wp_lang=en_US" "Mozilla/5.0 (Windows NT 10.0; Win64; x64) AppleWebKit/537.36 (KHTML, like Gecko) Chrome/124.0.0.0 Safari/537.36"
45.3.34.139 - - [03/Jun/2026:19:59:02 +0200] "GET /wp-login.php?wp_lang=en_US HTTP/2.0" 200 3758 "-" "Mozilla/5.0 (Macintosh; Intel Mac OS X 10_15_7) AppleWebKit/605.1.15 (KHTML, like Gecko) Version/18.0 Safari/605.1.15"
65.108.235.243 - - [03/Jun/2026:19:59:03 +0200] "POST /wp-cron.php?doing_wp_cron=1780509543.2374629974365234375000 HTTP/1.1" 200 1 "-" "WordPress/7.0; https://reggio-emilia.elettroservicegroup.it"
45.3.34.139 - - [03/Jun/2026:19:59:02 +0200] "POST /wp-login.php?wp_lang=en_US HTTP/2.0" 200 3876 "https://reggio-emilia.elettroservicegroup.it/wp-login.php?wp_lang=en_US" "Mozilla/5.0 (Macintosh; Intel Mac OS X 10_15_7) AppleWebKit/605.1.15 (KHTML, like Gecko) Version/18.0 Safari/605.1.15"
65.111.6.52 - - [03/Jun/2026:19:59:04 +0200] "GET /wp-login.php?wp_lang=en_US HTTP/2.0" 200 3758 "-" "Mozilla/5.0 (Macintosh; Intel Mac OS X 10_15_7) AppleWebKit/605.1.15 (KHTML, like Gecko) Version/18.0 Safari/605.1.15"
65.111.6.52 - - [03/Jun/2026:19:59:05 +0200] "POST /wp-login.php?wp_lang=en_US HTTP/2.0" 200 3876 "https://reggio-emilia.elettroservicegroup.it/wp-login.php?wp_lang=en_US" "Mozilla/5.0 (Macintosh; Intel Mac OS X 10_15_7) AppleWebKit/605.1.15 (KHTML, like Gecko) Version/18.0 Safari/605.1.15"
104.207.46.200 - - [03/Jun/2026:19:59:07 +0200] "GET /wp-login.php?wp_lang=en_US HTTP/2.0" 200 3758 "-" "Mozilla/5.0 (Windows NT 10.0; Win64; x64; rv:133.0) Gecko/20100101 Firefox/133.0"
104.207.46.200 - - [03/Jun/2026:19:59:07 +0200] "POST /wp-login.php?wp_lang=en_US HTTP/2.0" 200 3876 "https://reggio-emilia.elettroservicegroup.it/wp-login.php?wp_lang=en_US" "Mozilla/5.0 (Windows NT 10.0; Win64; x64; rv:133.0) Gecko/20100101 Firefox/133.0"
65.111.25.118 - - [03/Jun/2026:19:59:09 +0200] "GET /wp-login.php?wp_lang=en_US HTTP/2.0" 200 11796 "-" "Mozilla/5.0 (Windows NT 10.0; Win64; x64) AppleWebKit/537.36 (KHTML, like Gecko) Chrome/124.0.0.0 Safari/537.36"
104.207.40.13 - - [03/Jun/2026:19:59:10 +0200] "GET /wp-login.php?wp_lang=en_US HTTP/2.0" 200 3758 "-" "Mozilla/5.0 (Windows NT 10.0; Win64; x64) AppleWebKit/537.36 (KHTML, like Gecko) Chrome/124.0.0.0 Safari/537.36"
104.207.40.13 - - [03/Jun/2026:19:59:10 +0200] "POST /wp-login.php?wp_lang=en_US HTTP/2.0" 200 3876 "https://reggio-emilia.elettroservicegroup.it/wp-login.php?wp_lang=en_US" "Mozilla/5.0 (Windows NT 10.0; Win64; x64) AppleWebKit/537.36 (KHTML, like Gecko) Chrome/124.0.0.0 Safari/537.36"
209.50.169.219 - - [03/Jun/2026:19:59:12 +0200] "GET /wp-login.php?wp_lang=en_US HTTP/2.0" 200 11871 "-" "Mozilla/5.0 (Macintosh; Intel Mac OS X 10_15_7) AppleWebKit/605.1.15 (KHTML, like Gecko) Version/18.0 Safari/605.1.15"
216.26.240.246 - - [03/Jun/2026:19:59:14 +0200] "GET /wp-login.php?wp_lang=en_US HTTP/2.0" 200 11835 "-" "Mozilla/5.0 (Windows NT 10.0; Win64; x64; rv:133.0) Gecko/20100101 Firefox/133.0"
104.207.38.48 - - [03/Jun/2026:19:59:15 +0200] "GET /wp-login.php?wp_lang=en_US HTTP/2.0" 200 3758 "-" "Mozilla/5.0 (Macintosh; Intel Mac OS X 10_15_7) AppleWebKit/605.1.15 (KHTML, like Gecko) Version/18.0 Safari/605.1.15"
104.207.38.48 - - [03/Jun/2026:19:59:15 +0200] "POST /wp-login.php?wp_lang=en_US HTTP/2.0" 200 3876 "https://reggio-emilia.elettroservicegroup.it/wp-login.php?wp_lang=en_US" "Mozilla/5.0 (Macintosh; Intel Mac OS X 10_15_7) AppleWebKit/605.1.15 (KHTML, like Gecko) Version/18.0 Safari/605.1.15"
216.26.254.32 - - [03/Jun/2026:19:59:17 +0200] "GET /wp-login.php?wp_lang=en_US HTTP/2.0" 200 11805 "-" "Mozilla/5.0 (Macintosh; Intel Mac OS X 10_15_7) AppleWebKit/605.1.15 (KHTML, like Gecko) Version/18.0 Safari/605.1.15"
45.3.34.40 - - [03/Jun/2026:19:59:18 +0200] "GET /wp-login.php?wp_lang=en_US HTTP/2.0" 200 3758 "-" "Mozilla/5.0 (Windows NT 10.0; Win64; x64) AppleWebKit/537.36 (KHTML, like Gecko) Chrome/124.0.0.0 Safari/537.36"
45.3.34.40 - - [03/Jun/2026:19:59:19 +0200] "POST /wp-login.php?wp_lang=en_US HTTP/2.0" 200 3876 "https://reggio-emilia.elettroservicegroup.it/wp-login.php?wp_lang=en_US" "Mozilla/5.0 (Windows NT 10.0; Win64; x64) AppleWebKit/537.36 (KHTML, like Gecko) Chrome/124.0.0.0 Safari/537.36"
104.207.50.21 - - [03/Jun/2026:19:59:20 +0200] "GET /wp-login.php?wp_lang=en_US HTTP/2.0" 200 3758 "-" "Mozilla/5.0 (Macintosh; Intel Mac OS X 10_15_7) AppleWebKit/605.1.15 (KHTML, like Gecko) Version/18.0 Safari/605.1.15"
65.108.235.243 - - [03/Jun/2026:19:59:21 +0200] "POST /wp-cron.php?doing_wp_cron=1780509561.7130799293518066406250 HTTP/1.1" 200 1 "-" "WordPress/7.0; https://reggio-emilia.elettroservicegroup.it"
104.207.50.21 - - [03/Jun/2026:19:59:20 +0200] "POST /wp-login.php?wp_lang=en_US HTTP/2.0" 200 3876 "https://reggio-emilia.elettroservicegroup.it/wp-login.php?wp_lang=en_US" "Mozilla/5.0 (Macintosh; Intel Mac OS X 10_15_7) AppleWebKit/605.1.15 (KHTML, like Gecko) Version/18.0 Safari/605.1.15"
104.207.34.12 - - [03/Jun/2026:19:59:22 +0200] "GET /wp-login.php?wp_lang=en_US HTTP/2.0" 200 3758 "-" "Mozilla/5.0 (Windows NT 10.0; Win64; x64) AppleWebKit/537.36 (KHTML, like Gecko) Chrome/124.0.0.0 Safari/537.36"
104.207.34.12 - - [03/Jun/2026:19:59:23 +0200] "POST /wp-login.php?wp_lang=en_US HTTP/2.0" 200 3876 "https://reggio-emilia.elettroservicegroup.it/wp-login.php?wp_lang=en_US" "Mozilla/5.0 (Windows NT 10.0; Win64; x64) AppleWebKit/537.36 (KHTML, like Gecko) Chrome/124.0.0.0 Safari/537.36"
45.3.33.17 - - [03/Jun/2026:19:59:25 +0200] "GET /wp-login.php?wp_lang=en_US HTTP/2.0" 200 3758 "-" "Mozilla/5.0 (Macintosh; Intel Mac OS X 10_15_7) AppleWebKit/605.1.15 (KHTML, like Gecko) Version/18.0 Safari/605.1.15"
45.3.33.17 - - [03/Jun/2026:19:59:25 +0200] "POST /wp-login.php?wp_lang=en_US HTTP/2.0" 200 3876 "https://reggio-emilia.elettroservicegroup.it/wp-login.php?wp_lang=en_US" "Mozilla/5.0 (Macintosh; Intel Mac OS X 10_15_7) AppleWebKit/605.1.15 (KHTML, like Gecko) Version/18.0 Safari/605.1.15"
209.50.164.85 - - [03/Jun/2026:19:59:27 +0200] "GET /wp-login.php?wp_lang=en_US HTTP/2.0" 200 11844 "-" "Mozilla/5.0 (Windows NT 10.0; Win64; x64; rv:133.0) Gecko/20100101 Firefox/133.0"
209.50.177.5 - - [03/Jun/2026:19:59:28 +0200] "GET /wp-login.php?wp_lang=en_US HTTP/2.0" 200 3758 "-" "Mozilla/5.0 (Windows NT 10.0; Win64; x64; rv:133.0) Gecko/20100101 Firefox/133.0"
209.50.177.5 - - [03/Jun/2026:19:59:29 +0200] "POST /wp-login.php?wp_lang=en_US HTTP/2.0" 200 3876 "https://reggio-emilia.elettroservicegroup.it/wp-login.php?wp_lang=en_US" "Mozilla/5.0 (Windows NT 10.0; Win64; x64; rv:133.0) Gecko/20100101 Firefox/133.0"
104.207.33.202 - - [03/Jun/2026:19:59:30 +0200] "GET /wp-login.php?wp_lang=en_US HTTP/2.0" 200 3758 "-" "Mozilla/5.0 (Windows NT 10.0; Win64; x64; rv:133.0) Gecko/20100101 Firefox/133.0"
104.207.33.202 - - [03/Jun/2026:19:59:31 +0200] "POST /wp-login.php?wp_lang=en_US HTTP/2.0" 200 3876 "https://reggio-emilia.elettroservicegroup.it/wp-login.php?wp_lang=en_US" "Mozilla/5.0 (Windows NT 10.0; Win64; x64; rv:133.0) Gecko/20100101 Firefox/133.0"
66.249.70.199 - - [03/Jun/2026:20:11:48 +0200] "GET /wp-includes/js/dist/dom-ready.min.js?ver=a06281ae5cf5500e9317 HTTP/1.1" 200 398 "https://reggio-emilia.elettroservicegroup.it/wp-login.php" "Mozilla/5.0 (Linux; Android 6.0.1; Nexus 5X Build/MMB29P) AppleWebKit/537.36 (KHTML, like Gecko) Chrome/148.0.7778.96 Mobile Safari/537.36 (compatible; Googlebot/2.1; +http://www.google.com/bot.html)"
66.249.70.200 - - [03/Jun/2026:20:11:49 +0200] "GET /wp-includes/js/dist/a11y.min.js?ver=af934e5259bc51b8718e HTTP/1.1" 200 915 "https://reggio-emilia.elettroservicegroup.it/wp-login.php" "Mozilla/5.0 (Linux; Android 6.0.1; Nexus 5X Build/MMB29P) AppleWebKit/537.36 (KHTML, like Gecko) Chrome/148.0.7778.96 Mobile Safari/537.36 (compatible; Googlebot/2.1; +http://www.google.com/bot.html)"
66.249.70.200 - - [03/Jun/2026:20:11:49 +0200] "GET /wp-includes/js/wp-util.min.js?ver=7.0 HTTP/1.1" 200 693 "https://reggio-emilia.elettroservicegroup.it/wp-login.php" "Mozilla/5.0 (Linux; Android 6.0.1; Nexus 5X Build/MMB29P) AppleWebKit/537.36 (KHTML, like Gecko) Chrome/148.0.7778.96 Mobile Safari/537.36 (compatible; Googlebot/2.1; +http://www.google.com/bot.html)"
66.249.70.201 - - [03/Jun/2026:20:11:50 +0200] "GET /wp-includes/js/dist/i18n.min.js?ver=781d11515ad3d91786ec HTTP/1.1" 200 2333 "https://reggio-emilia.elettroservicegroup.it/wp-login.php" "Mozilla/5.0 (Linux; Android 6.0.1; Nexus 5X Build/MMB29P) AppleWebKit/537.36 (KHTML, like Gecko) Chrome/148.0.7778.96 Mobile Safari/537.36 (compatible; Googlebot/2.1; +http://www.google.com/bot.html)"
66.249.70.199 - - [03/Jun/2026:20:11:51 +0200] "GET /wp-includes/js/underscore.min.js?ver=1.13.8 HTTP/1.1" 200 7243 "https://reggio-emilia.elettroservicegroup.it/wp-login.php" "Mozilla/5.0 (Linux; Android 6.0.1; Nexus 5X Build/MMB29P) AppleWebKit/537.36 (KHTML, like Gecko) Chrome/148.0.7778.96 Mobile Safari/537.36 (compatible; Googlebot/2.1; +http://www.google.com/bot.html)"
65.108.235.243 - - [03/Jun/2026:20:23:17 +0200] "POST /wp-cron.php?doing_wp_cron=1780510997.1815009117126464843750 HTTP/1.1" 200 1 "-" "WordPress/7.0; https://reggio-emilia.elettroservicegroup.it"
82.64.37.121 - - [03/Jun/2026:20:23:14 +0200] "POST /wp-login.php HTTP/1.1" 200 16678 "-" "Mozilla/5.0 (Windows NT 10.0; Win64; x64) AppleWebKit/537.36 (KHTML, like Gecko) Chrome/124.0 Safari/537.36"
65.108.235.243 - - [03/Jun/2026:20:23:17 +0200] "GET /assistenza-whirlpool-santilario-denza/ HTTP/1.1" 200 24932 "-" "WP Fastest Cache Preload Bot"
65.108.235.243 - - [03/Jun/2026:20:23:18 +0200] "GET /assistenza-whirlpool-guastalla/ HTTP/1.1" 200 24877 "-" "WP Fastest Cache Preload Bot"
65.108.235.243 - - [03/Jun/2026:20:23:18 +0200] "GET /assistenza-whirlpool-correggio/ HTTP/1.1" 200 24905 "-" "WP Fastest Cache Preload Bot"
65.108.235.243 - - [03/Jun/2026:20:23:19 +0200] "GET /assistenza-whirlpool-reggio-emilia/ HTTP/1.1" 200 24863 "-" "WP Fastest Cache Preload Bot"
65.108.235.243 - - [03/Jun/2026:20:23:22 +0200] "POST /wp-cron.php?doing_wp_cron=1780511002.3500530719757080078125 HTTP/1.1" 200 1 "-" "WordPress/7.0; https://reggio-emilia.elettroservicegroup.it"
114.119.154.115 - - [03/Jun/2026:20:23:22 +0200] "GET /?attachment_id=16072 HTTP/1.1" 200 19039 "https://reggio-emilia.elettroservicegroup.it/?attachment_id=16072" "Mozilla/5.0 (Linux; Android 7.0;) AppleWebKit/537.36 (HTML, like Gecko) Mobile Safari/537.36 (compatible; PetalBot;+https://webmaster.petalsearch.com/site/petalbot)"
151.42.203.55 - - [03/Jun/2026:20:25:56 +0200] "GET /assistenza-bosch-reggio-emilia/ HTTP/2.0" 200 24671 "https://www.google.com/" "Mozilla/5.0 (Windows NT 10.0; Win64; x64) AppleWebKit/537.36 (KHTML, like Gecko) Chrome/148.0.0.0 Safari/537.36"
151.42.203.55 - - [03/Jun/2026:20:25:56 +0200] "GET /wp-content/uploads/elementor/css/post-14146.css?ver=1780326512 HTTP/2.0" 200 428 "https://reggio-emilia.elettroservicegroup.it/assistenza-bosch-reggio-emilia/" "Mozilla/5.0 (Windows NT 10.0; Win64; x64) AppleWebKit/537.36 (KHTML, like Gecko) Chrome/148.0.0.0 Safari/537.36"
151.42.203.55 - - [03/Jun/2026:20:25:56 +0200] "GET /wp-content/cache/wpfc-minified/ky0w1tys/4lapt.css HTTP/2.0" 200 418 "https://reggio-emilia.elettroservicegroup.it/assistenza-bosch-reggio-emilia/" "Mozilla/5.0 (Windows NT 10.0; Win64; x64) AppleWebKit/537.36 (KHTML, like Gecko) Chrome/148.0.0.0 Safari/537.36"
151.42.203.55 - - [03/Jun/2026:20:25:56 +0200] "GET /wp-content/uploads/elementor/css/post-17702.css?ver=1780327774 HTTP/2.0" 200 2163 "https://reggio-emilia.elettroservicegroup.it/assistenza-bosch-reggio-emilia/" "Mozilla/5.0 (Windows NT 10.0; Win64; x64) AppleWebKit/537.36 (KHTML, like Gecko) Chrome/148.0.0.0 Safari/537.36"
151.42.203.55 - - [03/Jun/2026:20:25:56 +0200] "GET /wp-content/cache/wpfc-minified/kwp9n0f5/4laq4.css HTTP/2.0" 200 7263 "https://reggio-emilia.elettroservicegroup.it/assistenza-bosch-reggio-emilia/" "Mozilla/5.0 (Windows NT 10.0; Win64; x64) AppleWebKit/537.36 (KHTML, like Gecko) Chrome/148.0.0.0 Safari/537.36"
151.42.203.55 - - [03/Jun/2026:20:25:56 +0200] "GET /wp-content/cache/wpfc-minified/l9m140dq/4lapt.css HTTP/2.0" 200 7521 "https://reggio-emilia.elettroservicegroup.it/assistenza-bosch-reggio-emilia/" "Mozilla/5.0 (Windows NT 10.0; Win64; x64) AppleWebKit/537.36 (KHTML, like Gecko) Chrome/148.0.0.0 Safari/537.36"
151.42.203.55 - - [03/Jun/2026:20:25:56 +0200] "GET /wp-content/uploads/2021/10/cropped-cropped-cropped-logo_white_background.png HTTP/2.0" 200 26788 "https://reggio-emilia.elettroservicegroup.it/assistenza-bosch-reggio-emilia/" "Mozilla/5.0 (Windows NT 10.0; Win64; x64) AppleWebKit/537.36 (KHTML, like Gecko) Chrome/148.0.0.0 Safari/537.36"
151.42.203.55 - - [03/Jun/2026:20:25:56 +0200] "GET /wp-content/uploads/2021/10/cropped-logo_white_background.png HTTP/2.0" 200 15855 "https://reggio-emilia.elettroservicegroup.it/assistenza-bosch-reggio-emilia/" "Mozilla/5.0 (Windows NT 10.0; Win64; x64) AppleWebKit/537.36 (KHTML, like Gecko) Chrome/148.0.0.0 Safari/537.36"
151.42.203.55 - - [03/Jun/2026:20:25:56 +0200] "GET /wp-content/uploads/elementor/css/post-14366.css?ver=1780326512 HTTP/2.0" 200 302 "https://reggio-emilia.elettroservicegroup.it/assistenza-bosch-reggio-emilia/" "Mozilla/5.0 (Windows NT 10.0; Win64; x64) AppleWebKit/537.36 (KHTML, like Gecko) Chrome/148.0.0.0 Safari/537.36"
151.42.203.55 - - [03/Jun/2026:20:25:56 +0200] "GET /wp-content/cache/wpfc-minified/1yoxc57o/4laq4.css HTTP/2.0" 200 16447 "https://reggio-emilia.elettroservicegroup.it/assistenza-bosch-reggio-emilia/" "Mozilla/5.0 (Windows NT 10.0; Win64; x64) AppleWebKit/537.36 (KHTML, like Gecko) Chrome/148.0.0.0 Safari/537.36"
151.42.203.55 - - [03/Jun/2026:20:25:56 +0200] "GET /wp-content/cache/wpfc-minified/m8ydgnxm/4lapt.css HTTP/2.0" 200 4410 "https://reggio-emilia.elettroservicegroup.it/assistenza-bosch-reggio-emilia/" "Mozilla/5.0 (Windows NT 10.0; Win64; x64) AppleWebKit/537.36 (KHTML, like Gecko) Chrome/148.0.0.0 Safari/537.36"
151.42.203.55 - - [03/Jun/2026:20:25:56 +0200] "GET /wp-content/cache/wpfc-minified/g52dp1tu/4lapt.css HTTP/2.0" 200 19034 "https://reggio-emilia.elettroservicegroup.it/assistenza-bosch-reggio-emilia/" "Mozilla/5.0 (Windows NT 10.0; Win64; x64) AppleWebKit/537.36 (KHTML, like Gecko) Chrome/148.0.0.0 Safari/537.36"
151.42.203.55 - - [03/Jun/2026:20:25:56 +0200] "GET /wp-content/cache/wpfc-minified/8tnr6p1l/4lapt.css HTTP/2.0" 200 2043 "https://reggio-emilia.elettroservicegroup.it/assistenza-bosch-reggio-emilia/" "Mozilla/5.0 (Windows NT 10.0; Win64; x64) AppleWebKit/537.36 (KHTML, like Gecko) Chrome/148.0.0.0 Safari/537.36"
151.42.203.55 - - [03/Jun/2026:20:25:56 +0200] "GET /wp-content/cache/wpfc-minified/lnwln415/4lapt.js HTTP/2.0" 200 32852 "https://reggio-emilia.elettroservicegroup.it/assistenza-bosch-reggio-emilia/" "Mozilla/5.0 (Windows NT 10.0; Win64; x64) AppleWebKit/537.36 (KHTML, like Gecko) Chrome/148.0.0.0 Safari/537.36"
151.42.203.55 - - [03/Jun/2026:20:25:56 +0200] "GET /wp-content/cache/wpfc-minified/2bi5m9ld/4laq4.js HTTP/2.0" 200 8754 "https://reggio-emilia.elettroservicegroup.it/assistenza-bosch-reggio-emilia/" "Mozilla/5.0 (Windows NT 10.0; Win64; x64) AppleWebKit/537.36 (KHTML, like Gecko) Chrome/148.0.0.0 Safari/537.36"
151.42.203.55 - - [03/Jun/2026:20:25:56 +0200] "GET /wp-content/plugins/gp-premium/menu-plus/functions/js/sticky.min.js?ver=2.5.5 HTTP/2.0" 200 2670 "https://reggio-emilia.elettroservicegroup.it/assistenza-bosch-reggio-emilia/" "Mozilla/5.0 (Windows NT 10.0; Win64; x64) AppleWebKit/537.36 (KHTML, like Gecko) Chrome/148.0.0.0 Safari/537.36"
151.42.203.55 - - [03/Jun/2026:20:25:56 +0200] "GET /wp-content/plugins/elementor/assets/js/webpack.runtime.min.js?ver=4.1.1 HTTP/2.0" 200 2340 "https://reggio-emilia.elettroservicegroup.it/assistenza-bosch-reggio-emilia/" "Mozilla/5.0 (Windows NT 10.0; Win64; x64) AppleWebKit/537.36 (KHTML, like Gecko) Chrome/148.0.0.0 Safari/537.36"
151.42.203.55 - - [03/Jun/2026:20:25:56 +0200] "GET /wp-content/plugins/elementor/assets/js/frontend-modules.min.js?ver=4.1.1 HTTP/2.0" 200 15454 "https://reggio-emilia.elettroservicegroup.it/assistenza-bosch-reggio-emilia/" "Mozilla/5.0 (Windows NT 10.0; Win64; x64) AppleWebKit/537.36 (KHTML, like Gecko) Chrome/148.0.0.0 Safari/537.36"
151.42.203.55 - - [03/Jun/2026:20:25:56 +0200] "GET /wp-includes/js/jquery/ui/core.min.js?ver=1.13.3 HTTP/2.0" 200 6820 "https://reggio-emilia.elettroservicegroup.it/assistenza-bosch-reggio-emilia/" "Mozilla/5.0 (Windows NT 10.0; Win64; x64) AppleWebKit/537.36 (KHTML, like Gecko) Chrome/148.0.0.0 Safari/537.36"
151.42.203.55 - - [03/Jun/2026:20:25:56 +0200] "GET /wp-content/themes/generatepress/assets/js/back-to-top.min.js?ver=3.6.1 HTTP/2.0" 200 336 "https://reggio-emilia.elettroservicegroup.it/assistenza-bosch-reggio-emilia/" "Mozilla/5.0 (Windows NT 10.0; Win64; x64) AppleWebKit/537.36 (KHTML, like Gecko) Chrome/148.0.0.0 Safari/537.36"
151.42.203.55 - - [03/Jun/2026:20:25:56 +0200] "GET /wp-content/themes/generatepress/assets/js/menu.min.js?ver=3.6.1 HTTP/2.0" 200 1688 "https://reggio-emilia.elettroservicegroup.it/assistenza-bosch-reggio-emilia/" "Mozilla/5.0 (Windows NT 10.0; Win64; x64) AppleWebKit/537.36 (KHTML, like Gecko) Chrome/148.0.0.0 Safari/537.36"
151.42.203.55 - - [03/Jun/2026:20:25:56 +0200] "GET /wp-content/plugins/complianz-gdpr-premium/cookiebanner/js/complianz.min.js?ver=1780326507 HTTP/2.0" 200 10708 "https://reggio-emilia.elettroservicegroup.it/assistenza-bosch-reggio-emilia/" "Mozilla/5.0 (Windows NT 10.0; Win64; x64) AppleWebKit/537.36 (KHTML, like Gecko) Chrome/148.0.0.0 Safari/537.36"
151.42.203.55 - - [03/Jun/2026:20:25:56 +0200] "GET /wp-content/plugins/elementor/assets/js/frontend.min.js?ver=4.1.1 HTTP/2.0" 200 10140 "https://reggio-emilia.elettroservicegroup.it/assistenza-bosch-reggio-emilia/" "Mozilla/5.0 (Windows NT 10.0; Win64; x64) AppleWebKit/537.36 (KHTML, like Gecko) Chrome/148.0.0.0 Safari/537.36"
151.42.203.55 - - [03/Jun/2026:20:25:56 +0200] "GET /wp-content/uploads/2022/10/COPERTINA-10.png HTTP/2.0" 200 238875 "https://reggio-emilia.elettroservicegroup.it/wp-content/uploads/elementor/css/post-17702.css?ver=1780327774" "Mozilla/5.0 (Windows NT 10.0; Win64; x64) AppleWebKit/537.36 (KHTML, like Gecko) Chrome/148.0.0.0 Safari/537.36"
151.42.203.55 - - [03/Jun/2026:20:25:57 +0200] "GET /wp-content/uploads/2022/01/elett5-2.jpg HTTP/2.0" 200 10185 "https://reggio-emilia.elettroservicegroup.it/assistenza-bosch-reggio-emilia/" "Mozilla/5.0 (Windows NT 10.0; Win64; x64) AppleWebKit/537.36 (KHTML, like Gecko) Chrome/148.0.0.0 Safari/537.36"
151.42.203.55 - - [03/Jun/2026:20:25:57 +0200] "GET /wp-content/uploads/elementor/google-fonts/fonts/roboto-kfo7cnqeu92fr1me7ksn66agldtyluama3yuba.woff2 HTTP/2.0" 200 40132 "https://reggio-emilia.elettroservicegroup.it/wp-content/cache/wpfc-minified/8tnr6p1l/4lapt.css" "Mozilla/5.0 (Windows NT 10.0; Win64; x64) AppleWebKit/537.36 (KHTML, like Gecko) Chrome/148.0.0.0 Safari/537.36"
151.42.203.55 - - [03/Jun/2026:20:25:57 +0200] "GET /wp-content/uploads/2021/12/copertina-Riparazione_Lavastoviglie-1-5.jpg HTTP/2.0" 200 35425 "https://reggio-emilia.elettroservicegroup.it/assistenza-bosch-reggio-emilia/" "Mozilla/5.0 (Windows NT 10.0; Win64; x64) AppleWebKit/537.36 (KHTML, like Gecko) Chrome/148.0.0.0 Safari/537.36"
151.42.203.55 - - [03/Jun/2026:20:25:57 +0200] "GET /wp-content/plugins/elementor/assets/js/section-frontend-handlers.d85ab872da118940910d.bundle.min.js HTTP/2.0" 200 230 "https://reggio-emilia.elettroservicegroup.it/assistenza-bosch-reggio-emilia/" "Mozilla/5.0 (Windows NT 10.0; Win64; x64) AppleWebKit/537.36 (KHTML, like Gecko) Chrome/148.0.0.0 Safari/537.36"
151.42.203.55 - - [03/Jun/2026:20:25:57 +0200] "GET /wp-content/plugins/elementor/assets/js/shared-frontend-handlers.03caa53373b56d3bab67.bundle.min.js HTTP/2.0" 200 2515 "https://reggio-emilia.elettroservicegroup.it/assistenza-bosch-reggio-emilia/" "Mozilla/5.0 (Windows NT 10.0; Win64; x64) AppleWebKit/537.36 (KHTML, like Gecko) Chrome/148.0.0.0 Safari/537.36"
151.42.203.55 - - [03/Jun/2026:20:25:57 +0200] "GET /wp-content/plugins/elementor/assets/js/text-editor.45609661e409413f1cef.bundle.min.js HTTP/2.0" 200 592 "https://reggio-emilia.elettroservicegroup.it/assistenza-bosch-reggio-emilia/" "Mozilla/5.0 (Windows NT 10.0; Win64; x64) AppleWebKit/537.36 (KHTML, like Gecko) Chrome/148.0.0.0 Safari/537.36"
151.42.203.55 - - [03/Jun/2026:20:25:57 +0200] "GET /wp-content/uploads/2021/10/cropped-cropped-cropped-cropped-logo_white_background-32x32.png HTTP/2.0" 200 1181 "https://reggio-emilia.elettroservicegroup.it/assistenza-bosch-reggio-emilia/" "Mozilla/5.0 (Windows NT 10.0; Win64; x64) AppleWebKit/537.36 (KHTML, like Gecko) Chrome/148.0.0.0 Safari/537.36"
65.108.235.243 - - [03/Jun/2026:20:25:58 +0200] "POST /wp-cron.php?doing_wp_cron=1780511158.8528399467468261718750 HTTP/1.1" 200 1 "-" "WordPress/7.0; https://reggio-emilia.elettroservicegroup.it"
151.42.203.55 - - [03/Jun/2026:20:25:57 +0200] "GET /wp-json/complianz/v1/banner?lang=it&locale=it_IT&token=tqngu HTTP/2.0" 200 84 "https://reggio-emilia.elettroservicegroup.it/assistenza-bosch-reggio-emilia/" "Mozilla/5.0 (Windows NT 10.0; Win64; x64) AppleWebKit/537.36 (KHTML, like Gecko) Chrome/148.0.0.0 Safari/537.36"
151.42.203.55 - - [03/Jun/2026:20:25:59 +0200] "GET /wp-content/uploads/complianz/css/banner-1-optin.css?v=511 HTTP/2.0" 200 2622 "https://reggio-emilia.elettroservicegroup.it/assistenza-bosch-reggio-emilia/" "Mozilla/5.0 (Windows NT 10.0; Win64; x64) AppleWebKit/537.36 (KHTML, like Gecko) Chrome/148.0.0.0 Safari/537.36"
151.42.203.55 - - [03/Jun/2026:20:25:59 +0200] "GET /wp-json/complianz/v1/cookie_data HTTP/2.0" 200 82 "https://reggio-emilia.elettroservicegroup.it/assistenza-bosch-reggio-emilia/" "Mozilla/5.0 (Windows NT 10.0; Win64; x64) AppleWebKit/537.36 (KHTML, like Gecko) Chrome/148.0.0.0 Safari/537.36"
65.108.235.243 - - [03/Jun/2026:20:25:59 +0200] "GET /assistenza-smeg-rubiera/ HTTP/1.1" 200 24804 "-" "WP Fastest Cache Preload Bot"
65.108.235.243 - - [03/Jun/2026:20:26:00 +0200] "GET /assistenza-smeg-scandiano/ HTTP/1.1" 200 24801 "-" "WP Fastest Cache Preload Bot"
65.108.235.243 - - [03/Jun/2026:20:26:00 +0200] "GET /assistenza-smeg-santilario-denza/ HTTP/1.1" 200 24861 "-" "WP Fastest Cache Preload Bot"
65.108.235.243 - - [03/Jun/2026:20:26:01 +0200] "GET /assistenza-smeg-guastalla/ HTTP/1.1" 200 24804 "-" "WP Fastest Cache Preload Bot"
151.42.203.55 - - [03/Jun/2026:20:26:02 +0200] "POST /wp-json/complianz/v1/track HTTP/2.0" 200 20 "https://reggio-emilia.elettroservicegroup.it/assistenza-bosch-reggio-emilia/" "Mozilla/5.0 (Windows NT 10.0; Win64; x64) AppleWebKit/537.36 (KHTML, like Gecko) Chrome/148.0.0.0 Safari/537.36"
151.42.203.55 - - [03/Jun/2026:20:26:03 +0200] "GET /wp-content/uploads/2022/01/elettro3.jpg HTTP/2.0" 200 7012 "https://reggio-emilia.elettroservicegroup.it/assistenza-bosch-reggio-emilia/" "Mozilla/5.0 (Windows NT 10.0; Win64; x64) AppleWebKit/537.36 (KHTML, like Gecko) Chrome/148.0.0.0 Safari/537.36"
151.42.203.55 - - [03/Jun/2026:20:26:09 +0200] "GET /wp-content/uploads/2026/05/logo.png HTTP/2.0" 200 48185 "https://reggio-emilia.elettroservicegroup.it/assistenza-bosch-reggio-emilia/" "Mozilla/5.0 (Windows NT 10.0; Win64; x64) AppleWebKit/537.36 (KHTML, like Gecko) Chrome/148.0.0.0 Safari/537.36"
151.42.203.55 - - [03/Jun/2026:20:26:12 +0200] "GET /wp-content/uploads/2022/01/elett2.jpg HTTP/2.0" 200 28330 "https://reggio-emilia.elettroservicegroup.it/assistenza-bosch-reggio-emilia/" "Mozilla/5.0 (Windows NT 10.0; Win64; x64) AppleWebKit/537.36 (KHTML, like Gecko) Chrome/148.0.0.0 Safari/537.36"
151.42.203.55 - - [03/Jun/2026:20:26:20 +0200] "GET /wp-content/plugins/complianz-gdpr-premium/assets/images/placeholders/google-maps-minimal-1280x920.jpg HTTP/2.0" 200 55264 "https://reggio-emilia.elettroservicegroup.it/assistenza-bosch-reggio-emilia/" "Mozilla/5.0 (Windows NT 10.0; Win64; x64) AppleWebKit/537.36 (KHTML, like Gecko) Chrome/148.0.0.0 Safari/537.36"
65.108.235.243 - - [03/Jun/2026:20:31:45 +0200] "POST /wp-cron.php?doing_wp_cron=1780511505.8689448833465576171875 HTTP/1.1" 200 1 "-" "WordPress/7.0; https://reggio-emilia.elettroservicegroup.it"
114.119.148.161 - - [03/Jun/2026:20:31:44 +0200] "GET /assistenza-lavatrici-smeg-rubiera HTTP/1.1" 301 1 "https://reggio-emilia.elettroservicegroup.it/assistenza-lavatrici-smeg-rubiera" "Mozilla/5.0 (Linux; Android 7.0;) AppleWebKit/537.36 (HTML, like Gecko) Mobile Safari/537.36 (compatible; PetalBot;+https://webmaster.petalsearch.com/site/petalbot)"
65.108.235.243 - - [03/Jun/2026:20:31:46 +0200] "GET /assistenza-smeg-correggio/ HTTP/1.1" 200 24801 "-" "WP Fastest Cache Preload Bot"
114.119.148.161 - - [03/Jun/2026:20:31:46 +0200] "GET /assistenza-lavatrici-smeg-rubiera/ HTTP/1.1" 200 24992 "https://reggio-emilia.elettroservicegroup.it/assistenza-lavatrici-smeg-rubiera" "Mozilla/5.0 (Linux; Android 7.0;) AppleWebKit/537.36 (HTML, like Gecko) Mobile Safari/537.36 (compatible; PetalBot;+https://webmaster.petalsearch.com/site/petalbot)"
65.108.235.243 - - [03/Jun/2026:20:31:46 +0200] "GET /assistenza-smeg-reggio-emilia/ HTTP/1.1" 200 24799 "-" "WP Fastest Cache Preload Bot"
65.108.235.243 - - [03/Jun/2026:20:31:47 +0200] "GET /assistenza-siemens-rubiera/ HTTP/1.1" 200 24721 "-" "WP Fastest Cache Preload Bot"
65.108.235.243 - - [03/Jun/2026:20:31:47 +0200] "GET /assistenza-siemens-scandiano/ HTTP/1.1" 200 24725 "-" "WP Fastest Cache Preload Bot"
65.108.235.243 - - [03/Jun/2026:20:33:55 +0200] "POST /wp-cron.php?doing_wp_cron=1780511635.8946919441223144531250 HTTP/1.1" 200 1 "-" "WordPress/7.0; https://reggio-emilia.elettroservicegroup.it"
47.82.11.68 - - [03/Jun/2026:20:33:54 +0200] "GET /robots.txt HTTP/1.1" 415 110 "-" "Mozilla/5.0 (Macintosh; Intel Mac OS X 10_15_7) AppleWebKit/537.36 (KHTML, like Gecko) Chrome/128.0.0.0 Safari/537.36"
47.82.11.68 - - [03/Jun/2026:20:34:09 +0200] "GET /sitemap/sitemap-index.xml HTTP/1.1" 404 17928 "-" "Mozilla/5.0 (Macintosh; Intel Mac OS X 10_15_7) AppleWebKit/537.36 (KHTML, like Gecko) Chrome/128.0.0.0 Safari/537.36"
159.146.43.217 - - [03/Jun/2026:20:52:35 +0200] "POST /wp-login.php HTTP/1.1" 200 11717 "https://reggio-emilia.elettroservicegroup.it/wp-admin/" "Mozilla/5.0 (Windows NT 10.0; Win64; x64) AppleWebKit/537.36"
159.146.43.217 - - [03/Jun/2026:20:52:36 +0200] "GET /wp-admin/ HTTP/1.1" 200 11802 "www.google.com" "Mozilla/5.0 (Windows NT 10.0; Win64; x64) AppleWebKit/537.36"
65.108.235.243 - - [03/Jun/2026:20:55:22 +0200] "POST /wp-cron.php?doing_wp_cron=1780512922.1719830036163330078125 HTTP/1.1" 200 1 "-" "WordPress/7.0; https://reggio-emilia.elettroservicegroup.it"
114.119.141.228 - - [03/Jun/2026:20:55:20 +0200] "GET /assistenza-lavatrici-indesit-santilario-denza/ HTTP/1.1" 200 24957 "https://reggio-emilia.elettroservicegroup.it/assistenza-lavatrici-indesit-santilario-denza/" "Mozilla/5.0 (Linux; Android 7.0;) AppleWebKit/537.36 (HTML, like Gecko) Mobile Safari/537.36 (compatible; PetalBot;+https://webmaster.petalsearch.com/site/petalbot)"
65.108.235.243 - - [03/Jun/2026:20:55:22 +0200] "GET /assistenza-siemens-santilario-denza/ HTTP/1.1" 200 24794 "-" "WP Fastest Cache Preload Bot"
65.108.235.243 - - [03/Jun/2026:20:55:22 +0200] "GET /assistenza-siemens-guastalla/ HTTP/1.1" 200 24728 "-" "WP Fastest Cache Preload Bot"
65.108.235.243 - - [03/Jun/2026:20:55:23 +0200] "GET /assistenza-siemens-correggio/ HTTP/1.1" 200 24726 "-" "WP Fastest Cache Preload Bot"
65.108.235.243 - - [03/Jun/2026:20:55:23 +0200] "GET /assistenza-siemens-reggio-emilia/ HTTP/1.1" 200 24719 "-" "WP Fastest Cache Preload Bot"
65.108.235.243 - - [03/Jun/2026:21:26:20 +0200] "POST /wp-cron.php?doing_wp_cron=1780514780.3520638942718505859375 HTTP/1.1" 200 1 "-" "WordPress/7.0; https://reggio-emilia.elettroservicegroup.it"
66.249.93.233 - - [03/Jun/2026:21:26:18 +0200] "GET /.well-known/traffic-advice HTTP/1.1" 404 17928 "-" "Chrome Privacy Preserving Prefetch Proxy"
162.120.188.8 - - [03/Jun/2026:21:26:19 +0200] "GET /assistenza-lavatrici-rubiera/ HTTP/2.0" 200 25587 "https://www.google.com/" "Mozilla/5.0 (Linux; Android 10; K) AppleWebKit/537.36 (KHTML, like Gecko) Chrome/148.0.0.0 Mobile Safari/537.36"
65.108.235.243 - - [03/Jun/2026:21:26:20 +0200] "GET /assistenza-rex-electrolux-rubiera/ HTTP/1.1" 200 24822 "-" "WP Fastest Cache Preload Bot"
65.108.235.243 - - [03/Jun/2026:21:26:21 +0200] "GET /assistenza-rex-electrolux-scandiano/ HTTP/1.1" 200 24813 "-" "WP Fastest Cache Preload Bot"
65.108.235.243 - - [03/Jun/2026:21:26:21 +0200] "GET /assistenza-rex-electrolux-santilario-denza/ HTTP/1.1" 200 24892 "-" "WP Fastest Cache Preload Bot"
65.108.235.243 - - [03/Jun/2026:21:26:21 +0200] "GET /assistenza-rex-electrolux-guastalla/ HTTP/1.1" 200 24819 "-" "WP Fastest Cache Preload Bot"
65.108.235.243 - - [03/Jun/2026:21:28:16 +0200] "POST /wp-cron.php?doing_wp_cron=1780514896.7256109714508056640625 HTTP/1.1" 200 1 "-" "WordPress/7.0; https://reggio-emilia.elettroservicegroup.it"
104.207.32.107 - - [03/Jun/2026:21:28:14 +0200] "GET /wp-login.php HTTP/1.1" 200 16253 "https://reggio-emilia.elettroservicegroup.it/wp-login.php" "Mozilla/5.0 (Windows NT 5.2; WOW64) AppleWebKit/537.36 (KHTML, like Gecko) Chrome/37.0.2062.103 Safari/537.36"
104.207.32.107 - - [03/Jun/2026:21:28:19 +0200] "POST /wp-login.php HTTP/1.1" 200 16686 "https://reggio-emilia.elettroservicegroup.it/wp-login.php" "Mozilla/5.0 (Windows NT 5.2; WOW64) AppleWebKit/537.36 (KHTML, like Gecko) Chrome/37.0.2062.103 Safari/537.36"
65.108.235.243 - - [03/Jun/2026:21:38:56 +0200] "POST /wp-cron.php?doing_wp_cron=1780515536.5602760314941406250000 HTTP/1.1" 200 1 "-" "WordPress/7.0; https://reggio-emilia.elettroservicegroup.it"
114.119.130.67 - - [03/Jun/2026:21:38:55 +0200] "GET /assistenza-lavatrici-whirlpool-scandiano HTTP/1.1" 301 1 "https://reggio-emilia.elettroservicegroup.it/assistenza-lavatrici-whirlpool-scandiano" "Mozilla/5.0 (Linux; Android 7.0;) AppleWebKit/537.36 (HTML, like Gecko) Mobile Safari/537.36 (compatible; PetalBot;+https://webmaster.petalsearch.com/site/petalbot)"
65.108.235.243 - - [03/Jun/2026:21:38:56 +0200] "GET /assistenza-rex-electrolux-correggio/ HTTP/1.1" 200 24815 "-" "WP Fastest Cache Preload Bot"
114.119.130.67 - - [03/Jun/2026:21:38:57 +0200] "GET /assistenza-lavatrici-whirlpool-scandiano/ HTTP/1.1" 200 25136 "https://reggio-emilia.elettroservicegroup.it/assistenza-lavatrici-whirlpool-scandiano" "Mozilla/5.0 (Linux; Android 7.0;) AppleWebKit/537.36 (HTML, like Gecko) Mobile Safari/537.36 (compatible; PetalBot;+https://webmaster.petalsearch.com/site/petalbot)"
65.108.235.243 - - [03/Jun/2026:21:38:57 +0200] "GET /assistenza-rex-electrolux-reggio-emilia/ HTTP/1.1" 200 24811 "-" "WP Fastest Cache Preload Bot"
65.108.235.243 - - [03/Jun/2026:21:38:57 +0200] "GET /assistenza-miele-rubiera/ HTTP/1.1" 200 24754 "-" "WP Fastest Cache Preload Bot"
65.108.235.243 - - [03/Jun/2026:21:38:58 +0200] "GET /assistenza-miele-scandiano/ HTTP/1.1" 200 24741 "-" "WP Fastest Cache Preload Bot"
65.108.235.243 - - [03/Jun/2026:21:40:49 +0200] "POST /wp-cron.php?doing_wp_cron=1780515649.7265899181365966796875 HTTP/1.1" 200 1 "-" "WordPress/7.0; https://reggio-emilia.elettroservicegroup.it"
104.210.140.142 - - [03/Jun/2026:21:40:48 +0200] "GET /robots.txt HTTP/2.0" 200 110 "-" "Mozilla/5.0 (Macintosh; Intel Mac OS X 10_15_7) AppleWebKit/537.36 (KHTML, like Gecko) Chrome/131.0.0.0 Safari/537.36; compatible; OAI-SearchBot/1.0; +https://openai.com/searchbot"
65.108.235.243 - - [03/Jun/2026:21:40:50 +0200] "GET /assistenza-miele-santilario-denza/ HTTP/1.1" 200 24815 "-" "WP Fastest Cache Preload Bot"
65.108.235.243 - - [03/Jun/2026:21:40:50 +0200] "GET /assistenza-miele-guastalla/ HTTP/1.1" 200 24745 "-" "WP Fastest Cache Preload Bot"
65.108.235.243 - - [03/Jun/2026:21:40:50 +0200] "GET /assistenza-miele-correggio/ HTTP/1.1" 200 24737 "-" "WP Fastest Cache Preload Bot"
65.108.235.243 - - [03/Jun/2026:21:40:51 +0200] "GET /assistenza-miele-reggio-emilia/ HTTP/1.1" 200 24736 "-" "WP Fastest Cache Preload Bot"
65.108.235.243 - - [03/Jun/2026:21:44:30 +0200] "POST /wp-cron.php?doing_wp_cron=1780515870.8259189128875732421875 HTTP/1.1" 200 1 "-" "WordPress/7.0; https://reggio-emilia.elettroservicegroup.it"
114.119.141.228 - - [03/Jun/2026:21:44:29 +0200] "GET /assistenza-lavatrici/ricambi-lavatrice/ HTTP/1.1" 200 18971 "https://reggio-emilia.elettroservicegroup.it/assistenza-lavatrici/ricambi-lavatrice/" "Mozilla/5.0 (Linux; Android 7.0;) AppleWebKit/537.36 (HTML, like Gecko) Mobile Safari/537.36 (compatible; PetalBot;+https://webmaster.petalsearch.com/site/petalbot)"
65.108.235.243 - - [03/Jun/2026:21:47:18 +0200] "POST /wp-cron.php?doing_wp_cron=1780516038.1993689537048339843750 HTTP/1.1" 200 1 "-" "WordPress/7.0; https://reggio-emilia.elettroservicegroup.it"
114.119.154.115 - - [03/Jun/2026:21:47:16 +0200] "GET /assistenza-lavatrici-indesit-guastalla/ HTTP/1.1" 200 24872 "https://reggio-emilia.elettroservicegroup.it/assistenza-lavatrici-indesit-guastalla/" "Mozilla/5.0 (Linux; Android 7.0;) AppleWebKit/537.36 (HTML, like Gecko) Mobile Safari/537.36 (compatible; PetalBot;+https://webmaster.petalsearch.com/site/petalbot)"
65.108.235.243 - - [03/Jun/2026:21:47:18 +0200] "GET /assistenza-lavatrici-rex-electrolux-rubiera/ HTTP/1.1" 200 24781 "-" "WP Fastest Cache Preload Bot"
65.108.235.243 - - [03/Jun/2026:21:47:18 +0200] "GET /assistenza-lavatrici-whirlpool-rubiera/ HTTP/1.1" 200 24907 "-" "WP Fastest Cache Preload Bot"
65.108.235.243 - - [03/Jun/2026:21:47:19 +0200] "GET /assistenza-lavatrici-whirlpool-scandiano/ HTTP/1.1" 200 24913 "-" "WP Fastest Cache Preload Bot"
65.108.235.243 - - [03/Jun/2026:21:47:19 +0200] "GET /assistenza-lavatrici-whirlpool-santilario-denza/ HTTP/1.1" 200 25009 "-" "WP Fastest Cache Preload Bot"
65.108.235.243 - - [03/Jun/2026:21:50:05 +0200] "POST /wp-cron.php?doing_wp_cron=1780516205.1342959403991699218750 HTTP/1.1" 200 1 "-" "WordPress/7.0; https://reggio-emilia.elettroservicegroup.it"
114.119.132.207 - - [03/Jun/2026:21:50:03 +0200] "GET /assistenza-lavatrici-smeg-guastalla HTTP/1.1" 301 1 "https://reggio-emilia.elettroservicegroup.it/assistenza-lavatrici-smeg-guastalla" "Mozilla/5.0 (Linux; Android 7.0;) AppleWebKit/537.36 (HTML, like Gecko) Mobile Safari/537.36 (compatible; PetalBot;+https://webmaster.petalsearch.com/site/petalbot)"
114.119.132.207 - - [03/Jun/2026:21:50:05 +0200] "GET /assistenza-lavatrici-smeg-guastalla/ HTTP/1.1" 200 24999 "https://reggio-emilia.elettroservicegroup.it/assistenza-lavatrici-smeg-guastalla" "Mozilla/5.0 (Linux; Android 7.0;) AppleWebKit/537.36 (HTML, like Gecko) Mobile Safari/537.36 (compatible; PetalBot;+https://webmaster.petalsearch.com/site/petalbot)"
114.119.138.37 - - [03/Jun/2026:21:52:51 +0200] "GET /wp-content/uploads/2022/01/elettrodomestici-300x152.jpg HTTP/1.1" 200 8602 "https://reggio-emilia.elettroservicegroup.it/wp-content/uploads/2022/01/elettrodomestici-300x152.jpg" "Mozilla/5.0 (Linux; Android 7.0;) AppleWebKit/537.36 (HTML, like Gecko) Mobile Safari/537.36 (compatible; PetalBot;+https://webmaster.petalsearch.com/site/petalbot)"
65.108.235.243 - - [03/Jun/2026:21:54:16 +0200] "POST /wp-cron.php?doing_wp_cron=1780516456.3947501182556152343750 HTTP/1.1" 200 1 "-" "WordPress/7.0; https://reggio-emilia.elettroservicegroup.it"
114.119.154.115 - - [03/Jun/2026:21:54:14 +0200] "GET /assistenza-lavastoviglie-rubiera HTTP/1.1" 301 1 "https://reggio-emilia.elettroservicegroup.it/assistenza-lavastoviglie-rubiera" "Mozilla/5.0 (Linux; Android 7.0;) AppleWebKit/537.36 (HTML, like Gecko) Mobile Safari/537.36 (compatible; PetalBot;+https://webmaster.petalsearch.com/site/petalbot)"
65.108.235.243 - - [03/Jun/2026:21:54:16 +0200] "GET /assistenza-lavatrici-rex-electrolux-scandiano/ HTTP/1.1" 200 24795 "-" "WP Fastest Cache Preload Bot"
114.119.154.115 - - [03/Jun/2026:21:54:16 +0200] "GET /assistenza-lavastoviglie-rubiera/ HTTP/1.1" 200 25595 "https://reggio-emilia.elettroservicegroup.it/assistenza-lavastoviglie-rubiera" "Mozilla/5.0 (Linux; Android 7.0;) AppleWebKit/537.36 (HTML, like Gecko) Mobile Safari/537.36 (compatible; PetalBot;+https://webmaster.petalsearch.com/site/petalbot)"
65.108.235.243 - - [03/Jun/2026:21:54:17 +0200] "GET /assistenza-lavatrici-whirlpool-guastalla/ HTTP/1.1" 200 24915 "-" "WP Fastest Cache Preload Bot"
65.108.235.243 - - [03/Jun/2026:21:54:17 +0200] "GET /assistenza-lavatrici-whirlpool-correggio/ HTTP/1.1" 200 24909 "-" "WP Fastest Cache Preload Bot"
