78.208.61.91 - - [03/Jun/2026:16:18:22 +0200] "GET /?gad_source=1&gad_campaignid=23800353523&gclid=Cj0KCQjwof_QBhCgARIsADaMzOevPWtj5587RavxJCINBMTfiSEGCUVuRa49q9wujNUlZWU_B-PY9UsaAnjXEALw_wcB HTTP/2.0" 200 25556 "https://www.google.com/" "Mozilla/5.0 (Linux; Android 10; K) AppleWebKit/537.36 (KHTML, like Gecko) Chrome/148.0.0.0 Mobile Safari/537.36"
78.208.61.91 - - [03/Jun/2026:16:18:23 +0200] "GET /wp-content/plugins/all-in-one-seo-pack/dist/Lite/assets/css/table-of-contents/global.e90f6d47.css?ver=4.9.7.2 HTTP/2.0" 200 420 "https://reggio-emilia.elettroservicegroup.it/?gad_source=1&gad_campaignid=23800353523&gclid=Cj0KCQjwof_QBhCgARIsADaMzOevPWtj5587RavxJCINBMTfiSEGCUVuRa49q9wujNUlZWU_B-PY9UsaAnjXEALw_wcB" "Mozilla/5.0 (Linux; Android 10; K) AppleWebKit/537.36 (KHTML, like Gecko) Chrome/148.0.0.0 Mobile Safari/537.36"
78.208.61.91 - - [03/Jun/2026:16:18:23 +0200] "GET /wp-content/plugins/complianz-gdpr-premium/assets/css/cookieblocker.min.css?ver=1780326507 HTTP/2.0" 200 615 "https://reggio-emilia.elettroservicegroup.it/?gad_source=1&gad_campaignid=23800353523&gclid=Cj0KCQjwof_QBhCgARIsADaMzOevPWtj5587RavxJCINBMTfiSEGCUVuRa49q9wujNUlZWU_B-PY9UsaAnjXEALw_wcB" "Mozilla/5.0 (Linux; Android 10; K) AppleWebKit/537.36 (KHTML, like Gecko) Chrome/148.0.0.0 Mobile Safari/537.36"
78.208.61.91 - - [03/Jun/2026:16:18:23 +0200] "GET /wp-content/plugins/header-footer-elementor/assets/css/header-footer-elementor.css?ver=2.8.8 HTTP/2.0" 200 260 "https://reggio-emilia.elettroservicegroup.it/?gad_source=1&gad_campaignid=23800353523&gclid=Cj0KCQjwof_QBhCgARIsADaMzOevPWtj5587RavxJCINBMTfiSEGCUVuRa49q9wujNUlZWU_B-PY9UsaAnjXEALw_wcB" "Mozilla/5.0 (Linux; Android 10; K) AppleWebKit/537.36 (KHTML, like Gecko) Chrome/148.0.0.0 Mobile Safari/537.36"
78.208.61.91 - - [03/Jun/2026:16:18:23 +0200] "GET /wp-content/uploads/elementor/css/post-14146.css?ver=1780326512 HTTP/2.0" 200 428 "https://reggio-emilia.elettroservicegroup.it/?gad_source=1&gad_campaignid=23800353523&gclid=Cj0KCQjwof_QBhCgARIsADaMzOevPWtj5587RavxJCINBMTfiSEGCUVuRa49q9wujNUlZWU_B-PY9UsaAnjXEALw_wcB" "Mozilla/5.0 (Linux; Android 10; K) AppleWebKit/537.36 (KHTML, like Gecko) Chrome/148.0.0.0 Mobile Safari/537.36"
78.208.61.91 - - [03/Jun/2026:16:18:23 +0200] "GET /wp-content/plugins/elementor/assets/css/widget-heading.min.css?ver=4.1.1 HTTP/2.0" 200 127 "https://reggio-emilia.elettroservicegroup.it/?gad_source=1&gad_campaignid=23800353523&gclid=Cj0KCQjwof_QBhCgARIsADaMzOevPWtj5587RavxJCINBMTfiSEGCUVuRa49q9wujNUlZWU_B-PY9UsaAnjXEALw_wcB" "Mozilla/5.0 (Linux; Android 10; K) AppleWebKit/537.36 (KHTML, like Gecko) Chrome/148.0.0.0 Mobile Safari/537.36"
78.208.61.91 - - [03/Jun/2026:16:18:23 +0200] "GET /wp-content/plugins/elementor/assets/css/widget-spacer.min.css?ver=4.1.1 HTTP/2.0" 200 287 "https://reggio-emilia.elettroservicegroup.it/?gad_source=1&gad_campaignid=23800353523&gclid=Cj0KCQjwof_QBhCgARIsADaMzOevPWtj5587RavxJCINBMTfiSEGCUVuRa49q9wujNUlZWU_B-PY9UsaAnjXEALw_wcB" "Mozilla/5.0 (Linux; Android 10; K) AppleWebKit/537.36 (KHTML, like Gecko) Chrome/148.0.0.0 Mobile Safari/537.36"
78.208.61.91 - - [03/Jun/2026:16:18:23 +0200] "GET /wp-content/plugins/header-footer-elementor/inc/widgets-css/frontend.css?ver=2.8.8 HTTP/2.0" 200 8711 "https://reggio-emilia.elettroservicegroup.it/?gad_source=1&gad_campaignid=23800353523&gclid=Cj0KCQjwof_QBhCgARIsADaMzOevPWtj5587RavxJCINBMTfiSEGCUVuRa49q9wujNUlZWU_B-PY9UsaAnjXEALw_wcB" "Mozilla/5.0 (Linux; Android 10; K) AppleWebKit/537.36 (KHTML, like Gecko) Chrome/148.0.0.0 Mobile Safari/537.36"
78.208.61.91 - - [03/Jun/2026:16:18:23 +0200] "GET /wp-content/plugins/elementor/assets/css/frontend.min.css?ver=4.1.1 HTTP/2.0" 200 6618 "https://reggio-emilia.elettroservicegroup.it/?gad_source=1&gad_campaignid=23800353523&gclid=Cj0KCQjwof_QBhCgARIsADaMzOevPWtj5587RavxJCINBMTfiSEGCUVuRa49q9wujNUlZWU_B-PY9UsaAnjXEALw_wcB" "Mozilla/5.0 (Linux; Android 10; K) AppleWebKit/537.36 (KHTML, like Gecko) Chrome/148.0.0.0 Mobile Safari/537.36"
78.208.61.91 - - [03/Jun/2026:16:18:23 +0200] "GET /wp-content/plugins/elementor/assets/lib/font-awesome/css/v4-shims.min.css?ver=4.1.1 HTTP/2.0" 200 3986 "https://reggio-emilia.elettroservicegroup.it/?gad_source=1&gad_campaignid=23800353523&gclid=Cj0KCQjwof_QBhCgARIsADaMzOevPWtj5587RavxJCINBMTfiSEGCUVuRa49q9wujNUlZWU_B-PY9UsaAnjXEALw_wcB" "Mozilla/5.0 (Linux; Android 10; K) AppleWebKit/537.36 (KHTML, like Gecko) Chrome/148.0.0.0 Mobile Safari/537.36"
78.208.61.91 - - [03/Jun/2026:16:18:23 +0200] "GET /wp-content/plugins/elementor/assets/lib/font-awesome/css/all.min.css?ver=4.1.1 HTTP/2.0" 200 12402 "https://reggio-emilia.elettroservicegroup.it/?gad_source=1&gad_campaignid=23800353523&gclid=Cj0KCQjwof_QBhCgARIsADaMzOevPWtj5587RavxJCINBMTfiSEGCUVuRa49q9wujNUlZWU_B-PY9UsaAnjXEALw_wcB" "Mozilla/5.0 (Linux; Android 10; K) AppleWebKit/537.36 (KHTML, like Gecko) Chrome/148.0.0.0 Mobile Safari/537.36"
78.208.61.91 - - [03/Jun/2026:16:18:23 +0200] "GET /wp-content/plugins/elementor/assets/lib/animations/styles/zoomIn.min.css?ver=4.1.1 HTTP/2.0" 200 87 "https://reggio-emilia.elettroservicegroup.it/?gad_source=1&gad_campaignid=23800353523&gclid=Cj0KCQjwof_QBhCgARIsADaMzOevPWtj5587RavxJCINBMTfiSEGCUVuRa49q9wujNUlZWU_B-PY9UsaAnjXEALw_wcB" "Mozilla/5.0 (Linux; Android 10; K) AppleWebKit/537.36 (KHTML, like Gecko) Chrome/148.0.0.0 Mobile Safari/537.36"
78.208.61.91 - - [03/Jun/2026:16:18:23 +0200] "GET /wp-content/plugins/elementor/assets/lib/animations/styles/bounceIn.min.css?ver=4.1.1 HTTP/2.0" 200 186 "https://reggio-emilia.elettroservicegroup.it/?gad_source=1&gad_campaignid=23800353523&gclid=Cj0KCQjwof_QBhCgARIsADaMzOevPWtj5587RavxJCINBMTfiSEGCUVuRa49q9wujNUlZWU_B-PY9UsaAnjXEALw_wcB" "Mozilla/5.0 (Linux; Android 10; K) AppleWebKit/537.36 (KHTML, like Gecko) Chrome/148.0.0.0 Mobile Safari/537.36"
78.208.61.91 - - [03/Jun/2026:16:18:23 +0200] "GET /wp-content/plugins/elementor/assets/css/widget-image.min.css?ver=4.1.1 HTTP/2.0" 200 96 "https://reggio-emilia.elettroservicegroup.it/?gad_source=1&gad_campaignid=23800353523&gclid=Cj0KCQjwof_QBhCgARIsADaMzOevPWtj5587RavxJCINBMTfiSEGCUVuRa49q9wujNUlZWU_B-PY9UsaAnjXEALw_wcB" "Mozilla/5.0 (Linux; Android 10; K) AppleWebKit/537.36 (KHTML, like Gecko) Chrome/148.0.0.0 Mobile Safari/537.36"
78.208.61.91 - - [03/Jun/2026:16:18:23 +0200] "GET /wp-content/uploads/elementor/css/post-14366.css?ver=1780326512 HTTP/2.0" 200 302 "https://reggio-emilia.elettroservicegroup.it/?gad_source=1&gad_campaignid=23800353523&gclid=Cj0KCQjwof_QBhCgARIsADaMzOevPWtj5587RavxJCINBMTfiSEGCUVuRa49q9wujNUlZWU_B-PY9UsaAnjXEALw_wcB" "Mozilla/5.0 (Linux; Android 10; K) AppleWebKit/537.36 (KHTML, like Gecko) Chrome/148.0.0.0 Mobile Safari/537.36"
78.208.61.91 - - [03/Jun/2026:16:18:23 +0200] "GET /wp-content/plugins/elementor/assets/css/widget-icon-list.min.css?ver=3.24.3 HTTP/2.0" 200 928 "https://reggio-emilia.elettroservicegroup.it/?gad_source=1&gad_campaignid=23800353523&gclid=Cj0KCQjwof_QBhCgARIsADaMzOevPWtj5587RavxJCINBMTfiSEGCUVuRa49q9wujNUlZWU_B-PY9UsaAnjXEALw_wcB" "Mozilla/5.0 (Linux; Android 10; K) AppleWebKit/537.36 (KHTML, like Gecko) Chrome/148.0.0.0 Mobile Safari/537.36"
78.208.61.91 - - [03/Jun/2026:16:18:23 +0200] "GET /wp-content/plugins/elementor/assets/lib/font-awesome/css/brands.css?ver=5.15.3 HTTP/2.0" 200 298 "https://reggio-emilia.elettroservicegroup.it/?gad_source=1&gad_campaignid=23800353523&gclid=Cj0KCQjwof_QBhCgARIsADaMzOevPWtj5587RavxJCINBMTfiSEGCUVuRa49q9wujNUlZWU_B-PY9UsaAnjXEALw_wcB" "Mozilla/5.0 (Linux; Android 10; K) AppleWebKit/537.36 (KHTML, like Gecko) Chrome/148.0.0.0 Mobile Safari/537.36"
78.208.61.91 - - [03/Jun/2026:16:18:23 +0200] "GET /wp-content/plugins/elementor/assets/lib/font-awesome/css/solid.css?ver=5.15.3 HTTP/2.0" 200 299 "https://reggio-emilia.elettroservicegroup.it/?gad_source=1&gad_campaignid=23800353523&gclid=Cj0KCQjwof_QBhCgARIsADaMzOevPWtj5587RavxJCINBMTfiSEGCUVuRa49q9wujNUlZWU_B-PY9UsaAnjXEALw_wcB" "Mozilla/5.0 (Linux; Android 10; K) AppleWebKit/537.36 (KHTML, like Gecko) Chrome/148.0.0.0 Mobile Safari/537.36"
78.208.61.91 - - [03/Jun/2026:16:18:23 +0200] "GET /wp-content/uploads/elementor/css/post-14227.css?ver=1780326512 HTTP/2.0" 200 2362 "https://reggio-emilia.elettroservicegroup.it/?gad_source=1&gad_campaignid=23800353523&gclid=Cj0KCQjwof_QBhCgARIsADaMzOevPWtj5587RavxJCINBMTfiSEGCUVuRa49q9wujNUlZWU_B-PY9UsaAnjXEALw_wcB" "Mozilla/5.0 (Linux; Android 10; K) AppleWebKit/537.36 (KHTML, like Gecko) Chrome/148.0.0.0 Mobile Safari/537.36"
78.208.61.91 - - [03/Jun/2026:16:18:23 +0200] "GET /wp-content/themes/generatepress/assets/css/main.min.css?ver=3.6.1 HTTP/2.0" 200 4410 "https://reggio-emilia.elettroservicegroup.it/?gad_source=1&gad_campaignid=23800353523&gclid=Cj0KCQjwof_QBhCgARIsADaMzOevPWtj5587RavxJCINBMTfiSEGCUVuRa49q9wujNUlZWU_B-PY9UsaAnjXEALw_wcB" "Mozilla/5.0 (Linux; Android 10; K) AppleWebKit/537.36 (KHTML, like Gecko) Chrome/148.0.0.0 Mobile Safari/537.36"
78.208.61.91 - - [03/Jun/2026:16:18:23 +0200] "GET /wp-content/plugins/elementor/assets/css/widget-social-icons.min.css?ver=3.24.0 HTTP/2.0" 200 1039 "https://reggio-emilia.elettroservicegroup.it/?gad_source=1&gad_campaignid=23800353523&gclid=Cj0KCQjwof_QBhCgARIsADaMzOevPWtj5587RavxJCINBMTfiSEGCUVuRa49q9wujNUlZWU_B-PY9UsaAnjXEALw_wcB" "Mozilla/5.0 (Linux; Android 10; K) AppleWebKit/537.36 (KHTML, like Gecko) Chrome/148.0.0.0 Mobile Safari/537.36"
78.208.61.91 - - [03/Jun/2026:16:18:23 +0200] "GET /wp-content/plugins/elementor/assets/lib/eicons/css/elementor-icons.min.css?ver=5.34.0 HTTP/2.0" 200 4115 "https://reggio-emilia.elettroservicegroup.it/?gad_source=1&gad_campaignid=23800353523&gclid=Cj0KCQjwof_QBhCgARIsADaMzOevPWtj5587RavxJCINBMTfiSEGCUVuRa49q9wujNUlZWU_B-PY9UsaAnjXEALw_wcB" "Mozilla/5.0 (Linux; Android 10; K) AppleWebKit/537.36 (KHTML, like Gecko) Chrome/148.0.0.0 Mobile Safari/537.36"
78.208.61.91 - - [03/Jun/2026:16:18:23 +0200] "GET /wp-content/plugins/elementor/assets/lib/font-awesome/css/fontawesome.css?ver=5.15.3 HTTP/2.0" 200 12535 "https://reggio-emilia.elettroservicegroup.it/?gad_source=1&gad_campaignid=23800353523&gclid=Cj0KCQjwof_QBhCgARIsADaMzOevPWtj5587RavxJCINBMTfiSEGCUVuRa49q9wujNUlZWU_B-PY9UsaAnjXEALw_wcB" "Mozilla/5.0 (Linux; Android 10; K) AppleWebKit/537.36 (KHTML, like Gecko) Chrome/148.0.0.0 Mobile Safari/537.36"
78.208.61.91 - - [03/Jun/2026:16:18:23 +0200] "GET /wp-content/uploads/2021/10/cropped-logo_white_background.png HTTP/2.0" 200 15855 "https://reggio-emilia.elettroservicegroup.it/?gad_source=1&gad_campaignid=23800353523&gclid=Cj0KCQjwof_QBhCgARIsADaMzOevPWtj5587RavxJCINBMTfiSEGCUVuRa49q9wujNUlZWU_B-PY9UsaAnjXEALw_wcB" "Mozilla/5.0 (Linux; Android 10; K) AppleWebKit/537.36 (KHTML, like Gecko) Chrome/148.0.0.0 Mobile Safari/537.36"
78.208.61.91 - - [03/Jun/2026:16:18:23 +0200] "GET /wp-content/uploads/2021/10/cropped-cropped-cropped-logo_white_background.png HTTP/2.0" 200 26788 "https://reggio-emilia.elettroservicegroup.it/?gad_source=1&gad_campaignid=23800353523&gclid=Cj0KCQjwof_QBhCgARIsADaMzOevPWtj5587RavxJCINBMTfiSEGCUVuRa49q9wujNUlZWU_B-PY9UsaAnjXEALw_wcB" "Mozilla/5.0 (Linux; Android 10; K) AppleWebKit/537.36 (KHTML, like Gecko) Chrome/148.0.0.0 Mobile Safari/537.36"
78.208.61.91 - - [03/Jun/2026:16:18:23 +0200] "GET /wp-content/plugins/gp-premium/menu-plus/functions/css/navigation-branding-flex.min.css?ver=2.5.5 HTTP/2.0" 200 542 "https://reggio-emilia.elettroservicegroup.it/?gad_source=1&gad_campaignid=23800353523&gclid=Cj0KCQjwof_QBhCgARIsADaMzOevPWtj5587RavxJCINBMTfiSEGCUVuRa49q9wujNUlZWU_B-PY9UsaAnjXEALw_wcB" "Mozilla/5.0 (Linux; Android 10; K) AppleWebKit/537.36 (KHTML, like Gecko) Chrome/148.0.0.0 Mobile Safari/537.36"
78.208.61.91 - - [03/Jun/2026:16:18:23 +0200] "GET /wp-content/uploads/elementor/google-fonts/css/robotoslab.css?ver=1742255003 HTTP/2.0" 200 721 "https://reggio-emilia.elettroservicegroup.it/?gad_source=1&gad_campaignid=23800353523&gclid=Cj0KCQjwof_QBhCgARIsADaMzOevPWtj5587RavxJCINBMTfiSEGCUVuRa49q9wujNUlZWU_B-PY9UsaAnjXEALw_wcB" "Mozilla/5.0 (Linux; Android 10; K) AppleWebKit/537.36 (KHTML, like Gecko) Chrome/148.0.0.0 Mobile Safari/537.36"
78.208.61.91 - - [03/Jun/2026:16:18:23 +0200] "GET /wp-content/plugins/gp-premium/menu-plus/functions/js/sticky.min.js?ver=2.5.5 HTTP/2.0" 200 2670 "https://reggio-emilia.elettroservicegroup.it/?gad_source=1&gad_campaignid=23800353523&gclid=Cj0KCQjwof_QBhCgARIsADaMzOevPWtj5587RavxJCINBMTfiSEGCUVuRa49q9wujNUlZWU_B-PY9UsaAnjXEALw_wcB" "Mozilla/5.0 (Linux; Android 10; K) AppleWebKit/537.36 (KHTML, like Gecko) Chrome/148.0.0.0 Mobile Safari/537.36"
78.208.61.91 - - [03/Jun/2026:16:18:23 +0200] "GET /wp-content/plugins/elementor/assets/lib/font-awesome/js/v4-shims.min.js?ver=4.1.1 HTTP/2.0" 200 4043 "https://reggio-emilia.elettroservicegroup.it/?gad_source=1&gad_campaignid=23800353523&gclid=Cj0KCQjwof_QBhCgARIsADaMzOevPWtj5587RavxJCINBMTfiSEGCUVuRa49q9wujNUlZWU_B-PY9UsaAnjXEALw_wcB" "Mozilla/5.0 (Linux; Android 10; K) AppleWebKit/537.36 (KHTML, like Gecko) Chrome/148.0.0.0 Mobile Safari/537.36"
78.208.61.91 - - [03/Jun/2026:16:18:23 +0200] "GET /wp-includes/js/jquery/jquery-migrate.min.js?ver=3.4.1 HTTP/2.0" 200 4685 "https://reggio-emilia.elettroservicegroup.it/?gad_source=1&gad_campaignid=23800353523&gclid=Cj0KCQjwof_QBhCgARIsADaMzOevPWtj5587RavxJCINBMTfiSEGCUVuRa49q9wujNUlZWU_B-PY9UsaAnjXEALw_wcB" "Mozilla/5.0 (Linux; Android 10; K) AppleWebKit/537.36 (KHTML, like Gecko) Chrome/148.0.0.0 Mobile Safari/537.36"
78.208.61.91 - - [03/Jun/2026:16:18:23 +0200] "GET /wp-content/uploads/elementor/google-fonts/css/roboto.css?ver=1742255001 HTTP/2.0" 200 1890 "https://reggio-emilia.elettroservicegroup.it/?gad_source=1&gad_campaignid=23800353523&gclid=Cj0KCQjwof_QBhCgARIsADaMzOevPWtj5587RavxJCINBMTfiSEGCUVuRa49q9wujNUlZWU_B-PY9UsaAnjXEALw_wcB" "Mozilla/5.0 (Linux; Android 10; K) AppleWebKit/537.36 (KHTML, like Gecko) Chrome/148.0.0.0 Mobile Safari/537.36"
78.208.61.91 - - [03/Jun/2026:16:18:23 +0200] "GET /wp-includes/js/jquery/jquery.min.js?ver=3.7.1 HTTP/2.0" 200 29769 "https://reggio-emilia.elettroservicegroup.it/?gad_source=1&gad_campaignid=23800353523&gclid=Cj0KCQjwof_QBhCgARIsADaMzOevPWtj5587RavxJCINBMTfiSEGCUVuRa49q9wujNUlZWU_B-PY9UsaAnjXEALw_wcB" "Mozilla/5.0 (Linux; Android 10; K) AppleWebKit/537.36 (KHTML, like Gecko) Chrome/148.0.0.0 Mobile Safari/537.36"
78.208.61.91 - - [03/Jun/2026:16:18:23 +0200] "GET /wp-content/plugins/elementor/assets/js/webpack.runtime.min.js?ver=4.1.1 HTTP/2.0" 200 2340 "https://reggio-emilia.elettroservicegroup.it/?gad_source=1&gad_campaignid=23800353523&gclid=Cj0KCQjwof_QBhCgARIsADaMzOevPWtj5587RavxJCINBMTfiSEGCUVuRa49q9wujNUlZWU_B-PY9UsaAnjXEALw_wcB" "Mozilla/5.0 (Linux; Android 10; K) AppleWebKit/537.36 (KHTML, like Gecko) Chrome/148.0.0.0 Mobile Safari/537.36"
78.208.61.91 - - [03/Jun/2026:16:18:23 +0200] "GET /wp-content/plugins/elementor/assets/js/frontend-modules.min.js?ver=4.1.1 HTTP/2.0" 200 15454 "https://reggio-emilia.elettroservicegroup.it/?gad_source=1&gad_campaignid=23800353523&gclid=Cj0KCQjwof_QBhCgARIsADaMzOevPWtj5587RavxJCINBMTfiSEGCUVuRa49q9wujNUlZWU_B-PY9UsaAnjXEALw_wcB" "Mozilla/5.0 (Linux; Android 10; K) AppleWebKit/537.36 (KHTML, like Gecko) Chrome/148.0.0.0 Mobile Safari/537.36"
78.208.61.91 - - [03/Jun/2026:16:18:23 +0200] "GET /wp-includes/js/jquery/ui/core.min.js?ver=1.13.3 HTTP/2.0" 200 6820 "https://reggio-emilia.elettroservicegroup.it/?gad_source=1&gad_campaignid=23800353523&gclid=Cj0KCQjwof_QBhCgARIsADaMzOevPWtj5587RavxJCINBMTfiSEGCUVuRa49q9wujNUlZWU_B-PY9UsaAnjXEALw_wcB" "Mozilla/5.0 (Linux; Android 10; K) AppleWebKit/537.36 (KHTML, like Gecko) Chrome/148.0.0.0 Mobile Safari/537.36"
78.208.61.91 - - [03/Jun/2026:16:18:23 +0200] "GET /wp-content/plugins/elementor/assets/js/frontend.min.js?ver=4.1.1 HTTP/2.0" 200 10140 "https://reggio-emilia.elettroservicegroup.it/?gad_source=1&gad_campaignid=23800353523&gclid=Cj0KCQjwof_QBhCgARIsADaMzOevPWtj5587RavxJCINBMTfiSEGCUVuRa49q9wujNUlZWU_B-PY9UsaAnjXEALw_wcB" "Mozilla/5.0 (Linux; Android 10; K) AppleWebKit/537.36 (KHTML, like Gecko) Chrome/148.0.0.0 Mobile Safari/537.36"
78.208.61.91 - - [03/Jun/2026:16:18:23 +0200] "GET /wp-content/themes/generatepress/assets/js/back-to-top.min.js?ver=3.6.1 HTTP/2.0" 200 336 "https://reggio-emilia.elettroservicegroup.it/?gad_source=1&gad_campaignid=23800353523&gclid=Cj0KCQjwof_QBhCgARIsADaMzOevPWtj5587RavxJCINBMTfiSEGCUVuRa49q9wujNUlZWU_B-PY9UsaAnjXEALw_wcB" "Mozilla/5.0 (Linux; Android 10; K) AppleWebKit/537.36 (KHTML, like Gecko) Chrome/148.0.0.0 Mobile Safari/537.36"
78.208.61.91 - - [03/Jun/2026:16:18:23 +0200] "GET /wp-content/themes/generatepress/assets/js/menu.min.js?ver=3.6.1 HTTP/2.0" 200 1688 "https://reggio-emilia.elettroservicegroup.it/?gad_source=1&gad_campaignid=23800353523&gclid=Cj0KCQjwof_QBhCgARIsADaMzOevPWtj5587RavxJCINBMTfiSEGCUVuRa49q9wujNUlZWU_B-PY9UsaAnjXEALw_wcB" "Mozilla/5.0 (Linux; Android 10; K) AppleWebKit/537.36 (KHTML, like Gecko) Chrome/148.0.0.0 Mobile Safari/537.36"
78.208.61.91 - - [03/Jun/2026:16:18:23 +0200] "GET /wp-content/plugins/google-analytics-for-wordpress/assets/js/frontend-gtag.min.js?ver=10.2.2 HTTP/2.0" 200 3075 "https://reggio-emilia.elettroservicegroup.it/?gad_source=1&gad_campaignid=23800353523&gclid=Cj0KCQjwof_QBhCgARIsADaMzOevPWtj5587RavxJCINBMTfiSEGCUVuRa49q9wujNUlZWU_B-PY9UsaAnjXEALw_wcB" "Mozilla/5.0 (Linux; Android 10; K) AppleWebKit/537.36 (KHTML, like Gecko) Chrome/148.0.0.0 Mobile Safari/537.36"
78.208.61.91 - - [03/Jun/2026:16:18:23 +0200] "GET /wp-content/plugins/complianz-gdpr-premium/cookiebanner/js/complianz.min.js?ver=1780326507 HTTP/2.0" 200 10708 "https://reggio-emilia.elettroservicegroup.it/?gad_source=1&gad_campaignid=23800353523&gclid=Cj0KCQjwof_QBhCgARIsADaMzOevPWtj5587RavxJCINBMTfiSEGCUVuRa49q9wujNUlZWU_B-PY9UsaAnjXEALw_wcB" "Mozilla/5.0 (Linux; Android 10; K) AppleWebKit/537.36 (KHTML, like Gecko) Chrome/148.0.0.0 Mobile Safari/537.36"
78.208.61.91 - - [03/Jun/2026:16:18:24 +0200] "GET /wp-content/uploads/elementor/google-fonts/fonts/roboto-kfo7cnqeu92fr1me7ksn66agldtyluama3yuba.woff2 HTTP/2.0" 200 40132 "https://reggio-emilia.elettroservicegroup.it/wp-content/uploads/elementor/google-fonts/css/roboto.css?ver=1742255001" "Mozilla/5.0 (Linux; Android 10; K) AppleWebKit/537.36 (KHTML, like Gecko) Chrome/148.0.0.0 Mobile Safari/537.36"
78.208.61.91 - - [03/Jun/2026:16:18:24 +0200] "GET /wp-content/uploads/2022/01/TECNICO-ELETTRODOMESTICI-1.jpg HTTP/2.0" 200 23089 "https://reggio-emilia.elettroservicegroup.it/?gad_source=1&gad_campaignid=23800353523&gclid=Cj0KCQjwof_QBhCgARIsADaMzOevPWtj5587RavxJCINBMTfiSEGCUVuRa49q9wujNUlZWU_B-PY9UsaAnjXEALw_wcB" "Mozilla/5.0 (Linux; Android 10; K) AppleWebKit/537.36 (KHTML, like Gecko) Chrome/148.0.0.0 Mobile Safari/537.36"
78.208.61.91 - - [03/Jun/2026:16:18:24 +0200] "GET /wp-content/plugins/elementor/assets/js/section-frontend-handlers.d85ab872da118940910d.bundle.min.js HTTP/2.0" 200 230 "https://reggio-emilia.elettroservicegroup.it/?gad_source=1&gad_campaignid=23800353523&gclid=Cj0KCQjwof_QBhCgARIsADaMzOevPWtj5587RavxJCINBMTfiSEGCUVuRa49q9wujNUlZWU_B-PY9UsaAnjXEALw_wcB" "Mozilla/5.0 (Linux; Android 10; K) AppleWebKit/537.36 (KHTML, like Gecko) Chrome/148.0.0.0 Mobile Safari/537.36"
78.208.61.91 - - [03/Jun/2026:16:18:24 +0200] "GET /wp-content/plugins/elementor/assets/js/text-editor.45609661e409413f1cef.bundle.min.js HTTP/2.0" 200 592 "https://reggio-emilia.elettroservicegroup.it/?gad_source=1&gad_campaignid=23800353523&gclid=Cj0KCQjwof_QBhCgARIsADaMzOevPWtj5587RavxJCINBMTfiSEGCUVuRa49q9wujNUlZWU_B-PY9UsaAnjXEALw_wcB" "Mozilla/5.0 (Linux; Android 10; K) AppleWebKit/537.36 (KHTML, like Gecko) Chrome/148.0.0.0 Mobile Safari/537.36"
78.208.61.91 - - [03/Jun/2026:16:18:24 +0200] "GET /wp-content/plugins/elementor/assets/js/shared-frontend-handlers.03caa53373b56d3bab67.bundle.min.js HTTP/2.0" 200 2515 "https://reggio-emilia.elettroservicegroup.it/?gad_source=1&gad_campaignid=23800353523&gclid=Cj0KCQjwof_QBhCgARIsADaMzOevPWtj5587RavxJCINBMTfiSEGCUVuRa49q9wujNUlZWU_B-PY9UsaAnjXEALw_wcB" "Mozilla/5.0 (Linux; Android 10; K) AppleWebKit/537.36 (KHTML, like Gecko) Chrome/148.0.0.0 Mobile Safari/537.36"
78.208.61.91 - - [03/Jun/2026:16:18:24 +0200] "GET /wp-content/uploads/2021/10/cropped-cropped-cropped-cropped-logo_white_background-192x192.png HTTP/2.0" 200 15729 "https://reggio-emilia.elettroservicegroup.it/?gad_source=1&gad_campaignid=23800353523&gclid=Cj0KCQjwof_QBhCgARIsADaMzOevPWtj5587RavxJCINBMTfiSEGCUVuRa49q9wujNUlZWU_B-PY9UsaAnjXEALw_wcB" "Mozilla/5.0 (Linux; Android 10; K) AppleWebKit/537.36 (KHTML, like Gecko) Chrome/148.0.0.0 Mobile Safari/537.36"
78.208.61.91 - - [03/Jun/2026:16:18:24 +0200] "GET /wp-content/uploads/2021/10/cropped-cropped-cropped-cropped-logo_white_background-180x180.png HTTP/2.0" 200 16527 "https://reggio-emilia.elettroservicegroup.it/?gad_source=1&gad_campaignid=23800353523&gclid=Cj0KCQjwof_QBhCgARIsADaMzOevPWtj5587RavxJCINBMTfiSEGCUVuRa49q9wujNUlZWU_B-PY9UsaAnjXEALw_wcB" "Mozilla/5.0 (Linux; Android 10; K) AppleWebKit/537.36 (KHTML, like Gecko) Chrome/148.0.0.0 Mobile Safari/537.36"
78.208.61.91 - - [03/Jun/2026:16:18:24 +0200] "GET /wp-json/complianz/v1/banner?lang=it&locale=it_IT&token=cooan HTTP/2.0" 200 84 "https://reggio-emilia.elettroservicegroup.it/?gad_source=1&gad_campaignid=23800353523&gclid=Cj0KCQjwof_QBhCgARIsADaMzOevPWtj5587RavxJCINBMTfiSEGCUVuRa49q9wujNUlZWU_B-PY9UsaAnjXEALw_wcB" "Mozilla/5.0 (Linux; Android 10; K) AppleWebKit/537.36 (KHTML, like Gecko) Chrome/148.0.0.0 Mobile Safari/537.36"
78.208.61.91 - - [03/Jun/2026:16:18:24 +0200] "GET /wp-content/uploads/complianz/css/banner-1-optin.css?v=511 HTTP/2.0" 200 2622 "https://reggio-emilia.elettroservicegroup.it/?gad_source=1&gad_campaignid=23800353523&gclid=Cj0KCQjwof_QBhCgARIsADaMzOevPWtj5587RavxJCINBMTfiSEGCUVuRa49q9wujNUlZWU_B-PY9UsaAnjXEALw_wcB" "Mozilla/5.0 (Linux; Android 10; K) AppleWebKit/537.36 (KHTML, like Gecko) Chrome/148.0.0.0 Mobile Safari/537.36"
78.208.61.91 - - [03/Jun/2026:16:18:24 +0200] "GET /wp-json/complianz/v1/cookie_data HTTP/2.0" 200 82 "https://reggio-emilia.elettroservicegroup.it/?gad_source=1&gad_campaignid=23800353523&gclid=Cj0KCQjwof_QBhCgARIsADaMzOevPWtj5587RavxJCINBMTfiSEGCUVuRa49q9wujNUlZWU_B-PY9UsaAnjXEALw_wcB" "Mozilla/5.0 (Linux; Android 10; K) AppleWebKit/537.36 (KHTML, like Gecko) Chrome/148.0.0.0 Mobile Safari/537.36"
74.125.151.200 - - [03/Jun/2026:16:18:26 +0200] "GET /assistenza-miele-reggio-emilia/ HTTP/1.1" 200 24926 "-" "Mozilla/5.0 (Linux; Android 6.0.1; Nexus 5X Build/MMB29P) AppleWebKit/537.36 (KHTML, like Gecko) Chrome/148.0.7778.96 Mobile Safari/537.36 (compatible; AdsBot-Google-Mobile; +http://www.google.com/mobile/adsbot.html)"
78.208.61.91 - - [03/Jun/2026:16:18:28 +0200] "POST /wp-json/complianz/v1/track HTTP/2.0" 200 20 "https://reggio-emilia.elettroservicegroup.it/?gad_source=1&gad_campaignid=23800353523&gclid=Cj0KCQjwof_QBhCgARIsADaMzOevPWtj5587RavxJCINBMTfiSEGCUVuRa49q9wujNUlZWU_B-PY9UsaAnjXEALw_wcB" "Mozilla/5.0 (Linux; Android 10; K) AppleWebKit/537.36 (KHTML, like Gecko) Chrome/148.0.0.0 Mobile Safari/537.36"
74.125.151.200 - - [03/Jun/2026:16:18:30 +0200] "GET /wp-content/uploads/elementor/css/post-17816.css?ver=1780330322 HTTP/1.1" 200 2185 "https://reggio-emilia.elettroservicegroup.it/assistenza-miele-reggio-emilia/" "AdsBot-Google (+http://www.google.com/adsbot.html)"
78.208.61.91 - - [03/Jun/2026:16:18:31 +0200] "GET /wp-content/uploads/2021/10/asko-e1634463631713-768x506.jpg HTTP/2.0" 200 48589 "https://reggio-emilia.elettroservicegroup.it/?gad_source=1&gad_campaignid=23800353523&gclid=Cj0KCQjwof_QBhCgARIsADaMzOevPWtj5587RavxJCINBMTfiSEGCUVuRa49q9wujNUlZWU_B-PY9UsaAnjXEALw_wcB" "Mozilla/5.0 (Linux; Android 10; K) AppleWebKit/537.36 (KHTML, like Gecko) Chrome/148.0.0.0 Mobile Safari/537.36"
78.208.61.91 - - [03/Jun/2026:16:18:33 +0200] "GET /wp-content/uploads/2022/01/LAVATRICE-2.webp HTTP/2.0" 200 48056 "https://reggio-emilia.elettroservicegroup.it/?gad_source=1&gad_campaignid=23800353523&gclid=Cj0KCQjwof_QBhCgARIsADaMzOevPWtj5587RavxJCINBMTfiSEGCUVuRa49q9wujNUlZWU_B-PY9UsaAnjXEALw_wcB" "Mozilla/5.0 (Linux; Android 10; K) AppleWebKit/537.36 (KHTML, like Gecko) Chrome/148.0.0.0 Mobile Safari/537.36"
78.208.61.91 - - [03/Jun/2026:16:18:34 +0200] "GET /wp-content/uploads/2022/01/copertina-Riparazione_Lavastoviglie-.jpg HTTP/2.0" 200 35425 "https://reggio-emilia.elettroservicegroup.it/?gad_source=1&gad_campaignid=23800353523&gclid=Cj0KCQjwof_QBhCgARIsADaMzOevPWtj5587RavxJCINBMTfiSEGCUVuRa49q9wujNUlZWU_B-PY9UsaAnjXEALw_wcB" "Mozilla/5.0 (Linux; Android 10; K) AppleWebKit/537.36 (KHTML, like Gecko) Chrome/148.0.0.0 Mobile Safari/537.36"
74.125.151.200 - - [03/Jun/2026:16:18:39 +0200] "GET /assistenza-smeg-guastalla/ HTTP/1.1" 200 24982 "-" "Mozilla/5.0 (Linux; Android 6.0.1; Nexus 5X Build/MMB29P) AppleWebKit/537.36 (KHTML, like Gecko) Chrome/148.0.7778.96 Mobile Safari/537.36 (compatible; AdsBot-Google-Mobile; +http://www.google.com/mobile/adsbot.html)"
74.125.151.200 - - [03/Jun/2026:16:18:40 +0200] "GET /wp-content/uploads/elementor/css/post-17836.css?ver=1780328362 HTTP/1.1" 200 2178 "https://reggio-emilia.elettroservicegroup.it/assistenza-smeg-guastalla/" "AdsBot-Google (+http://www.google.com/adsbot.html)"
74.125.151.199 - - [03/Jun/2026:16:18:41 +0200] "GET /wp-content/uploads/elementor/google-fonts/fonts/roboto-kfo7cnqeu92fr1me7ksn66agldtyluama3yuba.woff2 HTTP/1.1" 304 - "https://reggio-emilia.elettroservicegroup.it/wp-content/uploads/elementor/google-fonts/css/roboto.css?ver=1742255001" "AdsBot-Google (+http://www.google.com/adsbot.html)"
37.19.53.215 - - [03/Jun/2026:16:18:54 +0200] "POST /wp-login.php HTTP/2.0" 200 16668 "https://reggio-emilia.elettroservicegroup.it/wp-login.php" "Mozilla/5.0 (Macintosh; Intel Mac OS X 10_15_3) AppleWebKit/605.1.15 (KHTML, like Gecko) Version/13.0.5 Safari/605.1.15"
65.108.235.243 - - [03/Jun/2026:16:19:22 +0200] "POST /wp-cron.php?doing_wp_cron=1780496362.4104421138763427734375 HTTP/1.1" 200 1 "-" "WordPress/7.0; https://reggio-emilia.elettroservicegroup.it"
114.119.148.161 - - [03/Jun/2026:16:19:22 +0200] "GET /aeg-png/ HTTP/1.1" 404 17895 "https://reggio-emilia.elettroservicegroup.it/aeg-png/" "Mozilla/5.0 (Linux; Android 7.0;) AppleWebKit/537.36 (HTML, like Gecko) Mobile Safari/537.36 (compatible; PetalBot;+https://webmaster.petalsearch.com/site/petalbot)"
65.108.235.243 - - [03/Jun/2026:16:20:47 +0200] "POST /wp-cron.php?doing_wp_cron=1780496447.4536221027374267578125 HTTP/1.1" 200 1 "-" "WordPress/7.0; https://reggio-emilia.elettroservicegroup.it"
114.119.137.98 - - [03/Jun/2026:16:20:45 +0200] "GET /?attachment_id=16592 HTTP/1.1" 200 19004 "https://reggio-emilia.elettroservicegroup.it/?attachment_id=16592" "Mozilla/5.0 (Linux; Android 7.0;) AppleWebKit/537.36 (HTML, like Gecko) Mobile Safari/537.36 (compatible; PetalBot;+https://webmaster.petalsearch.com/site/petalbot)"
65.108.235.243 - - [03/Jun/2026:16:20:47 +0200] "GET /assistenza-lavastoviglie-bosch-rubiera/ HTTP/1.1" 200 24719 "-" "WP Fastest Cache Preload Bot"
65.108.235.243 - - [03/Jun/2026:16:20:48 +0200] "GET /assistenza-lavastoviglie-bosch-scandiano/ HTTP/1.1" 200 24723 "-" "WP Fastest Cache Preload Bot"
65.108.235.243 - - [03/Jun/2026:16:20:48 +0200] "GET /assistenza-lavastoviglie-bosch-santilario-denza/ HTTP/1.1" 200 24804 "-" "WP Fastest Cache Preload Bot"
65.108.235.243 - - [03/Jun/2026:16:20:48 +0200] "GET /assistenza-lavastoviglie-bosch-guastalla/ HTTP/1.1" 200 24726 "-" "WP Fastest Cache Preload Bot"
65.108.235.243 - - [03/Jun/2026:16:22:10 +0200] "POST /wp-cron.php?doing_wp_cron=1780496530.4083459377288818359375 HTTP/1.1" 200 1 "-" "WordPress/7.0; https://reggio-emilia.elettroservicegroup.it"
114.119.138.37 - - [03/Jun/2026:16:22:08 +0200] "GET /?attachment_id=16157 HTTP/1.1" 404 17894 "https://reggio-emilia.elettroservicegroup.it/?attachment_id=16157" "Mozilla/5.0 (Linux; Android 7.0;) AppleWebKit/537.36 (HTML, like Gecko) Mobile Safari/537.36 (compatible; PetalBot;+https://webmaster.petalsearch.com/site/petalbot)"
65.108.235.243 - - [03/Jun/2026:16:23:33 +0200] "POST /wp-cron.php?doing_wp_cron=1780496613.6161580085754394531250 HTTP/1.1" 200 1 "-" "WordPress/7.0; https://reggio-emilia.elettroservicegroup.it"
114.119.148.161 - - [03/Jun/2026:16:23:31 +0200] "GET /?attachment_id=15707 HTTP/1.1" 200 18993 "https://reggio-emilia.elettroservicegroup.it/?attachment_id=15707" "Mozilla/5.0 (Linux; Android 7.0;) AppleWebKit/537.36 (HTML, like Gecko) Mobile Safari/537.36 (compatible; PetalBot;+https://webmaster.petalsearch.com/site/petalbot)"
66.56.86.230 - - [03/Jun/2026:16:24:12 +0200] "POST /xmlrpc.php HTTP/1.1" 403 52 "-" "Mozilla/5.0 (Windows NT 10.0; Win64; x64) AppleWebKit/537.36 (KHTML, like Gecko) Chrome/140.0.0.0 Safari/537.36"
66.56.86.230 - - [03/Jun/2026:16:24:12 +0200] "POST /xmlrpc.php HTTP/1.1" 403 52 "-" "Mozilla/5.0 (Windows NT 10.0; Win64; x64) AppleWebKit/537.36 (KHTML, like Gecko) Chrome/140.0.0.0 Safari/537.36"
66.56.86.230 - - [03/Jun/2026:16:24:12 +0200] "POST /xmlrpc.php HTTP/1.1" 403 52 "-" "Mozilla/5.0 (Windows NT 10.0; Win64; x64) AppleWebKit/537.36 (KHTML, like Gecko) Chrome/140.0.0.0 Safari/537.36"
66.56.86.230 - - [03/Jun/2026:16:24:13 +0200] "POST /xmlrpc.php HTTP/1.1" 403 52 "-" "Mozilla/5.0 (Windows NT 10.0; Win64; x64) AppleWebKit/537.36 (KHTML, like Gecko) Chrome/140.0.0.0 Safari/537.36"
162.120.188.142 - - [03/Jun/2026:16:24:46 +0200] "GET /assistenza-bosch-reggio-emilia/ HTTP/2.0" 200 24671 "https://www.google.com/" "Mozilla/5.0 (Windows NT 10.0; Win64; x64) AppleWebKit/537.36 (KHTML, like Gecko) Chrome/148.0.0.0 Safari/537.36"
65.108.235.243 - - [03/Jun/2026:16:24:57 +0200] "POST /wp-cron.php?doing_wp_cron=1780496697.4370400905609130859375 HTTP/1.1" 200 1 "-" "WordPress/7.0; https://reggio-emilia.elettroservicegroup.it"
114.119.137.153 - - [03/Jun/2026:16:24:55 +0200] "GET /?attachment_id=15703 HTTP/1.1" 200 18979 "https://reggio-emilia.elettroservicegroup.it/?attachment_id=15703" "Mozilla/5.0 (Linux; Android 7.0;) AppleWebKit/537.36 (HTML, like Gecko) Mobile Safari/537.36 (compatible; PetalBot;+https://webmaster.petalsearch.com/site/petalbot)"
78.208.61.91 - - [03/Jun/2026:16:25:18 +0200] "GET /assistenza-frigoriferi-reggio-emilia/ HTTP/2.0" 200 23045 "https://www.google.com/" "Mozilla/5.0 (Linux; Android 10; K) AppleWebKit/537.36 (KHTML, like Gecko) Chrome/148.0.0.0 Mobile Safari/537.36"
78.208.61.91 - - [03/Jun/2026:16:25:19 +0200] "GET /wp-content/uploads/elementor/css/post-15287.css?ver=1780360609 HTTP/2.0" 200 1968 "https://reggio-emilia.elettroservicegroup.it/assistenza-frigoriferi-reggio-emilia/" "Mozilla/5.0 (Linux; Android 10; K) AppleWebKit/537.36 (KHTML, like Gecko) Chrome/148.0.0.0 Mobile Safari/537.36"
78.208.61.91 - - [03/Jun/2026:16:25:20 +0200] "GET /wp-content/uploads/2021/10/TECNICO-ELETTRODOMESTICI-5.jpg HTTP/2.0" 200 23089 "https://reggio-emilia.elettroservicegroup.it/assistenza-frigoriferi-reggio-emilia/" "Mozilla/5.0 (Linux; Android 10; K) AppleWebKit/537.36 (KHTML, like Gecko) Chrome/148.0.0.0 Mobile Safari/537.36"
78.208.61.91 - - [03/Jun/2026:16:25:20 +0200] "GET /wp-content/uploads/2021/10/FRIGO.png HTTP/2.0" 200 115519 "https://reggio-emilia.elettroservicegroup.it/assistenza-frigoriferi-reggio-emilia/" "Mozilla/5.0 (Linux; Android 10; K) AppleWebKit/537.36 (KHTML, like Gecko) Chrome/148.0.0.0 Mobile Safari/537.36"
78.208.61.91 - - [03/Jun/2026:16:25:20 +0200] "GET /wp-json/complianz/v1/banner?lang=it&locale=it_IT&token=hutyk HTTP/2.0" 200 84 "https://reggio-emilia.elettroservicegroup.it/assistenza-frigoriferi-reggio-emilia/" "Mozilla/5.0 (Linux; Android 10; K) AppleWebKit/537.36 (KHTML, like Gecko) Chrome/148.0.0.0 Mobile Safari/537.36"
65.108.235.243 - - [03/Jun/2026:16:25:21 +0200] "POST /wp-cron.php?doing_wp_cron=1780496721.1044070720672607421875 HTTP/1.1" 200 1 "-" "WordPress/7.0; https://reggio-emilia.elettroservicegroup.it"
78.208.61.91 - - [03/Jun/2026:16:25:20 +0200] "GET /wp-json/complianz/v1/cookie_data HTTP/2.0" 200 82 "https://reggio-emilia.elettroservicegroup.it/assistenza-frigoriferi-reggio-emilia/" "Mozilla/5.0 (Linux; Android 10; K) AppleWebKit/537.36 (KHTML, like Gecko) Chrome/148.0.0.0 Mobile Safari/537.36"
65.108.235.243 - - [03/Jun/2026:16:25:26 +0200] "POST /wp-cron.php?doing_wp_cron=1780496726.7789220809936523437500 HTTP/1.1" 200 1 "-" "WordPress/7.0; https://reggio-emilia.elettroservicegroup.it"
78.208.61.91 - - [03/Jun/2026:16:25:26 +0200] "GET /cookie-policy-ue/ HTTP/2.0" 200 20830 "https://reggio-emilia.elettroservicegroup.it/assistenza-frigoriferi-reggio-emilia/" "Mozilla/5.0 (Linux; Android 10; K) AppleWebKit/537.36 (KHTML, like Gecko) Chrome/148.0.0.0 Mobile Safari/537.36"
65.108.235.243 - - [03/Jun/2026:16:26:20 +0200] "POST /wp-cron.php?doing_wp_cron=1780496780.6695261001586914062500 HTTP/1.1" 200 1 "-" "WordPress/7.0; https://reggio-emilia.elettroservicegroup.it"
114.119.137.153 - - [03/Jun/2026:16:26:18 +0200] "GET /8 HTTP/1.1" 404 17895 "https://reggio-emilia.elettroservicegroup.it/8" "Mozilla/5.0 (Linux; Android 7.0;) AppleWebKit/537.36 (HTML, like Gecko) Mobile Safari/537.36 (compatible; PetalBot;+https://webmaster.petalsearch.com/site/petalbot)"
65.108.235.243 - - [03/Jun/2026:16:26:21 +0200] "GET /assistenza-lavastoviglie-bosch-correggio/ HTTP/1.1" 200 24724 "-" "WP Fastest Cache Preload Bot"
65.108.235.243 - - [03/Jun/2026:16:26:21 +0200] "GET /assistenza-lavastoviglie-bosch-reggio-emilia/ HTTP/1.1" 200 24717 "-" "WP Fastest Cache Preload Bot"
65.108.235.243 - - [03/Jun/2026:16:26:21 +0200] "GET /assistenza-lavastoviglie-ariston-rubiera/ HTTP/1.1" 200 24744 "-" "WP Fastest Cache Preload Bot"
65.108.235.243 - - [03/Jun/2026:16:26:22 +0200] "GET /assistenza-lavastoviglie-ariston-scandiano/ HTTP/1.1" 200 24745 "-" "WP Fastest Cache Preload Bot"
65.108.235.243 - - [03/Jun/2026:16:27:44 +0200] "POST /wp-cron.php?doing_wp_cron=1780496864.7958409786224365234375 HTTP/1.1" 200 1 "-" "WordPress/7.0; https://reggio-emilia.elettroservicegroup.it"
114.119.130.67 - - [03/Jun/2026:16:27:43 +0200] "GET /2-1-png/ HTTP/1.1" 404 17903 "https://reggio-emilia.elettroservicegroup.it/2-1-png" "Mozilla/5.0 (Linux; Android 7.0;) AppleWebKit/537.36 (HTML, like Gecko) Mobile Safari/537.36 (compatible; PetalBot;+https://webmaster.petalsearch.com/site/petalbot)"
65.108.235.243 - - [03/Jun/2026:16:29:07 +0200] "POST /wp-cron.php?doing_wp_cron=1780496947.8285820484161376953125 HTTP/1.1" 200 1 "-" "WordPress/7.0; https://reggio-emilia.elettroservicegroup.it"
114.119.148.161 - - [03/Jun/2026:16:29:06 +0200] "GET /1 HTTP/1.1" 301 1 "https://reggio-emilia.elettroservicegroup.it/1" "Mozilla/5.0 (Linux; Android 7.0;) AppleWebKit/537.36 (HTML, like Gecko) Mobile Safari/537.36 (compatible; PetalBot;+https://webmaster.petalsearch.com/site/petalbot)"
114.119.148.161 - - [03/Jun/2026:16:29:08 +0200] "GET /1/ HTTP/1.1" 200 18931 "https://reggio-emilia.elettroservicegroup.it/1" "Mozilla/5.0 (Linux; Android 7.0;) AppleWebKit/537.36 (HTML, like Gecko) Mobile Safari/537.36 (compatible; PetalBot;+https://webmaster.petalsearch.com/site/petalbot)"
65.108.235.243 - - [03/Jun/2026:16:36:48 +0200] "POST /wp-cron.php?doing_wp_cron=1780497408.7257239818572998046875 HTTP/1.1" 200 1 "-" "WordPress/7.0; https://reggio-emilia.elettroservicegroup.it"
66.249.70.200 - - [03/Jun/2026:16:36:46 +0200] "GET /welche-voraussetzungen-gelten-fur-arena-treuepunkte-sammeln/ HTTP/1.1" 404 17942 "-" "Mozilla/5.0 (Linux; Android 6.0.1; Nexus 5X Build/MMB29P) AppleWebKit/537.36 (KHTML, like Gecko) Chrome/148.0.7778.96 Mobile Safari/537.36 (compatible; GoogleOther)"
65.108.235.243 - - [03/Jun/2026:16:36:49 +0200] "GET /assistenza-lavastoviglie-ariston-santilario-denza/ HTTP/1.1" 200 24832 "-" "WP Fastest Cache Preload Bot"
65.108.235.243 - - [03/Jun/2026:16:36:49 +0200] "GET /assistenza-lavastoviglie-ariston-guastalla/ HTTP/1.1" 200 24749 "-" "WP Fastest Cache Preload Bot"
65.108.235.243 - - [03/Jun/2026:16:36:49 +0200] "GET /assistenza-lavastoviglie-ariston-correggio/ HTTP/1.1" 200 24738 "-" "WP Fastest Cache Preload Bot"
65.108.235.243 - - [03/Jun/2026:16:36:50 +0200] "GET /assistenza-lavastoviglie-ariston-reggio-emilia/ HTTP/1.1" 200 24741 "-" "WP Fastest Cache Preload Bot"
65.108.235.243 - - [03/Jun/2026:16:39:29 +0200] "POST /wp-cron.php?doing_wp_cron=1780497569.7081139087677001953125 HTTP/1.1" 200 1 "-" "WordPress/7.0; https://reggio-emilia.elettroservicegroup.it"
52.167.144.179 - - [03/Jun/2026:16:39:28 +0200] "GET /sitemap.rss HTTP/2.0" 200 1464 "-" "Mozilla/5.0 AppleWebKit/537.36 (KHTML, like Gecko; compatible; bingbot/2.0; +http://www.bing.com/bingbot.htm) Chrome/116.0.1938.76 Safari/537.36"
65.108.235.243 - - [03/Jun/2026:16:47:56 +0200] "POST /wp-cron.php?doing_wp_cron=1780498076.4831919670104980468750 HTTP/1.1" 200 1 "-" "WordPress/7.0; https://reggio-emilia.elettroservicegroup.it"
151.41.232.146 - - [03/Jun/2026:16:47:54 +0200] "GET /assistenza-bosch-reggio-emilia/ HTTP/2.0" 200 24878 "-" "Mozilla/5.0 (iPhone; CPU iPhone OS 26_4_2 like Mac OS X) AppleWebKit/605.1.15 (KHTML, like Gecko) CriOS/148.0.7778.166 Mobile/15E148 Safari/604.1"
151.41.232.146 - - [03/Jun/2026:16:47:56 +0200] "GET /wp-content/plugins/all-in-one-seo-pack/dist/Lite/assets/css/table-of-contents/global.e90f6d47.css?ver=4.9.7.2 HTTP/2.0" 200 420 "https://reggio-emilia.elettroservicegroup.it/assistenza-bosch-reggio-emilia/" "Mozilla/5.0 (iPhone; CPU iPhone OS 26_4_2 like Mac OS X) AppleWebKit/605.1.15 (KHTML, like Gecko) CriOS/148.0.7778.166 Mobile/15E148 Safari/604.1"
151.41.232.146 - - [03/Jun/2026:16:47:56 +0200] "GET /wp-content/uploads/elementor/css/post-14146.css?ver=1780326512 HTTP/2.0" 200 428 "https://reggio-emilia.elettroservicegroup.it/assistenza-bosch-reggio-emilia/" "Mozilla/5.0 (iPhone; CPU iPhone OS 26_4_2 like Mac OS X) AppleWebKit/605.1.15 (KHTML, like Gecko) CriOS/148.0.7778.166 Mobile/15E148 Safari/604.1"
151.41.232.146 - - [03/Jun/2026:16:47:56 +0200] "GET /wp-content/plugins/header-footer-elementor/inc/widgets-css/frontend.css?ver=2.8.8 HTTP/2.0" 200 8711 "https://reggio-emilia.elettroservicegroup.it/assistenza-bosch-reggio-emilia/" "Mozilla/5.0 (iPhone; CPU iPhone OS 26_4_2 like Mac OS X) AppleWebKit/605.1.15 (KHTML, like Gecko) CriOS/148.0.7778.166 Mobile/15E148 Safari/604.1"
151.41.232.146 - - [03/Jun/2026:16:47:56 +0200] "GET /wp-content/plugins/complianz-gdpr-premium/assets/css/cookieblocker.min.css?ver=1780326507 HTTP/2.0" 200 615 "https://reggio-emilia.elettroservicegroup.it/assistenza-bosch-reggio-emilia/" "Mozilla/5.0 (iPhone; CPU iPhone OS 26_4_2 like Mac OS X) AppleWebKit/605.1.15 (KHTML, like Gecko) CriOS/148.0.7778.166 Mobile/15E148 Safari/604.1"
151.41.232.146 - - [03/Jun/2026:16:47:56 +0200] "GET /wp-content/plugins/header-footer-elementor/assets/css/header-footer-elementor.css?ver=2.8.8 HTTP/2.0" 200 260 "https://reggio-emilia.elettroservicegroup.it/assistenza-bosch-reggio-emilia/" "Mozilla/5.0 (iPhone; CPU iPhone OS 26_4_2 like Mac OS X) AppleWebKit/605.1.15 (KHTML, like Gecko) CriOS/148.0.7778.166 Mobile/15E148 Safari/604.1"
151.41.232.146 - - [03/Jun/2026:16:47:56 +0200] "GET /wp-content/plugins/elementor/assets/css/frontend.min.css?ver=4.1.1 HTTP/2.0" 200 6618 "https://reggio-emilia.elettroservicegroup.it/assistenza-bosch-reggio-emilia/" "Mozilla/5.0 (iPhone; CPU iPhone OS 26_4_2 like Mac OS X) AppleWebKit/605.1.15 (KHTML, like Gecko) CriOS/148.0.7778.166 Mobile/15E148 Safari/604.1"
151.41.232.146 - - [03/Jun/2026:16:47:56 +0200] "GET /wp-content/plugins/elementor/assets/css/widget-heading.min.css?ver=4.1.1 HTTP/2.0" 200 127 "https://reggio-emilia.elettroservicegroup.it/assistenza-bosch-reggio-emilia/" "Mozilla/5.0 (iPhone; CPU iPhone OS 26_4_2 like Mac OS X) AppleWebKit/605.1.15 (KHTML, like Gecko) CriOS/148.0.7778.166 Mobile/15E148 Safari/604.1"
151.41.232.146 - - [03/Jun/2026:16:47:56 +0200] "GET /wp-content/plugins/elementor/assets/css/widget-image.min.css?ver=4.1.1 HTTP/2.0" 200 96 "https://reggio-emilia.elettroservicegroup.it/assistenza-bosch-reggio-emilia/" "Mozilla/5.0 (iPhone; CPU iPhone OS 26_4_2 like Mac OS X) AppleWebKit/605.1.15 (KHTML, like Gecko) CriOS/148.0.7778.166 Mobile/15E148 Safari/604.1"
151.41.232.146 - - [03/Jun/2026:16:47:56 +0200] "GET /wp-content/plugins/elementor/assets/lib/font-awesome/css/brands.css?ver=5.15.3 HTTP/2.0" 200 298 "https://reggio-emilia.elettroservicegroup.it/assistenza-bosch-reggio-emilia/" "Mozilla/5.0 (iPhone; CPU iPhone OS 26_4_2 like Mac OS X) AppleWebKit/605.1.15 (KHTML, like Gecko) CriOS/148.0.7778.166 Mobile/15E148 Safari/604.1"
151.41.232.146 - - [03/Jun/2026:16:47:56 +0200] "GET /wp-content/plugins/elementor/assets/lib/animations/styles/zoomIn.min.css?ver=4.1.1 HTTP/2.0" 200 87 "https://reggio-emilia.elettroservicegroup.it/assistenza-bosch-reggio-emilia/" "Mozilla/5.0 (iPhone; CPU iPhone OS 26_4_2 like Mac OS X) AppleWebKit/605.1.15 (KHTML, like Gecko) CriOS/148.0.7778.166 Mobile/15E148 Safari/604.1"
151.41.232.146 - - [03/Jun/2026:16:47:56 +0200] "GET /wp-content/plugins/elementor/assets/css/widget-spacer.min.css?ver=4.1.1 HTTP/2.0" 200 287 "https://reggio-emilia.elettroservicegroup.it/assistenza-bosch-reggio-emilia/" "Mozilla/5.0 (iPhone; CPU iPhone OS 26_4_2 like Mac OS X) AppleWebKit/605.1.15 (KHTML, like Gecko) CriOS/148.0.7778.166 Mobile/15E148 Safari/604.1"
151.41.232.146 - - [03/Jun/2026:16:47:56 +0200] "GET /wp-content/plugins/elementor/assets/css/widget-social-icons.min.css?ver=3.24.0 HTTP/2.0" 200 1039 "https://reggio-emilia.elettroservicegroup.it/assistenza-bosch-reggio-emilia/" "Mozilla/5.0 (iPhone; CPU iPhone OS 26_4_2 like Mac OS X) AppleWebKit/605.1.15 (KHTML, like Gecko) CriOS/148.0.7778.166 Mobile/15E148 Safari/604.1"
151.41.232.146 - - [03/Jun/2026:16:47:56 +0200] "GET /wp-content/plugins/elementor/assets/lib/font-awesome/css/solid.css?ver=5.15.3 HTTP/2.0" 200 299 "https://reggio-emilia.elettroservicegroup.it/assistenza-bosch-reggio-emilia/" "Mozilla/5.0 (iPhone; CPU iPhone OS 26_4_2 like Mac OS X) AppleWebKit/605.1.15 (KHTML, like Gecko) CriOS/148.0.7778.166 Mobile/15E148 Safari/604.1"
151.41.232.146 - - [03/Jun/2026:16:47:56 +0200] "GET /wp-content/plugins/elementor/assets/lib/font-awesome/css/v4-shims.min.css?ver=4.1.1 HTTP/2.0" 200 3986 "https://reggio-emilia.elettroservicegroup.it/assistenza-bosch-reggio-emilia/" "Mozilla/5.0 (iPhone; CPU iPhone OS 26_4_2 like Mac OS X) AppleWebKit/605.1.15 (KHTML, like Gecko) CriOS/148.0.7778.166 Mobile/15E148 Safari/604.1"
151.41.232.146 - - [03/Jun/2026:16:47:56 +0200] "GET /wp-content/plugins/elementor/assets/lib/animations/styles/bounceIn.min.css?ver=4.1.1 HTTP/2.0" 200 186 "https://reggio-emilia.elettroservicegroup.it/assistenza-bosch-reggio-emilia/" "Mozilla/5.0 (iPhone; CPU iPhone OS 26_4_2 like Mac OS X) AppleWebKit/605.1.15 (KHTML, like Gecko) CriOS/148.0.7778.166 Mobile/15E148 Safari/604.1"
151.41.232.146 - - [03/Jun/2026:16:47:56 +0200] "GET /wp-content/uploads/elementor/css/post-17702.css?ver=1780327774 HTTP/2.0" 200 2163 "https://reggio-emilia.elettroservicegroup.it/assistenza-bosch-reggio-emilia/" "Mozilla/5.0 (iPhone; CPU iPhone OS 26_4_2 like Mac OS X) AppleWebKit/605.1.15 (KHTML, like Gecko) CriOS/148.0.7778.166 Mobile/15E148 Safari/604.1"
151.41.232.146 - - [03/Jun/2026:16:47:56 +0200] "GET /wp-content/uploads/elementor/css/post-14366.css?ver=1780326512 HTTP/2.0" 200 302 "https://reggio-emilia.elettroservicegroup.it/assistenza-bosch-reggio-emilia/" "Mozilla/5.0 (iPhone; CPU iPhone OS 26_4_2 like Mac OS X) AppleWebKit/605.1.15 (KHTML, like Gecko) CriOS/148.0.7778.166 Mobile/15E148 Safari/604.1"
151.41.232.146 - - [03/Jun/2026:16:47:56 +0200] "GET /wp-content/themes/generatepress/assets/css/main.min.css?ver=3.6.1 HTTP/2.0" 200 4410 "https://reggio-emilia.elettroservicegroup.it/assistenza-bosch-reggio-emilia/" "Mozilla/5.0 (iPhone; CPU iPhone OS 26_4_2 like Mac OS X) AppleWebKit/605.1.15 (KHTML, like Gecko) CriOS/148.0.7778.166 Mobile/15E148 Safari/604.1"
151.41.232.146 - - [03/Jun/2026:16:47:56 +0200] "GET /wp-content/plugins/elementor/assets/lib/eicons/css/elementor-icons.min.css?ver=5.34.0 HTTP/2.0" 200 4115 "https://reggio-emilia.elettroservicegroup.it/assistenza-bosch-reggio-emilia/" "Mozilla/5.0 (iPhone; CPU iPhone OS 26_4_2 like Mac OS X) AppleWebKit/605.1.15 (KHTML, like Gecko) CriOS/148.0.7778.166 Mobile/15E148 Safari/604.1"
151.41.232.146 - - [03/Jun/2026:16:47:56 +0200] "GET /wp-content/plugins/elementor/assets/css/widget-icon-list.min.css?ver=3.24.3 HTTP/2.0" 200 928 "https://reggio-emilia.elettroservicegroup.it/assistenza-bosch-reggio-emilia/" "Mozilla/5.0 (iPhone; CPU iPhone OS 26_4_2 like Mac OS X) AppleWebKit/605.1.15 (KHTML, like Gecko) CriOS/148.0.7778.166 Mobile/15E148 Safari/604.1"
151.41.232.146 - - [03/Jun/2026:16:47:56 +0200] "GET /wp-content/plugins/gp-premium/menu-plus/functions/css/navigation-branding-flex.min.css?ver=2.5.5 HTTP/2.0" 200 542 "https://reggio-emilia.elettroservicegroup.it/assistenza-bosch-reggio-emilia/" "Mozilla/5.0 (iPhone; CPU iPhone OS 26_4_2 like Mac OS X) AppleWebKit/605.1.15 (KHTML, like Gecko) CriOS/148.0.7778.166 Mobile/15E148 Safari/604.1"
151.41.232.146 - - [03/Jun/2026:16:47:56 +0200] "GET /wp-content/uploads/elementor/google-fonts/css/roboto.css?ver=1742255001 HTTP/2.0" 200 1890 "https://reggio-emilia.elettroservicegroup.it/assistenza-bosch-reggio-emilia/" "Mozilla/5.0 (iPhone; CPU iPhone OS 26_4_2 like Mac OS X) AppleWebKit/605.1.15 (KHTML, like Gecko) CriOS/148.0.7778.166 Mobile/15E148 Safari/604.1"
151.41.232.146 - - [03/Jun/2026:16:47:56 +0200] "GET /wp-content/uploads/elementor/google-fonts/css/robotoslab.css?ver=1742255003 HTTP/2.0" 200 721 "https://reggio-emilia.elettroservicegroup.it/assistenza-bosch-reggio-emilia/" "Mozilla/5.0 (iPhone; CPU iPhone OS 26_4_2 like Mac OS X) AppleWebKit/605.1.15 (KHTML, like Gecko) CriOS/148.0.7778.166 Mobile/15E148 Safari/604.1"
151.41.232.146 - - [03/Jun/2026:16:47:56 +0200] "GET /wp-content/plugins/elementor/assets/lib/font-awesome/js/v4-shims.min.js?ver=4.1.1 HTTP/2.0" 200 4043 "https://reggio-emilia.elettroservicegroup.it/assistenza-bosch-reggio-emilia/" "Mozilla/5.0 (iPhone; CPU iPhone OS 26_4_2 like Mac OS X) AppleWebKit/605.1.15 (KHTML, like Gecko) CriOS/148.0.7778.166 Mobile/15E148 Safari/604.1"
151.41.232.146 - - [03/Jun/2026:16:47:56 +0200] "GET /wp-content/plugins/google-analytics-for-wordpress/assets/js/frontend-gtag.min.js?ver=10.2.2 HTTP/2.0" 200 3075 "https://reggio-emilia.elettroservicegroup.it/assistenza-bosch-reggio-emilia/" "Mozilla/5.0 (iPhone; CPU iPhone OS 26_4_2 like Mac OS X) AppleWebKit/605.1.15 (KHTML, like Gecko) CriOS/148.0.7778.166 Mobile/15E148 Safari/604.1"
151.41.232.146 - - [03/Jun/2026:16:47:56 +0200] "GET /wp-includes/js/jquery/jquery-migrate.min.js?ver=3.4.1 HTTP/2.0" 200 4685 "https://reggio-emilia.elettroservicegroup.it/assistenza-bosch-reggio-emilia/" "Mozilla/5.0 (iPhone; CPU iPhone OS 26_4_2 like Mac OS X) AppleWebKit/605.1.15 (KHTML, like Gecko) CriOS/148.0.7778.166 Mobile/15E148 Safari/604.1"
151.41.232.146 - - [03/Jun/2026:16:47:56 +0200] "GET /wp-content/plugins/gp-premium/menu-plus/functions/js/sticky.min.js?ver=2.5.5 HTTP/2.0" 200 2670 "https://reggio-emilia.elettroservicegroup.it/assistenza-bosch-reggio-emilia/" "Mozilla/5.0 (iPhone; CPU iPhone OS 26_4_2 like Mac OS X) AppleWebKit/605.1.15 (KHTML, like Gecko) CriOS/148.0.7778.166 Mobile/15E148 Safari/604.1"
151.41.232.146 - - [03/Jun/2026:16:47:56 +0200] "GET /wp-content/plugins/elementor/assets/js/webpack.runtime.min.js?ver=4.1.1 HTTP/2.0" 200 2340 "https://reggio-emilia.elettroservicegroup.it/assistenza-bosch-reggio-emilia/" "Mozilla/5.0 (iPhone; CPU iPhone OS 26_4_2 like Mac OS X) AppleWebKit/605.1.15 (KHTML, like Gecko) CriOS/148.0.7778.166 Mobile/15E148 Safari/604.1"
151.41.232.146 - - [03/Jun/2026:16:47:56 +0200] "GET /wp-content/uploads/2021/10/cropped-cropped-cropped-logo_white_background.png HTTP/2.0" 200 26788 "https://reggio-emilia.elettroservicegroup.it/assistenza-bosch-reggio-emilia/" "Mozilla/5.0 (iPhone; CPU iPhone OS 26_4_2 like Mac OS X) AppleWebKit/605.1.15 (KHTML, like Gecko) CriOS/148.0.7778.166 Mobile/15E148 Safari/604.1"
151.41.232.146 - - [03/Jun/2026:16:47:56 +0200] "GET /wp-content/themes/generatepress/assets/js/back-to-top.min.js?ver=3.6.1 HTTP/2.0" 200 336 "https://reggio-emilia.elettroservicegroup.it/assistenza-bosch-reggio-emilia/" "Mozilla/5.0 (iPhone; CPU iPhone OS 26_4_2 like Mac OS X) AppleWebKit/605.1.15 (KHTML, like Gecko) CriOS/148.0.7778.166 Mobile/15E148 Safari/604.1"
151.41.232.146 - - [03/Jun/2026:16:47:56 +0200] "GET /wp-content/plugins/elementor/assets/lib/font-awesome/css/all.min.css?ver=4.1.1 HTTP/2.0" 200 12402 "https://reggio-emilia.elettroservicegroup.it/assistenza-bosch-reggio-emilia/" "Mozilla/5.0 (iPhone; CPU iPhone OS 26_4_2 like Mac OS X) AppleWebKit/605.1.15 (KHTML, like Gecko) CriOS/148.0.7778.166 Mobile/15E148 Safari/604.1"
151.41.232.146 - - [03/Jun/2026:16:47:56 +0200] "GET /wp-content/plugins/elementor/assets/lib/font-awesome/css/fontawesome.css?ver=5.15.3 HTTP/2.0" 200 12535 "https://reggio-emilia.elettroservicegroup.it/assistenza-bosch-reggio-emilia/" "Mozilla/5.0 (iPhone; CPU iPhone OS 26_4_2 like Mac OS X) AppleWebKit/605.1.15 (KHTML, like Gecko) CriOS/148.0.7778.166 Mobile/15E148 Safari/604.1"
151.41.232.146 - - [03/Jun/2026:16:47:56 +0200] "GET /wp-content/plugins/elementor/assets/js/frontend-modules.min.js?ver=4.1.1 HTTP/2.0" 200 15454 "https://reggio-emilia.elettroservicegroup.it/assistenza-bosch-reggio-emilia/" "Mozilla/5.0 (iPhone; CPU iPhone OS 26_4_2 like Mac OS X) AppleWebKit/605.1.15 (KHTML, like Gecko) CriOS/148.0.7778.166 Mobile/15E148 Safari/604.1"
151.41.232.146 - - [03/Jun/2026:16:47:56 +0200] "GET /wp-content/plugins/elementor/assets/js/frontend.min.js?ver=4.1.1 HTTP/2.0" 200 10140 "https://reggio-emilia.elettroservicegroup.it/assistenza-bosch-reggio-emilia/" "Mozilla/5.0 (iPhone; CPU iPhone OS 26_4_2 like Mac OS X) AppleWebKit/605.1.15 (KHTML, like Gecko) CriOS/148.0.7778.166 Mobile/15E148 Safari/604.1"
