151.41.232.146 - - [03/Jun/2026:16:47:56 +0200] "GET /wp-content/themes/generatepress/assets/js/menu.min.js?ver=3.6.1 HTTP/2.0" 200 1688 "https://reggio-emilia.elettroservicegroup.it/assistenza-bosch-reggio-emilia/" "Mozilla/5.0 (iPhone; CPU iPhone OS 26_4_2 like Mac OS X) AppleWebKit/605.1.15 (KHTML, like Gecko) CriOS/148.0.7778.166 Mobile/15E148 Safari/604.1"
151.41.232.146 - - [03/Jun/2026:16:47:56 +0200] "GET /wp-content/plugins/complianz-gdpr-premium/cookiebanner/js/complianz.min.js?ver=1780326507 HTTP/2.0" 200 10708 "https://reggio-emilia.elettroservicegroup.it/assistenza-bosch-reggio-emilia/" "Mozilla/5.0 (iPhone; CPU iPhone OS 26_4_2 like Mac OS X) AppleWebKit/605.1.15 (KHTML, like Gecko) CriOS/148.0.7778.166 Mobile/15E148 Safari/604.1"
151.41.232.146 - - [03/Jun/2026:16:47:56 +0200] "GET /wp-includes/js/jquery/jquery.min.js?ver=3.7.1 HTTP/2.0" 200 29769 "https://reggio-emilia.elettroservicegroup.it/assistenza-bosch-reggio-emilia/" "Mozilla/5.0 (iPhone; CPU iPhone OS 26_4_2 like Mac OS X) AppleWebKit/605.1.15 (KHTML, like Gecko) CriOS/148.0.7778.166 Mobile/15E148 Safari/604.1"
151.41.232.146 - - [03/Jun/2026:16:47:56 +0200] "GET /wp-content/uploads/2021/10/cropped-logo_white_background.png HTTP/2.0" 200 15855 "https://reggio-emilia.elettroservicegroup.it/assistenza-bosch-reggio-emilia/" "Mozilla/5.0 (iPhone; CPU iPhone OS 26_4_2 like Mac OS X) AppleWebKit/605.1.15 (KHTML, like Gecko) CriOS/148.0.7778.166 Mobile/15E148 Safari/604.1"
151.41.232.146 - - [03/Jun/2026:16:47:57 +0200] "GET /wp-content/uploads/elementor/google-fonts/fonts/roboto-kfo7cnqeu92fr1me7ksn66agldtyluama3yuba.woff2 HTTP/2.0" 200 40132 "https://reggio-emilia.elettroservicegroup.it/assistenza-bosch-reggio-emilia/" "Mozilla/5.0 (iPhone; CPU iPhone OS 26_4_2 like Mac OS X) AppleWebKit/605.1.15 (KHTML, like Gecko) CriOS/148.0.7778.166 Mobile/15E148 Safari/604.1"
151.41.232.146 - - [03/Jun/2026:16:47:57 +0200] "GET /wp-content/uploads/2022/01/elett5-2.jpg HTTP/2.0" 200 10185 "https://reggio-emilia.elettroservicegroup.it/assistenza-bosch-reggio-emilia/" "Mozilla/5.0 (iPhone; CPU iPhone OS 26_4_2 like Mac OS X) AppleWebKit/605.1.15 (KHTML, like Gecko) CriOS/148.0.7778.166 Mobile/15E148 Safari/604.1"
151.41.232.146 - - [03/Jun/2026:16:47:57 +0200] "GET /wp-content/plugins/elementor/assets/js/section-frontend-handlers.d85ab872da118940910d.bundle.min.js HTTP/2.0" 200 230 "https://reggio-emilia.elettroservicegroup.it/assistenza-bosch-reggio-emilia/" "Mozilla/5.0 (iPhone; CPU iPhone OS 26_4_2 like Mac OS X) AppleWebKit/605.1.15 (KHTML, like Gecko) CriOS/148.0.7778.166 Mobile/15E148 Safari/604.1"
151.41.232.146 - - [03/Jun/2026:16:47:57 +0200] "GET /wp-content/plugins/elementor/assets/js/text-editor.45609661e409413f1cef.bundle.min.js HTTP/2.0" 200 592 "https://reggio-emilia.elettroservicegroup.it/assistenza-bosch-reggio-emilia/" "Mozilla/5.0 (iPhone; CPU iPhone OS 26_4_2 like Mac OS X) AppleWebKit/605.1.15 (KHTML, like Gecko) CriOS/148.0.7778.166 Mobile/15E148 Safari/604.1"
151.41.232.146 - - [03/Jun/2026:16:47:57 +0200] "GET /wp-content/plugins/elementor/assets/js/shared-frontend-handlers.03caa53373b56d3bab67.bundle.min.js HTTP/2.0" 200 2515 "https://reggio-emilia.elettroservicegroup.it/assistenza-bosch-reggio-emilia/" "Mozilla/5.0 (iPhone; CPU iPhone OS 26_4_2 like Mac OS X) AppleWebKit/605.1.15 (KHTML, like Gecko) CriOS/148.0.7778.166 Mobile/15E148 Safari/604.1"
151.41.232.146 - - [03/Jun/2026:16:47:57 +0200] "GET /wp-content/uploads/2021/12/copertina-Riparazione_Lavastoviglie-1-5.jpg HTTP/2.0" 200 35425 "https://reggio-emilia.elettroservicegroup.it/assistenza-bosch-reggio-emilia/" "Mozilla/5.0 (iPhone; CPU iPhone OS 26_4_2 like Mac OS X) AppleWebKit/605.1.15 (KHTML, like Gecko) CriOS/148.0.7778.166 Mobile/15E148 Safari/604.1"
65.108.235.243 - - [03/Jun/2026:16:47:56 +0200] "GET /assistenza-lavastoviglie-aeg-rubiera/ HTTP/1.1" 200 24727 "-" "WP Fastest Cache Preload Bot"
151.41.232.146 - - [03/Jun/2026:16:47:57 +0200] "GET /wp-json/complianz/v1/banner?lang=it&locale=it_IT&token=urehc HTTP/2.0" 200 84 "https://reggio-emilia.elettroservicegroup.it/assistenza-bosch-reggio-emilia/" "Mozilla/5.0 (iPhone; CPU iPhone OS 26_4_2 like Mac OS X) AppleWebKit/605.1.15 (KHTML, like Gecko) CriOS/148.0.7778.166 Mobile/15E148 Safari/604.1"
151.41.232.146 - - [03/Jun/2026:16:47:57 +0200] "GET /wp-content/uploads/complianz/css/banner-1-optin.css?v=511 HTTP/2.0" 200 2622 "https://reggio-emilia.elettroservicegroup.it/assistenza-bosch-reggio-emilia/" "Mozilla/5.0 (iPhone; CPU iPhone OS 26_4_2 like Mac OS X) AppleWebKit/605.1.15 (KHTML, like Gecko) CriOS/148.0.7778.166 Mobile/15E148 Safari/604.1"
151.41.232.146 - - [03/Jun/2026:16:47:57 +0200] "GET /wp-json/complianz/v1/cookie_data HTTP/2.0" 200 82 "https://reggio-emilia.elettroservicegroup.it/assistenza-bosch-reggio-emilia/" "Mozilla/5.0 (iPhone; CPU iPhone OS 26_4_2 like Mac OS X) AppleWebKit/605.1.15 (KHTML, like Gecko) CriOS/148.0.7778.166 Mobile/15E148 Safari/604.1"
65.108.235.243 - - [03/Jun/2026:16:47:57 +0200] "GET /assistenza-lavastoviglie-aeg-scandiano/ HTTP/1.1" 200 24728 "-" "WP Fastest Cache Preload Bot"
65.108.235.243 - - [03/Jun/2026:16:47:57 +0200] "GET /assistenza-lavastoviglie-aeg-santilario-denza/ HTTP/1.1" 200 24811 "-" "WP Fastest Cache Preload Bot"
65.108.235.243 - - [03/Jun/2026:16:47:58 +0200] "GET /assistenza-lavastoviglie-aeg-guastalla/ HTTP/1.1" 200 24864 "-" "WP Fastest Cache Preload Bot"
151.41.232.146 - - [03/Jun/2026:16:48:01 +0200] "POST /wp-json/complianz/v1/track HTTP/2.0" 200 20 "https://reggio-emilia.elettroservicegroup.it/assistenza-bosch-reggio-emilia/" "Mozilla/5.0 (iPhone; CPU iPhone OS 26_4_2 like Mac OS X) AppleWebKit/605.1.15 (KHTML, like Gecko) CriOS/148.0.7778.166 Mobile/15E148 Safari/604.1"
151.41.232.146 - - [03/Jun/2026:16:48:09 +0200] "GET /wp-content/uploads/2022/01/elettro3.jpg HTTP/2.0" 200 7012 "https://reggio-emilia.elettroservicegroup.it/assistenza-bosch-reggio-emilia/" "Mozilla/5.0 (iPhone; CPU iPhone OS 26_4_2 like Mac OS X) AppleWebKit/605.1.15 (KHTML, like Gecko) CriOS/148.0.7778.166 Mobile/15E148 Safari/604.1"
66.56.86.182 - - [03/Jun/2026:16:56:41 +0200] "POST /xmlrpc.php HTTP/1.1" 403 52 "-" "Mozilla/5.0 (Windows NT 10.0; Win64; x64) AppleWebKit/537.36 (KHTML, like Gecko) Chrome/64.0.3282.140 Safari/537.36 Edge/18.17763"
66.56.86.182 - - [03/Jun/2026:16:56:42 +0200] "POST /xmlrpc.php HTTP/1.1" 403 52 "-" "Mozilla/5.0 (Windows NT 10.0; Win64; x64) AppleWebKit/537.36 (KHTML, like Gecko) Chrome/64.0.3282.140 Safari/537.36 Edge/18.17763"
66.56.86.182 - - [03/Jun/2026:16:56:42 +0200] "POST /xmlrpc.php HTTP/1.1" 403 52 "-" "Mozilla/5.0 (Windows NT 10.0; Win64; x64) AppleWebKit/537.36 (KHTML, like Gecko) Chrome/64.0.3282.140 Safari/537.36 Edge/18.17763"
66.56.86.182 - - [03/Jun/2026:16:56:42 +0200] "POST /xmlrpc.php HTTP/1.1" 403 52 "-" "Mozilla/5.0 (Windows NT 10.0; Win64; x64) AppleWebKit/537.36 (KHTML, like Gecko) Chrome/64.0.3282.140 Safari/537.36 Edge/18.17763"
65.108.235.243 - - [03/Jun/2026:17:01:07 +0200] "POST /wp-cron.php?doing_wp_cron=1780498867.1290590763092041015625 HTTP/1.1" 200 1 "-" "WordPress/7.0; https://reggio-emilia.elettroservicegroup.it"
114.119.132.207 - - [03/Jun/2026:17:01:05 +0200] "GET /webp-net-resizeimage-2-jpg HTTP/1.1" 404 17905 "https://reggio-emilia.elettroservicegroup.it/webp-net-resizeimage-2-jpg" "Mozilla/5.0 (Linux; Android 7.0;) AppleWebKit/537.36 (HTML, like Gecko) Mobile Safari/537.36 (compatible; PetalBot;+https://webmaster.petalsearch.com/site/petalbot)"
65.108.235.243 - - [03/Jun/2026:17:01:07 +0200] "GET /assistenza-lavastoviglie-aeg-correggio/ HTTP/1.1" 200 24864 "-" "WP Fastest Cache Preload Bot"
65.108.235.243 - - [03/Jun/2026:17:01:07 +0200] "GET /assistenza-lavastoviglie-aeg-reggio-emilia/ HTTP/1.1" 200 24724 "-" "WP Fastest Cache Preload Bot"
65.108.235.243 - - [03/Jun/2026:17:01:08 +0200] "GET /assistenza-indesit-rubiera/ HTTP/1.1" 200 24753 "-" "WP Fastest Cache Preload Bot"
65.108.235.243 - - [03/Jun/2026:17:01:08 +0200] "GET /assistenza-lavastoviglie-rubiera/ HTTP/1.1" 200 25411 "-" "WP Fastest Cache Preload Bot"
65.108.235.243 - - [03/Jun/2026:17:02:30 +0200] "POST /wp-cron.php?doing_wp_cron=1780498950.8907480239868164062500 HTTP/1.1" 200 1 "-" "WordPress/7.0; https://reggio-emilia.elettroservicegroup.it"
114.119.141.228 - - [03/Jun/2026:17:02:29 +0200] "GET /assistenza-lavastoviglie-smeg-scandiano HTTP/1.1" 301 1 "https://reggio-emilia.elettroservicegroup.it/assistenza-lavastoviglie-smeg-scandiano" "Mozilla/5.0 (Linux; Android 7.0;) AppleWebKit/537.36 (HTML, like Gecko) Mobile Safari/537.36 (compatible; PetalBot;+https://webmaster.petalsearch.com/site/petalbot)"
114.119.141.228 - - [03/Jun/2026:17:02:31 +0200] "GET /assistenza-lavastoviglie-smeg-scandiano/ HTTP/1.1" 200 24887 "https://reggio-emilia.elettroservicegroup.it/assistenza-lavastoviglie-smeg-scandiano" "Mozilla/5.0 (Linux; Android 7.0;) AppleWebKit/537.36 (HTML, like Gecko) Mobile Safari/537.36 (compatible; PetalBot;+https://webmaster.petalsearch.com/site/petalbot)"
65.108.235.243 - - [03/Jun/2026:17:07:06 +0200] "POST /wp-cron.php?doing_wp_cron=1780499226.5501439571380615234375 HTTP/1.1" 200 1 "-" "WordPress/7.0; https://reggio-emilia.elettroservicegroup.it"
66.249.70.201 - - [03/Jun/2026:17:07:04 +0200] "GET /wie-attraktiv-ist-die-bonusstruktur-fur-vielspieler-bei-spinsy-casino/ HTTP/1.1" 404 17948 "-" "Mozilla/5.0 (Linux; Android 6.0.1; Nexus 5X Build/MMB29P) AppleWebKit/537.36 (KHTML, like Gecko) Chrome/148.0.7778.96 Mobile Safari/537.36 (compatible; GoogleOther)"
65.108.235.243 - - [03/Jun/2026:17:07:10 +0200] "GET /assistenza-indesit-scandiano/ HTTP/1.1" 200 24747 "-" "WP Fastest Cache Preload Bot"
65.108.235.243 - - [03/Jun/2026:17:07:11 +0200] "GET /assistenza-lavastoviglie-scandiano/ HTTP/1.1" 200 25265 "-" "WP Fastest Cache Preload Bot"
65.108.235.243 - - [03/Jun/2026:17:07:11 +0200] "GET /assistenza-lavastoviglie-santilario-denza/ HTTP/1.1" 200 25341 "-" "WP Fastest Cache Preload Bot"
65.108.235.243 - - [03/Jun/2026:17:07:12 +0200] "GET /assistenza-indesit-santilario-denza/ HTTP/1.1" 200 24823 "-" "WP Fastest Cache Preload Bot"
52.167.144.159 - - [03/Jun/2026:17:21:10 +0200] "GET /assistenza-miele-reggio-emilia/ HTTP/2.0" 200 24715 "-" "Mozilla/5.0 AppleWebKit/537.36 (KHTML, like Gecko; compatible; bingbot/2.0; +http://www.bing.com/bingbot.htm) Chrome/116.0.1938.76 Safari/537.36"
65.108.235.243 - - [03/Jun/2026:17:27:20 +0200] "GET /assistenza-lavastoviglie-guastalla/ HTTP/1.1" 200 25263 "-" "WP Fastest Cache Preload Bot"
65.108.235.243 - - [03/Jun/2026:17:27:21 +0200] "GET /assistenza-lavastoviglie-correggio/ HTTP/1.1" 200 25263 "-" "WP Fastest Cache Preload Bot"
65.108.235.243 - - [03/Jun/2026:17:27:21 +0200] "GET /assistenza-indesit-guastalla/ HTTP/1.1" 200 24749 "-" "WP Fastest Cache Preload Bot"
65.108.235.243 - - [03/Jun/2026:17:27:21 +0200] "GET /assistenza-lavastoviglie-reggio-emilia/ HTTP/1.1" 200 25211 "-" "WP Fastest Cache Preload Bot"
187.10.36.70 - - [03/Jun/2026:17:38:07 +0200] "POST /xmlrpc.php HTTP/1.1" 403 52 "-" "Mozilla/5.0 (Windows NT 10.0; Win64; x64) AppleWebKit/537.36 (KHTML, like Gecko) Chrome/124.0 Safari/537.36"
65.108.235.243 - - [03/Jun/2026:17:38:15 +0200] "POST /wp-cron.php?doing_wp_cron=1780501095.5511660575866699218750 HTTP/1.1" 200 1 "-" "WordPress/7.0; https://reggio-emilia.elettroservicegroup.it"
188.48.70.189 - - [03/Jun/2026:17:38:10 +0200] "POST /wp-login.php HTTP/1.1" 200 16678 "-" "Mozilla/5.0 (Windows NT 10.0; Win64; x64) AppleWebKit/537.36 (KHTML, like Gecko) Chrome/124.0 Safari/537.36"
151.41.232.146 - - [03/Jun/2026:17:38:16 +0200] "GET /wp-json/complianz/v1/banner?lang=it&locale=it_IT&token=zyvwq HTTP/2.0" 200 84 "https://reggio-emilia.elettroservicegroup.it/assistenza-bosch-reggio-emilia/" "Mozilla/5.0 (iPhone; CPU iPhone OS 26_4_2 like Mac OS X) AppleWebKit/605.1.15 (KHTML, like Gecko) CriOS/148.0.7778.166 Mobile/15E148 Safari/604.1"
65.108.235.243 - - [03/Jun/2026:17:38:16 +0200] "GET /assistenza-indesit-correggio/ HTTP/1.1" 200 24748 "-" "WP Fastest Cache Preload Bot"
151.41.232.146 - - [03/Jun/2026:17:38:16 +0200] "GET /wp-json/complianz/v1/cookie_data HTTP/2.0" 200 82 "https://reggio-emilia.elettroservicegroup.it/assistenza-bosch-reggio-emilia/" "Mozilla/5.0 (iPhone; CPU iPhone OS 26_4_2 like Mac OS X) AppleWebKit/605.1.15 (KHTML, like Gecko) CriOS/148.0.7778.166 Mobile/15E148 Safari/604.1"
65.108.235.243 - - [03/Jun/2026:17:38:16 +0200] "GET /assistenza-indesit-reggio-emilia/ HTTP/1.1" 200 24739 "-" "WP Fastest Cache Preload Bot"
65.108.235.243 - - [03/Jun/2026:17:38:17 +0200] "GET /assistenza-candy-rubiera/ HTTP/1.1" 200 24768 "-" "WP Fastest Cache Preload Bot"
65.108.235.243 - - [03/Jun/2026:17:38:17 +0200] "GET /assistenza-candy-scandiano/ HTTP/1.1" 200 24771 "-" "WP Fastest Cache Preload Bot"
193.207.180.252 - - [03/Jun/2026:17:39:43 +0200] "GET /wp-content/uploads/2021/12/copertina-Riparazione_Lavastoviglie-1-5.jpg HTTP/2.0" 200 35425 "https://myactivity.google.com/" "Mozilla/5.0 (Linux; Android 11; LM-Q630 Build/RKQ1.210420.001; wv) AppleWebKit/537.36 (KHTML, like Gecko) Version/4.0 Chrome/148.0.7778.178 Mobile Safari/537.36 OcIdWebView ({\"os\":\"Android\",\"osVersion\":\"30\",\"app\":\"com.google.android.gms\",\"appVersion\":\"261833000\",\"style\":3,\"callingAppId\":\"com.google.android.googlequicksearchbox\",\"isDarkTheme\":false})"
69.91.142.149 - - [03/Jun/2026:17:48:35 +0200] "GET /betwarts-bonusaktionen-im-uberblick-wie-sie-profitieren/ HTTP/1.1" 404 87939 "-" "Python/3.13 aiohttp/3.13.3"
69.91.142.149 - - [03/Jun/2026:17:48:35 +0200] "GET /wie-fair-ist-revolution-casino-wirklich-im-vergleich/ HTTP/1.1" 404 87918 "-" "Python/3.13 aiohttp/3.13.3"
65.108.235.243 - - [03/Jun/2026:17:48:37 +0200] "POST /wp-cron.php?doing_wp_cron=1780501717.4684729576110839843750 HTTP/1.1" 200 1 "-" "WordPress/7.0; https://reggio-emilia.elettroservicegroup.it"
69.91.142.149 - - [03/Jun/2026:17:48:36 +0200] "GET /die-wichtigsten-fakten-zur-fairness-bei-trino-casino/ HTTP/1.1" 404 87918 "-" "Python/3.13 aiohttp/3.13.3"
69.91.142.149 - - [03/Jun/2026:17:48:36 +0200] "GET /die-besten-simsino-freispiele-und-wie-man-sie-bekommt/ HTTP/1.1" 404 87925 "-" "Python/3.13 aiohttp/3.13.3"
69.91.142.149 - - [03/Jun/2026:17:48:37 +0200] "GET /wie-oft-gibt-es-neue-angebote-bei-vegashero-casino/ HTTP/1.1" 404 87904 "-" "Python/3.13 aiohttp/3.13.3"
69.91.142.149 - - [03/Jun/2026:17:48:38 +0200] "GET /goldenlion-app-oder-mobilbrowser-erfahrung-2026-ein-umfassender-uberblick/ HTTP/1.1" 404 88065 "-" "Python/3.13 aiohttp/3.13.3"
69.91.142.149 - - [03/Jun/2026:17:48:38 +0200] "GET /warum-ist-die-reputation-von-winner-casino-so-stabil/ HTTP/1.1" 404 87918 "-" "Python/3.13 aiohttp/3.13.3"
65.108.235.243 - - [03/Jun/2026:17:48:38 +0200] "GET /assistenza-candy-santilario-denza/ HTTP/1.1" 200 24829 "-" "WP Fastest Cache Preload Bot"
69.91.142.149 - - [03/Jun/2026:17:48:38 +0200] "GET /oceanbreeze-account-einrichten-so-vermeiden-sie-typische-fehler/ HTTP/1.1" 404 87995 "-" "Python/3.13 aiohttp/3.13.3"
65.108.235.243 - - [03/Jun/2026:17:48:38 +0200] "GET /assistenza-candy-guastalla/ HTTP/1.1" 200 24769 "-" "WP Fastest Cache Preload Bot"
65.108.235.243 - - [03/Jun/2026:17:48:39 +0200] "GET /assistenza-candy-correggio/ HTTP/1.1" 200 24762 "-" "WP Fastest Cache Preload Bot"
69.91.142.149 - - [03/Jun/2026:17:48:39 +0200] "GET /spielerbewertungen-und-meinungen-zu-mr-punter-casino-im-detail-analysiert/ HTTP/1.1" 404 88065 "-" "Python/3.13 aiohttp/3.13.3"
65.108.235.243 - - [03/Jun/2026:17:48:39 +0200] "GET /assistenza-candy-reggio-emilia/ HTTP/1.1" 200 24761 "-" "WP Fastest Cache Preload Bot"
69.91.142.149 - - [03/Jun/2026:17:48:40 +0200] "GET /entdecke-das-spieleruniversum-von-royal-coala-casino-mit-allen-facetten/ HTTP/1.1" 404 88051 "-" "Python/3.13 aiohttp/3.13.3"
69.91.142.149 - - [03/Jun/2026:17:48:40 +0200] "GET /lizaro-casino-erfahrungsberichte-von-deutschen-nutzern/ HTTP/1.1" 404 87932 "-" "Python/3.13 aiohttp/3.13.3"
69.91.142.149 - - [03/Jun/2026:17:48:41 +0200] "GET /spielerschutz-bei-wazbee-im-detail-erklart/ HTTP/1.1" 404 87848 "-" "Python/3.13 aiohttp/3.13.3"
69.91.142.149 - - [03/Jun/2026:17:48:41 +0200] "GET /warum-ist-lucky-elf-casino-ein-serioser-anbieter-fur-echtes-gaming/ HTTP/1.1" 404 88016 "-" "Python/3.13 aiohttp/3.13.3"
69.91.142.149 - - [03/Jun/2026:17:48:42 +0200] "GET /wie-funktioniert-die-einzahlung-mit-kreditkarte-bei-roman/ HTTP/1.1" 404 87953 "-" "Python/3.13 aiohttp/3.13.3"
69.91.142.149 - - [03/Jun/2026:17:48:42 +0200] "GET /dozen-spins-casino-fair-play-und-transparenz-im-uberblick/ HTTP/1.1" 404 87953 "-" "Python/3.13 aiohttp/3.13.3"
69.91.142.149 - - [03/Jun/2026:17:48:43 +0200] "GET /cosmo-auszahlungsdauer-im-aktuellen-check-wie-schnell-sind-auszahlungen-wirklich/ HTTP/1.1" 404 88114 "-" "Python/3.13 aiohttp/3.13.3"
69.91.142.149 - - [03/Jun/2026:17:48:43 +0200] "GET /wie-man-die-bankroll-im-mrpacho-casino-clever-verwaltet/ HTTP/1.1" 404 87939 "-" "Python/3.13 aiohttp/3.13.3"
69.91.142.149 - - [03/Jun/2026:17:48:44 +0200] "GET /warum-vulkanbet-ein-innovatives-casino-mit-groser-auswahl-ist/ HTTP/1.1" 404 87981 "-" "Python/3.13 aiohttp/3.13.3"
69.91.142.149 - - [03/Jun/2026:17:48:44 +0200] "GET /oshi-promotionen-im-detail-warum-sich-das-mitmachen-lohnt/ HTTP/1.1" 404 87953 "-" "Python/3.13 aiohttp/3.13.3"
69.91.142.149 - - [03/Jun/2026:17:48:45 +0200] "GET /welche-aktionen-bieten-neukunden-bei-olympe-den-besten-start/ HTTP/1.1" 404 87974 "-" "Python/3.13 aiohttp/3.13.3"
69.91.142.149 - - [03/Jun/2026:17:48:45 +0200] "GET /rockstar-casino-bewertungen-von-spielern-und-experten-im-vergleich/ HTTP/1.1" 404 88016 "-" "Python/3.13 aiohttp/3.13.3"
69.91.142.149 - - [03/Jun/2026:17:48:45 +0200] "GET /welche-limits-gelten-bei-luckyowl-fur-einzahlungen-und-verluste/ HTTP/1.1" 404 87995 "-" "Python/3.13 aiohttp/3.13.3"
69.91.142.149 - - [03/Jun/2026:17:48:46 +0200] "GET /wie-bewertet-die-community-die-nutzung-der-spellwin-app/ HTTP/1.1" 404 87939 "-" "Python/3.13 aiohttp/3.13.3"
69.91.142.149 - - [03/Jun/2026:17:48:46 +0200] "GET /oceanspin-einzahlungsmethoden-im-detail-analysiert/ HTTP/1.1" 404 87904 "-" "Python/3.13 aiohttp/3.13.3"
69.91.142.149 - - [03/Jun/2026:17:48:46 +0200] "GET /kingmaker-gewinnchancen-im-bonusspiel-richtig-nutzen/ HTTP/1.1" 404 87918 "-" "Python/3.13 aiohttp/3.13.3"
69.91.142.149 - - [03/Jun/2026:17:48:47 +0200] "GET /goldenlion-bonuscodes-2026-wie-findet-man-die-besten-deals/ HTTP/1.1" 404 87960 "-" "Python/3.13 aiohttp/3.13.3"
69.91.142.149 - - [03/Jun/2026:17:48:47 +0200] "GET /morospin-bonus-ohne-einzahlung-gibt-es-solche-aktionen-wirklich/ HTTP/1.1" 404 87995 "-" "Python/3.13 aiohttp/3.13.3"
69.91.142.149 - - [03/Jun/2026:17:48:47 +0200] "GET /fontan-casino-mobile-erfahrungen-2024-ein-ausfuhrlicher-blick-auf-die-mobile-plattform/ HTTP/1.1" 404 88156 "-" "Python/3.13 aiohttp/3.13.3"
69.91.142.149 - - [03/Jun/2026:17:48:48 +0200] "GET /ocean-breeze-casino-offnet-turen-zum-meer-der-moglichkeiten/ HTTP/1.1" 404 87967 "-" "Python/3.13 aiohttp/3.13.3"
69.91.142.149 - - [03/Jun/2026:17:48:49 +0200] "GET /spassino-casino-mobile-app-ubersicht-funktionen-und-vorteile/ HTTP/1.1" 404 87974 "-" "Python/3.13 aiohttp/3.13.3"
69.91.142.149 - - [03/Jun/2026:17:48:49 +0200] "GET /wie-sicher-sind-einzahlungen-im-wonderluck-casino-wirklich/ HTTP/1.1" 404 87960 "-" "Python/3.13 aiohttp/3.13.3"
69.91.142.149 - - [03/Jun/2026:17:48:49 +0200] "GET /unibet-zahlungsmethoden-sichere-und-komfortable-auswahl-fur-spieler/ HTTP/1.1" 404 88023 "-" "Python/3.13 aiohttp/3.13.3"
69.91.142.149 - - [03/Jun/2026:17:48:50 +0200] "GET /greenluck-pramienprogramm-verstehen-und-von-extras-profitieren/ HTTP/1.1" 404 87988 "-" "Python/3.13 aiohttp/3.13.3"
69.91.142.149 - - [03/Jun/2026:17:48:50 +0200] "GET /welche-voraussetzungen-gelten-fur-arena-treuepunkte-sammeln/ HTTP/1.1" 404 87967 "-" "Python/3.13 aiohttp/3.13.3"
69.91.142.149 - - [03/Jun/2026:17:48:51 +0200] "GET /gibt-es-bei-wantedwin-ein-spezielles-vip-programm-2026/ HTTP/1.1" 404 87932 "-" "Python/3.13 aiohttp/3.13.3"
69.91.142.149 - - [03/Jun/2026:17:48:52 +0200] "GET /wie-gut-ist-der-kundensupport-im-gratorama-casino-erreichbar/ HTTP/1.1" 404 87974 "-" "Python/3.13 aiohttp/3.13.3"
69.91.142.149 - - [03/Jun/2026:17:48:52 +0200] "GET /play2win-casino-aus-sicht-eines-branchenkenners/ HTTP/1.1" 404 87883 "-" "Python/3.13 aiohttp/3.13.3"
69.91.142.149 - - [03/Jun/2026:17:48:52 +0200] "GET /welche-vorteile-hat-das-megaslot-vip-programm-fur-vielspieler/ HTTP/1.1" 404 87981 "-" "Python/3.13 aiohttp/3.13.3"
69.91.142.149 - - [03/Jun/2026:17:48:53 +0200] "GET /spielerlebnisse-bei-spassino-casino-zwischen-nervenkitzel-und-sicherheit/ HTTP/1.1" 404 88058 "-" "Python/3.13 aiohttp/3.13.3"
69.91.142.149 - - [03/Jun/2026:17:48:54 +0200] "GET /wie-gut-ist-die-performance-der-mozzart-app-auf-ios-endgeraten/ HTTP/1.1" 404 87988 "-" "Python/3.13 aiohttp/3.13.3"
69.91.142.149 - - [03/Jun/2026:17:48:54 +0200] "GET /welche-zahlungsmethoden-unterstutzt-liraspin-fur-schnelle-transaktionen/ HTTP/1.1" 404 88051 "-" "Python/3.13 aiohttp/3.13.3"
69.91.142.149 - - [03/Jun/2026:17:48:54 +0200] "GET /wie-lange-dauert-die-kontoaktivierung-bei-froggybet-casino/ HTTP/1.1" 404 87960 "-" "Python/3.13 aiohttp/3.13.3"
69.91.142.149 - - [03/Jun/2026:17:48:55 +0200] "GET /winbet-erfahrungen-echtes-feedback-von-spielern-2026/ HTTP/1.1" 404 87918 "-" "Python/3.13 aiohttp/3.13.3"
69.91.142.149 - - [03/Jun/2026:17:48:55 +0200] "GET /wie-lohnenswert-sind-die-treueprogramme-von-winzter-casino/ HTTP/1.1" 404 87960 "-" "Python/3.13 aiohttp/3.13.3"
69.91.142.149 - - [03/Jun/2026:17:48:56 +0200] "GET /welche-zahlungsarten-akzeptiert-allstar-casino-in-deutschland/ HTTP/1.1" 404 87981 "-" "Python/3.13 aiohttp/3.13.3"
69.91.142.149 - - [03/Jun/2026:17:48:56 +0200] "GET /wie-verhindere-ich-probleme-bei-der-spinsofglory-registrierung/ HTTP/1.1" 404 87988 "-" "Python/3.13 aiohttp/3.13.3"
69.91.142.149 - - [03/Jun/2026:17:48:57 +0200] "GET /der-spielerpfad-im-jettbet-casino-von-anmeldung-bis-gewinn/ HTTP/1.1" 404 87960 "-" "Python/3.13 aiohttp/3.13.3"
69.91.142.149 - - [03/Jun/2026:17:48:58 +0200] "GET /spinbetter-casino-anmeldung-und-verifizierung-was-ist-zu-beachten/ HTTP/1.1" 404 88009 "-" "Python/3.13 aiohttp/3.13.3"
69.91.142.149 - - [03/Jun/2026:17:48:58 +0200] "GET /welche-gerate-sind-fur-spingranny-mobile-anmeldung-geeignet/ HTTP/1.1" 404 87967 "-" "Python/3.13 aiohttp/3.13.3"
69.91.142.149 - - [03/Jun/2026:17:48:59 +0200] "GET /wie-attraktiv-ist-die-bonusstruktur-fur-vielspieler-bei-spinsy-casino/ HTTP/1.1" 404 88037 "-" "Python/3.13 aiohttp/3.13.3"
69.91.142.149 - - [03/Jun/2026:17:49:00 +0200] "GET /warum-ist-der-nv-casino-bonus-auch-fur-anfanger-interessant/ HTTP/1.1" 404 87967 "-" "Python/3.13 aiohttp/3.13.3"
69.91.142.149 - - [03/Jun/2026:17:49:00 +0200] "GET /wie-schnell-geht-die-kontoeroffnung-bei-dazard-ohne-stress/ HTTP/1.1" 404 87960 "-" "Python/3.13 aiohttp/3.13.3"
69.91.142.149 - - [03/Jun/2026:17:49:01 +0200] "GET /rollino-freispiele-nur-heute-was-steckt-dahinter/ HTTP/1.1" 404 87890 "-" "Python/3.13 aiohttp/3.13.3"
69.91.142.149 - - [03/Jun/2026:17:49:01 +0200] "GET /vegashero-anmeldeprozess-einfach-oder-kompliziert-was-sagen-nutzer/ HTTP/1.1" 404 88016 "-" "Python/3.13 aiohttp/3.13.3"
69.91.142.149 - - [03/Jun/2026:17:49:02 +0200] "GET /wie-funktioniert-die-passwortwiederherstellung-im-prive-casino/ HTTP/1.1" 404 87988 "-" "Python/3.13 aiohttp/3.13.3"
69.91.142.149 - - [03/Jun/2026:17:49:02 +0200] "GET /wie-schnell-wird-bei-play2win-das-konto-freigeschaltet/ HTTP/1.1" 404 87932 "-" "Python/3.13 aiohttp/3.13.3"
69.91.142.149 - - [03/Jun/2026:17:49:03 +0200] "GET /millioner-casino-spielerkonto-verwalten-leicht-gemacht/ HTTP/1.1" 404 87932 "-" "Python/3.13 aiohttp/3.13.3"
69.91.142.149 - - [03/Jun/2026:17:49:03 +0200] "GET /wie-funktioniert-die-kontoeroffnung-bei-roman-casino-optimal/ HTTP/1.1" 404 87974 "-" "Python/3.13 aiohttp/3.13.3"
69.91.142.149 - - [03/Jun/2026:17:49:03 +0200] "GET /wozu-dient-die-identitatsprufung-bei-monacojack-und-wie-lauft-sie-ab/ HTTP/1.1" 404 88030 "-" "Python/3.13 aiohttp/3.13.3"
69.91.142.149 - - [03/Jun/2026:17:49:04 +0200] "GET /joy-casino-unter-der-lupe-fairness-und-bonuspolitik-im-check/ HTTP/1.1" 404 87974 "-" "Python/3.13 aiohttp/3.13.3"
65.108.235.243 - - [03/Jun/2026:17:50:32 +0200] "POST /wp-cron.php?doing_wp_cron=1780501832.9754159450531005859375 HTTP/1.1" 200 1 "-" "WordPress/7.0; https://reggio-emilia.elettroservicegroup.it"
52.167.144.204 - - [03/Jun/2026:17:50:31 +0200] "GET /sitemap.xml HTTP/2.0" 200 336 "-" "Mozilla/5.0 AppleWebKit/537.36 (KHTML, like Gecko; compatible; bingbot/2.0; +http://www.bing.com/bingbot.htm) Chrome/116.0.1938.76 Safari/537.36"
65.108.235.243 - - [03/Jun/2026:17:51:27 +0200] "POST /wp-cron.php?doing_wp_cron=1780501887.0262839794158935546875 HTTP/1.1" 200 1 "-" "WordPress/7.0; https://reggio-emilia.elettroservicegroup.it"
78.211.78.219 - - [03/Jun/2026:17:51:25 +0200] "GET /assistenza-asciugatrici-reggio-emilia/?gad_source=1&gad_campaignid=23800353523&gclid=Cj0KCQjwof_QBhCgARIsADaMzOeT5PV9bptVpu9IEdkfV-MFjFuqskr1Y5P1xMX0RQlepeX807iRf0EaAjeGEALw_wcB HTTP/2.0" 200 23154 "https://www.google.com/" "Mozilla/5.0 (Linux; Android 10; K) AppleWebKit/537.36 (KHTML, like Gecko) Chrome/143.0.0.0 Mobile Safari/537.36"
78.211.78.219 - - [03/Jun/2026:17:51:27 +0200] "GET /wp-content/plugins/header-footer-elementor/inc/widgets-css/frontend.css?ver=2.8.8 HTTP/2.0" 200 8711 "https://reggio-emilia.elettroservicegroup.it/assistenza-asciugatrici-reggio-emilia/?gad_source=1&gad_campaignid=23800353523&gclid=Cj0KCQjwof_QBhCgARIsADaMzOeT5PV9bptVpu9IEdkfV-MFjFuqskr1Y5P1xMX0RQlepeX807iRf0EaAjeGEALw_wcB" "Mozilla/5.0 (Linux; Android 10; K) AppleWebKit/537.36 (KHTML, like Gecko) Chrome/143.0.0.0 Mobile Safari/537.36"
78.211.78.219 - - [03/Jun/2026:17:51:27 +0200] "GET /wp-content/plugins/elementor/assets/css/widget-image.min.css?ver=4.1.1 HTTP/2.0" 200 96 "https://reggio-emilia.elettroservicegroup.it/assistenza-asciugatrici-reggio-emilia/?gad_source=1&gad_campaignid=23800353523&gclid=Cj0KCQjwof_QBhCgARIsADaMzOeT5PV9bptVpu9IEdkfV-MFjFuqskr1Y5P1xMX0RQlepeX807iRf0EaAjeGEALw_wcB" "Mozilla/5.0 (Linux; Android 10; K) AppleWebKit/537.36 (KHTML, like Gecko) Chrome/143.0.0.0 Mobile Safari/537.36"
78.211.78.219 - - [03/Jun/2026:17:51:27 +0200] "GET /wp-content/plugins/all-in-one-seo-pack/dist/Lite/assets/css/table-of-contents/global.e90f6d47.css?ver=4.9.7.2 HTTP/2.0" 200 420 "https://reggio-emilia.elettroservicegroup.it/assistenza-asciugatrici-reggio-emilia/?gad_source=1&gad_campaignid=23800353523&gclid=Cj0KCQjwof_QBhCgARIsADaMzOeT5PV9bptVpu9IEdkfV-MFjFuqskr1Y5P1xMX0RQlepeX807iRf0EaAjeGEALw_wcB" "Mozilla/5.0 (Linux; Android 10; K) AppleWebKit/537.36 (KHTML, like Gecko) Chrome/143.0.0.0 Mobile Safari/537.36"
78.211.78.219 - - [03/Jun/2026:17:51:27 +0200] "GET /wp-content/plugins/complianz-gdpr-premium/assets/css/cookieblocker.min.css?ver=1780326507 HTTP/2.0" 200 615 "https://reggio-emilia.elettroservicegroup.it/assistenza-asciugatrici-reggio-emilia/?gad_source=1&gad_campaignid=23800353523&gclid=Cj0KCQjwof_QBhCgARIsADaMzOeT5PV9bptVpu9IEdkfV-MFjFuqskr1Y5P1xMX0RQlepeX807iRf0EaAjeGEALw_wcB" "Mozilla/5.0 (Linux; Android 10; K) AppleWebKit/537.36 (KHTML, like Gecko) Chrome/143.0.0.0 Mobile Safari/537.36"
78.211.78.219 - - [03/Jun/2026:17:51:27 +0200] "GET /wp-content/plugins/header-footer-elementor/assets/css/header-footer-elementor.css?ver=2.8.8 HTTP/2.0" 200 260 "https://reggio-emilia.elettroservicegroup.it/assistenza-asciugatrici-reggio-emilia/?gad_source=1&gad_campaignid=23800353523&gclid=Cj0KCQjwof_QBhCgARIsADaMzOeT5PV9bptVpu9IEdkfV-MFjFuqskr1Y5P1xMX0RQlepeX807iRf0EaAjeGEALw_wcB" "Mozilla/5.0 (Linux; Android 10; K) AppleWebKit/537.36 (KHTML, like Gecko) Chrome/143.0.0.0 Mobile Safari/537.36"
78.211.78.219 - - [03/Jun/2026:17:51:27 +0200] "GET /wp-content/uploads/elementor/css/post-14146.css?ver=1780326512 HTTP/2.0" 200 428 "https://reggio-emilia.elettroservicegroup.it/assistenza-asciugatrici-reggio-emilia/?gad_source=1&gad_campaignid=23800353523&gclid=Cj0KCQjwof_QBhCgARIsADaMzOeT5PV9bptVpu9IEdkfV-MFjFuqskr1Y5P1xMX0RQlepeX807iRf0EaAjeGEALw_wcB" "Mozilla/5.0 (Linux; Android 10; K) AppleWebKit/537.36 (KHTML, like Gecko) Chrome/143.0.0.0 Mobile Safari/537.36"
78.211.78.219 - - [03/Jun/2026:17:51:27 +0200] "GET /wp-content/plugins/elementor/assets/css/widget-heading.min.css?ver=4.1.1 HTTP/2.0" 200 127 "https://reggio-emilia.elettroservicegroup.it/assistenza-asciugatrici-reggio-emilia/?gad_source=1&gad_campaignid=23800353523&gclid=Cj0KCQjwof_QBhCgARIsADaMzOeT5PV9bptVpu9IEdkfV-MFjFuqskr1Y5P1xMX0RQlepeX807iRf0EaAjeGEALw_wcB" "Mozilla/5.0 (Linux; Android 10; K) AppleWebKit/537.36 (KHTML, like Gecko) Chrome/143.0.0.0 Mobile Safari/537.36"
78.211.78.219 - - [03/Jun/2026:17:51:27 +0200] "GET /wp-content/plugins/elementor/assets/lib/animations/styles/bounceIn.min.css?ver=4.1.1 HTTP/2.0" 200 186 "https://reggio-emilia.elettroservicegroup.it/assistenza-asciugatrici-reggio-emilia/?gad_source=1&gad_campaignid=23800353523&gclid=Cj0KCQjwof_QBhCgARIsADaMzOeT5PV9bptVpu9IEdkfV-MFjFuqskr1Y5P1xMX0RQlepeX807iRf0EaAjeGEALw_wcB" "Mozilla/5.0 (Linux; Android 10; K) AppleWebKit/537.36 (KHTML, like Gecko) Chrome/143.0.0.0 Mobile Safari/537.36"
78.211.78.219 - - [03/Jun/2026:17:51:27 +0200] "GET /wp-content/plugins/elementor/assets/lib/animations/styles/zoomIn.min.css?ver=4.1.1 HTTP/2.0" 200 87 "https://reggio-emilia.elettroservicegroup.it/assistenza-asciugatrici-reggio-emilia/?gad_source=1&gad_campaignid=23800353523&gclid=Cj0KCQjwof_QBhCgARIsADaMzOeT5PV9bptVpu9IEdkfV-MFjFuqskr1Y5P1xMX0RQlepeX807iRf0EaAjeGEALw_wcB" "Mozilla/5.0 (Linux; Android 10; K) AppleWebKit/537.36 (KHTML, like Gecko) Chrome/143.0.0.0 Mobile Safari/537.36"
78.211.78.219 - - [03/Jun/2026:17:51:27 +0200] "GET /wp-content/uploads/elementor/css/post-14366.css?ver=1780326512 HTTP/2.0" 200 302 "https://reggio-emilia.elettroservicegroup.it/assistenza-asciugatrici-reggio-emilia/?gad_source=1&gad_campaignid=23800353523&gclid=Cj0KCQjwof_QBhCgARIsADaMzOeT5PV9bptVpu9IEdkfV-MFjFuqskr1Y5P1xMX0RQlepeX807iRf0EaAjeGEALw_wcB" "Mozilla/5.0 (Linux; Android 10; K) AppleWebKit/537.36 (KHTML, like Gecko) Chrome/143.0.0.0 Mobile Safari/537.36"
78.211.78.219 - - [03/Jun/2026:17:51:27 +0200] "GET /wp-content/plugins/elementor/assets/lib/font-awesome/css/v4-shims.min.css?ver=4.1.1 HTTP/2.0" 200 3986 "https://reggio-emilia.elettroservicegroup.it/assistenza-asciugatrici-reggio-emilia/?gad_source=1&gad_campaignid=23800353523&gclid=Cj0KCQjwof_QBhCgARIsADaMzOeT5PV9bptVpu9IEdkfV-MFjFuqskr1Y5P1xMX0RQlepeX807iRf0EaAjeGEALw_wcB" "Mozilla/5.0 (Linux; Android 10; K) AppleWebKit/537.36 (KHTML, like Gecko) Chrome/143.0.0.0 Mobile Safari/537.36"
78.211.78.219 - - [03/Jun/2026:17:51:27 +0200] "GET /wp-content/plugins/elementor/assets/css/widget-spacer.min.css?ver=4.1.1 HTTP/2.0" 200 287 "https://reggio-emilia.elettroservicegroup.it/assistenza-asciugatrici-reggio-emilia/?gad_source=1&gad_campaignid=23800353523&gclid=Cj0KCQjwof_QBhCgARIsADaMzOeT5PV9bptVpu9IEdkfV-MFjFuqskr1Y5P1xMX0RQlepeX807iRf0EaAjeGEALw_wcB" "Mozilla/5.0 (Linux; Android 10; K) AppleWebKit/537.36 (KHTML, like Gecko) Chrome/143.0.0.0 Mobile Safari/537.36"
78.211.78.219 - - [03/Jun/2026:17:51:27 +0200] "GET /wp-content/uploads/elementor/css/post-15285.css?ver=1780360610 HTTP/2.0" 200 1967 "https://reggio-emilia.elettroservicegroup.it/assistenza-asciugatrici-reggio-emilia/?gad_source=1&gad_campaignid=23800353523&gclid=Cj0KCQjwof_QBhCgARIsADaMzOeT5PV9bptVpu9IEdkfV-MFjFuqskr1Y5P1xMX0RQlepeX807iRf0EaAjeGEALw_wcB" "Mozilla/5.0 (Linux; Android 10; K) AppleWebKit/537.36 (KHTML, like Gecko) Chrome/143.0.0.0 Mobile Safari/537.36"
78.211.78.219 - - [03/Jun/2026:17:51:27 +0200] "GET /wp-content/themes/generatepress/assets/css/main.min.css?ver=3.6.1 HTTP/2.0" 200 4410 "https://reggio-emilia.elettroservicegroup.it/assistenza-asciugatrici-reggio-emilia/?gad_source=1&gad_campaignid=23800353523&gclid=Cj0KCQjwof_QBhCgARIsADaMzOeT5PV9bptVpu9IEdkfV-MFjFuqskr1Y5P1xMX0RQlepeX807iRf0EaAjeGEALw_wcB" "Mozilla/5.0 (Linux; Android 10; K) AppleWebKit/537.36 (KHTML, like Gecko) Chrome/143.0.0.0 Mobile Safari/537.36"
78.211.78.219 - - [03/Jun/2026:17:51:27 +0200] "GET /wp-content/plugins/elementor/assets/lib/eicons/css/elementor-icons.min.css?ver=5.34.0 HTTP/2.0" 200 4115 "https://reggio-emilia.elettroservicegroup.it/assistenza-asciugatrici-reggio-emilia/?gad_source=1&gad_campaignid=23800353523&gclid=Cj0KCQjwof_QBhCgARIsADaMzOeT5PV9bptVpu9IEdkfV-MFjFuqskr1Y5P1xMX0RQlepeX807iRf0EaAjeGEALw_wcB" "Mozilla/5.0 (Linux; Android 10; K) AppleWebKit/537.36 (KHTML, like Gecko) Chrome/143.0.0.0 Mobile Safari/537.36"
78.211.78.219 - - [03/Jun/2026:17:51:27 +0200] "GET /wp-content/plugins/elementor/assets/css/frontend.min.css?ver=4.1.1 HTTP/2.0" 200 6618 "https://reggio-emilia.elettroservicegroup.it/assistenza-asciugatrici-reggio-emilia/?gad_source=1&gad_campaignid=23800353523&gclid=Cj0KCQjwof_QBhCgARIsADaMzOeT5PV9bptVpu9IEdkfV-MFjFuqskr1Y5P1xMX0RQlepeX807iRf0EaAjeGEALw_wcB" "Mozilla/5.0 (Linux; Android 10; K) AppleWebKit/537.36 (KHTML, like Gecko) Chrome/143.0.0.0 Mobile Safari/537.36"
78.211.78.219 - - [03/Jun/2026:17:51:27 +0200] "GET /wp-content/plugins/elementor/assets/lib/font-awesome/css/all.min.css?ver=4.1.1 HTTP/2.0" 200 12402 "https://reggio-emilia.elettroservicegroup.it/assistenza-asciugatrici-reggio-emilia/?gad_source=1&gad_campaignid=23800353523&gclid=Cj0KCQjwof_QBhCgARIsADaMzOeT5PV9bptVpu9IEdkfV-MFjFuqskr1Y5P1xMX0RQlepeX807iRf0EaAjeGEALw_wcB" "Mozilla/5.0 (Linux; Android 10; K) AppleWebKit/537.36 (KHTML, like Gecko) Chrome/143.0.0.0 Mobile Safari/537.36"
78.211.78.219 - - [03/Jun/2026:17:51:27 +0200] "GET /wp-content/plugins/elementor/assets/lib/font-awesome/css/brands.css?ver=5.15.3 HTTP/2.0" 200 298 "https://reggio-emilia.elettroservicegroup.it/assistenza-asciugatrici-reggio-emilia/?gad_source=1&gad_campaignid=23800353523&gclid=Cj0KCQjwof_QBhCgARIsADaMzOeT5PV9bptVpu9IEdkfV-MFjFuqskr1Y5P1xMX0RQlepeX807iRf0EaAjeGEALw_wcB" "Mozilla/5.0 (Linux; Android 10; K) AppleWebKit/537.36 (KHTML, like Gecko) Chrome/143.0.0.0 Mobile Safari/537.36"
78.211.78.219 - - [03/Jun/2026:17:51:27 +0200] "GET /wp-content/plugins/elementor/assets/css/widget-icon-list.min.css?ver=3.24.3 HTTP/2.0" 200 928 "https://reggio-emilia.elettroservicegroup.it/assistenza-asciugatrici-reggio-emilia/?gad_source=1&gad_campaignid=23800353523&gclid=Cj0KCQjwof_QBhCgARIsADaMzOeT5PV9bptVpu9IEdkfV-MFjFuqskr1Y5P1xMX0RQlepeX807iRf0EaAjeGEALw_wcB" "Mozilla/5.0 (Linux; Android 10; K) AppleWebKit/537.36 (KHTML, like Gecko) Chrome/143.0.0.0 Mobile Safari/537.36"
78.211.78.219 - - [03/Jun/2026:17:51:27 +0200] "GET /wp-content/plugins/elementor/assets/css/widget-social-icons.min.css?ver=3.24.0 HTTP/2.0" 200 1039 "https://reggio-emilia.elettroservicegroup.it/assistenza-asciugatrici-reggio-emilia/?gad_source=1&gad_campaignid=23800353523&gclid=Cj0KCQjwof_QBhCgARIsADaMzOeT5PV9bptVpu9IEdkfV-MFjFuqskr1Y5P1xMX0RQlepeX807iRf0EaAjeGEALw_wcB" "Mozilla/5.0 (Linux; Android 10; K) AppleWebKit/537.36 (KHTML, like Gecko) Chrome/143.0.0.0 Mobile Safari/537.36"
78.211.78.219 - - [03/Jun/2026:17:51:27 +0200] "GET /wp-content/plugins/elementor/assets/lib/font-awesome/css/solid.css?ver=5.15.3 HTTP/2.0" 200 299 "https://reggio-emilia.elettroservicegroup.it/assistenza-asciugatrici-reggio-emilia/?gad_source=1&gad_campaignid=23800353523&gclid=Cj0KCQjwof_QBhCgARIsADaMzOeT5PV9bptVpu9IEdkfV-MFjFuqskr1Y5P1xMX0RQlepeX807iRf0EaAjeGEALw_wcB" "Mozilla/5.0 (Linux; Android 10; K) AppleWebKit/537.36 (KHTML, like Gecko) Chrome/143.0.0.0 Mobile Safari/537.36"
78.211.78.219 - - [03/Jun/2026:17:51:27 +0200] "GET /wp-content/uploads/elementor/google-fonts/css/robotoslab.css?ver=1742255003 HTTP/2.0" 200 721 "https://reggio-emilia.elettroservicegroup.it/assistenza-asciugatrici-reggio-emilia/?gad_source=1&gad_campaignid=23800353523&gclid=Cj0KCQjwof_QBhCgARIsADaMzOeT5PV9bptVpu9IEdkfV-MFjFuqskr1Y5P1xMX0RQlepeX807iRf0EaAjeGEALw_wcB" "Mozilla/5.0 (Linux; Android 10; K) AppleWebKit/537.36 (KHTML, like Gecko) Chrome/143.0.0.0 Mobile Safari/537.36"
78.211.78.219 - - [03/Jun/2026:17:51:27 +0200] "GET /wp-content/plugins/gp-premium/menu-plus/functions/css/navigation-branding-flex.min.css?ver=2.5.5 HTTP/2.0" 200 542 "https://reggio-emilia.elettroservicegroup.it/assistenza-asciugatrici-reggio-emilia/?gad_source=1&gad_campaignid=23800353523&gclid=Cj0KCQjwof_QBhCgARIsADaMzOeT5PV9bptVpu9IEdkfV-MFjFuqskr1Y5P1xMX0RQlepeX807iRf0EaAjeGEALw_wcB" "Mozilla/5.0 (Linux; Android 10; K) AppleWebKit/537.36 (KHTML, like Gecko) Chrome/143.0.0.0 Mobile Safari/537.36"
78.211.78.219 - - [03/Jun/2026:17:51:27 +0200] "GET /wp-content/uploads/2021/10/cropped-cropped-cropped-logo_white_background.png HTTP/2.0" 200 26788 "https://reggio-emilia.elettroservicegroup.it/assistenza-asciugatrici-reggio-emilia/?gad_source=1&gad_campaignid=23800353523&gclid=Cj0KCQjwof_QBhCgARIsADaMzOeT5PV9bptVpu9IEdkfV-MFjFuqskr1Y5P1xMX0RQlepeX807iRf0EaAjeGEALw_wcB" "Mozilla/5.0 (Linux; Android 10; K) AppleWebKit/537.36 (KHTML, like Gecko) Chrome/143.0.0.0 Mobile Safari/537.36"
78.211.78.219 - - [03/Jun/2026:17:51:27 +0200] "GET /wp-content/plugins/elementor/assets/lib/font-awesome/js/v4-shims.min.js?ver=4.1.1 HTTP/2.0" 200 4043 "https://reggio-emilia.elettroservicegroup.it/assistenza-asciugatrici-reggio-emilia/?gad_source=1&gad_campaignid=23800353523&gclid=Cj0KCQjwof_QBhCgARIsADaMzOeT5PV9bptVpu9IEdkfV-MFjFuqskr1Y5P1xMX0RQlepeX807iRf0EaAjeGEALw_wcB" "Mozilla/5.0 (Linux; Android 10; K) AppleWebKit/537.36 (KHTML, like Gecko) Chrome/143.0.0.0 Mobile Safari/537.36"
78.211.78.219 - - [03/Jun/2026:17:51:27 +0200] "GET /wp-includes/js/jquery/jquery-migrate.min.js?ver=3.4.1 HTTP/2.0" 200 4685 "https://reggio-emilia.elettroservicegroup.it/assistenza-asciugatrici-reggio-emilia/?gad_source=1&gad_campaignid=23800353523&gclid=Cj0KCQjwof_QBhCgARIsADaMzOeT5PV9bptVpu9IEdkfV-MFjFuqskr1Y5P1xMX0RQlepeX807iRf0EaAjeGEALw_wcB" "Mozilla/5.0 (Linux; Android 10; K) AppleWebKit/537.36 (KHTML, like Gecko) Chrome/143.0.0.0 Mobile Safari/537.36"
78.211.78.219 - - [03/Jun/2026:17:51:27 +0200] "GET /wp-content/uploads/elementor/google-fonts/css/roboto.css?ver=1742255001 HTTP/2.0" 200 1890 "https://reggio-emilia.elettroservicegroup.it/assistenza-asciugatrici-reggio-emilia/?gad_source=1&gad_campaignid=23800353523&gclid=Cj0KCQjwof_QBhCgARIsADaMzOeT5PV9bptVpu9IEdkfV-MFjFuqskr1Y5P1xMX0RQlepeX807iRf0EaAjeGEALw_wcB" "Mozilla/5.0 (Linux; Android 10; K) AppleWebKit/537.36 (KHTML, like Gecko) Chrome/143.0.0.0 Mobile Safari/537.36"
78.211.78.219 - - [03/Jun/2026:17:51:27 +0200] "GET /wp-content/plugins/elementor/assets/lib/font-awesome/css/fontawesome.css?ver=5.15.3 HTTP/2.0" 200 12535 "https://reggio-emilia.elettroservicegroup.it/assistenza-asciugatrici-reggio-emilia/?gad_source=1&gad_campaignid=23800353523&gclid=Cj0KCQjwof_QBhCgARIsADaMzOeT5PV9bptVpu9IEdkfV-MFjFuqskr1Y5P1xMX0RQlepeX807iRf0EaAjeGEALw_wcB" "Mozilla/5.0 (Linux; Android 10; K) AppleWebKit/537.36 (KHTML, like Gecko) Chrome/143.0.0.0 Mobile Safari/537.36"
78.211.78.219 - - [03/Jun/2026:17:51:27 +0200] "GET /wp-includes/js/jquery/jquery.min.js?ver=3.7.1 HTTP/2.0" 200 29769 "https://reggio-emilia.elettroservicegroup.it/assistenza-asciugatrici-reggio-emilia/?gad_source=1&gad_campaignid=23800353523&gclid=Cj0KCQjwof_QBhCgARIsADaMzOeT5PV9bptVpu9IEdkfV-MFjFuqskr1Y5P1xMX0RQlepeX807iRf0EaAjeGEALw_wcB" "Mozilla/5.0 (Linux; Android 10; K) AppleWebKit/537.36 (KHTML, like Gecko) Chrome/143.0.0.0 Mobile Safari/537.36"
78.211.78.219 - - [03/Jun/2026:17:51:27 +0200] "GET /wp-content/uploads/2021/10/cropped-logo_white_background.png HTTP/2.0" 200 15855 "https://reggio-emilia.elettroservicegroup.it/assistenza-asciugatrici-reggio-emilia/?gad_source=1&gad_campaignid=23800353523&gclid=Cj0KCQjwof_QBhCgARIsADaMzOeT5PV9bptVpu9IEdkfV-MFjFuqskr1Y5P1xMX0RQlepeX807iRf0EaAjeGEALw_wcB" "Mozilla/5.0 (Linux; Android 10; K) AppleWebKit/537.36 (KHTML, like Gecko) Chrome/143.0.0.0 Mobile Safari/537.36"
78.211.78.219 - - [03/Jun/2026:17:51:27 +0200] "GET /wp-content/plugins/gp-premium/menu-plus/functions/js/sticky.min.js?ver=2.5.5 HTTP/2.0" 200 2670 "https://reggio-emilia.elettroservicegroup.it/assistenza-asciugatrici-reggio-emilia/?gad_source=1&gad_campaignid=23800353523&gclid=Cj0KCQjwof_QBhCgARIsADaMzOeT5PV9bptVpu9IEdkfV-MFjFuqskr1Y5P1xMX0RQlepeX807iRf0EaAjeGEALw_wcB" "Mozilla/5.0 (Linux; Android 10; K) AppleWebKit/537.36 (KHTML, like Gecko) Chrome/143.0.0.0 Mobile Safari/537.36"
78.211.78.219 - - [03/Jun/2026:17:51:27 +0200] "GET /wp-content/plugins/elementor/assets/js/webpack.runtime.min.js?ver=4.1.1 HTTP/2.0" 200 2340 "https://reggio-emilia.elettroservicegroup.it/assistenza-asciugatrici-reggio-emilia/?gad_source=1&gad_campaignid=23800353523&gclid=Cj0KCQjwof_QBhCgARIsADaMzOeT5PV9bptVpu9IEdkfV-MFjFuqskr1Y5P1xMX0RQlepeX807iRf0EaAjeGEALw_wcB" "Mozilla/5.0 (Linux; Android 10; K) AppleWebKit/537.36 (KHTML, like Gecko) Chrome/143.0.0.0 Mobile Safari/537.36"
78.211.78.219 - - [03/Jun/2026:17:51:27 +0200] "GET /wp-content/themes/generatepress/assets/js/back-to-top.min.js?ver=3.6.1 HTTP/2.0" 200 336 "https://reggio-emilia.elettroservicegroup.it/assistenza-asciugatrici-reggio-emilia/?gad_source=1&gad_campaignid=23800353523&gclid=Cj0KCQjwof_QBhCgARIsADaMzOeT5PV9bptVpu9IEdkfV-MFjFuqskr1Y5P1xMX0RQlepeX807iRf0EaAjeGEALw_wcB" "Mozilla/5.0 (Linux; Android 10; K) AppleWebKit/537.36 (KHTML, like Gecko) Chrome/143.0.0.0 Mobile Safari/537.36"
78.211.78.219 - - [03/Jun/2026:17:51:27 +0200] "GET /wp-content/themes/generatepress/assets/js/menu.min.js?ver=3.6.1 HTTP/2.0" 200 1688 "https://reggio-emilia.elettroservicegroup.it/assistenza-asciugatrici-reggio-emilia/?gad_source=1&gad_campaignid=23800353523&gclid=Cj0KCQjwof_QBhCgARIsADaMzOeT5PV9bptVpu9IEdkfV-MFjFuqskr1Y5P1xMX0RQlepeX807iRf0EaAjeGEALw_wcB" "Mozilla/5.0 (Linux; Android 10; K) AppleWebKit/537.36 (KHTML, like Gecko) Chrome/143.0.0.0 Mobile Safari/537.36"
78.211.78.219 - - [03/Jun/2026:17:51:27 +0200] "GET /wp-includes/js/jquery/ui/core.min.js?ver=1.13.3 HTTP/2.0" 200 6820 "https://reggio-emilia.elettroservicegroup.it/assistenza-asciugatrici-reggio-emilia/?gad_source=1&gad_campaignid=23800353523&gclid=Cj0KCQjwof_QBhCgARIsADaMzOeT5PV9bptVpu9IEdkfV-MFjFuqskr1Y5P1xMX0RQlepeX807iRf0EaAjeGEALw_wcB" "Mozilla/5.0 (Linux; Android 10; K) AppleWebKit/537.36 (KHTML, like Gecko) Chrome/143.0.0.0 Mobile Safari/537.36"
78.211.78.219 - - [03/Jun/2026:17:51:27 +0200] "GET /wp-content/plugins/elementor/assets/js/frontend.min.js?ver=4.1.1 HTTP/2.0" 200 10140 "https://reggio-emilia.elettroservicegroup.it/assistenza-asciugatrici-reggio-emilia/?gad_source=1&gad_campaignid=23800353523&gclid=Cj0KCQjwof_QBhCgARIsADaMzOeT5PV9bptVpu9IEdkfV-MFjFuqskr1Y5P1xMX0RQlepeX807iRf0EaAjeGEALw_wcB" "Mozilla/5.0 (Linux; Android 10; K) AppleWebKit/537.36 (KHTML, like Gecko) Chrome/143.0.0.0 Mobile Safari/537.36"
78.211.78.219 - - [03/Jun/2026:17:51:27 +0200] "GET /wp-content/plugins/elementor/assets/js/frontend-modules.min.js?ver=4.1.1 HTTP/2.0" 200 15454 "https://reggio-emilia.elettroservicegroup.it/assistenza-asciugatrici-reggio-emilia/?gad_source=1&gad_campaignid=23800353523&gclid=Cj0KCQjwof_QBhCgARIsADaMzOeT5PV9bptVpu9IEdkfV-MFjFuqskr1Y5P1xMX0RQlepeX807iRf0EaAjeGEALw_wcB" "Mozilla/5.0 (Linux; Android 10; K) AppleWebKit/537.36 (KHTML, like Gecko) Chrome/143.0.0.0 Mobile Safari/537.36"
65.108.235.243 - - [03/Jun/2026:17:51:27 +0200] "GET /assistenza-bosch-rubiera/ HTTP/1.1" 200 24697 "-" "WP Fastest Cache Preload Bot"
78.211.78.219 - - [03/Jun/2026:17:51:27 +0200] "GET /wp-content/plugins/google-analytics-for-wordpress/assets/js/frontend-gtag.min.js?ver=10.2.2 HTTP/2.0" 200 3075 "https://reggio-emilia.elettroservicegroup.it/assistenza-asciugatrici-reggio-emilia/?gad_source=1&gad_campaignid=23800353523&gclid=Cj0KCQjwof_QBhCgARIsADaMzOeT5PV9bptVpu9IEdkfV-MFjFuqskr1Y5P1xMX0RQlepeX807iRf0EaAjeGEALw_wcB" "Mozilla/5.0 (Linux; Android 10; K) AppleWebKit/537.36 (KHTML, like Gecko) Chrome/143.0.0.0 Mobile Safari/537.36"
78.211.78.219 - - [03/Jun/2026:17:51:27 +0200] "GET /wp-content/plugins/complianz-gdpr-premium/cookiebanner/js/complianz.min.js?ver=1780326507 HTTP/2.0" 200 10708 "https://reggio-emilia.elettroservicegroup.it/assistenza-asciugatrici-reggio-emilia/?gad_source=1&gad_campaignid=23800353523&gclid=Cj0KCQjwof_QBhCgARIsADaMzOeT5PV9bptVpu9IEdkfV-MFjFuqskr1Y5P1xMX0RQlepeX807iRf0EaAjeGEALw_wcB" "Mozilla/5.0 (Linux; Android 10; K) AppleWebKit/537.36 (KHTML, like Gecko) Chrome/143.0.0.0 Mobile Safari/537.36"
78.211.78.219 - - [03/Jun/2026:17:51:27 +0200] "GET /wp-content/uploads/2021/10/TECNICO-ELETTRODOMESTICI-1.jpg HTTP/2.0" 200 23089 "https://reggio-emilia.elettroservicegroup.it/assistenza-asciugatrici-reggio-emilia/?gad_source=1&gad_campaignid=23800353523&gclid=Cj0KCQjwof_QBhCgARIsADaMzOeT5PV9bptVpu9IEdkfV-MFjFuqskr1Y5P1xMX0RQlepeX807iRf0EaAjeGEALw_wcB" "Mozilla/5.0 (Linux; Android 10; K) AppleWebKit/537.36 (KHTML, like Gecko) Chrome/143.0.0.0 Mobile Safari/537.36"
78.211.78.219 - - [03/Jun/2026:17:51:27 +0200] "GET /wp-content/uploads/2021/10/TECNIC-LAVATRICE.jpg HTTP/2.0" 200 66013 "https://reggio-emilia.elettroservicegroup.it/assistenza-asciugatrici-reggio-emilia/?gad_source=1&gad_campaignid=23800353523&gclid=Cj0KCQjwof_QBhCgARIsADaMzOeT5PV9bptVpu9IEdkfV-MFjFuqskr1Y5P1xMX0RQlepeX807iRf0EaAjeGEALw_wcB" "Mozilla/5.0 (Linux; Android 10; K) AppleWebKit/537.36 (KHTML, like Gecko) Chrome/143.0.0.0 Mobile Safari/537.36"
78.211.78.219 - - [03/Jun/2026:17:51:27 +0200] "GET /wp-content/uploads/elementor/google-fonts/fonts/roboto-kfo7cnqeu92fr1me7ksn66agldtyluama3yuba.woff2 HTTP/2.0" 200 40132 "https://reggio-emilia.elettroservicegroup.it/wp-content/uploads/elementor/google-fonts/css/roboto.css?ver=1742255001" "Mozilla/5.0 (Linux; Android 10; K) AppleWebKit/537.36 (KHTML, like Gecko) Chrome/143.0.0.0 Mobile Safari/537.36"
65.108.235.243 - - [03/Jun/2026:17:51:27 +0200] "GET /assistenza-bosch-scandiano/ HTTP/1.1" 200 24696 "-" "WP Fastest Cache Preload Bot"
78.211.78.219 - - [03/Jun/2026:17:51:28 +0200] "GET /wp-content/plugins/elementor/assets/js/section-frontend-handlers.d85ab872da118940910d.bundle.min.js HTTP/2.0" 200 230 "https://reggio-emilia.elettroservicegroup.it/assistenza-asciugatrici-reggio-emilia/?gad_source=1&gad_campaignid=23800353523&gclid=Cj0KCQjwof_QBhCgARIsADaMzOeT5PV9bptVpu9IEdkfV-MFjFuqskr1Y5P1xMX0RQlepeX807iRf0EaAjeGEALw_wcB" "Mozilla/5.0 (Linux; Android 10; K) AppleWebKit/537.36 (KHTML, like Gecko) Chrome/143.0.0.0 Mobile Safari/537.36"
78.211.78.219 - - [03/Jun/2026:17:51:28 +0200] "GET /wp-content/plugins/elementor/assets/js/shared-frontend-handlers.03caa53373b56d3bab67.bundle.min.js HTTP/2.0" 200 2515 "https://reggio-emilia.elettroservicegroup.it/assistenza-asciugatrici-reggio-emilia/?gad_source=1&gad_campaignid=23800353523&gclid=Cj0KCQjwof_QBhCgARIsADaMzOeT5PV9bptVpu9IEdkfV-MFjFuqskr1Y5P1xMX0RQlepeX807iRf0EaAjeGEALw_wcB" "Mozilla/5.0 (Linux; Android 10; K) AppleWebKit/537.36 (KHTML, like Gecko) Chrome/143.0.0.0 Mobile Safari/537.36"
78.211.78.219 - - [03/Jun/2026:17:51:28 +0200] "GET /wp-content/plugins/elementor/assets/js/text-editor.45609661e409413f1cef.bundle.min.js HTTP/2.0" 200 592 "https://reggio-emilia.elettroservicegroup.it/assistenza-asciugatrici-reggio-emilia/?gad_source=1&gad_campaignid=23800353523&gclid=Cj0KCQjwof_QBhCgARIsADaMzOeT5PV9bptVpu9IEdkfV-MFjFuqskr1Y5P1xMX0RQlepeX807iRf0EaAjeGEALw_wcB" "Mozilla/5.0 (Linux; Android 10; K) AppleWebKit/537.36 (KHTML, like Gecko) Chrome/143.0.0.0 Mobile Safari/537.36"
78.211.78.219 - - [03/Jun/2026:17:51:28 +0200] "GET /wp-json/complianz/v1/banner?lang=it&locale=it_IT&token=yrqht HTTP/2.0" 200 84 "https://reggio-emilia.elettroservicegroup.it/assistenza-asciugatrici-reggio-emilia/?gad_source=1&gad_campaignid=23800353523&gclid=Cj0KCQjwof_QBhCgARIsADaMzOeT5PV9bptVpu9IEdkfV-MFjFuqskr1Y5P1xMX0RQlepeX807iRf0EaAjeGEALw_wcB" "Mozilla/5.0 (Linux; Android 10; K) AppleWebKit/537.36 (KHTML, like Gecko) Chrome/143.0.0.0 Mobile Safari/537.36"
78.211.78.219 - - [03/Jun/2026:17:51:28 +0200] "GET /wp-content/uploads/2021/10/cropped-cropped-cropped-cropped-logo_white_background-192x192.png HTTP/2.0" 200 15729 "https://reggio-emilia.elettroservicegroup.it/assistenza-asciugatrici-reggio-emilia/?gad_source=1&gad_campaignid=23800353523&gclid=Cj0KCQjwof_QBhCgARIsADaMzOeT5PV9bptVpu9IEdkfV-MFjFuqskr1Y5P1xMX0RQlepeX807iRf0EaAjeGEALw_wcB" "Mozilla/5.0 (Linux; Android 10; K) AppleWebKit/537.36 (KHTML, like Gecko) Chrome/143.0.0.0 Mobile Safari/537.36"
78.211.78.219 - - [03/Jun/2026:17:51:28 +0200] "GET /wp-content/uploads/2021/10/cropped-cropped-cropped-cropped-logo_white_background-180x180.png HTTP/2.0" 200 16527 "https://reggio-emilia.elettroservicegroup.it/assistenza-asciugatrici-reggio-emilia/?gad_source=1&gad_campaignid=23800353523&gclid=Cj0KCQjwof_QBhCgARIsADaMzOeT5PV9bptVpu9IEdkfV-MFjFuqskr1Y5P1xMX0RQlepeX807iRf0EaAjeGEALw_wcB" "Mozilla/5.0 (Linux; Android 10; K) AppleWebKit/537.36 (KHTML, like Gecko) Chrome/143.0.0.0 Mobile Safari/537.36"
78.211.78.219 - - [03/Jun/2026:17:51:28 +0200] "GET /wp-content/uploads/complianz/css/banner-1-optin.css?v=511 HTTP/2.0" 200 2622 "https://reggio-emilia.elettroservicegroup.it/assistenza-asciugatrici-reggio-emilia/?gad_source=1&gad_campaignid=23800353523&gclid=Cj0KCQjwof_QBhCgARIsADaMzOeT5PV9bptVpu9IEdkfV-MFjFuqskr1Y5P1xMX0RQlepeX807iRf0EaAjeGEALw_wcB" "Mozilla/5.0 (Linux; Android 10; K) AppleWebKit/537.36 (KHTML, like Gecko) Chrome/143.0.0.0 Mobile Safari/537.36"
65.108.235.243 - - [03/Jun/2026:17:51:28 +0200] "GET /assistenza-bosch-santilario-denza/ HTTP/1.1" 200 24772 "-" "WP Fastest Cache Preload Bot"
78.211.78.219 - - [03/Jun/2026:17:51:28 +0200] "GET /wp-json/complianz/v1/cookie_data HTTP/2.0" 200 82 "https://reggio-emilia.elettroservicegroup.it/assistenza-asciugatrici-reggio-emilia/?gad_source=1&gad_campaignid=23800353523&gclid=Cj0KCQjwof_QBhCgARIsADaMzOeT5PV9bptVpu9IEdkfV-MFjFuqskr1Y5P1xMX0RQlepeX807iRf0EaAjeGEALw_wcB" "Mozilla/5.0 (Linux; Android 10; K) AppleWebKit/537.36 (KHTML, like Gecko) Chrome/143.0.0.0 Mobile Safari/537.36"
65.108.235.243 - - [03/Jun/2026:17:51:28 +0200] "GET /assistenza-bosch-guastalla/ HTTP/1.1" 200 24698 "-" "WP Fastest Cache Preload Bot"
