193.207.182.130 - - [03/Jun/2026:15:35:02 +0200] "GET /wp-content/plugins/elementor/assets/lib/font-awesome/css/fontawesome.css?ver=5.15.3 HTTP/2.0" 200 12535 "https://reggio-emilia.elettroservicegroup.it/assistenza-rex-electrolux-reggio-emilia/?gad_source=1&gad_campaignid=23800353523&gbraid=0AAAABDgs-LQgLbzIVQmJVpf-ssogD496P&gclid=Cj0KCQjwof_QBhCgARIsADaMzOczD55X3YVsrTt5-JV-CAICGrF-IUaEmAmeR9gMbWFkvVjb_rbMNnYaAv-DEALw_wcB" "Mozilla/5.0 (Linux; Android 10; K) AppleWebKit/537.36 (KHTML, like Gecko) Chrome/148.0.0.0 Mobile Safari/537.36"
193.207.182.130 - - [03/Jun/2026:15:35:02 +0200] "GET /wp-content/plugins/elementor/assets/lib/font-awesome/js/v4-shims.min.js?ver=4.1.1 HTTP/2.0" 200 4043 "https://reggio-emilia.elettroservicegroup.it/assistenza-rex-electrolux-reggio-emilia/?gad_source=1&gad_campaignid=23800353523&gbraid=0AAAABDgs-LQgLbzIVQmJVpf-ssogD496P&gclid=Cj0KCQjwof_QBhCgARIsADaMzOczD55X3YVsrTt5-JV-CAICGrF-IUaEmAmeR9gMbWFkvVjb_rbMNnYaAv-DEALw_wcB" "Mozilla/5.0 (Linux; Android 10; K) AppleWebKit/537.36 (KHTML, like Gecko) Chrome/148.0.0.0 Mobile Safari/537.36"
193.207.182.130 - - [03/Jun/2026:15:35:02 +0200] "GET /wp-includes/js/jquery/jquery-migrate.min.js?ver=3.4.1 HTTP/2.0" 200 4685 "https://reggio-emilia.elettroservicegroup.it/assistenza-rex-electrolux-reggio-emilia/?gad_source=1&gad_campaignid=23800353523&gbraid=0AAAABDgs-LQgLbzIVQmJVpf-ssogD496P&gclid=Cj0KCQjwof_QBhCgARIsADaMzOczD55X3YVsrTt5-JV-CAICGrF-IUaEmAmeR9gMbWFkvVjb_rbMNnYaAv-DEALw_wcB" "Mozilla/5.0 (Linux; Android 10; K) AppleWebKit/537.36 (KHTML, like Gecko) Chrome/148.0.0.0 Mobile Safari/537.36"
193.207.182.130 - - [03/Jun/2026:15:35:02 +0200] "GET /wp-content/uploads/2021/10/cropped-cropped-cropped-logo_white_background.png HTTP/2.0" 200 26788 "https://reggio-emilia.elettroservicegroup.it/assistenza-rex-electrolux-reggio-emilia/?gad_source=1&gad_campaignid=23800353523&gbraid=0AAAABDgs-LQgLbzIVQmJVpf-ssogD496P&gclid=Cj0KCQjwof_QBhCgARIsADaMzOczD55X3YVsrTt5-JV-CAICGrF-IUaEmAmeR9gMbWFkvVjb_rbMNnYaAv-DEALw_wcB" "Mozilla/5.0 (Linux; Android 10; K) AppleWebKit/537.36 (KHTML, like Gecko) Chrome/148.0.0.0 Mobile Safari/537.36"
193.207.182.130 - - [03/Jun/2026:15:35:02 +0200] "GET /wp-includes/js/jquery/jquery.min.js?ver=3.7.1 HTTP/2.0" 200 29769 "https://reggio-emilia.elettroservicegroup.it/assistenza-rex-electrolux-reggio-emilia/?gad_source=1&gad_campaignid=23800353523&gbraid=0AAAABDgs-LQgLbzIVQmJVpf-ssogD496P&gclid=Cj0KCQjwof_QBhCgARIsADaMzOczD55X3YVsrTt5-JV-CAICGrF-IUaEmAmeR9gMbWFkvVjb_rbMNnYaAv-DEALw_wcB" "Mozilla/5.0 (Linux; Android 10; K) AppleWebKit/537.36 (KHTML, like Gecko) Chrome/148.0.0.0 Mobile Safari/537.36"
193.207.182.130 - - [03/Jun/2026:15:35:02 +0200] "GET /wp-content/uploads/2021/10/cropped-logo_white_background.png HTTP/2.0" 200 15855 "https://reggio-emilia.elettroservicegroup.it/assistenza-rex-electrolux-reggio-emilia/?gad_source=1&gad_campaignid=23800353523&gbraid=0AAAABDgs-LQgLbzIVQmJVpf-ssogD496P&gclid=Cj0KCQjwof_QBhCgARIsADaMzOczD55X3YVsrTt5-JV-CAICGrF-IUaEmAmeR9gMbWFkvVjb_rbMNnYaAv-DEALw_wcB" "Mozilla/5.0 (Linux; Android 10; K) AppleWebKit/537.36 (KHTML, like Gecko) Chrome/148.0.0.0 Mobile Safari/537.36"
193.207.182.130 - - [03/Jun/2026:15:35:02 +0200] "GET /wp-content/plugins/gp-premium/menu-plus/functions/js/sticky.min.js?ver=2.5.5 HTTP/2.0" 200 2670 "https://reggio-emilia.elettroservicegroup.it/assistenza-rex-electrolux-reggio-emilia/?gad_source=1&gad_campaignid=23800353523&gbraid=0AAAABDgs-LQgLbzIVQmJVpf-ssogD496P&gclid=Cj0KCQjwof_QBhCgARIsADaMzOczD55X3YVsrTt5-JV-CAICGrF-IUaEmAmeR9gMbWFkvVjb_rbMNnYaAv-DEALw_wcB" "Mozilla/5.0 (Linux; Android 10; K) AppleWebKit/537.36 (KHTML, like Gecko) Chrome/148.0.0.0 Mobile Safari/537.36"
193.207.182.130 - - [03/Jun/2026:15:35:02 +0200] "GET /wp-content/plugins/elementor/assets/js/webpack.runtime.min.js?ver=4.1.1 HTTP/2.0" 200 2340 "https://reggio-emilia.elettroservicegroup.it/assistenza-rex-electrolux-reggio-emilia/?gad_source=1&gad_campaignid=23800353523&gbraid=0AAAABDgs-LQgLbzIVQmJVpf-ssogD496P&gclid=Cj0KCQjwof_QBhCgARIsADaMzOczD55X3YVsrTt5-JV-CAICGrF-IUaEmAmeR9gMbWFkvVjb_rbMNnYaAv-DEALw_wcB" "Mozilla/5.0 (Linux; Android 10; K) AppleWebKit/537.36 (KHTML, like Gecko) Chrome/148.0.0.0 Mobile Safari/537.36"
193.207.182.130 - - [03/Jun/2026:15:35:02 +0200] "GET /wp-includes/js/jquery/ui/core.min.js?ver=1.13.3 HTTP/2.0" 200 6820 "https://reggio-emilia.elettroservicegroup.it/assistenza-rex-electrolux-reggio-emilia/?gad_source=1&gad_campaignid=23800353523&gbraid=0AAAABDgs-LQgLbzIVQmJVpf-ssogD496P&gclid=Cj0KCQjwof_QBhCgARIsADaMzOczD55X3YVsrTt5-JV-CAICGrF-IUaEmAmeR9gMbWFkvVjb_rbMNnYaAv-DEALw_wcB" "Mozilla/5.0 (Linux; Android 10; K) AppleWebKit/537.36 (KHTML, like Gecko) Chrome/148.0.0.0 Mobile Safari/537.36"
193.207.182.130 - - [03/Jun/2026:15:35:02 +0200] "GET /wp-content/themes/generatepress/assets/js/menu.min.js?ver=3.6.1 HTTP/2.0" 200 1688 "https://reggio-emilia.elettroservicegroup.it/assistenza-rex-electrolux-reggio-emilia/?gad_source=1&gad_campaignid=23800353523&gbraid=0AAAABDgs-LQgLbzIVQmJVpf-ssogD496P&gclid=Cj0KCQjwof_QBhCgARIsADaMzOczD55X3YVsrTt5-JV-CAICGrF-IUaEmAmeR9gMbWFkvVjb_rbMNnYaAv-DEALw_wcB" "Mozilla/5.0 (Linux; Android 10; K) AppleWebKit/537.36 (KHTML, like Gecko) Chrome/148.0.0.0 Mobile Safari/537.36"
193.207.182.130 - - [03/Jun/2026:15:35:02 +0200] "GET /wp-content/themes/generatepress/assets/js/back-to-top.min.js?ver=3.6.1 HTTP/2.0" 200 336 "https://reggio-emilia.elettroservicegroup.it/assistenza-rex-electrolux-reggio-emilia/?gad_source=1&gad_campaignid=23800353523&gbraid=0AAAABDgs-LQgLbzIVQmJVpf-ssogD496P&gclid=Cj0KCQjwof_QBhCgARIsADaMzOczD55X3YVsrTt5-JV-CAICGrF-IUaEmAmeR9gMbWFkvVjb_rbMNnYaAv-DEALw_wcB" "Mozilla/5.0 (Linux; Android 10; K) AppleWebKit/537.36 (KHTML, like Gecko) Chrome/148.0.0.0 Mobile Safari/537.36"
193.207.182.130 - - [03/Jun/2026:15:35:02 +0200] "GET /wp-content/plugins/google-analytics-for-wordpress/assets/js/frontend-gtag.min.js?ver=10.2.2 HTTP/2.0" 200 3075 "https://reggio-emilia.elettroservicegroup.it/assistenza-rex-electrolux-reggio-emilia/?gad_source=1&gad_campaignid=23800353523&gbraid=0AAAABDgs-LQgLbzIVQmJVpf-ssogD496P&gclid=Cj0KCQjwof_QBhCgARIsADaMzOczD55X3YVsrTt5-JV-CAICGrF-IUaEmAmeR9gMbWFkvVjb_rbMNnYaAv-DEALw_wcB" "Mozilla/5.0 (Linux; Android 10; K) AppleWebKit/537.36 (KHTML, like Gecko) Chrome/148.0.0.0 Mobile Safari/537.36"
193.207.182.130 - - [03/Jun/2026:15:35:02 +0200] "GET /wp-content/plugins/elementor/assets/js/frontend-modules.min.js?ver=4.1.1 HTTP/2.0" 200 15454 "https://reggio-emilia.elettroservicegroup.it/assistenza-rex-electrolux-reggio-emilia/?gad_source=1&gad_campaignid=23800353523&gbraid=0AAAABDgs-LQgLbzIVQmJVpf-ssogD496P&gclid=Cj0KCQjwof_QBhCgARIsADaMzOczD55X3YVsrTt5-JV-CAICGrF-IUaEmAmeR9gMbWFkvVjb_rbMNnYaAv-DEALw_wcB" "Mozilla/5.0 (Linux; Android 10; K) AppleWebKit/537.36 (KHTML, like Gecko) Chrome/148.0.0.0 Mobile Safari/537.36"
193.207.182.130 - - [03/Jun/2026:15:35:02 +0200] "GET /wp-content/plugins/elementor/assets/js/frontend.min.js?ver=4.1.1 HTTP/2.0" 200 10140 "https://reggio-emilia.elettroservicegroup.it/assistenza-rex-electrolux-reggio-emilia/?gad_source=1&gad_campaignid=23800353523&gbraid=0AAAABDgs-LQgLbzIVQmJVpf-ssogD496P&gclid=Cj0KCQjwof_QBhCgARIsADaMzOczD55X3YVsrTt5-JV-CAICGrF-IUaEmAmeR9gMbWFkvVjb_rbMNnYaAv-DEALw_wcB" "Mozilla/5.0 (Linux; Android 10; K) AppleWebKit/537.36 (KHTML, like Gecko) Chrome/148.0.0.0 Mobile Safari/537.36"
193.207.182.130 - - [03/Jun/2026:15:35:02 +0200] "GET /wp-content/plugins/complianz-gdpr-premium/cookiebanner/js/complianz.min.js?ver=1780326507 HTTP/2.0" 200 10708 "https://reggio-emilia.elettroservicegroup.it/assistenza-rex-electrolux-reggio-emilia/?gad_source=1&gad_campaignid=23800353523&gbraid=0AAAABDgs-LQgLbzIVQmJVpf-ssogD496P&gclid=Cj0KCQjwof_QBhCgARIsADaMzOczD55X3YVsrTt5-JV-CAICGrF-IUaEmAmeR9gMbWFkvVjb_rbMNnYaAv-DEALw_wcB" "Mozilla/5.0 (Linux; Android 10; K) AppleWebKit/537.36 (KHTML, like Gecko) Chrome/148.0.0.0 Mobile Safari/537.36"
193.207.182.130 - - [03/Jun/2026:15:35:02 +0200] "GET /wp-content/uploads/2022/01/elett5-2.jpg HTTP/2.0" 200 10185 "https://reggio-emilia.elettroservicegroup.it/assistenza-rex-electrolux-reggio-emilia/?gad_source=1&gad_campaignid=23800353523&gbraid=0AAAABDgs-LQgLbzIVQmJVpf-ssogD496P&gclid=Cj0KCQjwof_QBhCgARIsADaMzOczD55X3YVsrTt5-JV-CAICGrF-IUaEmAmeR9gMbWFkvVjb_rbMNnYaAv-DEALw_wcB" "Mozilla/5.0 (Linux; Android 10; K) AppleWebKit/537.36 (KHTML, like Gecko) Chrome/148.0.0.0 Mobile Safari/537.36"
193.207.182.130 - - [03/Jun/2026:15:35:02 +0200] "GET /wp-content/uploads/elementor/google-fonts/fonts/roboto-kfo7cnqeu92fr1me7ksn66agldtyluama3yuba.woff2 HTTP/2.0" 200 40132 "https://reggio-emilia.elettroservicegroup.it/wp-content/uploads/elementor/google-fonts/css/roboto.css?ver=1742255001" "Mozilla/5.0 (Linux; Android 10; K) AppleWebKit/537.36 (KHTML, like Gecko) Chrome/148.0.0.0 Mobile Safari/537.36"
193.207.182.130 - - [03/Jun/2026:15:35:02 +0200] "GET /wp-content/uploads/2021/12/copertina-Riparazione_Lavastoviglie-1-5.jpg HTTP/2.0" 200 35425 "https://reggio-emilia.elettroservicegroup.it/assistenza-rex-electrolux-reggio-emilia/?gad_source=1&gad_campaignid=23800353523&gbraid=0AAAABDgs-LQgLbzIVQmJVpf-ssogD496P&gclid=Cj0KCQjwof_QBhCgARIsADaMzOczD55X3YVsrTt5-JV-CAICGrF-IUaEmAmeR9gMbWFkvVjb_rbMNnYaAv-DEALw_wcB" "Mozilla/5.0 (Linux; Android 10; K) AppleWebKit/537.36 (KHTML, like Gecko) Chrome/148.0.0.0 Mobile Safari/537.36"
193.207.182.130 - - [03/Jun/2026:15:35:02 +0200] "GET /wp-content/plugins/elementor/assets/js/section-frontend-handlers.d85ab872da118940910d.bundle.min.js HTTP/2.0" 200 230 "https://reggio-emilia.elettroservicegroup.it/assistenza-rex-electrolux-reggio-emilia/?gad_source=1&gad_campaignid=23800353523&gbraid=0AAAABDgs-LQgLbzIVQmJVpf-ssogD496P&gclid=Cj0KCQjwof_QBhCgARIsADaMzOczD55X3YVsrTt5-JV-CAICGrF-IUaEmAmeR9gMbWFkvVjb_rbMNnYaAv-DEALw_wcB" "Mozilla/5.0 (Linux; Android 10; K) AppleWebKit/537.36 (KHTML, like Gecko) Chrome/148.0.0.0 Mobile Safari/537.36"
193.207.182.130 - - [03/Jun/2026:15:35:02 +0200] "GET /wp-content/uploads/2021/10/cropped-cropped-cropped-cropped-logo_white_background-180x180.png HTTP/2.0" 200 16527 "https://reggio-emilia.elettroservicegroup.it/assistenza-rex-electrolux-reggio-emilia/?gad_source=1&gad_campaignid=23800353523&gbraid=0AAAABDgs-LQgLbzIVQmJVpf-ssogD496P&gclid=Cj0KCQjwof_QBhCgARIsADaMzOczD55X3YVsrTt5-JV-CAICGrF-IUaEmAmeR9gMbWFkvVjb_rbMNnYaAv-DEALw_wcB" "Mozilla/5.0 (Linux; Android 10; K) AppleWebKit/537.36 (KHTML, like Gecko) Chrome/148.0.0.0 Mobile Safari/537.36"
193.207.182.130 - - [03/Jun/2026:15:35:02 +0200] "GET /wp-content/uploads/2021/10/cropped-cropped-cropped-cropped-logo_white_background-192x192.png HTTP/2.0" 200 15729 "https://reggio-emilia.elettroservicegroup.it/assistenza-rex-electrolux-reggio-emilia/?gad_source=1&gad_campaignid=23800353523&gbraid=0AAAABDgs-LQgLbzIVQmJVpf-ssogD496P&gclid=Cj0KCQjwof_QBhCgARIsADaMzOczD55X3YVsrTt5-JV-CAICGrF-IUaEmAmeR9gMbWFkvVjb_rbMNnYaAv-DEALw_wcB" "Mozilla/5.0 (Linux; Android 10; K) AppleWebKit/537.36 (KHTML, like Gecko) Chrome/148.0.0.0 Mobile Safari/537.36"
193.207.182.130 - - [03/Jun/2026:15:35:02 +0200] "GET /wp-content/plugins/elementor/assets/js/text-editor.45609661e409413f1cef.bundle.min.js HTTP/2.0" 200 592 "https://reggio-emilia.elettroservicegroup.it/assistenza-rex-electrolux-reggio-emilia/?gad_source=1&gad_campaignid=23800353523&gbraid=0AAAABDgs-LQgLbzIVQmJVpf-ssogD496P&gclid=Cj0KCQjwof_QBhCgARIsADaMzOczD55X3YVsrTt5-JV-CAICGrF-IUaEmAmeR9gMbWFkvVjb_rbMNnYaAv-DEALw_wcB" "Mozilla/5.0 (Linux; Android 10; K) AppleWebKit/537.36 (KHTML, like Gecko) Chrome/148.0.0.0 Mobile Safari/537.36"
193.207.182.130 - - [03/Jun/2026:15:35:02 +0200] "GET /wp-content/plugins/elementor/assets/js/shared-frontend-handlers.03caa53373b56d3bab67.bundle.min.js HTTP/2.0" 200 2515 "https://reggio-emilia.elettroservicegroup.it/assistenza-rex-electrolux-reggio-emilia/?gad_source=1&gad_campaignid=23800353523&gbraid=0AAAABDgs-LQgLbzIVQmJVpf-ssogD496P&gclid=Cj0KCQjwof_QBhCgARIsADaMzOczD55X3YVsrTt5-JV-CAICGrF-IUaEmAmeR9gMbWFkvVjb_rbMNnYaAv-DEALw_wcB" "Mozilla/5.0 (Linux; Android 10; K) AppleWebKit/537.36 (KHTML, like Gecko) Chrome/148.0.0.0 Mobile Safari/537.36"
193.207.182.130 - - [03/Jun/2026:15:35:02 +0200] "GET /wp-json/complianz/v1/banner?lang=it&locale=it_IT&token=gfwxv HTTP/2.0" 200 84 "https://reggio-emilia.elettroservicegroup.it/assistenza-rex-electrolux-reggio-emilia/?gad_source=1&gad_campaignid=23800353523&gbraid=0AAAABDgs-LQgLbzIVQmJVpf-ssogD496P&gclid=Cj0KCQjwof_QBhCgARIsADaMzOczD55X3YVsrTt5-JV-CAICGrF-IUaEmAmeR9gMbWFkvVjb_rbMNnYaAv-DEALw_wcB" "Mozilla/5.0 (Linux; Android 10; K) AppleWebKit/537.36 (KHTML, like Gecko) Chrome/148.0.0.0 Mobile Safari/537.36"
193.207.182.130 - - [03/Jun/2026:15:35:02 +0200] "GET /wp-content/uploads/complianz/css/banner-1-optin.css?v=511 HTTP/2.0" 200 2622 "https://reggio-emilia.elettroservicegroup.it/assistenza-rex-electrolux-reggio-emilia/?gad_source=1&gad_campaignid=23800353523&gbraid=0AAAABDgs-LQgLbzIVQmJVpf-ssogD496P&gclid=Cj0KCQjwof_QBhCgARIsADaMzOczD55X3YVsrTt5-JV-CAICGrF-IUaEmAmeR9gMbWFkvVjb_rbMNnYaAv-DEALw_wcB" "Mozilla/5.0 (Linux; Android 10; K) AppleWebKit/537.36 (KHTML, like Gecko) Chrome/148.0.0.0 Mobile Safari/537.36"
193.207.182.130 - - [03/Jun/2026:15:35:02 +0200] "GET /wp-json/complianz/v1/cookie_data HTTP/2.0" 200 82 "https://reggio-emilia.elettroservicegroup.it/assistenza-rex-electrolux-reggio-emilia/?gad_source=1&gad_campaignid=23800353523&gbraid=0AAAABDgs-LQgLbzIVQmJVpf-ssogD496P&gclid=Cj0KCQjwof_QBhCgARIsADaMzOczD55X3YVsrTt5-JV-CAICGrF-IUaEmAmeR9gMbWFkvVjb_rbMNnYaAv-DEALw_wcB" "Mozilla/5.0 (Linux; Android 10; K) AppleWebKit/537.36 (KHTML, like Gecko) Chrome/148.0.0.0 Mobile Safari/537.36"
193.207.182.130 - - [03/Jun/2026:15:35:04 +0200] "POST /wp-json/complianz/v1/track HTTP/2.0" 200 20 "https://reggio-emilia.elettroservicegroup.it/assistenza-rex-electrolux-reggio-emilia/?gad_source=1&gad_campaignid=23800353523&gbraid=0AAAABDgs-LQgLbzIVQmJVpf-ssogD496P&gclid=Cj0KCQjwof_QBhCgARIsADaMzOczD55X3YVsrTt5-JV-CAICGrF-IUaEmAmeR9gMbWFkvVjb_rbMNnYaAv-DEALw_wcB" "Mozilla/5.0 (Linux; Android 10; K) AppleWebKit/537.36 (KHTML, like Gecko) Chrome/148.0.0.0 Mobile Safari/537.36"
193.207.182.130 - - [03/Jun/2026:15:35:08 +0200] "GET /wp-content/uploads/2022/01/elettro3.jpg HTTP/2.0" 200 7012 "https://reggio-emilia.elettroservicegroup.it/assistenza-rex-electrolux-reggio-emilia/?gad_source=1&gad_campaignid=23800353523&gbraid=0AAAABDgs-LQgLbzIVQmJVpf-ssogD496P&gclid=Cj0KCQjwof_QBhCgARIsADaMzOczD55X3YVsrTt5-JV-CAICGrF-IUaEmAmeR9gMbWFkvVjb_rbMNnYaAv-DEALw_wcB" "Mozilla/5.0 (Linux; Android 10; K) AppleWebKit/537.36 (KHTML, like Gecko) Chrome/148.0.0.0 Mobile Safari/537.36"
193.207.182.130 - - [03/Jun/2026:15:35:16 +0200] "GET /wp-content/uploads/2026/05/logo.png HTTP/2.0" 200 48185 "https://reggio-emilia.elettroservicegroup.it/assistenza-rex-electrolux-reggio-emilia/?gad_source=1&gad_campaignid=23800353523&gbraid=0AAAABDgs-LQgLbzIVQmJVpf-ssogD496P&gclid=Cj0KCQjwof_QBhCgARIsADaMzOczD55X3YVsrTt5-JV-CAICGrF-IUaEmAmeR9gMbWFkvVjb_rbMNnYaAv-DEALw_wcB" "Mozilla/5.0 (Linux; Android 10; K) AppleWebKit/537.36 (KHTML, like Gecko) Chrome/148.0.0.0 Mobile Safari/537.36"
193.207.182.130 - - [03/Jun/2026:15:35:17 +0200] "GET /wp-content/uploads/2022/01/elett2.jpg HTTP/2.0" 200 28330 "https://reggio-emilia.elettroservicegroup.it/assistenza-rex-electrolux-reggio-emilia/?gad_source=1&gad_campaignid=23800353523&gbraid=0AAAABDgs-LQgLbzIVQmJVpf-ssogD496P&gclid=Cj0KCQjwof_QBhCgARIsADaMzOczD55X3YVsrTt5-JV-CAICGrF-IUaEmAmeR9gMbWFkvVjb_rbMNnYaAv-DEALw_wcB" "Mozilla/5.0 (Linux; Android 10; K) AppleWebKit/537.36 (KHTML, like Gecko) Chrome/148.0.0.0 Mobile Safari/537.36"
193.207.182.130 - - [03/Jun/2026:15:35:30 +0200] "GET /wp-content/plugins/complianz-gdpr-premium/assets/images/placeholders/google-maps-minimal-1280x920.jpg HTTP/2.0" 200 55264 "https://reggio-emilia.elettroservicegroup.it/assistenza-rex-electrolux-reggio-emilia/?gad_source=1&gad_campaignid=23800353523&gbraid=0AAAABDgs-LQgLbzIVQmJVpf-ssogD496P&gclid=Cj0KCQjwof_QBhCgARIsADaMzOczD55X3YVsrTt5-JV-CAICGrF-IUaEmAmeR9gMbWFkvVjb_rbMNnYaAv-DEALw_wcB" "Mozilla/5.0 (Linux; Android 10; K) AppleWebKit/537.36 (KHTML, like Gecko) Chrome/148.0.0.0 Mobile Safari/537.36"
162.120.188.143 - - [03/Jun/2026:15:41:31 +0200] "GET /assistenza-bosch-reggio-emilia/ HTTP/2.0" 200 24671 "https://www.google.com/" "Mozilla/5.0 (Windows NT 10.0; Win64; x64) AppleWebKit/537.36 (KHTML, like Gecko) Chrome/148.0.0.0 Safari/537.36"
162.120.188.14 - - [03/Jun/2026:15:42:16 +0200] "GET /assistenza-bosch-reggio-emilia/ HTTP/2.0" 200 24671 "https://www.google.com/" "Mozilla/5.0 (Windows NT 10.0; Win64; x64) AppleWebKit/537.36 (KHTML, like Gecko) Chrome/148.0.0.0 Safari/537.36"
65.108.235.243 - - [03/Jun/2026:15:43:14 +0200] "POST /wp-cron.php?doing_wp_cron=1780494194.4979269504547119140625 HTTP/1.1" 200 1 "-" "WordPress/7.0; https://reggio-emilia.elettroservicegroup.it"
114.119.141.228 - - [03/Jun/2026:15:43:12 +0200] "GET /webp-net-resizeimage-110-1-png/ HTTP/1.1" 404 17918 "https://reggio-emilia.elettroservicegroup.it/webp-net-resizeimage-110-1-png" "Mozilla/5.0 (Linux; Android 7.0;) AppleWebKit/537.36 (HTML, like Gecko) Mobile Safari/537.36 (compatible; PetalBot;+https://webmaster.petalsearch.com/site/petalbot)"
65.108.235.243 - - [03/Jun/2026:15:43:14 +0200] "GET /assistenza-lavatrici-guastalla/ HTTP/1.1" 200 25427 "-" "WP Fastest Cache Preload Bot"
65.108.235.243 - - [03/Jun/2026:15:43:15 +0200] "GET /assistenza-lavatrici-correggio/ HTTP/1.1" 200 25423 "-" "WP Fastest Cache Preload Bot"
65.108.235.243 - - [03/Jun/2026:15:43:15 +0200] "GET /assistenza-lavatrici-reggio-emilia/ HTTP/1.1" 200 25657 "-" "WP Fastest Cache Preload Bot"
65.108.235.243 - - [03/Jun/2026:15:43:15 +0200] "GET /assistenza-lavastoviglie-whirlpool-rubiera/ HTTP/1.1" 200 24706 "-" "WP Fastest Cache Preload Bot"
65.108.235.243 - - [03/Jun/2026:15:44:37 +0200] "POST /wp-cron.php?doing_wp_cron=1780494277.8285050392150878906250 HTTP/1.1" 200 1 "-" "WordPress/7.0; https://reggio-emilia.elettroservicegroup.it"
114.119.137.98 - - [03/Jun/2026:15:44:36 +0200] "GET /tecnico-elettrodomestici HTTP/1.1" 301 1 "https://reggio-emilia.elettroservicegroup.it/tecnico-elettrodomestici" "Mozilla/5.0 (Linux; Android 7.0;) AppleWebKit/537.36 (HTML, like Gecko) Mobile Safari/537.36 (compatible; PetalBot;+https://webmaster.petalsearch.com/site/petalbot)"
114.119.137.98 - - [03/Jun/2026:15:44:38 +0200] "GET /tecnico-elettrodomestici/ HTTP/1.1" 200 19015 "https://reggio-emilia.elettroservicegroup.it/tecnico-elettrodomestici" "Mozilla/5.0 (Linux; Android 7.0;) AppleWebKit/537.36 (HTML, like Gecko) Mobile Safari/537.36 (compatible; PetalBot;+https://webmaster.petalsearch.com/site/petalbot)"
65.108.235.243 - - [03/Jun/2026:15:46:01 +0200] "POST /wp-cron.php?doing_wp_cron=1780494361.8172469139099121093750 HTTP/1.1" 200 1 "-" "WordPress/7.0; https://reggio-emilia.elettroservicegroup.it"
114.119.137.153 - - [03/Jun/2026:15:46:00 +0200] "GET /sfondo-miele HTTP/1.1" 301 1 "https://reggio-emilia.elettroservicegroup.it/sfondo-miele" "Mozilla/5.0 (Linux; Android 7.0;) AppleWebKit/537.36 (HTML, like Gecko) Mobile Safari/537.36 (compatible; PetalBot;+https://webmaster.petalsearch.com/site/petalbot)"
65.108.235.243 - - [03/Jun/2026:15:46:02 +0200] "GET /assistenza-lavastoviglie-smeg-guastalla/ HTTP/1.1" 200 24677 "-" "WP Fastest Cache Preload Bot"
114.119.137.153 - - [03/Jun/2026:15:46:02 +0200] "GET /sfondo-miele/ HTTP/1.1" 200 19032 "https://reggio-emilia.elettroservicegroup.it/sfondo-miele" "Mozilla/5.0 (Linux; Android 7.0;) AppleWebKit/537.36 (HTML, like Gecko) Mobile Safari/537.36 (compatible; PetalBot;+https://webmaster.petalsearch.com/site/petalbot)"
65.108.235.243 - - [03/Jun/2026:15:46:02 +0200] "GET /assistenza-lavastoviglie-whirlpool-scandiano/ HTTP/1.1" 200 24708 "-" "WP Fastest Cache Preload Bot"
65.108.235.243 - - [03/Jun/2026:15:46:03 +0200] "GET /assistenza-lavastoviglie-whirlpool-santilario-denza/ HTTP/1.1" 200 24801 "-" "WP Fastest Cache Preload Bot"
65.108.235.243 - - [03/Jun/2026:15:46:03 +0200] "GET /assistenza-lavastoviglie-whirlpool-guastalla/ HTTP/1.1" 200 24710 "-" "WP Fastest Cache Preload Bot"
65.108.235.243 - - [03/Jun/2026:15:47:24 +0200] "POST /wp-cron.php?doing_wp_cron=1780494444.1968269348144531250000 HTTP/1.1" 200 1 "-" "WordPress/7.0; https://reggio-emilia.elettroservicegroup.it"
114.119.137.98 - - [03/Jun/2026:15:47:22 +0200] "GET /cropped-cropped-logo_white_background-png/ HTTP/1.1" 200 19014 "https://reggio-emilia.elettroservicegroup.it/cropped-cropped-logo_white_background-png" "Mozilla/5.0 (Linux; Android 7.0;) AppleWebKit/537.36 (HTML, like Gecko) Mobile Safari/537.36 (compatible; PetalBot;+https://webmaster.petalsearch.com/site/petalbot)"
65.108.235.243 - - [03/Jun/2026:15:48:47 +0200] "POST /wp-cron.php?doing_wp_cron=1780494527.8578269481658935546875 HTTP/1.1" 200 1 "-" "WordPress/7.0; https://reggio-emilia.elettroservicegroup.it"
114.119.137.153 - - [03/Jun/2026:15:48:46 +0200] "GET /assistenza-smeg-santilario-denza/ HTTP/1.1" 200 25059 "https://reggio-emilia.elettroservicegroup.it/assistenza-smeg-santilario-denza/" "Mozilla/5.0 (Linux; Android 7.0;) AppleWebKit/537.36 (HTML, like Gecko) Mobile Safari/537.36 (compatible; PetalBot;+https://webmaster.petalsearch.com/site/petalbot)"
162.120.187.137 - - [03/Jun/2026:15:50:58 +0200] "GET /assistenza-bosch-reggio-emilia/ HTTP/2.0" 200 24671 "https://www.google.com/" "Mozilla/5.0 (Windows NT 10.0; Win64; x64) AppleWebKit/537.36 (KHTML, like Gecko) Chrome/148.0.0.0 Safari/537.36"
65.108.235.243 - - [03/Jun/2026:16:02:42 +0200] "POST /wp-cron.php?doing_wp_cron=1780495362.0600929260253906250000 HTTP/1.1" 200 1 "-" "WordPress/7.0; https://reggio-emilia.elettroservicegroup.it"
114.119.132.207 - - [03/Jun/2026:16:02:40 +0200] "GET /sfondo-aeg HTTP/1.1" 301 1 "https://reggio-emilia.elettroservicegroup.it/sfondo-aeg" "Mozilla/5.0 (Linux; Android 7.0;) AppleWebKit/537.36 (HTML, like Gecko) Mobile Safari/537.36 (compatible; PetalBot;+https://webmaster.petalsearch.com/site/petalbot)"
65.108.235.243 - - [03/Jun/2026:16:02:42 +0200] "GET /assistenza-lavastoviglie-whirlpool-correggio/ HTTP/1.1" 200 24711 "-" "WP Fastest Cache Preload Bot"
114.119.132.207 - - [03/Jun/2026:16:02:42 +0200] "GET /sfondo-aeg/ HTTP/1.1" 200 19019 "https://reggio-emilia.elettroservicegroup.it/sfondo-aeg" "Mozilla/5.0 (Linux; Android 7.0;) AppleWebKit/537.36 (HTML, like Gecko) Mobile Safari/537.36 (compatible; PetalBot;+https://webmaster.petalsearch.com/site/petalbot)"
65.108.235.243 - - [03/Jun/2026:16:02:42 +0200] "GET /assistenza-lavastoviglie-smeg-correggio/ HTTP/1.1" 200 24674 "-" "WP Fastest Cache Preload Bot"
65.108.235.243 - - [03/Jun/2026:16:02:43 +0200] "GET /assistenza-lavastoviglie-whirlpool-reggio-emilia/ HTTP/1.1" 200 24709 "-" "WP Fastest Cache Preload Bot"
65.108.235.243 - - [03/Jun/2026:16:02:43 +0200] "GET /assistenza-lavastoviglie-smeg-reggio-emilia/ HTTP/1.1" 200 24671 "-" "WP Fastest Cache Preload Bot"
65.108.235.243 - - [03/Jun/2026:16:04:05 +0200] "POST /wp-cron.php?doing_wp_cron=1780495445.8338789939880371093750 HTTP/1.1" 200 1 "-" "WordPress/7.0; https://reggio-emilia.elettroservicegroup.it"
114.119.137.98 - - [03/Jun/2026:16:04:04 +0200] "GET /assistenza-rex-electrolux-guastalla/ HTTP/1.1" 200 25011 "https://reggio-emilia.elettroservicegroup.it/assistenza-rex-electrolux-guastalla/" "Mozilla/5.0 (Linux; Android 7.0;) AppleWebKit/537.36 (HTML, like Gecko) Mobile Safari/537.36 (compatible; PetalBot;+https://webmaster.petalsearch.com/site/petalbot)"
65.108.235.243 - - [03/Jun/2026:16:05:28 +0200] "POST /wp-cron.php?doing_wp_cron=1780495528.8118159770965576171875 HTTP/1.1" 200 1 "-" "WordPress/7.0; https://reggio-emilia.elettroservicegroup.it"
114.119.137.98 - - [03/Jun/2026:16:05:27 +0200] "GET /assistenza-lavatrici/repairman-refrigerator-repairing-examining-installing/ HTTP/1.1" 200 18999 "https://reggio-emilia.elettroservicegroup.it/assistenza-lavatrici/repairman-refrigerator-repairing-examining-installing" "Mozilla/5.0 (Linux; Android 7.0;) AppleWebKit/537.36 (HTML, like Gecko) Mobile Safari/537.36 (compatible; PetalBot;+https://webmaster.petalsearch.com/site/petalbot)"
65.108.235.243 - - [03/Jun/2026:16:06:53 +0200] "POST /wp-cron.php?doing_wp_cron=1780495613.5430119037628173828125 HTTP/1.1" 200 1 "-" "WordPress/7.0; https://reggio-emilia.elettroservicegroup.it"
114.119.148.161 - - [03/Jun/2026:16:06:51 +0200] "GET /assistenza-lavatrici/call/ HTTP/1.1" 404 17909 "https://reggio-emilia.elettroservicegroup.it/assistenza-lavatrici/call/" "Mozilla/5.0 (Linux; Android 7.0;) AppleWebKit/537.36 (HTML, like Gecko) Mobile Safari/537.36 (compatible; PetalBot;+https://webmaster.petalsearch.com/site/petalbot)"
65.108.235.243 - - [03/Jun/2026:16:06:53 +0200] "GET /assistenza-lavastoviglie-rex-electrolux-rubiera/ HTTP/1.1" 200 24667 "-" "WP Fastest Cache Preload Bot"
65.108.235.243 - - [03/Jun/2026:16:06:54 +0200] "GET /assistenza-lavastoviglie-rex-electrolux-scandiano/ HTTP/1.1" 200 24758 "-" "WP Fastest Cache Preload Bot"
65.108.235.243 - - [03/Jun/2026:16:06:54 +0200] "GET /assistenza-lavastoviglie-rex-electrolux-santilario-denza/ HTTP/1.1" 200 24767 "-" "WP Fastest Cache Preload Bot"
65.108.235.243 - - [03/Jun/2026:16:06:55 +0200] "GET /assistenza-lavastoviglie-rex-electrolux-guastalla/ HTTP/1.1" 200 24700 "-" "WP Fastest Cache Preload Bot"
65.108.235.243 - - [03/Jun/2026:16:08:16 +0200] "POST /wp-cron.php?doing_wp_cron=1780495696.0454640388488769531250 HTTP/1.1" 200 1 "-" "WordPress/7.0; https://reggio-emilia.elettroservicegroup.it"
114.119.130.67 - - [03/Jun/2026:16:08:14 +0200] "GET /assistenza-lavatrici-bosch-scandiano HTTP/1.1" 301 1 "https://reggio-emilia.elettroservicegroup.it/assistenza-lavatrici-bosch-scandiano" "Mozilla/5.0 (Linux; Android 7.0;) AppleWebKit/537.36 (HTML, like Gecko) Mobile Safari/537.36 (compatible; PetalBot;+https://webmaster.petalsearch.com/site/petalbot)"
114.119.130.67 - - [03/Jun/2026:16:08:16 +0200] "GET /assistenza-lavatrici-bosch-scandiano/ HTTP/1.1" 200 25034 "https://reggio-emilia.elettroservicegroup.it/assistenza-lavatrici-bosch-scandiano" "Mozilla/5.0 (Linux; Android 7.0;) AppleWebKit/537.36 (HTML, like Gecko) Mobile Safari/537.36 (compatible; PetalBot;+https://webmaster.petalsearch.com/site/petalbot)"
52.165.212.62 - - [03/Jun/2026:16:08:25 +0200] "GET /assistenza-bosch-reggio-emilia/ HTTP/2.0" 200 24671 "-" "Mozilla/5.0 AppleWebKit/537.36 (KHTML, like Gecko); compatible; ChatGPT-User/1.0; +https://openai.com/bot"
74.7.228.174 - - [03/Jun/2026:16:09:33 +0200] "GET /assistenza-bosch-reggio-emilia/ HTTP/2.0" 200 24671 "-" "Mozilla/5.0 (Macintosh; Intel Mac OS X 10_15_7) AppleWebKit/537.36 (KHTML, like Gecko) Chrome/131.0.0.0 Safari/537.36; compatible; OAI-SearchBot/1.4; +https://openai.com/searchbot"
65.108.235.243 - - [03/Jun/2026:16:09:36 +0200] "POST /wp-cron.php?doing_wp_cron=1780495776.4723711013793945312500 HTTP/1.1" 200 1 "-" "WordPress/7.0; https://reggio-emilia.elettroservicegroup.it"
74.7.227.152 - - [03/Jun/2026:16:09:34 +0200] "GET /wp-content/uploads/elementor/css/post-17702.css?ver=1780327774 HTTP/2.0" 404 19225 "https://reggio-emilia.elettroservicegroup.it/assistenza-bosch-reggio-emilia/" "Mozilla/5.0 AppleWebKit/537.36 (KHTML, like Gecko; compatible; GPTBot/1.4; +https://openai.com/gptbot)"
74.7.242.166 - - [03/Jun/2026:16:09:36 +0200] "GET /wp-json/oembed/1.0/embed?format=xml&url=https%3A%2F%2Freggio-emilia.elettroservicegroup.it%2Fassistenza-bosch-reggio-emilia%2F HTTP/2.0" 400 100 "https://reggio-emilia.elettroservicegroup.it/assistenza-bosch-reggio-emilia/" "Mozilla/5.0 (Macintosh; Intel Mac OS X 10_15_7) AppleWebKit/537.36 (KHTML, like Gecko) Chrome/131.0.0.0 Safari/537.36; compatible; OAI-SearchBot/1.4; +https://openai.com/searchbot"
114.119.130.67 - - [03/Jun/2026:16:09:38 +0200] "GET /assistenza-lavatrici-bosch-guastalla/ HTTP/1.1" 200 25025 "https://reggio-emilia.elettroservicegroup.it/assistenza-lavatrici-bosch-guastalla/" "Mozilla/5.0 (Linux; Android 7.0;) AppleWebKit/537.36 (HTML, like Gecko) Mobile Safari/537.36 (compatible; PetalBot;+https://webmaster.petalsearch.com/site/petalbot)"
74.7.229.186 - - [03/Jun/2026:16:09:39 +0200] "GET /?p=17702 HTTP/2.0" 415 25454 "https://reggio-emilia.elettroservicegroup.it/assistenza-bosch-reggio-emilia/" "Mozilla/5.0 (Macintosh; Intel Mac OS X 10_15_7) AppleWebKit/537.36 (KHTML, like Gecko) Chrome/131.0.0.0 Safari/537.36; compatible; OAI-SearchBot/1.4; +https://openai.com/searchbot"
74.7.229.102 - - [03/Jun/2026:16:09:42 +0200] "GET /wp-content/uploads/elementor/css/post-17702.css?ver=1780327774 HTTP/2.0" 200 2163 "https://reggio-emilia.elettroservicegroup.it/assistenza-bosch-reggio-emilia/" "Mozilla/5.0 (Macintosh; Intel Mac OS X 10_15_7) AppleWebKit/537.36 (KHTML, like Gecko) Chrome/131.0.0.0 Safari/537.36; compatible; OAI-SearchBot/1.4; +https://openai.com/searchbot"
74.7.229.186 - - [03/Jun/2026:16:09:45 +0200] "GET /wp-json/wp/v2/pages/17702 HTTP/2.0" 415 8069 "https://reggio-emilia.elettroservicegroup.it/assistenza-bosch-reggio-emilia/" "Mozilla/5.0 (Macintosh; Intel Mac OS X 10_15_7) AppleWebKit/537.36 (KHTML, like Gecko) Chrome/131.0.0.0 Safari/537.36; compatible; OAI-SearchBot/1.4; +https://openai.com/searchbot"
74.7.229.186 - - [03/Jun/2026:16:09:47 +0200] "GET /wp-json/wp/v2/pages/17702 HTTP/2.0" 415 8069 "https://reggio-emilia.elettroservicegroup.it/assistenza-bosch-reggio-emilia/" "Mozilla/5.0 (Macintosh; Intel Mac OS X 10_15_7) AppleWebKit/537.36 (KHTML, like Gecko) Chrome/131.0.0.0 Safari/537.36; compatible; OAI-SearchBot/1.4; +https://openai.com/searchbot"
74.7.228.196 - - [03/Jun/2026:16:09:50 +0200] "GET /wp-json/oembed/1.0/embed?url=https%3A%2F%2Freggio-emilia.elettroservicegroup.it%2Fassistenza-bosch-reggio-emilia%2F HTTP/2.0" 400 100 "https://reggio-emilia.elettroservicegroup.it/assistenza-bosch-reggio-emilia/" "Mozilla/5.0 (Macintosh; Intel Mac OS X 10_15_7) AppleWebKit/537.36 (KHTML, like Gecko) Chrome/131.0.0.0 Safari/537.36; compatible; OAI-SearchBot/1.4; +https://openai.com/searchbot"
74.7.228.196 - - [03/Jun/2026:16:09:52 +0200] "GET /wp-json/oembed/1.0/embed?url=https%3A%2F%2Freggio-emilia.elettroservicegroup.it%2Fassistenza-bosch-reggio-emilia%2F HTTP/2.0" 400 100 "https://reggio-emilia.elettroservicegroup.it/assistenza-bosch-reggio-emilia/" "Mozilla/5.0 (Macintosh; Intel Mac OS X 10_15_7) AppleWebKit/537.36 (KHTML, like Gecko) Chrome/131.0.0.0 Safari/537.36; compatible; OAI-SearchBot/1.4; +https://openai.com/searchbot"
74.7.242.166 - - [03/Jun/2026:16:09:55 +0200] "GET /wp-json/oembed/1.0/embed?format=xml&url=https%3A%2F%2Freggio-emilia.elettroservicegroup.it%2Fassistenza-bosch-reggio-emilia%2F HTTP/2.0" 400 100 "https://reggio-emilia.elettroservicegroup.it/assistenza-bosch-reggio-emilia/" "Mozilla/5.0 (Macintosh; Intel Mac OS X 10_15_7) AppleWebKit/537.36 (KHTML, like Gecko) Chrome/131.0.0.0 Safari/537.36; compatible; OAI-SearchBot/1.4; +https://openai.com/searchbot"
74.7.229.186 - - [03/Jun/2026:16:09:57 +0200] "GET /?p=17702 HTTP/2.0" 415 25454 "https://reggio-emilia.elettroservicegroup.it/assistenza-bosch-reggio-emilia/" "Mozilla/5.0 (Macintosh; Intel Mac OS X 10_15_7) AppleWebKit/537.36 (KHTML, like Gecko) Chrome/131.0.0.0 Safari/537.36; compatible; OAI-SearchBot/1.4; +https://openai.com/searchbot"
65.108.235.243 - - [03/Jun/2026:16:11:03 +0200] "POST /wp-cron.php?doing_wp_cron=1780495863.2530090808868408203125 HTTP/1.1" 200 1 "-" "WordPress/7.0; https://reggio-emilia.elettroservicegroup.it"
114.119.141.228 - - [03/Jun/2026:16:11:01 +0200] "GET /assistenza-lavastoviglie-smeg-correggio HTTP/1.1" 301 1 "https://reggio-emilia.elettroservicegroup.it/assistenza-lavastoviglie-smeg-correggio" "Mozilla/5.0 (Linux; Android 7.0;) AppleWebKit/537.36 (HTML, like Gecko) Mobile Safari/537.36 (compatible; PetalBot;+https://webmaster.petalsearch.com/site/petalbot)"
65.108.235.243 - - [03/Jun/2026:16:11:03 +0200] "GET /assistenza-lavastoviglie-rex-electrolux-correggio/ HTTP/1.1" 200 24663 "-" "WP Fastest Cache Preload Bot"
114.119.141.228 - - [03/Jun/2026:16:11:03 +0200] "GET /assistenza-lavastoviglie-smeg-correggio/ HTTP/1.1" 200 24894 "https://reggio-emilia.elettroservicegroup.it/assistenza-lavastoviglie-smeg-correggio" "Mozilla/5.0 (Linux; Android 7.0;) AppleWebKit/537.36 (HTML, like Gecko) Mobile Safari/537.36 (compatible; PetalBot;+https://webmaster.petalsearch.com/site/petalbot)"
65.108.235.243 - - [03/Jun/2026:16:11:04 +0200] "GET /assistenza-lavastoviglie-rex-electrolux-reggio-emilia/ HTTP/1.1" 200 24659 "-" "WP Fastest Cache Preload Bot"
65.108.235.243 - - [03/Jun/2026:16:11:04 +0200] "GET /assistenza-lavastoviglie-indesit-rubiera/ HTTP/1.1" 200 24717 "-" "WP Fastest Cache Preload Bot"
65.108.235.243 - - [03/Jun/2026:16:11:04 +0200] "GET /assistenza-lavastoviglie-indesit-scandiano/ HTTP/1.1" 200 24724 "-" "WP Fastest Cache Preload Bot"
65.108.235.243 - - [03/Jun/2026:16:12:27 +0200] "POST /wp-cron.php?doing_wp_cron=1780495947.2325580120086669921875 HTTP/1.1" 200 1 "-" "WordPress/7.0; https://reggio-emilia.elettroservicegroup.it"
114.119.138.37 - - [03/Jun/2026:16:12:25 +0200] "GET /assistenza-lavastoviglie-santilario-denza HTTP/1.1" 301 1 "https://reggio-emilia.elettroservicegroup.it/assistenza-lavastoviglie-santilario-denza" "Mozilla/5.0 (Linux; Android 7.0;) AppleWebKit/537.36 (HTML, like Gecko) Mobile Safari/537.36 (compatible; PetalBot;+https://webmaster.petalsearch.com/site/petalbot)"
114.119.138.37 - - [03/Jun/2026:16:12:27 +0200] "GET /assistenza-lavastoviglie-santilario-denza/ HTTP/1.1" 200 25531 "https://reggio-emilia.elettroservicegroup.it/assistenza-lavastoviglie-santilario-denza" "Mozilla/5.0 (Linux; Android 7.0;) AppleWebKit/537.36 (HTML, like Gecko) Mobile Safari/537.36 (compatible; PetalBot;+https://webmaster.petalsearch.com/site/petalbot)"
65.108.235.243 - - [03/Jun/2026:16:13:50 +0200] "POST /wp-cron.php?doing_wp_cron=1780496030.6297180652618408203125 HTTP/1.1" 200 1 "-" "WordPress/7.0; https://reggio-emilia.elettroservicegroup.it"
114.119.137.153 - - [03/Jun/2026:16:13:49 +0200] "GET /assistenza-forni-elettrici HTTP/1.1" 301 1 "https://reggio-emilia.elettroservicegroup.it/" "Mozilla/5.0 (Linux; Android 7.0;) AppleWebKit/537.36 (HTML, like Gecko) Mobile Safari/537.36 (compatible; PetalBot;+https://webmaster.petalsearch.com/site/petalbot)"
114.119.137.153 - - [03/Jun/2026:16:13:51 +0200] "GET /assistenza-forni-elettrici-reggio-emilia/ HTTP/1.1" 200 23263 "https://reggio-emilia.elettroservicegroup.it/" "Mozilla/5.0 (Linux; Android 7.0;) AppleWebKit/537.36 (HTML, like Gecko) Mobile Safari/537.36 (compatible; PetalBot;+https://webmaster.petalsearch.com/site/petalbot)"
65.108.235.243 - - [03/Jun/2026:16:14:58 +0200] "POST /wp-cron.php?doing_wp_cron=1780496098.5047171115875244140625 HTTP/1.1" 200 1 "-" "WordPress/7.0; https://reggio-emilia.elettroservicegroup.it"
74.125.151.201 - - [03/Jun/2026:16:14:56 +0200] "GET /assistenza-smeg-correggio/ HTTP/1.1" 200 24985 "-" "Mozilla/5.0 (Linux; Android 6.0.1; Nexus 5X Build/MMB29P) AppleWebKit/537.36 (KHTML, like Gecko) Chrome/148.0.7778.96 Mobile Safari/537.36 (compatible; AdsBot-Google-Mobile; +http://www.google.com/mobile/adsbot.html)"
74.125.151.201 - - [03/Jun/2026:16:15:01 +0200] "GET /wp-content/plugins/elementor/assets/lib/font-awesome/css/v4-shims.min.css?ver=4.1.1 HTTP/1.1" 200 3986 "https://reggio-emilia.elettroservicegroup.it/assistenza-smeg-correggio/" "AdsBot-Google (+http://www.google.com/adsbot.html)"
74.125.151.199 - - [03/Jun/2026:16:15:01 +0200] "GET /wp-content/themes/generatepress/assets/css/main.min.css?ver=3.6.1 HTTP/1.1" 200 4410 "https://reggio-emilia.elettroservicegroup.it/assistenza-smeg-correggio/" "AdsBot-Google (+http://www.google.com/adsbot.html)"
74.125.151.201 - - [03/Jun/2026:16:15:02 +0200] "GET /wp-content/plugins/elementor/assets/lib/animations/styles/zoomIn.min.css?ver=4.1.1 HTTP/1.1" 200 87 "https://reggio-emilia.elettroservicegroup.it/assistenza-smeg-correggio/" "AdsBot-Google (+http://www.google.com/adsbot.html)"
74.125.151.199 - - [03/Jun/2026:16:15:02 +0200] "GET /wp-content/plugins/elementor/assets/css/widget-heading.min.css?ver=4.1.1 HTTP/1.1" 200 127 "https://reggio-emilia.elettroservicegroup.it/assistenza-smeg-correggio/" "AdsBot-Google (+http://www.google.com/adsbot.html)"
74.125.151.199 - - [03/Jun/2026:16:15:02 +0200] "GET /wp-content/plugins/gp-premium/menu-plus/functions/css/navigation-branding-flex.min.css?ver=2.5.5 HTTP/1.1" 200 542 "https://reggio-emilia.elettroservicegroup.it/assistenza-smeg-correggio/" "AdsBot-Google (+http://www.google.com/adsbot.html)"
74.125.151.201 - - [03/Jun/2026:16:15:02 +0200] "GET /wp-content/uploads/elementor/css/post-17835.css?ver=1780328900 HTTP/1.1" 200 2177 "https://reggio-emilia.elettroservicegroup.it/assistenza-smeg-correggio/" "AdsBot-Google (+http://www.google.com/adsbot.html)"
74.125.151.201 - - [03/Jun/2026:16:15:03 +0200] "GET /wp-content/plugins/elementor/assets/lib/font-awesome/css/brands.css?ver=5.15.3 HTTP/1.1" 200 298 "https://reggio-emilia.elettroservicegroup.it/assistenza-smeg-correggio/" "AdsBot-Google (+http://www.google.com/adsbot.html)"
74.125.151.201 - - [03/Jun/2026:16:15:03 +0200] "GET /wp-content/plugins/elementor/assets/lib/eicons/css/elementor-icons.min.css?ver=5.34.0 HTTP/1.1" 200 4115 "https://reggio-emilia.elettroservicegroup.it/assistenza-smeg-correggio/" "AdsBot-Google (+http://www.google.com/adsbot.html)"
74.125.151.200 - - [03/Jun/2026:16:15:03 +0200] "GET /wp-includes/js/jquery/jquery-migrate.min.js?ver=3.4.1 HTTP/1.1" 200 4685 "https://reggio-emilia.elettroservicegroup.it/assistenza-smeg-correggio/" "AdsBot-Google (+http://www.google.com/adsbot.html)"
74.125.151.200 - - [03/Jun/2026:16:15:04 +0200] "GET /wp-content/plugins/elementor/assets/lib/font-awesome/js/v4-shims.min.js?ver=4.1.1 HTTP/1.1" 200 4043 "https://reggio-emilia.elettroservicegroup.it/assistenza-smeg-correggio/" "AdsBot-Google (+http://www.google.com/adsbot.html)"
74.125.151.199 - - [03/Jun/2026:16:15:04 +0200] "GET /wp-content/plugins/gp-premium/menu-plus/functions/js/sticky.min.js?ver=2.5.5 HTTP/1.1" 200 2670 "https://reggio-emilia.elettroservicegroup.it/assistenza-smeg-correggio/" "AdsBot-Google (+http://www.google.com/adsbot.html)"
74.125.151.199 - - [03/Jun/2026:16:15:04 +0200] "GET /wp-content/plugins/elementor/assets/lib/font-awesome/css/solid.css?ver=5.15.3 HTTP/1.1" 200 299 "https://reggio-emilia.elettroservicegroup.it/assistenza-smeg-correggio/" "AdsBot-Google (+http://www.google.com/adsbot.html)"
74.125.151.200 - - [03/Jun/2026:16:15:05 +0200] "GET /wp-content/plugins/header-footer-elementor/assets/css/header-footer-elementor.css?ver=2.8.8 HTTP/1.1" 200 260 "https://reggio-emilia.elettroservicegroup.it/assistenza-smeg-correggio/" "AdsBot-Google (+http://www.google.com/adsbot.html)"
74.125.151.200 - - [03/Jun/2026:16:15:05 +0200] "GET /wp-content/plugins/elementor/assets/lib/font-awesome/css/all.min.css?ver=4.1.1 HTTP/1.1" 200 12402 "https://reggio-emilia.elettroservicegroup.it/assistenza-smeg-correggio/" "AdsBot-Google (+http://www.google.com/adsbot.html)"
74.125.151.199 - - [03/Jun/2026:16:15:05 +0200] "GET /wp-content/plugins/elementor/assets/css/widget-image.min.css?ver=4.1.1 HTTP/1.1" 200 96 "https://reggio-emilia.elettroservicegroup.it/assistenza-smeg-correggio/" "AdsBot-Google (+http://www.google.com/adsbot.html)"
74.125.151.199 - - [03/Jun/2026:16:15:06 +0200] "GET /wp-content/plugins/elementor/assets/lib/animations/styles/bounceIn.min.css?ver=4.1.1 HTTP/1.1" 200 186 "https://reggio-emilia.elettroservicegroup.it/assistenza-smeg-correggio/" "AdsBot-Google (+http://www.google.com/adsbot.html)"
74.125.151.199 - - [03/Jun/2026:16:15:06 +0200] "GET /wp-content/plugins/header-footer-elementor/inc/widgets-css/frontend.css?ver=2.8.8 HTTP/1.1" 200 8711 "https://reggio-emilia.elettroservicegroup.it/assistenza-smeg-correggio/" "AdsBot-Google (+http://www.google.com/adsbot.html)"
74.125.151.199 - - [03/Jun/2026:16:15:06 +0200] "GET /wp-content/plugins/elementor/assets/js/webpack.runtime.min.js?ver=4.1.1 HTTP/1.1" 200 2340 "https://reggio-emilia.elettroservicegroup.it/assistenza-smeg-correggio/" "AdsBot-Google (+http://www.google.com/adsbot.html)"
74.125.151.200 - - [03/Jun/2026:16:15:07 +0200] "GET /wp-includes/js/jquery/jquery.min.js?ver=3.7.1 HTTP/1.1" 200 29769 "https://reggio-emilia.elettroservicegroup.it/assistenza-smeg-correggio/" "AdsBot-Google (+http://www.google.com/adsbot.html)"
74.125.151.200 - - [03/Jun/2026:16:15:07 +0200] "GET /wp-content/plugins/elementor/assets/lib/font-awesome/css/fontawesome.css?ver=5.15.3 HTTP/1.1" 200 12535 "https://reggio-emilia.elettroservicegroup.it/assistenza-smeg-correggio/" "AdsBot-Google (+http://www.google.com/adsbot.html)"
74.125.151.200 - - [03/Jun/2026:16:15:07 +0200] "GET /wp-content/plugins/elementor/assets/css/frontend.min.css?ver=4.1.1 HTTP/1.1" 200 6618 "https://reggio-emilia.elettroservicegroup.it/assistenza-smeg-correggio/" "AdsBot-Google (+http://www.google.com/adsbot.html)"
74.125.151.199 - - [03/Jun/2026:16:15:08 +0200] "GET /wp-content/uploads/elementor/google-fonts/css/robotoslab.css?ver=1742255003 HTTP/1.1" 200 721 "https://reggio-emilia.elettroservicegroup.it/assistenza-smeg-correggio/" "AdsBot-Google (+http://www.google.com/adsbot.html)"
74.125.151.199 - - [03/Jun/2026:16:15:08 +0200] "GET /wp-content/uploads/elementor/google-fonts/css/roboto.css?ver=1742255001 HTTP/1.1" 200 1890 "https://reggio-emilia.elettroservicegroup.it/assistenza-smeg-correggio/" "AdsBot-Google (+http://www.google.com/adsbot.html)"
74.125.151.200 - - [03/Jun/2026:16:15:08 +0200] "GET /wp-content/plugins/all-in-one-seo-pack/dist/Lite/assets/css/table-of-contents/global.e90f6d47.css?ver=4.9.7.2 HTTP/1.1" 200 420 "https://reggio-emilia.elettroservicegroup.it/assistenza-smeg-correggio/" "AdsBot-Google (+http://www.google.com/adsbot.html)"
74.125.151.199 - - [03/Jun/2026:16:15:09 +0200] "GET /wp-content/plugins/elementor/assets/css/widget-spacer.min.css?ver=4.1.1 HTTP/1.1" 200 287 "https://reggio-emilia.elettroservicegroup.it/assistenza-smeg-correggio/" "AdsBot-Google (+http://www.google.com/adsbot.html)"
74.125.151.199 - - [03/Jun/2026:16:15:09 +0200] "GET /wp-content/plugins/elementor/assets/css/widget-social-icons.min.css?ver=3.24.0 HTTP/1.1" 200 1039 "https://reggio-emilia.elettroservicegroup.it/assistenza-smeg-correggio/" "AdsBot-Google (+http://www.google.com/adsbot.html)"
74.125.151.199 - - [03/Jun/2026:16:15:09 +0200] "GET /wp-content/plugins/elementor/assets/css/widget-icon-list.min.css?ver=3.24.3 HTTP/1.1" 200 928 "https://reggio-emilia.elettroservicegroup.it/assistenza-smeg-correggio/" "AdsBot-Google (+http://www.google.com/adsbot.html)"
74.125.151.199 - - [03/Jun/2026:16:15:10 +0200] "GET /wp-content/plugins/elementor/assets/js/frontend-modules.min.js?ver=4.1.1 HTTP/1.1" 200 15454 "https://reggio-emilia.elettroservicegroup.it/assistenza-smeg-correggio/" "AdsBot-Google (+http://www.google.com/adsbot.html)"
74.125.151.199 - - [03/Jun/2026:16:15:11 +0200] "GET /wp-includes/js/jquery/ui/core.min.js?ver=1.13.3 HTTP/1.1" 200 6820 "https://reggio-emilia.elettroservicegroup.it/assistenza-smeg-correggio/" "AdsBot-Google (+http://www.google.com/adsbot.html)"
74.125.151.199 - - [03/Jun/2026:16:15:11 +0200] "GET /wp-content/themes/generatepress/assets/js/menu.min.js?ver=3.6.1 HTTP/1.1" 200 1688 "https://reggio-emilia.elettroservicegroup.it/assistenza-smeg-correggio/" "AdsBot-Google (+http://www.google.com/adsbot.html)"
74.125.151.199 - - [03/Jun/2026:16:15:12 +0200] "GET /wp-content/themes/generatepress/assets/js/back-to-top.min.js?ver=3.6.1 HTTP/1.1" 200 336 "https://reggio-emilia.elettroservicegroup.it/assistenza-smeg-correggio/" "AdsBot-Google (+http://www.google.com/adsbot.html)"
114.119.137.153 - - [03/Jun/2026:16:15:11 +0200] "GET /assistenza-elettrodomestici/forno-c HTTP/1.1" 301 1 "https://reggio-emilia.elettroservicegroup.it/assistenza-elettrodomestici/forno-c" "Mozilla/5.0 (Linux; Android 7.0;) AppleWebKit/537.36 (HTML, like Gecko) Mobile Safari/537.36 (compatible; PetalBot;+https://webmaster.petalsearch.com/site/petalbot)"
74.125.151.199 - - [03/Jun/2026:16:15:12 +0200] "GET /wp-content/plugins/google-analytics-for-wordpress/assets/js/frontend-gtag.min.js?ver=10.2.2 HTTP/1.1" 200 3075 "https://reggio-emilia.elettroservicegroup.it/assistenza-smeg-correggio/" "AdsBot-Google (+http://www.google.com/adsbot.html)"
74.125.151.199 - - [03/Jun/2026:16:15:12 +0200] "GET /wp-content/plugins/elementor/assets/js/frontend.min.js?ver=4.1.1 HTTP/1.1" 200 10140 "https://reggio-emilia.elettroservicegroup.it/assistenza-smeg-correggio/" "AdsBot-Google (+http://www.google.com/adsbot.html)"
74.125.151.199 - - [03/Jun/2026:16:15:12 +0200] "GET /wp-json/complianz/v1/banner?lang=it&locale=it_IT&token=lcps HTTP/1.1" 200 84 "https://reggio-emilia.elettroservicegroup.it/assistenza-smeg-correggio/" "AdsBot-Google (+http://www.google.com/adsbot.html)"
114.119.137.153 - - [03/Jun/2026:16:15:12 +0200] "GET /assistenza-elettrodomestici/forno-c/ HTTP/1.1" 200 19001 "https://reggio-emilia.elettroservicegroup.it/assistenza-elettrodomestici/forno-c" "Mozilla/5.0 (Linux; Android 7.0;) AppleWebKit/537.36 (HTML, like Gecko) Mobile Safari/537.36 (compatible; PetalBot;+https://webmaster.petalsearch.com/site/petalbot)"
74.125.151.199 - - [03/Jun/2026:16:15:13 +0200] "GET /wp-content/uploads/elementor/google-fonts/fonts/roboto-kfo7cnqeu92fr1me7ksn66agldtyluama3yuba.woff2 HTTP/1.1" 200 40132 "https://reggio-emilia.elettroservicegroup.it/wp-content/uploads/elementor/google-fonts/css/roboto.css?ver=1742255001" "AdsBot-Google (+http://www.google.com/adsbot.html)"
74.125.151.199 - - [03/Jun/2026:16:15:13 +0200] "GET /wp-content/uploads/complianz/css/banner-1-optin.css?v=511 HTTP/1.1" 200 2622 "https://reggio-emilia.elettroservicegroup.it/assistenza-smeg-correggio/" "AdsBot-Google (+http://www.google.com/adsbot.html)"
74.125.151.199 - - [03/Jun/2026:16:15:13 +0200] "GET /wp-json/complianz/v1/cookie_data HTTP/1.1" 200 82 "https://reggio-emilia.elettroservicegroup.it/assistenza-smeg-correggio/" "AdsBot-Google (+http://www.google.com/adsbot.html)"
74.125.151.199 - - [03/Jun/2026:16:15:14 +0200] "GET /wp-content/plugins/elementor/assets/js/section-frontend-handlers.d85ab872da118940910d.bundle.min.js HTTP/1.1" 200 230 "https://reggio-emilia.elettroservicegroup.it/assistenza-smeg-correggio/" "AdsBot-Google (+http://www.google.com/adsbot.html)"
74.125.151.199 - - [03/Jun/2026:16:15:14 +0200] "GET /wp-content/plugins/elementor/assets/js/shared-frontend-handlers.03caa53373b56d3bab67.bundle.min.js HTTP/1.1" 200 2515 "https://reggio-emilia.elettroservicegroup.it/assistenza-smeg-correggio/" "AdsBot-Google (+http://www.google.com/adsbot.html)"
74.125.151.199 - - [03/Jun/2026:16:15:14 +0200] "GET /wp-content/plugins/elementor/assets/js/text-editor.45609661e409413f1cef.bundle.min.js HTTP/1.1" 200 592 "https://reggio-emilia.elettroservicegroup.it/assistenza-smeg-correggio/" "AdsBot-Google (+http://www.google.com/adsbot.html)"
65.108.235.243 - - [03/Jun/2026:16:16:35 +0200] "POST /wp-cron.php?doing_wp_cron=1780496195.0081110000610351562500 HTTP/1.1" 200 1 "-" "WordPress/7.0; https://reggio-emilia.elettroservicegroup.it"
74.125.151.200 - - [03/Jun/2026:16:16:33 +0200] "GET /assistenza-siemens-correggio/ HTTP/1.1" 200 24904 "-" "Mozilla/5.0 (Linux; Android 6.0.1; Nexus 5X Build/MMB29P) AppleWebKit/537.36 (KHTML, like Gecko) Chrome/148.0.7778.96 Mobile Safari/537.36 (compatible; AdsBot-Google-Mobile; +http://www.google.com/mobile/adsbot.html)"
114.119.130.67 - - [03/Jun/2026:16:16:35 +0200] "GET /assistenza-candy-correggio/ HTTP/1.1" 200 24960 "https://reggio-emilia.elettroservicegroup.it/assistenza-candy-correggio" "Mozilla/5.0 (Linux; Android 7.0;) AppleWebKit/537.36 (HTML, like Gecko) Mobile Safari/537.36 (compatible; PetalBot;+https://webmaster.petalsearch.com/site/petalbot)"
65.108.235.243 - - [03/Jun/2026:16:16:35 +0200] "GET /assistenza-lavastoviglie-indesit-santilario-denza/ HTTP/1.1" 200 24805 "-" "WP Fastest Cache Preload Bot"
65.108.235.243 - - [03/Jun/2026:16:16:35 +0200] "GET /assistenza-lavastoviglie-indesit-guastalla/ HTTP/1.1" 200 24721 "-" "WP Fastest Cache Preload Bot"
65.108.235.243 - - [03/Jun/2026:16:16:36 +0200] "GET /assistenza-lavastoviglie-indesit-correggio/ HTTP/1.1" 200 24724 "-" "WP Fastest Cache Preload Bot"
65.108.235.243 - - [03/Jun/2026:16:16:36 +0200] "GET /assistenza-lavastoviglie-indesit-reggio-emilia/ HTTP/1.1" 200 24715 "-" "WP Fastest Cache Preload Bot"
74.125.151.201 - - [03/Jun/2026:16:16:37 +0200] "GET /wp-content/uploads/elementor/css/post-17829.css?ver=1780329181 HTTP/1.1" 200 2178 "https://reggio-emilia.elettroservicegroup.it/assistenza-siemens-correggio/" "AdsBot-Google (+http://www.google.com/adsbot.html)"
74.125.151.200 - - [03/Jun/2026:16:16:37 +0200] "GET /wp-content/uploads/elementor/google-fonts/fonts/roboto-kfo7cnqeu92fr1me7ksn66agldtyluama3yuba.woff2 HTTP/1.1" 304 - "https://reggio-emilia.elettroservicegroup.it/wp-content/uploads/elementor/google-fonts/css/roboto.css?ver=1742255001" "AdsBot-Google (+http://www.google.com/adsbot.html)"
65.108.235.243 - - [03/Jun/2026:16:18:00 +0200] "POST /wp-cron.php?doing_wp_cron=1780496280.4032471179962158203125 HTTP/1.1" 200 1 "-" "WordPress/7.0; https://reggio-emilia.elettroservicegroup.it"
114.119.137.153 - - [03/Jun/2026:16:17:58 +0200] "GET /assistenza-bosch-guastalla/ HTTP/1.1" 200 24879 "https://reggio-emilia.elettroservicegroup.it/assistenza-bosch-guastalla/" "Mozilla/5.0 (Linux; Android 7.0;) AppleWebKit/537.36 (HTML, like Gecko) Mobile Safari/537.36 (compatible; PetalBot;+https://webmaster.petalsearch.com/site/petalbot)"
65.108.235.243 - - [03/Jun/2026:16:18:23 +0200] "POST /wp-cron.php?doing_wp_cron=1780496303.1801059246063232421875 HTTP/1.1" 200 1 "-" "WordPress/7.0; https://reggio-emilia.elettroservicegroup.it"
