65.108.235.243 - - [04/Jun/2026:01:05:05 +0200] "GET /assistenza-indesit-scandiano/ HTTP/1.1" 200 24743 "-" "WP Fastest Cache Preload Bot"
114.119.138.37 - - [04/Jun/2026:01:05:05 +0200] "GET /assistenza-siemens-reggio-emilia/ HTTP/1.1" 200 24926 "https://reggio-emilia.elettroservicegroup.it/assistenza-bosch-correggio" "Mozilla/5.0 (Linux; Android 7.0;) AppleWebKit/537.36 (HTML, like Gecko) Mobile Safari/537.36 (compatible; PetalBot;+https://webmaster.petalsearch.com/site/petalbot)"
65.108.235.243 - - [04/Jun/2026:01:05:05 +0200] "GET /assistenza-lavastoviglie-scandiano/ HTTP/1.1" 200 25270 "-" "WP Fastest Cache Preload Bot"
65.108.235.243 - - [04/Jun/2026:01:05:06 +0200] "GET /assistenza-lavastoviglie-santilario-denza/ HTTP/1.1" 200 25352 "-" "WP Fastest Cache Preload Bot"
65.108.235.243 - - [04/Jun/2026:01:05:06 +0200] "GET /assistenza-indesit-santilario-denza/ HTTP/1.1" 200 24827 "-" "WP Fastest Cache Preload Bot"
65.108.235.243 - - [04/Jun/2026:01:06:28 +0200] "POST /wp-cron.php?doing_wp_cron=1780527988.1101329326629638671875 HTTP/1.1" 200 1 "-" "WordPress/7.0; https://reggio-emilia.elettroservicegroup.it"
114.119.130.67 - - [04/Jun/2026:01:06:26 +0200] "GET /?attachment_id=16578 HTTP/1.1" 200 19005 "https://reggio-emilia.elettroservicegroup.it/?attachment_id=16578" "Mozilla/5.0 (Linux; Android 7.0;) AppleWebKit/537.36 (HTML, like Gecko) Mobile Safari/537.36 (compatible; PetalBot;+https://webmaster.petalsearch.com/site/petalbot)"
65.108.235.243 - - [04/Jun/2026:01:06:28 +0200] "GET /assistenza-lavastoviglie-guastalla/ HTTP/1.1" 200 25274 "-" "WP Fastest Cache Preload Bot"
65.108.235.243 - - [04/Jun/2026:01:06:28 +0200] "GET /assistenza-lavastoviglie-correggio/ HTTP/1.1" 200 25274 "-" "WP Fastest Cache Preload Bot"
65.108.235.243 - - [04/Jun/2026:01:06:29 +0200] "GET /assistenza-indesit-guastalla/ HTTP/1.1" 200 24752 "-" "WP Fastest Cache Preload Bot"
65.108.235.243 - - [04/Jun/2026:01:06:29 +0200] "GET /assistenza-lavastoviglie-reggio-emilia/ HTTP/1.1" 200 25220 "-" "WP Fastest Cache Preload Bot"
31.58.126.158 - - [04/Jun/2026:01:26:14 +0200] "GET /wp-content/uploads/2021/10/cropped-cropped-cropped-logo_white_background.png HTTP/1.1" 200 26788 "-" "Mozilla/5.0 (compatible; crawler)"
156.231.95.225 - - [04/Jun/2026:01:28:47 +0200] "GET /wp-content/uploads/2022/01/elett6-2-300x172.jpg HTTP/1.1" 200 8632 "-" "Mozilla/5.0 (compatible; crawler)"
65.108.235.243 - - [04/Jun/2026:01:46:47 +0200] "POST /wp-cron.php?doing_wp_cron=1780530407.8532650470733642578125 HTTP/1.1" 200 1 "-" "WordPress/7.0; https://reggio-emilia.elettroservicegroup.it"
114.119.154.115 - - [04/Jun/2026:01:46:46 +0200] "GET /5-1-png/ HTTP/1.1" 404 17882 "https://reggio-emilia.elettroservicegroup.it/5-1-png/" "Mozilla/5.0 (Linux; Android 7.0;) AppleWebKit/537.36 (HTML, like Gecko) Mobile Safari/537.36 (compatible; PetalBot;+https://webmaster.petalsearch.com/site/petalbot)"
65.108.235.243 - - [04/Jun/2026:01:46:48 +0200] "GET /assistenza-indesit-correggio/ HTTP/1.1" 200 24731 "-" "WP Fastest Cache Preload Bot"
65.108.235.243 - - [04/Jun/2026:01:46:48 +0200] "GET /assistenza-indesit-reggio-emilia/ HTTP/1.1" 200 24722 "-" "WP Fastest Cache Preload Bot"
65.108.235.243 - - [04/Jun/2026:01:46:48 +0200] "GET /assistenza-candy-rubiera/ HTTP/1.1" 200 24751 "-" "WP Fastest Cache Preload Bot"
65.108.235.243 - - [04/Jun/2026:01:46:49 +0200] "GET /assistenza-candy-scandiano/ HTTP/1.1" 200 24753 "-" "WP Fastest Cache Preload Bot"
65.108.235.243 - - [04/Jun/2026:01:50:12 +0200] "POST /wp-cron.php?doing_wp_cron=1780530612.3532750606536865234375 HTTP/1.1" 200 1 "-" "WordPress/7.0; https://reggio-emilia.elettroservicegroup.it"
193.207.97.111 - - [04/Jun/2026:01:50:10 +0200] "GET /wp-json/complianz/v1/banner?lang=it&locale=it_IT&token=alrik HTTP/2.0" 200 84 "https://reggio-emilia.elettroservicegroup.it/assistenza-rex-electrolux-reggio-emilia/" "Mozilla/5.0 (Linux; Android 10; K) AppleWebKit/537.36 (KHTML, like Gecko) Chrome/118.0.0.0 Mobile Safari/537.36"
193.207.97.111 - - [04/Jun/2026:01:50:12 +0200] "GET /wp-json/complianz/v1/cookie_data HTTP/2.0" 200 82 "https://reggio-emilia.elettroservicegroup.it/assistenza-rex-electrolux-reggio-emilia/" "Mozilla/5.0 (Linux; Android 10; K) AppleWebKit/537.36 (KHTML, like Gecko) Chrome/118.0.0.0 Mobile Safari/537.36"
65.108.235.243 - - [04/Jun/2026:01:52:21 +0200] "POST /wp-cron.php?doing_wp_cron=1780530741.7935490608215332031250 HTTP/1.1" 200 1 "-" "WordPress/7.0; https://reggio-emilia.elettroservicegroup.it"
114.119.141.228 - - [04/Jun/2026:01:52:20 +0200] "GET /bosch-png HTTP/1.1" 404 17885 "https://reggio-emilia.elettroservicegroup.it/bosch-png" "Mozilla/5.0 (Linux; Android 7.0;) AppleWebKit/537.36 (HTML, like Gecko) Mobile Safari/537.36 (compatible; PetalBot;+https://webmaster.petalsearch.com/site/petalbot)"
65.108.235.243 - - [04/Jun/2026:01:52:22 +0200] "GET /assistenza-candy-santilario-denza/ HTTP/1.1" 200 24811 "-" "WP Fastest Cache Preload Bot"
65.108.235.243 - - [04/Jun/2026:01:52:22 +0200] "GET /assistenza-candy-guastalla/ HTTP/1.1" 200 24751 "-" "WP Fastest Cache Preload Bot"
65.108.235.243 - - [04/Jun/2026:01:52:22 +0200] "GET /assistenza-candy-correggio/ HTTP/1.1" 200 24743 "-" "WP Fastest Cache Preload Bot"
65.108.235.243 - - [04/Jun/2026:01:52:23 +0200] "GET /assistenza-candy-reggio-emilia/ HTTP/1.1" 200 24743 "-" "WP Fastest Cache Preload Bot"
52.70.123.241 - - [04/Jun/2026:02:03:09 +0200] "GET /assistenza-lavatrici-aeg-correggio/ HTTP/1.1" 200 11883 "-" "Mozilla/5.0 AppleWebKit/537.36 (KHTML, like Gecko; compatible; Amazonbot/0.1; +https://developer.amazon.com/support/amazonbot) Chrome/119.0.6045.214 Safari/537.36"
200.124.171.132 - - [04/Jun/2026:02:11:05 +0200] "GET / HTTP/1.1" 200 27306 "-" "Mozilla/5.0 (Windows NT 10.0; Win64; x64) AppleWebKit/537.36 (KHTML, like Gecko) Chrome/120.0.0.0 Safari/537.36"
65.108.235.243 - - [04/Jun/2026:02:30:20 +0200] "POST /wp-cron.php?doing_wp_cron=1780533020.1370129585266113281250 HTTP/1.1" 200 1 "-" "WordPress/7.0; https://reggio-emilia.elettroservicegroup.it"
114.119.137.153 - - [04/Jun/2026:02:30:18 +0200] "GET /?attachment_id=16090 HTTP/1.1" 200 19072 "https://reggio-emilia.elettroservicegroup.it/?attachment_id=16090" "Mozilla/5.0 (Linux; Android 7.0;) AppleWebKit/537.36 (HTML, like Gecko) Mobile Safari/537.36 (compatible; PetalBot;+https://webmaster.petalsearch.com/site/petalbot)"
65.108.235.243 - - [04/Jun/2026:02:30:20 +0200] "GET /assistenza-bosch-rubiera/ HTTP/1.1" 200 24697 "-" "WP Fastest Cache Preload Bot"
65.108.235.243 - - [04/Jun/2026:02:30:20 +0200] "GET /assistenza-bosch-scandiano/ HTTP/1.1" 200 24695 "-" "WP Fastest Cache Preload Bot"
65.108.235.243 - - [04/Jun/2026:02:30:21 +0200] "GET /assistenza-bosch-santilario-denza/ HTTP/1.1" 200 24772 "-" "WP Fastest Cache Preload Bot"
65.108.235.243 - - [04/Jun/2026:02:30:21 +0200] "GET /assistenza-bosch-guastalla/ HTTP/1.1" 200 24696 "-" "WP Fastest Cache Preload Bot"
65.108.235.243 - - [04/Jun/2026:02:33:06 +0200] "POST /wp-cron.php?doing_wp_cron=1780533186.6023340225219726562500 HTTP/1.1" 200 1 "-" "WordPress/7.0; https://reggio-emilia.elettroservicegroup.it"
114.119.141.228 - - [04/Jun/2026:02:33:04 +0200] "GET /?attachment_id=15733 HTTP/1.1" 200 19070 "https://reggio-emilia.elettroservicegroup.it/?attachment_id=15733" "Mozilla/5.0 (Linux; Android 7.0;) AppleWebKit/537.36 (HTML, like Gecko) Mobile Safari/537.36 (compatible; PetalBot;+https://webmaster.petalsearch.com/site/petalbot)"
65.108.235.243 - - [04/Jun/2026:02:33:06 +0200] "GET /assistenza-bosch-correggio/ HTTP/1.1" 200 24695 "-" "WP Fastest Cache Preload Bot"
65.108.235.243 - - [04/Jun/2026:02:33:07 +0200] "GET /assistenza-bosch-reggio-emilia/ HTTP/1.1" 200 24691 "-" "WP Fastest Cache Preload Bot"
65.108.235.243 - - [04/Jun/2026:02:33:07 +0200] "GET /assistenza-ariston-rubiera/ HTTP/1.1" 200 24847 "-" "WP Fastest Cache Preload Bot"
65.108.235.243 - - [04/Jun/2026:02:33:08 +0200] "GET /assistenza-ariston-scandiano/ HTTP/1.1" 200 24823 "-" "WP Fastest Cache Preload Bot"
65.108.235.243 - - [04/Jun/2026:02:34:29 +0200] "POST /wp-cron.php?doing_wp_cron=1780533269.4226090908050537109375 HTTP/1.1" 200 1 "-" "WordPress/7.0; https://reggio-emilia.elettroservicegroup.it"
114.119.141.228 - - [04/Jun/2026:02:34:27 +0200] "GET /?attachment_id=15728 HTTP/1.1" 200 18995 "https://reggio-emilia.elettroservicegroup.it/?attachment_id=15728" "Mozilla/5.0 (Linux; Android 7.0;) AppleWebKit/537.36 (HTML, like Gecko) Mobile Safari/537.36 (compatible; PetalBot;+https://webmaster.petalsearch.com/site/petalbot)"
65.108.235.243 - - [04/Jun/2026:02:37:49 +0200] "POST /wp-cron.php?doing_wp_cron=1780533469.6688361167907714843750 HTTP/1.1" 200 1 "-" "WordPress/7.0; https://reggio-emilia.elettroservicegroup.it"
17.241.75.139 - - [04/Jun/2026:02:37:48 +0200] "GET /?attachment_id=16071 HTTP/2.0" 200 20402 "-" "Mozilla/5.0 (Macintosh; Intel Mac OS X 10_15_7) AppleWebKit/605.1.15 (KHTML, like Gecko) Version/17.4 Safari/605.1.15 (Applebot/0.1; +http://www.apple.com/go/applebot)"
65.108.235.243 - - [04/Jun/2026:02:37:49 +0200] "GET /assistenza-ariston-santilario-denza/ HTTP/1.1" 200 24872 "-" "WP Fastest Cache Preload Bot"
65.108.235.243 - - [04/Jun/2026:02:37:50 +0200] "GET /assistenza-ariston-guastalla/ HTTP/1.1" 200 24899 "-" "WP Fastest Cache Preload Bot"
65.108.235.243 - - [04/Jun/2026:02:37:50 +0200] "GET /assistenza-ariston-correggio/ HTTP/1.1" 200 24851 "-" "WP Fastest Cache Preload Bot"
65.108.235.243 - - [04/Jun/2026:02:37:51 +0200] "GET /assistenza-ariston-reggio-emilia/ HTTP/1.1" 200 24811 "-" "WP Fastest Cache Preload Bot"
65.108.235.243 - - [04/Jun/2026:02:42:52 +0200] "POST /wp-cron.php?doing_wp_cron=1780533772.2117099761962890625000 HTTP/1.1" 200 1 "-" "WordPress/7.0; https://reggio-emilia.elettroservicegroup.it"
114.119.141.228 - - [04/Jun/2026:02:42:50 +0200] "GET /webp-net-resizeimage-1-1-jpg HTTP/1.1" 404 17908 "https://reggio-emilia.elettroservicegroup.it/webp-net-resizeimage-1-1-jpg" "Mozilla/5.0 (Linux; Android 7.0;) AppleWebKit/537.36 (HTML, like Gecko) Mobile Safari/537.36 (compatible; PetalBot;+https://webmaster.petalsearch.com/site/petalbot)"
65.108.235.243 - - [04/Jun/2026:02:42:52 +0200] "GET /assistenza-aeg-rubiera/ HTTP/1.1" 200 24729 "-" "WP Fastest Cache Preload Bot"
65.108.235.243 - - [04/Jun/2026:02:42:52 +0200] "GET /assistenza-aeg-scandiano/ HTTP/1.1" 200 24754 "-" "WP Fastest Cache Preload Bot"
65.108.235.243 - - [04/Jun/2026:02:42:53 +0200] "GET /assistenza-aeg-santilario-denza/ HTTP/1.1" 200 24789 "-" "WP Fastest Cache Preload Bot"
65.108.235.243 - - [04/Jun/2026:02:42:53 +0200] "GET /assistenza-aeg-guastalla/ HTTP/1.1" 200 24845 "-" "WP Fastest Cache Preload Bot"
17.241.227.217 - - [04/Jun/2026:02:45:55 +0200] "GET /wp-content/plugins/header-footer-elementor/assets/css/header-footer-elementor.css?ver=2.8.8 HTTP/2.0" 200 260 "https://reggio-emilia.elettroservicegroup.it/?attachment_id=16071" "Mozilla/5.0 (Macintosh; Intel Mac OS X 10_15_7) AppleWebKit/605.1.15 (KHTML, like Gecko) Version/17.4 Safari/605.1.15 (Applebot/0.1; +http://www.apple.com/go/applebot)"
17.241.227.217 - - [04/Jun/2026:02:45:56 +0200] "GET /wp-content/plugins/complianz-gdpr-premium/assets/css/cookieblocker.min.css?ver=1780326507 HTTP/2.0" 200 615 "https://reggio-emilia.elettroservicegroup.it/?attachment_id=16071" "Mozilla/5.0 (Macintosh; Intel Mac OS X 10_15_7) AppleWebKit/605.1.15 (KHTML, like Gecko) Version/17.4 Safari/605.1.15 (Applebot/0.1; +http://www.apple.com/go/applebot)"
17.241.227.217 - - [04/Jun/2026:02:45:57 +0200] "GET /wp-content/plugins/header-footer-elementor/inc/widgets-css/frontend.css?ver=2.8.8 HTTP/2.0" 200 8711 "https://reggio-emilia.elettroservicegroup.it/?attachment_id=16071" "Mozilla/5.0 (Macintosh; Intel Mac OS X 10_15_7) AppleWebKit/605.1.15 (KHTML, like Gecko) Version/17.4 Safari/605.1.15 (Applebot/0.1; +http://www.apple.com/go/applebot)"
17.241.227.217 - - [04/Jun/2026:02:45:58 +0200] "GET /wp-content/plugins/all-in-one-seo-pack/dist/Lite/assets/css/table-of-contents/global.e90f6d47.css?ver=4.9.7.2 HTTP/2.0" 200 420 "https://reggio-emilia.elettroservicegroup.it/?attachment_id=16071" "Mozilla/5.0 (Macintosh; Intel Mac OS X 10_15_7) AppleWebKit/605.1.15 (KHTML, like Gecko) Version/17.4 Safari/605.1.15 (Applebot/0.1; +http://www.apple.com/go/applebot)"
17.241.227.217 - - [04/Jun/2026:02:45:59 +0200] "GET /wp-content/plugins/elementor/assets/css/frontend.min.css?ver=4.1.1 HTTP/2.0" 200 6618 "https://reggio-emilia.elettroservicegroup.it/?attachment_id=16071" "Mozilla/5.0 (Macintosh; Intel Mac OS X 10_15_7) AppleWebKit/605.1.15 (KHTML, like Gecko) Version/17.4 Safari/605.1.15 (Applebot/0.1; +http://www.apple.com/go/applebot)"
17.241.227.217 - - [04/Jun/2026:02:46:00 +0200] "GET /wp-includes/css/dist/block-library/style.min.css?ver=7.0 HTTP/2.0" 200 15998 "https://reggio-emilia.elettroservicegroup.it/?attachment_id=16071" "Mozilla/5.0 (Macintosh; Intel Mac OS X 10_15_7) AppleWebKit/605.1.15 (KHTML, like Gecko) Version/17.4 Safari/605.1.15 (Applebot/0.1; +http://www.apple.com/go/applebot)"
17.241.227.217 - - [04/Jun/2026:02:46:01 +0200] "GET /wp-content/uploads/elementor/css/post-14146.css?ver=1780326512 HTTP/2.0" 200 428 "https://reggio-emilia.elettroservicegroup.it/?attachment_id=16071" "Mozilla/5.0 (Macintosh; Intel Mac OS X 10_15_7) AppleWebKit/605.1.15 (KHTML, like Gecko) Version/17.4 Safari/605.1.15 (Applebot/0.1; +http://www.apple.com/go/applebot)"
17.241.227.217 - - [04/Jun/2026:02:46:02 +0200] "GET /wp-content/plugins/elementor/assets/lib/font-awesome/css/all.min.css?ver=4.1.1 HTTP/2.0" 200 12402 "https://reggio-emilia.elettroservicegroup.it/?attachment_id=16071" "Mozilla/5.0 (Macintosh; Intel Mac OS X 10_15_7) AppleWebKit/605.1.15 (KHTML, like Gecko) Version/17.4 Safari/605.1.15 (Applebot/0.1; +http://www.apple.com/go/applebot)"
17.241.227.217 - - [04/Jun/2026:02:46:03 +0200] "GET /wp-content/plugins/elementor/assets/lib/font-awesome/css/v4-shims.min.css?ver=4.1.1 HTTP/2.0" 200 3986 "https://reggio-emilia.elettroservicegroup.it/?attachment_id=16071" "Mozilla/5.0 (Macintosh; Intel Mac OS X 10_15_7) AppleWebKit/605.1.15 (KHTML, like Gecko) Version/17.4 Safari/605.1.15 (Applebot/0.1; +http://www.apple.com/go/applebot)"
17.241.227.217 - - [04/Jun/2026:02:46:04 +0200] "GET /wp-content/uploads/elementor/css/post-14366.css?ver=1780326512 HTTP/2.0" 200 302 "https://reggio-emilia.elettroservicegroup.it/?attachment_id=16071" "Mozilla/5.0 (Macintosh; Intel Mac OS X 10_15_7) AppleWebKit/605.1.15 (KHTML, like Gecko) Version/17.4 Safari/605.1.15 (Applebot/0.1; +http://www.apple.com/go/applebot)"
17.241.227.217 - - [04/Jun/2026:02:46:05 +0200] "GET /wp-content/themes/generatepress/assets/css/components/comments.min.css?ver=3.6.1 HTTP/2.0" 200 488 "https://reggio-emilia.elettroservicegroup.it/?attachment_id=16071" "Mozilla/5.0 (Macintosh; Intel Mac OS X 10_15_7) AppleWebKit/605.1.15 (KHTML, like Gecko) Version/17.4 Safari/605.1.15 (Applebot/0.1; +http://www.apple.com/go/applebot)"
17.241.227.217 - - [04/Jun/2026:02:46:06 +0200] "GET /wp-content/themes/generatepress/assets/css/main.min.css?ver=3.6.1 HTTP/2.0" 200 4410 "https://reggio-emilia.elettroservicegroup.it/?attachment_id=16071" "Mozilla/5.0 (Macintosh; Intel Mac OS X 10_15_7) AppleWebKit/605.1.15 (KHTML, like Gecko) Version/17.4 Safari/605.1.15 (Applebot/0.1; +http://www.apple.com/go/applebot)"
17.241.227.217 - - [04/Jun/2026:02:46:07 +0200] "GET /wp-content/plugins/elementor/assets/lib/eicons/css/elementor-icons.min.css?ver=5.34.0 HTTP/2.0" 200 4115 "https://reggio-emilia.elettroservicegroup.it/?attachment_id=16071" "Mozilla/5.0 (Macintosh; Intel Mac OS X 10_15_7) AppleWebKit/605.1.15 (KHTML, like Gecko) Version/17.4 Safari/605.1.15 (Applebot/0.1; +http://www.apple.com/go/applebot)"
17.241.227.217 - - [04/Jun/2026:02:46:08 +0200] "GET /wp-content/plugins/elementor/assets/css/widget-icon-list.min.css?ver=3.24.3 HTTP/2.0" 200 928 "https://reggio-emilia.elettroservicegroup.it/?attachment_id=16071" "Mozilla/5.0 (Macintosh; Intel Mac OS X 10_15_7) AppleWebKit/605.1.15 (KHTML, like Gecko) Version/17.4 Safari/605.1.15 (Applebot/0.1; +http://www.apple.com/go/applebot)"
17.241.227.217 - - [04/Jun/2026:02:46:09 +0200] "GET /wp-content/plugins/elementor/assets/css/widget-social-icons.min.css?ver=3.24.0 HTTP/2.0" 200 1039 "https://reggio-emilia.elettroservicegroup.it/?attachment_id=16071" "Mozilla/5.0 (Macintosh; Intel Mac OS X 10_15_7) AppleWebKit/605.1.15 (KHTML, like Gecko) Version/17.4 Safari/605.1.15 (Applebot/0.1; +http://www.apple.com/go/applebot)"
17.241.227.217 - - [04/Jun/2026:02:46:10 +0200] "GET /wp-content/plugins/elementor/assets/lib/font-awesome/css/brands.css?ver=5.15.3 HTTP/2.0" 200 298 "https://reggio-emilia.elettroservicegroup.it/?attachment_id=16071" "Mozilla/5.0 (Macintosh; Intel Mac OS X 10_15_7) AppleWebKit/605.1.15 (KHTML, like Gecko) Version/17.4 Safari/605.1.15 (Applebot/0.1; +http://www.apple.com/go/applebot)"
17.241.227.217 - - [04/Jun/2026:02:46:11 +0200] "GET /wp-content/plugins/elementor/assets/lib/font-awesome/css/fontawesome.css?ver=5.15.3 HTTP/2.0" 200 12535 "https://reggio-emilia.elettroservicegroup.it/?attachment_id=16071" "Mozilla/5.0 (Macintosh; Intel Mac OS X 10_15_7) AppleWebKit/605.1.15 (KHTML, like Gecko) Version/17.4 Safari/605.1.15 (Applebot/0.1; +http://www.apple.com/go/applebot)"
17.241.227.217 - - [04/Jun/2026:02:46:12 +0200] "GET /wp-content/plugins/elementor/assets/lib/font-awesome/css/solid.css?ver=5.15.3 HTTP/2.0" 200 299 "https://reggio-emilia.elettroservicegroup.it/?attachment_id=16071" "Mozilla/5.0 (Macintosh; Intel Mac OS X 10_15_7) AppleWebKit/605.1.15 (KHTML, like Gecko) Version/17.4 Safari/605.1.15 (Applebot/0.1; +http://www.apple.com/go/applebot)"
17.241.227.217 - - [04/Jun/2026:02:46:13 +0200] "GET /wp-content/plugins/gp-premium/menu-plus/functions/css/navigation-branding-flex.min.css?ver=2.5.5 HTTP/2.0" 200 542 "https://reggio-emilia.elettroservicegroup.it/?attachment_id=16071" "Mozilla/5.0 (Macintosh; Intel Mac OS X 10_15_7) AppleWebKit/605.1.15 (KHTML, like Gecko) Version/17.4 Safari/605.1.15 (Applebot/0.1; +http://www.apple.com/go/applebot)"
17.241.227.217 - - [04/Jun/2026:02:46:15 +0200] "GET /wp-content/uploads/elementor/google-fonts/css/roboto.css?ver=1742255001 HTTP/2.0" 200 1890 "https://reggio-emilia.elettroservicegroup.it/?attachment_id=16071" "Mozilla/5.0 (Macintosh; Intel Mac OS X 10_15_7) AppleWebKit/605.1.15 (KHTML, like Gecko) Version/17.4 Safari/605.1.15 (Applebot/0.1; +http://www.apple.com/go/applebot)"
17.241.227.217 - - [04/Jun/2026:02:46:16 +0200] "GET /wp-content/uploads/elementor/google-fonts/css/robotoslab.css?ver=1742255003 HTTP/2.0" 200 721 "https://reggio-emilia.elettroservicegroup.it/?attachment_id=16071" "Mozilla/5.0 (Macintosh; Intel Mac OS X 10_15_7) AppleWebKit/605.1.15 (KHTML, like Gecko) Version/17.4 Safari/605.1.15 (Applebot/0.1; +http://www.apple.com/go/applebot)"
17.241.227.217 - - [04/Jun/2026:02:46:17 +0200] "GET /wp-includes/js/jquery/jquery.min.js?ver=3.7.1 HTTP/2.0" 200 29769 "https://reggio-emilia.elettroservicegroup.it/?attachment_id=16071" "Mozilla/5.0 (Macintosh; Intel Mac OS X 10_15_7) AppleWebKit/605.1.15 (KHTML, like Gecko) Version/17.4 Safari/605.1.15 (Applebot/0.1; +http://www.apple.com/go/applebot)"
17.241.227.217 - - [04/Jun/2026:02:46:18 +0200] "GET /wp-content/plugins/elementor/assets/lib/font-awesome/js/v4-shims.min.js?ver=4.1.1 HTTP/2.0" 200 4043 "https://reggio-emilia.elettroservicegroup.it/?attachment_id=16071" "Mozilla/5.0 (Macintosh; Intel Mac OS X 10_15_7) AppleWebKit/605.1.15 (KHTML, like Gecko) Version/17.4 Safari/605.1.15 (Applebot/0.1; +http://www.apple.com/go/applebot)"
17.241.227.217 - - [04/Jun/2026:02:46:19 +0200] "GET /wp-includes/js/jquery/jquery-migrate.min.js?ver=3.4.1 HTTP/2.0" 200 4685 "https://reggio-emilia.elettroservicegroup.it/?attachment_id=16071" "Mozilla/5.0 (Macintosh; Intel Mac OS X 10_15_7) AppleWebKit/605.1.15 (KHTML, like Gecko) Version/17.4 Safari/605.1.15 (Applebot/0.1; +http://www.apple.com/go/applebot)"
17.241.227.217 - - [04/Jun/2026:02:46:20 +0200] "GET /wp-content/plugins/gp-premium/menu-plus/functions/js/sticky.min.js?ver=2.5.5 HTTP/2.0" 200 2670 "https://reggio-emilia.elettroservicegroup.it/?attachment_id=16071" "Mozilla/5.0 (Macintosh; Intel Mac OS X 10_15_7) AppleWebKit/605.1.15 (KHTML, like Gecko) Version/17.4 Safari/605.1.15 (Applebot/0.1; +http://www.apple.com/go/applebot)"
17.241.227.217 - - [04/Jun/2026:02:46:21 +0200] "GET /wp-content/themes/generatepress/assets/js/menu.min.js?ver=3.6.1 HTTP/2.0" 200 1688 "https://reggio-emilia.elettroservicegroup.it/?attachment_id=16071" "Mozilla/5.0 (Macintosh; Intel Mac OS X 10_15_7) AppleWebKit/605.1.15 (KHTML, like Gecko) Version/17.4 Safari/605.1.15 (Applebot/0.1; +http://www.apple.com/go/applebot)"
17.241.227.217 - - [04/Jun/2026:02:46:22 +0200] "GET /wp-content/themes/generatepress/assets/js/back-to-top.min.js?ver=3.6.1 HTTP/2.0" 200 336 "https://reggio-emilia.elettroservicegroup.it/?attachment_id=16071" "Mozilla/5.0 (Macintosh; Intel Mac OS X 10_15_7) AppleWebKit/605.1.15 (KHTML, like Gecko) Version/17.4 Safari/605.1.15 (Applebot/0.1; +http://www.apple.com/go/applebot)"
17.241.227.217 - - [04/Jun/2026:02:46:23 +0200] "GET /wp-content/plugins/complianz-gdpr-premium/cookiebanner/js/complianz.min.js?ver=1780326507 HTTP/2.0" 200 10708 "https://reggio-emilia.elettroservicegroup.it/?attachment_id=16071" "Mozilla/5.0 (Macintosh; Intel Mac OS X 10_15_7) AppleWebKit/605.1.15 (KHTML, like Gecko) Version/17.4 Safari/605.1.15 (Applebot/0.1; +http://www.apple.com/go/applebot)"
17.241.227.217 - - [04/Jun/2026:02:46:24 +0200] "GET /wp-content/plugins/elementor/assets/js/webpack.runtime.min.js?ver=4.1.1 HTTP/2.0" 200 2340 "https://reggio-emilia.elettroservicegroup.it/?attachment_id=16071" "Mozilla/5.0 (Macintosh; Intel Mac OS X 10_15_7) AppleWebKit/605.1.15 (KHTML, like Gecko) Version/17.4 Safari/605.1.15 (Applebot/0.1; +http://www.apple.com/go/applebot)"
17.241.227.217 - - [04/Jun/2026:02:46:25 +0200] "GET /wp-content/plugins/elementor/assets/js/frontend-modules.min.js?ver=4.1.1 HTTP/2.0" 200 15454 "https://reggio-emilia.elettroservicegroup.it/?attachment_id=16071" "Mozilla/5.0 (Macintosh; Intel Mac OS X 10_15_7) AppleWebKit/605.1.15 (KHTML, like Gecko) Version/17.4 Safari/605.1.15 (Applebot/0.1; +http://www.apple.com/go/applebot)"
17.241.227.217 - - [04/Jun/2026:02:46:26 +0200] "GET /wp-includes/js/jquery/ui/core.min.js?ver=1.13.3 HTTP/2.0" 200 6820 "https://reggio-emilia.elettroservicegroup.it/?attachment_id=16071" "Mozilla/5.0 (Macintosh; Intel Mac OS X 10_15_7) AppleWebKit/605.1.15 (KHTML, like Gecko) Version/17.4 Safari/605.1.15 (Applebot/0.1; +http://www.apple.com/go/applebot)"
17.241.227.217 - - [04/Jun/2026:02:46:27 +0200] "GET /wp-content/plugins/elementor/assets/js/frontend.min.js?ver=4.1.1 HTTP/2.0" 200 10140 "https://reggio-emilia.elettroservicegroup.it/?attachment_id=16071" "Mozilla/5.0 (Macintosh; Intel Mac OS X 10_15_7) AppleWebKit/605.1.15 (KHTML, like Gecko) Version/17.4 Safari/605.1.15 (Applebot/0.1; +http://www.apple.com/go/applebot)"
17.241.227.217 - - [04/Jun/2026:02:46:28 +0200] "GET /wp-content/plugins/google-analytics-for-wordpress/assets/js/frontend-gtag.min.js?ver=10.2.2 HTTP/2.0" 200 3075 "https://reggio-emilia.elettroservicegroup.it/?attachment_id=16071" "Mozilla/5.0 (Macintosh; Intel Mac OS X 10_15_7) AppleWebKit/605.1.15 (KHTML, like Gecko) Version/17.4 Safari/605.1.15 (Applebot/0.1; +http://www.apple.com/go/applebot)"
17.241.227.217 - - [04/Jun/2026:02:46:29 +0200] "GET /wp-includes/js/comment-reply.min.js?ver=7.0 HTTP/2.0" 200 1248 "https://reggio-emilia.elettroservicegroup.it/?attachment_id=16071" "Mozilla/5.0 (Macintosh; Intel Mac OS X 10_15_7) AppleWebKit/605.1.15 (KHTML, like Gecko) Version/17.4 Safari/605.1.15 (Applebot/0.1; +http://www.apple.com/go/applebot)"
17.241.227.217 - - [04/Jun/2026:02:46:30 +0200] "GET /wp-content/plugins/elementor/assets/lib/dialog/dialog.min.js?ver=4.9.3 HTTP/2.0" 200 3595 "https://reggio-emilia.elettroservicegroup.it/?attachment_id=16071" "Mozilla/5.0 (Macintosh; Intel Mac OS X 10_15_7) AppleWebKit/605.1.15 (KHTML, like Gecko) Version/17.4 Safari/605.1.15 (Applebot/0.1; +http://www.apple.com/go/applebot)"
17.241.227.217 - - [04/Jun/2026:02:46:31 +0200] "GET /wp-content/plugins/elementor/assets/js/397f2d183c19202777d6.bundle.min.js HTTP/2.0" 200 8477 "https://reggio-emilia.elettroservicegroup.it/?attachment_id=16071" "Mozilla/5.0 (Macintosh; Intel Mac OS X 10_15_7) AppleWebKit/605.1.15 (KHTML, like Gecko) Version/17.4 Safari/605.1.15 (Applebot/0.1; +http://www.apple.com/go/applebot)"
17.241.227.217 - - [04/Jun/2026:02:46:32 +0200] "GET /wp-content/plugins/elementor/assets/js/lightbox.570c05c5a283cfb6b223.bundle.min.js HTTP/2.0" 200 9102 "https://reggio-emilia.elettroservicegroup.it/?attachment_id=16071" "Mozilla/5.0 (Macintosh; Intel Mac OS X 10_15_7) AppleWebKit/605.1.15 (KHTML, like Gecko) Version/17.4 Safari/605.1.15 (Applebot/0.1; +http://www.apple.com/go/applebot)"
17.241.227.217 - - [04/Jun/2026:02:46:34 +0200] "GET /wp-content/plugins/elementor/assets/css/conditionals/dialog.min.css?ver=4.1.1 HTTP/2.0" 200 1428 "https://reggio-emilia.elettroservicegroup.it/?attachment_id=16071" "Mozilla/5.0 (Macintosh; Intel Mac OS X 10_15_7) AppleWebKit/605.1.15 (KHTML, like Gecko) Version/17.4 Safari/605.1.15 (Applebot/0.1; +http://www.apple.com/go/applebot)"
65.108.235.243 - - [04/Jun/2026:02:46:35 +0200] "POST /wp-cron.php?doing_wp_cron=1780533995.3201000690460205078125 HTTP/1.1" 200 1 "-" "WordPress/7.0; https://reggio-emilia.elettroservicegroup.it"
17.241.227.217 - - [04/Jun/2026:02:46:33 +0200] "GET /wp-json/complianz/v1/banner?lang=it&locale=it_IT&token=wxwta HTTP/2.0" 200 84 "https://reggio-emilia.elettroservicegroup.it/?attachment_id=16071" "Mozilla/5.0 (Macintosh; Intel Mac OS X 10_15_7) AppleWebKit/605.1.15 (KHTML, like Gecko) Version/17.4 Safari/605.1.15 (Applebot/0.1; +http://www.apple.com/go/applebot)"
17.241.227.217 - - [04/Jun/2026:02:46:35 +0200] "GET /wp-content/plugins/elementor/assets/lib/share-link/share-link.min.js?ver=4.1.1 HTTP/2.0" 200 1077 "https://reggio-emilia.elettroservicegroup.it/?attachment_id=16071" "Mozilla/5.0 (Macintosh; Intel Mac OS X 10_15_7) AppleWebKit/605.1.15 (KHTML, like Gecko) Version/17.4 Safari/605.1.15 (Applebot/0.1; +http://www.apple.com/go/applebot)"
65.108.235.243 - - [04/Jun/2026:02:46:35 +0200] "GET /assistenza-aeg-correggio/ HTTP/1.1" 200 24655 "-" "WP Fastest Cache Preload Bot"
65.108.235.243 - - [04/Jun/2026:02:46:36 +0200] "GET /assistenza-aeg-reggio-emilia/ HTTP/1.1" 200 24735 "-" "WP Fastest Cache Preload Bot"
65.108.235.243 - - [04/Jun/2026:02:46:36 +0200] "GET /cookie-policy/ HTTP/1.1" 200 19431 "-" "WP Fastest Cache Preload Bot"
17.241.227.217 - - [04/Jun/2026:02:46:36 +0200] "GET /wp-content/plugins/elementor/assets/lib/swiper/v8/css/swiper.min.css?ver=8.4.5 HTTP/2.0" 200 4251 "https://reggio-emilia.elettroservicegroup.it/?attachment_id=16071" "Mozilla/5.0 (Macintosh; Intel Mac OS X 10_15_7) AppleWebKit/605.1.15 (KHTML, like Gecko) Version/17.4 Safari/605.1.15 (Applebot/0.1; +http://www.apple.com/go/applebot)"
65.108.235.243 - - [04/Jun/2026:02:46:36 +0200] "GET /termini-e-condizioni/ HTTP/1.1" 200 19095 "-" "WP Fastest Cache Preload Bot"
17.241.227.217 - - [04/Jun/2026:02:46:37 +0200] "GET /wp-content/plugins/elementor/assets/css/conditionals/lightbox.min.css?ver=4.1.1 HTTP/2.0" 200 1760 "https://reggio-emilia.elettroservicegroup.it/?attachment_id=16071" "Mozilla/5.0 (Macintosh; Intel Mac OS X 10_15_7) AppleWebKit/605.1.15 (KHTML, like Gecko) Version/17.4 Safari/605.1.15 (Applebot/0.1; +http://www.apple.com/go/applebot)"
17.241.227.217 - - [04/Jun/2026:02:46:38 +0200] "GET /wp-content/plugins/elementor/assets/js/section-frontend-handlers.d85ab872da118940910d.bundle.min.js HTTP/2.0" 200 230 "https://reggio-emilia.elettroservicegroup.it/?attachment_id=16071" "Mozilla/5.0 (Macintosh; Intel Mac OS X 10_15_7) AppleWebKit/605.1.15 (KHTML, like Gecko) Version/17.4 Safari/605.1.15 (Applebot/0.1; +http://www.apple.com/go/applebot)"
17.241.227.217 - - [04/Jun/2026:02:46:39 +0200] "GET /wp-content/plugins/elementor/assets/js/shared-frontend-handlers.03caa53373b56d3bab67.bundle.min.js HTTP/2.0" 200 2515 "https://reggio-emilia.elettroservicegroup.it/?attachment_id=16071" "Mozilla/5.0 (Macintosh; Intel Mac OS X 10_15_7) AppleWebKit/605.1.15 (KHTML, like Gecko) Version/17.4 Safari/605.1.15 (Applebot/0.1; +http://www.apple.com/go/applebot)"
17.241.227.217 - - [04/Jun/2026:02:46:41 +0200] "GET /wp-content/plugins/elementor/assets/js/text-editor.45609661e409413f1cef.bundle.min.js HTTP/2.0" 200 592 "https://reggio-emilia.elettroservicegroup.it/?attachment_id=16071" "Mozilla/5.0 (Macintosh; Intel Mac OS X 10_15_7) AppleWebKit/605.1.15 (KHTML, like Gecko) Version/17.4 Safari/605.1.15 (Applebot/0.1; +http://www.apple.com/go/applebot)"
17.241.227.217 - - [04/Jun/2026:02:46:42 +0200] "GET /wp-content/uploads/complianz/css/banner-1-optin.css?v=511 HTTP/2.0" 200 2622 "https://reggio-emilia.elettroservicegroup.it/?attachment_id=16071" "Mozilla/5.0 (Macintosh; Intel Mac OS X 10_15_7) AppleWebKit/605.1.15 (KHTML, like Gecko) Version/17.4 Safari/605.1.15 (Applebot/0.1; +http://www.apple.com/go/applebot)"
17.241.227.217 - - [04/Jun/2026:02:46:43 +0200] "GET /wp-json/complianz/v1/cookie_data HTTP/2.0" 200 82 "https://reggio-emilia.elettroservicegroup.it/?attachment_id=16071" "Mozilla/5.0 (Macintosh; Intel Mac OS X 10_15_7) AppleWebKit/605.1.15 (KHTML, like Gecko) Version/17.4 Safari/605.1.15 (Applebot/0.1; +http://www.apple.com/go/applebot)"
65.108.235.243 - - [04/Jun/2026:02:51:13 +0200] "POST /wp-cron.php?doing_wp_cron=1780534273.5302729606628417968750 HTTP/1.1" 200 1 "-" "WordPress/7.0; https://reggio-emilia.elettroservicegroup.it"
114.119.137.153 - - [04/Jun/2026:02:51:11 +0200] "GET /allgemeine_elektricitats-gesellschaft_logo-svg-png HTTP/1.1" 404 17933 "https://reggio-emilia.elettroservicegroup.it/allgemeine_elektricitats-gesellschaft_logo-svg-png" "Mozilla/5.0 (Linux; Android 7.0;) AppleWebKit/537.36 (HTML, like Gecko) Mobile Safari/537.36 (compatible; PetalBot;+https://webmaster.petalsearch.com/site/petalbot)"
65.108.235.243 - - [04/Jun/2026:02:51:13 +0200] "GET /cookie-policy-ue/ HTTP/1.1" 200 20675 "-" "WP Fastest Cache Preload Bot"
65.108.235.243 - - [04/Jun/2026:02:51:14 +0200] "GET /informativa-privacy/ HTTP/1.1" 200 21247 "-" "WP Fastest Cache Preload Bot"
65.108.235.243 - - [04/Jun/2026:02:51:14 +0200] "GET /assistenza-condizionatori-reggio-emilia/ HTTP/1.1" 200 22158 "-" "WP Fastest Cache Preload Bot"
65.108.235.243 - - [04/Jun/2026:02:51:15 +0200] "GET /assistenza-forni-elettrici-reggio-emilia/ HTTP/1.1" 200 23053 "-" "WP Fastest Cache Preload Bot"
40.77.167.3 - - [04/Jun/2026:02:52:21 +0200] "GET /wp-content/uploads/2022/01/TECNIC-LAVATRICE-1-300x169.jpg HTTP/2.0" 200 12032 "-" "Mozilla/5.0 AppleWebKit/537.36 (KHTML, like Gecko; compatible; bingbot/2.0; +http://www.bing.com/bingbot.htm) Chrome/116.0.1938.76 Safari/537.36"
18.206.82.65 - - [04/Jun/2026:03:08:18 +0200] "GET /robots.txt HTTP/1.1" 200 11784 "-" "Mozilla/5.0 (Macintosh; Intel Mac OS X 10_10_1) AppleWebKit/600.2.5 (KHTML, like Gecko) Version/8.0.2 Safari/600.2.5 (Lanai)"
18.206.82.65 - - [04/Jun/2026:03:08:19 +0200] "GET /assistenza-rex-electrolux-reggio-emilia/ HTTP/1.1" 200 11806 "-" "Mozilla/5.0 (Macintosh; Intel Mac OS X 10_10_1) AppleWebKit/600.2.5 (KHTML, like Gecko) Version/8.0.2 Safari/600.2.5 (Lanai)"
65.108.235.243 - - [04/Jun/2026:03:26:16 +0200] "POST /wp-cron.php?doing_wp_cron=1780536376.1824440956115722656250 HTTP/1.1" 200 1 "-" "WordPress/7.0; https://reggio-emilia.elettroservicegroup.it"
52.167.144.205 - - [04/Jun/2026:03:26:14 +0200] "GET /wp-sitemap-taxonomies-category-1.xml HTTP/2.0" 404 17940 "-" "Mozilla/5.0 AppleWebKit/537.36 (KHTML, like Gecko; compatible; bingbot/2.0; +http://www.bing.com/bingbot.htm) Chrome/116.0.1938.76 Safari/537.36"
65.108.235.243 - - [04/Jun/2026:03:26:16 +0200] "GET /assistenza-frigoriferi-reggio-emilia/ HTTP/1.1" 200 22869 "-" "WP Fastest Cache Preload Bot"
65.108.235.243 - - [04/Jun/2026:03:26:16 +0200] "GET /assistenza-lavastoviglie/ HTTP/1.1" 200 22882 "-" "WP Fastest Cache Preload Bot"
65.108.235.243 - - [04/Jun/2026:03:26:17 +0200] "GET /assistenza-asciugatrici-reggio-emilia/ HTTP/1.1" 200 22854 "-" "WP Fastest Cache Preload Bot"
65.108.235.243 - - [04/Jun/2026:03:26:17 +0200] "GET /assistenza-lavatrici/ HTTP/1.1" 200 22930 "-" "WP Fastest Cache Preload Bot"
65.108.235.243 - - [04/Jun/2026:03:36:04 +0200] "POST /wp-cron.php?doing_wp_cron=1780536964.0852780342102050781250 HTTP/1.1" 200 1 "-" "WordPress/7.0; https://reggio-emilia.elettroservicegroup.it"
52.167.144.171 - - [04/Jun/2026:03:36:02 +0200] "GET /wp-sitemap-posts-page-1.xml HTTP/2.0" 404 17933 "-" "Mozilla/5.0 AppleWebKit/537.36 (KHTML, like Gecko; compatible; bingbot/2.0; +http://www.bing.com/bingbot.htm) Chrome/116.0.1938.76 Safari/537.36"
65.108.235.243 - - [04/Jun/2026:03:36:04 +0200] "GET / HTTP/1.1" 200 25231 "-" "WP Fastest Cache Preload Bot"
65.108.235.243 - - [04/Jun/2026:03:37:29 +0200] "POST /wp-cron.php?doing_wp_cron=1780537049.5782859325408935546875 HTTP/1.1" 200 1 "-" "WordPress/7.0; https://reggio-emilia.elettroservicegroup.it"
40.77.167.254 - - [04/Jun/2026:03:37:27 +0200] "GET /wp-sitemap-users-1.xml HTTP/2.0" 404 17929 "-" "Mozilla/5.0 AppleWebKit/537.36 (KHTML, like Gecko; compatible; bingbot/2.0; +http://www.bing.com/bingbot.htm) Chrome/116.0.1938.76 Safari/537.36"
52.167.144.171 - - [04/Jun/2026:03:38:03 +0200] "GET /wp-sitemap-posts-post-1.xml HTTP/2.0" 404 17930 "-" "Mozilla/5.0 AppleWebKit/537.36 (KHTML, like Gecko; compatible; bingbot/2.0; +http://www.bing.com/bingbot.htm) Chrome/116.0.1938.76 Safari/537.36"
65.108.235.243 - - [04/Jun/2026:04:04:18 +0200] "POST /wp-cron.php?doing_wp_cron=1780538658.6309859752655029296875 HTTP/1.1" 200 1 "-" "WordPress/7.0; https://reggio-emilia.elettroservicegroup.it"
173.252.82.21 - - [04/Jun/2026:04:04:17 +0200] "GET /robots.txt HTTP/2.0" 200 - "-" "facebookexternalhit/1.1 (+http://www.facebook.com/externalhit_uatext.php)"
65.108.235.243 - - [04/Jun/2026:04:04:18 +0200] "POST /wp-cron.php?doing_wp_cron=1780538658.6307160854339599609375 HTTP/1.1" 200 1 "-" "WordPress/7.0; https://reggio-emilia.elettroservicegroup.it"
173.252.82.9 - - [04/Jun/2026:04:04:17 +0200] "GET /robots.txt HTTP/2.0" 200 205 "-" "facebookexternalhit/1.1 (+http://www.facebook.com/externalhit_uatext.php)"
65.108.235.243 - - [04/Jun/2026:04:04:18 +0200] "GET /dichiarazione-sulla-privacy-ue/ HTTP/1.1" 200 21001 "-" "WP Fastest Cache Preload Bot"
65.108.235.243 - - [04/Jun/2026:04:04:19 +0200] "GET /imprint/ HTTP/1.1" 200 18497 "-" "WP Fastest Cache Preload Bot"
65.108.235.243 - - [04/Jun/2026:04:04:19 +0200] "GET /assistenza-whirlpool-rubiera/ HTTP/1.1" 200 24815 "-" "WP Fastest Cache Preload Bot"
65.108.235.243 - - [04/Jun/2026:04:04:20 +0200] "GET /assistenza-whirlpool-scandiano/ HTTP/1.1" 200 24729 "-" "WP Fastest Cache Preload Bot"
65.108.235.243 - - [04/Jun/2026:04:04:20 +0200] "GET / HTTP/1.1" 200 25114 "-" "WP Fastest Cache Preload Bot"
65.108.235.243 - - [04/Jun/2026:04:46:37 +0200] "POST /wp-cron.php?doing_wp_cron=1780541197.5405750274658203125000 HTTP/1.1" 200 1 "-" "WordPress/7.0; https://reggio-emilia.elettroservicegroup.it"
65.108.235.243 - - [04/Jun/2026:04:46:37 +0200] "POST /wp-cron.php?doing_wp_cron=1780541197.5408809185028076171875 HTTP/1.1" 200 1 "-" "WordPress/7.0; https://reggio-emilia.elettroservicegroup.it"
74.7.175.187 - - [04/Jun/2026:04:46:36 +0200] "GET /robots.txt HTTP/2.0" 301 1 "-" "Mozilla/5.0 (Macintosh; Intel Mac OS X 10_15_7) AppleWebKit/537.36 (KHTML, like Gecko) Chrome/131.0.0.0 Safari/537.36; compatible; OAI-SearchBot/1.4; robots.txt; +https://openai.com/searchbot"
74.7.227.187 - - [04/Jun/2026:04:46:36 +0200] "GET / HTTP/2.0" 301 1 "-" "Mozilla/5.0 AppleWebKit/537.36 (KHTML, like Gecko; compatible; GPTBot/1.4; +https://openai.com/gptbot)"
74.7.175.187 - - [04/Jun/2026:04:46:38 +0200] "GET /robots.txt HTTP/2.0" 200 110 "https://www.reggio-emilia.elettroservicegroup.it/robots.txt" "Mozilla/5.0 (Macintosh; Intel Mac OS X 10_15_7) AppleWebKit/537.36 (KHTML, like Gecko) Chrome/131.0.0.0 Safari/537.36; compatible; OAI-SearchBot/1.4; robots.txt; +https://openai.com/searchbot"
65.108.235.243 - - [04/Jun/2026:04:46:37 +0200] "GET /dichiarazione-sulla-privacy-ue/ HTTP/1.1" 200 21100 "-" "WP Fastest Cache Preload Bot"
65.108.235.243 - - [04/Jun/2026:04:46:38 +0200] "GET /imprint/ HTTP/1.1" 200 18625 "-" "WP Fastest Cache Preload Bot"
65.108.235.243 - - [04/Jun/2026:04:46:38 +0200] "GET /assistenza-whirlpool-rubiera/ HTTP/1.1" 200 24868 "-" "WP Fastest Cache Preload Bot"
65.108.235.243 - - [04/Jun/2026:04:46:39 +0200] "GET /assistenza-whirlpool-scandiano/ HTTP/1.1" 200 24780 "-" "WP Fastest Cache Preload Bot"
217.182.136.43 - - [04/Jun/2026:05:02:27 +0200] "GET /robots.txt HTTP/1.1" 403 - "-" "Mozilla/5.0 (compatible; MJ12bot/v1.4.8; http://mj12bot.com/)"
65.108.235.243 - - [04/Jun/2026:05:15:24 +0200] "GET /assistenza-whirlpool-santilario-denza/ HTTP/1.1" 200 24931 "-" "WP Fastest Cache Preload Bot"
65.108.235.243 - - [04/Jun/2026:05:15:25 +0200] "GET /assistenza-whirlpool-guastalla/ HTTP/1.1" 200 24876 "-" "WP Fastest Cache Preload Bot"
65.108.235.243 - - [04/Jun/2026:05:15:25 +0200] "GET /assistenza-whirlpool-correggio/ HTTP/1.1" 200 24903 "-" "WP Fastest Cache Preload Bot"
65.108.235.243 - - [04/Jun/2026:05:15:25 +0200] "GET /assistenza-whirlpool-reggio-emilia/ HTTP/1.1" 200 24862 "-" "WP Fastest Cache Preload Bot"
65.108.235.243 - - [04/Jun/2026:05:22:18 +0200] "GET /assistenza-smeg-rubiera/ HTTP/1.1" 200 24803 "-" "WP Fastest Cache Preload Bot"
65.108.235.243 - - [04/Jun/2026:05:22:18 +0200] "GET /assistenza-smeg-scandiano/ HTTP/1.1" 200 24799 "-" "WP Fastest Cache Preload Bot"
65.108.235.243 - - [04/Jun/2026:05:22:18 +0200] "GET /assistenza-smeg-santilario-denza/ HTTP/1.1" 200 24860 "-" "WP Fastest Cache Preload Bot"
65.108.235.243 - - [04/Jun/2026:05:22:19 +0200] "GET /assistenza-smeg-guastalla/ HTTP/1.1" 200 24803 "-" "WP Fastest Cache Preload Bot"
65.108.235.243 - - [04/Jun/2026:05:35:28 +0200] "GET /assistenza-smeg-correggio/ HTTP/1.1" 200 24801 "-" "WP Fastest Cache Preload Bot"
65.108.235.243 - - [04/Jun/2026:05:35:28 +0200] "GET /assistenza-smeg-reggio-emilia/ HTTP/1.1" 200 24798 "-" "WP Fastest Cache Preload Bot"
65.108.235.243 - - [04/Jun/2026:05:35:29 +0200] "GET /assistenza-siemens-rubiera/ HTTP/1.1" 200 24720 "-" "WP Fastest Cache Preload Bot"
65.108.235.243 - - [04/Jun/2026:05:35:29 +0200] "GET /assistenza-siemens-scandiano/ HTTP/1.1" 200 24724 "-" "WP Fastest Cache Preload Bot"
65.108.235.243 - - [04/Jun/2026:05:37:34 +0200] "POST /wp-cron.php?doing_wp_cron=1780544254.6753900051116943359375 HTTP/1.1" 200 1 "-" "WordPress/7.0; https://reggio-emilia.elettroservicegroup.it"
66.249.70.201 - - [04/Jun/2026:05:37:33 +0200] "GET /robots.txt HTTP/1.1" 200 110 "-" "Mozilla/5.0 (compatible; Googlebot/2.1; +http://www.google.com/bot.html)"
74.125.151.199 - - [04/Jun/2026:05:37:35 +0200] "GET /assistenza-forni-elettrici-reggio-emilia/ HTTP/1.1" 200 23032 "-" "AdsBot-Google (+http://www.google.com/adsbot.html)"
65.108.235.243 - - [04/Jun/2026:05:37:35 +0200] "GET /assistenza-siemens-santilario-denza/ HTTP/1.1" 200 24792 "-" "WP Fastest Cache Preload Bot"
65.108.235.243 - - [04/Jun/2026:05:37:35 +0200] "GET /assistenza-siemens-guastalla/ HTTP/1.1" 200 24727 "-" "WP Fastest Cache Preload Bot"
65.108.235.243 - - [04/Jun/2026:05:37:35 +0200] "GET /assistenza-siemens-correggio/ HTTP/1.1" 200 24725 "-" "WP Fastest Cache Preload Bot"
65.108.235.243 - - [04/Jun/2026:05:37:36 +0200] "GET /assistenza-siemens-reggio-emilia/ HTTP/1.1" 200 24719 "-" "WP Fastest Cache Preload Bot"
74.125.151.200 - - [04/Jun/2026:05:38:10 +0200] "GET /wp-content/cache/wpfc-minified/3kc3wt3/4oxhy.css HTTP/1.1" 200 16442 "https://reggio-emilia.elettroservicegroup.it/assistenza-forni-elettrici-reggio-emilia/" "AdsBot-Google (+http://www.google.com/adsbot.html)"
74.125.151.200 - - [04/Jun/2026:05:38:10 +0200] "GET /wp-content/cache/wpfc-minified/m8ydgnxm/4lapt.css HTTP/1.1" 200 4410 "https://reggio-emilia.elettroservicegroup.it/assistenza-forni-elettrici-reggio-emilia/" "AdsBot-Google (+http://www.google.com/adsbot.html)"
74.125.151.199 - - [04/Jun/2026:05:38:11 +0200] "GET /wp-content/plugins/gp-premium/menu-plus/functions/js/sticky.min.js?ver=2.5.5 HTTP/1.1" 200 2670 "https://reggio-emilia.elettroservicegroup.it/assistenza-forni-elettrici-reggio-emilia/" "AdsBot-Google (+http://www.google.com/adsbot.html)"
74.125.151.199 - - [04/Jun/2026:05:38:11 +0200] "GET /wp-content/cache/wpfc-minified/2bi5m9ld/4laq4.js HTTP/1.1" 200 8754 "https://reggio-emilia.elettroservicegroup.it/assistenza-forni-elettrici-reggio-emilia/" "AdsBot-Google (+http://www.google.com/adsbot.html)"
74.125.151.200 - - [04/Jun/2026:05:38:13 +0200] "GET /wp-content/cache/wpfc-minified/ky0w1tys/4lapt.css HTTP/1.1" 200 418 "https://reggio-emilia.elettroservicegroup.it/assistenza-forni-elettrici-reggio-emilia/" "AdsBot-Google (+http://www.google.com/adsbot.html)"
74.125.151.200 - - [04/Jun/2026:05:38:14 +0200] "GET /wp-content/cache/wpfc-minified/g52dp1tu/4lapt.css HTTP/1.1" 200 19034 "https://reggio-emilia.elettroservicegroup.it/assistenza-forni-elettrici-reggio-emilia/" "AdsBot-Google (+http://www.google.com/adsbot.html)"
74.125.151.199 - - [04/Jun/2026:05:38:14 +0200] "GET /wp-content/cache/wpfc-minified/l9m140dq/4lapt.css HTTP/1.1" 200 7521 "https://reggio-emilia.elettroservicegroup.it/assistenza-forni-elettrici-reggio-emilia/" "AdsBot-Google (+http://www.google.com/adsbot.html)"
74.125.151.199 - - [04/Jun/2026:05:38:15 +0200] "GET /wp-content/cache/wpfc-minified/lnwln415/4lapt.js HTTP/1.1" 200 32852 "https://reggio-emilia.elettroservicegroup.it/assistenza-forni-elettrici-reggio-emilia/" "AdsBot-Google (+http://www.google.com/adsbot.html)"
74.125.151.200 - - [04/Jun/2026:05:38:16 +0200] "GET /wp-content/cache/wpfc-minified/kwp9n0f5/4laq4.css HTTP/1.1" 200 7263 "https://reggio-emilia.elettroservicegroup.it/assistenza-forni-elettrici-reggio-emilia/" "AdsBot-Google (+http://www.google.com/adsbot.html)"
74.125.151.199 - - [04/Jun/2026:05:38:17 +0200] "GET /wp-content/uploads/elementor/css/post-14146.css?ver=1780326512 HTTP/1.1" 200 428 "https://reggio-emilia.elettroservicegroup.it/assistenza-forni-elettrici-reggio-emilia/" "AdsBot-Google (+http://www.google.com/adsbot.html)"
74.125.151.200 - - [04/Jun/2026:05:38:18 +0200] "GET /wp-content/uploads/elementor/css/post-14366.css?ver=1780326512 HTTP/1.1" 200 302 "https://reggio-emilia.elettroservicegroup.it/assistenza-forni-elettrici-reggio-emilia/" "AdsBot-Google (+http://www.google.com/adsbot.html)"
74.125.151.199 - - [04/Jun/2026:05:38:19 +0200] "GET /wp-content/cache/wpfc-minified/8tnr6p1l/4lapt.css HTTP/1.1" 200 2043 "https://reggio-emilia.elettroservicegroup.it/assistenza-forni-elettrici-reggio-emilia/" "AdsBot-Google (+http://www.google.com/adsbot.html)"
74.125.151.199 - - [04/Jun/2026:05:38:19 +0200] "GET /wp-content/plugins/elementor/assets/js/webpack.runtime.min.js?ver=4.1.1 HTTP/1.1" 200 2340 "https://reggio-emilia.elettroservicegroup.it/assistenza-forni-elettrici-reggio-emilia/" "AdsBot-Google (+http://www.google.com/adsbot.html)"
74.125.151.199 - - [04/Jun/2026:05:38:20 +0200] "GET /wp-content/uploads/elementor/css/post-15288.css?ver=1780360468 HTTP/1.1" 200 1947 "https://reggio-emilia.elettroservicegroup.it/assistenza-forni-elettrici-reggio-emilia/" "AdsBot-Google (+http://www.google.com/adsbot.html)"
74.125.151.199 - - [04/Jun/2026:05:38:21 +0200] "GET /wp-content/plugins/elementor/assets/js/frontend-modules.min.js?ver=4.1.1 HTTP/1.1" 200 15454 "https://reggio-emilia.elettroservicegroup.it/assistenza-forni-elettrici-reggio-emilia/" "AdsBot-Google (+http://www.google.com/adsbot.html)"
74.125.151.199 - - [04/Jun/2026:05:38:25 +0200] "GET /wp-content/plugins/elementor/assets/js/frontend.min.js?ver=4.1.1 HTTP/1.1" 200 10140 "https://reggio-emilia.elettroservicegroup.it/assistenza-forni-elettrici-reggio-emilia/" "AdsBot-Google (+http://www.google.com/adsbot.html)"
74.125.151.199 - - [04/Jun/2026:05:38:29 +0200] "GET /wp-content/themes/generatepress/assets/js/menu.min.js?ver=3.6.1 HTTP/1.1" 200 1688 "https://reggio-emilia.elettroservicegroup.it/assistenza-forni-elettrici-reggio-emilia/" "AdsBot-Google (+http://www.google.com/adsbot.html)"
74.125.151.199 - - [04/Jun/2026:05:38:29 +0200] "GET /wp-includes/js/jquery/ui/core.min.js?ver=1.13.3 HTTP/1.1" 200 6820 "https://reggio-emilia.elettroservicegroup.it/assistenza-forni-elettrici-reggio-emilia/" "AdsBot-Google (+http://www.google.com/adsbot.html)"
74.125.151.199 - - [04/Jun/2026:05:38:31 +0200] "GET /wp-content/themes/generatepress/assets/js/back-to-top.min.js?ver=3.6.1 HTTP/1.1" 200 336 "https://reggio-emilia.elettroservicegroup.it/assistenza-forni-elettrici-reggio-emilia/" "AdsBot-Google (+http://www.google.com/adsbot.html)"
74.125.151.199 - - [04/Jun/2026:05:38:39 +0200] "GET /wp-content/plugins/complianz-gdpr-premium/cookiebanner/js/complianz.min.js?ver=1780326507 HTTP/1.1" 200 10708 "https://reggio-emilia.elettroservicegroup.it/assistenza-forni-elettrici-reggio-emilia/" "AdsBot-Google (+http://www.google.com/adsbot.html)"
74.125.151.199 - - [04/Jun/2026:05:38:41 +0200] "GET /wp-content/uploads/elementor/google-fonts/fonts/roboto-kfo7cnqeu92fr1me7ksn66agldtyluama3yuba.woff2 HTTP/1.1" 200 40132 "https://reggio-emilia.elettroservicegroup.it/wp-content/cache/wpfc-minified/8tnr6p1l/4lapt.css" "AdsBot-Google (+http://www.google.com/adsbot.html)"
65.108.235.243 - - [04/Jun/2026:05:38:42 +0200] "POST /wp-cron.php?doing_wp_cron=1780544322.2191679477691650390625 HTTP/1.1" 200 1 "-" "WordPress/7.0; https://reggio-emilia.elettroservicegroup.it"
74.125.151.199 - - [04/Jun/2026:05:38:40 +0200] "GET /wp-json/complianz/v1/banner?lang=it&locale=it_IT&token=lcps HTTP/1.1" 200 84 "https://reggio-emilia.elettroservicegroup.it/assistenza-forni-elettrici-reggio-emilia/" "AdsBot-Google (+http://www.google.com/adsbot.html)"
74.125.151.199 - - [04/Jun/2026:05:38:42 +0200] "GET /wp-content/uploads/complianz/css/banner-1-optin.css?v=511 HTTP/1.1" 200 2622 "https://reggio-emilia.elettroservicegroup.it/assistenza-forni-elettrici-reggio-emilia/" "AdsBot-Google (+http://www.google.com/adsbot.html)"
74.125.151.199 - - [04/Jun/2026:05:38:42 +0200] "GET /wp-json/complianz/v1/cookie_data HTTP/1.1" 200 82 "https://reggio-emilia.elettroservicegroup.it/assistenza-forni-elettrici-reggio-emilia/" "AdsBot-Google (+http://www.google.com/adsbot.html)"
74.125.151.199 - - [04/Jun/2026:05:38:44 +0200] "GET /wp-content/plugins/elementor/assets/js/section-frontend-handlers.d85ab872da118940910d.bundle.min.js HTTP/1.1" 200 230 "https://reggio-emilia.elettroservicegroup.it/assistenza-forni-elettrici-reggio-emilia/" "AdsBot-Google (+http://www.google.com/adsbot.html)"
74.125.151.199 - - [04/Jun/2026:05:38:44 +0200] "GET /wp-content/plugins/elementor/assets/js/shared-frontend-handlers.03caa53373b56d3bab67.bundle.min.js HTTP/1.1" 200 2515 "https://reggio-emilia.elettroservicegroup.it/assistenza-forni-elettrici-reggio-emilia/" "AdsBot-Google (+http://www.google.com/adsbot.html)"
74.125.151.199 - - [04/Jun/2026:05:38:45 +0200] "GET /wp-content/plugins/elementor/assets/js/text-editor.45609661e409413f1cef.bundle.min.js HTTP/1.1" 200 592 "https://reggio-emilia.elettroservicegroup.it/assistenza-forni-elettrici-reggio-emilia/" "AdsBot-Google (+http://www.google.com/adsbot.html)"
62.21.53.170 - - [04/Jun/2026:05:58:53 +0200] "POST /xmlrpc.php HTTP/1.1" 403 52 "-" "Mozilla/5.0 (Windows NT 10.0; Win64; x64) AppleWebKit/537.36"
1.10.203.247 - - [04/Jun/2026:05:58:54 +0200] "GET / HTTP/1.1" 200 27305 "-" "Mozilla/5.0 (Windows NT 10.0; Win64; x64) AppleWebKit/537.36 (KHTML, like Gecko) Chrome/120.0.0.0 Safari/537.36"
65.108.235.243 - - [04/Jun/2026:05:58:58 +0200] "POST /wp-cron.php?doing_wp_cron=1780545538.4123189449310302734375 HTTP/1.1" 200 1 "-" "WordPress/7.0; https://reggio-emilia.elettroservicegroup.it"
1.10.203.247 - - [04/Jun/2026:05:58:56 +0200] "GET /wp-login.php HTTP/1.1" 200 4883 "-" "Mozilla/5.0 (Windows NT 10.0; Win64; x64) AppleWebKit/537.36 (KHTML, like Gecko) Chrome/120.0.0.0 Safari/537.36"
65.108.235.243 - - [04/Jun/2026:05:58:58 +0200] "GET /assistenza-rex-electrolux-rubiera/ HTTP/1.1" 200 24821 "-" "WP Fastest Cache Preload Bot"
1.10.203.247 - - [04/Jun/2026:05:58:59 +0200] "GET /wp-login.php?wp_lang=en_US HTTP/1.1" 200 4107 "-" "Mozilla/5.0 (Windows NT 10.0; Win64; x64) AppleWebKit/537.36 (KHTML, like Gecko) Chrome/120.0.0.0 Safari/537.36"
65.108.235.243 - - [04/Jun/2026:05:58:59 +0200] "GET /assistenza-rex-electrolux-scandiano/ HTTP/1.1" 200 24811 "-" "WP Fastest Cache Preload Bot"
65.108.235.243 - - [04/Jun/2026:05:59:00 +0200] "GET /assistenza-rex-electrolux-santilario-denza/ HTTP/1.1" 200 24892 "-" "WP Fastest Cache Preload Bot"
65.108.235.243 - - [04/Jun/2026:05:59:00 +0200] "GET /assistenza-rex-electrolux-guastalla/ HTTP/1.1" 200 24817 "-" "WP Fastest Cache Preload Bot"
1.10.203.247 - - [04/Jun/2026:05:59:01 +0200] "POST /wp-login.php HTTP/1.1" 200 4269 "https://reggio-emilia.elettroservicegroup.it" "Mozilla/5.0 (Windows NT 10.0; Win64; x64) AppleWebKit/537.36 (KHTML, like Gecko) Chrome/120.0.0.0 Safari/537.36"
65.108.235.243 - - [04/Jun/2026:06:04:41 +0200] "POST /wp-cron.php?doing_wp_cron=1780545880.9736759662628173828125 HTTP/1.1" 200 1 "-" "WordPress/7.0; https://reggio-emilia.elettroservicegroup.it"
52.167.144.141 - - [04/Jun/2026:06:04:36 +0200] "GET /wp-sitemap-posts-post-1.xml HTTP/2.0" 404 17930 "-" "Mozilla/5.0 AppleWebKit/537.36 (KHTML, like Gecko; compatible; bingbot/2.0; +http://www.bing.com/bingbot.htm) Chrome/116.0.1938.76 Safari/537.36"
65.108.235.243 - - [04/Jun/2026:06:04:41 +0200] "POST /wp-cron.php?doing_wp_cron=1780545880.9727480411529541015625 HTTP/1.1" 200 1 "-" "WordPress/7.0; https://reggio-emilia.elettroservicegroup.it"
