149.12.117.0 - - [03/Jun/2026:23:01:00 +0200] "GET /wp-content/cache/wpfc-minified/kwp9n0f5/4laq4.css HTTP/2.0" 200 7263 "https://www.google.com/" "Mozilla/5.0 (Macintosh; Intel Mac OS X 10_15_7) AppleWebKit/537.36 (KHTML, like Gecko) Chrome/142.0.0.0 Safari/537.36"
149.12.117.0 - - [03/Jun/2026:23:01:01 +0200] "GET /wp-content/uploads/elementor/css/post-15503.css?ver=1780343733 HTTP/2.0" 200 133 "https://www.google.com/" "Mozilla/5.0 (Macintosh; Intel Mac OS X 10_15_7) AppleWebKit/537.36 (KHTML, like Gecko) Chrome/142.0.0.0 Safari/537.36"
149.12.117.0 - - [03/Jun/2026:23:01:01 +0200] "GET /wp-content/uploads/elementor/css/post-14366.css?ver=1780326512 HTTP/2.0" 200 302 "https://www.google.com/" "Mozilla/5.0 (Macintosh; Intel Mac OS X 10_15_7) AppleWebKit/537.36 (KHTML, like Gecko) Chrome/142.0.0.0 Safari/537.36"
149.12.117.0 - - [03/Jun/2026:23:01:01 +0200] "GET /wp-content/cache/wpfc-minified/97penocn/5qgta.css HTTP/2.0" 200 16118 "https://www.google.com/" "Mozilla/5.0 (Macintosh; Intel Mac OS X 10_15_7) AppleWebKit/537.36 (KHTML, like Gecko) Chrome/142.0.0.0 Safari/537.36"
149.12.117.0 - - [03/Jun/2026:23:01:01 +0200] "GET /wp-content/cache/wpfc-minified/m8ydgnxm/4lapt.css HTTP/2.0" 200 4410 "https://www.google.com/" "Mozilla/5.0 (Macintosh; Intel Mac OS X 10_15_7) AppleWebKit/537.36 (KHTML, like Gecko) Chrome/142.0.0.0 Safari/537.36"
149.12.117.0 - - [03/Jun/2026:23:01:01 +0200] "GET /wp-content/cache/wpfc-minified/g52dp1tu/4lapt.css HTTP/2.0" 200 19034 "https://www.google.com/" "Mozilla/5.0 (Macintosh; Intel Mac OS X 10_15_7) AppleWebKit/537.36 (KHTML, like Gecko) Chrome/142.0.0.0 Safari/537.36"
149.12.117.0 - - [03/Jun/2026:23:01:01 +0200] "GET /wp-content/cache/wpfc-minified/8tnr6p1l/4lapt.css HTTP/2.0" 200 2043 "https://www.google.com/" "Mozilla/5.0 (Macintosh; Intel Mac OS X 10_15_7) AppleWebKit/537.36 (KHTML, like Gecko) Chrome/142.0.0.0 Safari/537.36"
149.12.117.0 - - [03/Jun/2026:23:01:01 +0200] "GET /wp-content/cache/wpfc-minified/lnwln415/4lapt.js HTTP/2.0" 200 32852 "https://www.google.com/" "Mozilla/5.0 (Macintosh; Intel Mac OS X 10_15_7) AppleWebKit/537.36 (KHTML, like Gecko) Chrome/142.0.0.0 Safari/537.36"
149.12.117.0 - - [03/Jun/2026:23:01:01 +0200] "GET /wp-content/plugins/gp-premium/menu-plus/functions/js/sticky.min.js?ver=2.5.5 HTTP/2.0" 200 2670 "https://www.google.com/" "Mozilla/5.0 (Macintosh; Intel Mac OS X 10_15_7) AppleWebKit/537.36 (KHTML, like Gecko) Chrome/142.0.0.0 Safari/537.36"
149.12.117.0 - - [03/Jun/2026:23:01:01 +0200] "GET /wp-content/cache/wpfc-minified/2bi5m9ld/4laq4.js HTTP/2.0" 200 8754 "https://www.google.com/" "Mozilla/5.0 (Macintosh; Intel Mac OS X 10_15_7) AppleWebKit/537.36 (KHTML, like Gecko) Chrome/142.0.0.0 Safari/537.36"
149.12.117.0 - - [03/Jun/2026:23:01:01 +0200] "GET /wp-content/plugins/elementor/assets/js/webpack.runtime.min.js?ver=4.1.1 HTTP/2.0" 200 2340 "https://www.google.com/" "Mozilla/5.0 (Macintosh; Intel Mac OS X 10_15_7) AppleWebKit/537.36 (KHTML, like Gecko) Chrome/142.0.0.0 Safari/537.36"
149.12.117.0 - - [03/Jun/2026:23:01:01 +0200] "GET /wp-content/plugins/elementor/assets/js/frontend-modules.min.js?ver=4.1.1 HTTP/2.0" 200 15454 "https://www.google.com/" "Mozilla/5.0 (Macintosh; Intel Mac OS X 10_15_7) AppleWebKit/537.36 (KHTML, like Gecko) Chrome/142.0.0.0 Safari/537.36"
149.12.117.0 - - [03/Jun/2026:23:01:01 +0200] "GET /wp-includes/js/jquery/ui/core.min.js?ver=1.13.3 HTTP/2.0" 200 6820 "https://www.google.com/" "Mozilla/5.0 (Macintosh; Intel Mac OS X 10_15_7) AppleWebKit/537.36 (KHTML, like Gecko) Chrome/142.0.0.0 Safari/537.36"
149.12.117.0 - - [03/Jun/2026:23:01:01 +0200] "GET /wp-content/plugins/elementor/assets/js/frontend.min.js?ver=4.1.1 HTTP/2.0" 200 10140 "https://www.google.com/" "Mozilla/5.0 (Macintosh; Intel Mac OS X 10_15_7) AppleWebKit/537.36 (KHTML, like Gecko) Chrome/142.0.0.0 Safari/537.36"
149.12.117.0 - - [03/Jun/2026:23:01:01 +0200] "GET /wp-content/themes/generatepress/assets/js/back-to-top.min.js?ver=3.6.1 HTTP/2.0" 200 336 "https://www.google.com/" "Mozilla/5.0 (Macintosh; Intel Mac OS X 10_15_7) AppleWebKit/537.36 (KHTML, like Gecko) Chrome/142.0.0.0 Safari/537.36"
149.12.117.0 - - [03/Jun/2026:23:01:01 +0200] "GET /wp-content/themes/generatepress/assets/js/menu.min.js?ver=3.6.1 HTTP/2.0" 200 1688 "https://www.google.com/" "Mozilla/5.0 (Macintosh; Intel Mac OS X 10_15_7) AppleWebKit/537.36 (KHTML, like Gecko) Chrome/142.0.0.0 Safari/537.36"
149.12.117.0 - - [03/Jun/2026:23:01:01 +0200] "GET /wp-content/plugins/complianz-gdpr-premium/cookiebanner/js/complianz.min.js?ver=1780326507 HTTP/2.0" 200 10708 "https://www.google.com/" "Mozilla/5.0 (Macintosh; Intel Mac OS X 10_15_7) AppleWebKit/537.36 (KHTML, like Gecko) Chrome/142.0.0.0 Safari/537.36"
149.12.117.0 - - [03/Jun/2026:23:01:01 +0200] "GET /wp-content/plugins/elementor/assets/js/section-frontend-handlers.d85ab872da118940910d.bundle.min.js HTTP/2.0" 200 230 "https://www.google.com/" "Mozilla/5.0 (Macintosh; Intel Mac OS X 10_15_7) AppleWebKit/537.36 (KHTML, like Gecko) Chrome/142.0.0.0 Safari/537.36"
149.12.117.0 - - [03/Jun/2026:23:01:01 +0200] "GET /wp-content/plugins/elementor/assets/js/shared-frontend-handlers.03caa53373b56d3bab67.bundle.min.js HTTP/2.0" 200 2515 "https://www.google.com/" "Mozilla/5.0 (Macintosh; Intel Mac OS X 10_15_7) AppleWebKit/537.36 (KHTML, like Gecko) Chrome/142.0.0.0 Safari/537.36"
149.12.117.0 - - [03/Jun/2026:23:01:01 +0200] "GET /wp-content/plugins/elementor/assets/js/text-editor.45609661e409413f1cef.bundle.min.js HTTP/2.0" 200 592 "https://www.google.com/" "Mozilla/5.0 (Macintosh; Intel Mac OS X 10_15_7) AppleWebKit/537.36 (KHTML, like Gecko) Chrome/142.0.0.0 Safari/537.36"
65.108.235.243 - - [03/Jun/2026:23:01:01 +0200] "POST /wp-cron.php?doing_wp_cron=1780520461.7677810192108154296875 HTTP/1.1" 200 1 "-" "WordPress/7.0; https://reggio-emilia.elettroservicegroup.it"
149.12.117.0 - - [03/Jun/2026:23:01:01 +0200] "GET /wp-json/complianz/v1/banner?lang=it&locale=it_IT&token=vcnsj HTTP/2.0" 200 84 "https://www.google.com/" "Mozilla/5.0 (Macintosh; Intel Mac OS X 10_15_7) AppleWebKit/537.36 (KHTML, like Gecko) Chrome/142.0.0.0 Safari/537.36"
149.12.117.0 - - [03/Jun/2026:23:01:01 +0200] "GET /wp-content/uploads/complianz/css/banner-1-optin.css?v=511 HTTP/2.0" 200 2622 "https://www.google.com/" "Mozilla/5.0 (Macintosh; Intel Mac OS X 10_15_7) AppleWebKit/537.36 (KHTML, like Gecko) Chrome/142.0.0.0 Safari/537.36"
149.12.117.0 - - [03/Jun/2026:23:01:01 +0200] "GET /wp-json/complianz/v1/cookie_data HTTP/2.0" 200 82 "https://www.google.com/" "Mozilla/5.0 (Macintosh; Intel Mac OS X 10_15_7) AppleWebKit/537.36 (KHTML, like Gecko) Chrome/142.0.0.0 Safari/537.36"
65.108.235.243 - - [03/Jun/2026:23:01:02 +0200] "GET /assistenza-lavatrici-aeg-rubiera/ HTTP/1.1" 200 24806 "-" "WP Fastest Cache Preload Bot"
65.108.235.243 - - [03/Jun/2026:23:01:02 +0200] "GET /assistenza-lavatrici-aeg-scandiano/ HTTP/1.1" 200 24811 "-" "WP Fastest Cache Preload Bot"
65.108.235.243 - - [03/Jun/2026:23:01:02 +0200] "GET /assistenza-lavatrici-aeg-santilario-denza/ HTTP/1.1" 200 24880 "-" "WP Fastest Cache Preload Bot"
65.108.235.243 - - [03/Jun/2026:23:01:03 +0200] "GET /assistenza-lavatrici-aeg-guastalla/ HTTP/1.1" 200 24813 "-" "WP Fastest Cache Preload Bot"
149.12.117.0 - - [03/Jun/2026:23:01:04 +0200] "GET /ads.txt HTTP/1.1" 404 87603 "-" "Mozilla/5.0 (Windows NT 10.0; Win64; x64) AppleWebKit/537.36 (KHTML, like Gecko) Chrome/94.0.4606.81 Safari/537.36"
149.12.117.0 - - [03/Jun/2026:23:01:05 +0200] "GET /assistenza-frigoriferi HTTP/1.1" 301 - "-" "Mozilla/5.0 (iPhone; CPU iPhone OS 6_0 like Mac OS X) AppleWebKit/536.26 (KHTML, like Gecko) Version/6.0 Mobile/10A5376e Safari/8536.25"
149.12.117.0 - - [03/Jun/2026:23:01:05 +0200] "GET /assistenza-forni-elettrici- HTTP/1.1" 301 - "-" "Mozilla/5.0 (iPhone; CPU iPhone OS 6_0 like Mac OS X) AppleWebKit/536.26 (KHTML, like Gecko) Version/6.0 Mobile/10A5376e Safari/8536.25"
149.12.117.0 - - [03/Jun/2026:23:01:05 +0200] "GET /assistenza-asciugatrici HTTP/1.1" 301 - "-" "Mozilla/5.0 (iPhone; CPU iPhone OS 6_0 like Mac OS X) AppleWebKit/536.26 (KHTML, like Gecko) Version/6.0 Mobile/10A5376e Safari/8536.25"
149.12.117.0 - - [03/Jun/2026:23:01:05 +0200] "GET /assistenza-condizionatori/ HTTP/1.1" 301 - "-" "Mozilla/5.0 (iPhone; CPU iPhone OS 6_0 like Mac OS X) AppleWebKit/536.26 (KHTML, like Gecko) Version/6.0 Mobile/10A5376e Safari/8536.25"
149.12.117.0 - - [03/Jun/2026:23:01:05 +0200] "GET /assistenza-forni-elettrici-reggio-emilia/ HTTP/1.1" 200 25081 "-" "Mozilla/5.0 (iPhone; CPU iPhone OS 6_0 like Mac OS X) AppleWebKit/536.26 (KHTML, like Gecko) Version/6.0 Mobile/10A5376e Safari/8536.25"
149.12.117.0 - - [03/Jun/2026:23:01:05 +0200] "GET /assistenza-frigoriferi-reggio-emilia/ HTTP/1.1" 200 24890 "-" "Mozilla/5.0 (iPhone; CPU iPhone OS 6_0 like Mac OS X) AppleWebKit/536.26 (KHTML, like Gecko) Version/6.0 Mobile/10A5376e Safari/8536.25"
149.12.117.0 - - [03/Jun/2026:23:01:05 +0200] "GET /assistenza-condizionatori-reggio-emilia/ HTTP/1.1" 200 24158 "-" "Mozilla/5.0 (iPhone; CPU iPhone OS 6_0 like Mac OS X) AppleWebKit/536.26 (KHTML, like Gecko) Version/6.0 Mobile/10A5376e Safari/8536.25"
149.12.117.0 - - [03/Jun/2026:23:01:05 +0200] "GET /assistenza-asciugatrici-reggio-emilia/ HTTP/1.1" 200 24894 "-" "Mozilla/5.0 (iPhone; CPU iPhone OS 6_0 like Mac OS X) AppleWebKit/536.26 (KHTML, like Gecko) Version/6.0 Mobile/10A5376e Safari/8536.25"
149.12.117.0 - - [03/Jun/2026:23:01:08 +0200] "GET /assistenza-frigoriferi HTTP/1.1" 301 - "-" "Mozilla/5.0 (Windows NT 10.0; Win64; x64) AppleWebKit/537.36 (KHTML, like Gecko) Chrome/94.0.4606.81 Safari/537.36"
149.12.117.0 - - [03/Jun/2026:23:01:09 +0200] "GET /assistenza-frigoriferi-reggio-emilia/ HTTP/1.1" 200 24695 "-" "Mozilla/5.0 (Windows NT 10.0; Win64; x64) AppleWebKit/537.36 (KHTML, like Gecko) Chrome/94.0.4606.81 Safari/537.36"
149.12.117.0 - - [03/Jun/2026:23:01:09 +0200] "GET /assistenza-asciugatrici HTTP/1.1" 301 - "-" "Mozilla/5.0 (Windows NT 10.0; Win64; x64) AppleWebKit/537.36 (KHTML, like Gecko) Chrome/94.0.4606.81 Safari/537.36"
149.12.117.0 - - [03/Jun/2026:23:01:09 +0200] "GET /assistenza-forni-elettrici HTTP/1.1" 301 - "-" "Mozilla/5.0 (Windows NT 10.0; Win64; x64) AppleWebKit/537.36 (KHTML, like Gecko) Chrome/94.0.4606.81 Safari/537.36"
149.12.117.0 - - [03/Jun/2026:23:01:09 +0200] "GET /assistenza-lavatrici-reggio-emilia HTTP/1.1" 301 - "-" "Mozilla/5.0 (Windows NT 10.0; Win64; x64) AppleWebKit/537.36 (KHTML, like Gecko) Chrome/94.0.4606.81 Safari/537.36"
149.12.117.0 - - [03/Jun/2026:23:01:09 +0200] "GET /assistenza-frigoriferi/ HTTP/1.1" 301 - "-" "Mozilla/5.0 (Windows NT 10.0; Win64; x64) AppleWebKit/537.36 (KHTML, like Gecko) Chrome/94.0.4606.81 Safari/537.36"
149.12.117.0 - - [03/Jun/2026:23:01:09 +0200] "GET /assistenza-asciugatrici/ HTTP/1.1" 301 - "-" "Mozilla/5.0 (Windows NT 10.0; Win64; x64) AppleWebKit/537.36 (KHTML, like Gecko) Chrome/94.0.4606.81 Safari/537.36"
149.12.117.0 - - [03/Jun/2026:23:01:09 +0200] "GET /termini-e-condizioni HTTP/1.1" 301 - "-" "Mozilla/5.0 (Windows NT 10.0; Win64; x64) AppleWebKit/537.36 (KHTML, like Gecko) Chrome/94.0.4606.81 Safari/537.36"
149.12.117.0 - - [03/Jun/2026:23:01:09 +0200] "GET /assistenza-forni-elettrici- HTTP/1.1" 301 - "-" "Mozilla/5.0 (Windows NT 10.0; Win64; x64) AppleWebKit/537.36 (KHTML, like Gecko) Chrome/94.0.4606.81 Safari/537.36"
149.12.117.0 - - [03/Jun/2026:23:01:09 +0200] "GET /assistenza-lavastoviglie-reggio-emilia HTTP/1.1" 301 - "-" "Mozilla/5.0 (Windows NT 10.0; Win64; x64) AppleWebKit/537.36 (KHTML, like Gecko) Chrome/94.0.4606.81 Safari/537.36"
149.12.117.0 - - [03/Jun/2026:23:01:09 +0200] "GET /assistenza-condizionatori/ HTTP/1.1" 301 - "-" "Mozilla/5.0 (Windows NT 10.0; Win64; x64) AppleWebKit/537.36 (KHTML, like Gecko) Chrome/94.0.4606.81 Safari/537.36"
149.12.117.0 - - [03/Jun/2026:23:01:10 +0200] "GET /assistenza-asciugatrici-reggio-emilia/ HTTP/1.1" 200 24695 "-" "Mozilla/5.0 (Windows NT 10.0; Win64; x64) AppleWebKit/537.36 (KHTML, like Gecko) Chrome/94.0.4606.81 Safari/537.36"
149.12.117.0 - - [03/Jun/2026:23:01:10 +0200] "GET /termini-e-condizioni/ HTTP/1.1" 200 20606 "-" "Mozilla/5.0 (Windows NT 10.0; Win64; x64) AppleWebKit/537.36 (KHTML, like Gecko) Chrome/94.0.4606.81 Safari/537.36"
149.12.117.0 - - [03/Jun/2026:23:01:10 +0200] "GET /assistenza-lavatrici-reggio-emilia/ HTTP/1.1" 200 27714 "-" "Mozilla/5.0 (Windows NT 10.0; Win64; x64) AppleWebKit/537.36 (KHTML, like Gecko) Chrome/94.0.4606.81 Safari/537.36"
149.12.117.0 - - [03/Jun/2026:23:01:10 +0200] "GET /assistenza-frigoriferi-reggio-emilia/ HTTP/1.1" 200 24695 "-" "Mozilla/5.0 (Windows NT 10.0; Win64; x64) AppleWebKit/537.36 (KHTML, like Gecko) Chrome/94.0.4606.81 Safari/537.36"
149.12.117.0 - - [03/Jun/2026:23:01:10 +0200] "GET /assistenza-forni-elettrici-reggio-emilia/ HTTP/1.1" 200 24886 "-" "Mozilla/5.0 (Windows NT 10.0; Win64; x64) AppleWebKit/537.36 (KHTML, like Gecko) Chrome/94.0.4606.81 Safari/537.36"
149.12.117.0 - - [03/Jun/2026:23:01:10 +0200] "GET /assistenza-asciugatrici-reggio-emilia/ HTTP/1.1" 200 24695 "-" "Mozilla/5.0 (Windows NT 10.0; Win64; x64) AppleWebKit/537.36 (KHTML, like Gecko) Chrome/94.0.4606.81 Safari/537.36"
149.12.117.0 - - [03/Jun/2026:23:01:10 +0200] "GET /assistenza-lavastoviglie-reggio-emilia/ HTTP/1.1" 200 27251 "-" "Mozilla/5.0 (Windows NT 10.0; Win64; x64) AppleWebKit/537.36 (KHTML, like Gecko) Chrome/94.0.4606.81 Safari/537.36"
149.12.117.0 - - [03/Jun/2026:23:01:10 +0200] "GET /assistenza-forni-elettrici-reggio-emilia/ HTTP/1.1" 200 24886 "-" "Mozilla/5.0 (Windows NT 10.0; Win64; x64) AppleWebKit/537.36 (KHTML, like Gecko) Chrome/94.0.4606.81 Safari/537.36"
149.12.117.0 - - [03/Jun/2026:23:01:10 +0200] "GET /assistenza-condizionatori-reggio-emilia/ HTTP/1.1" 200 23953 "-" "Mozilla/5.0 (Windows NT 10.0; Win64; x64) AppleWebKit/537.36 (KHTML, like Gecko) Chrome/94.0.4606.81 Safari/537.36"
149.12.117.0 - - [03/Jun/2026:23:01:19 +0200] "GET /dichiarazione-sulla-privacy-ue/ HTTP/1.1" 200 22487 "-" "Mozilla/5.0 (Windows NT 10.0; Win64; x64) AppleWebKit/537.36 (KHTML, like Gecko) Chrome/94.0.4606.81 Safari/537.36"
149.12.117.0 - - [03/Jun/2026:23:01:19 +0200] "GET /assistenza-candy-reggio-emilia/ HTTP/1.1" 200 26880 "-" "Mozilla/5.0 (Windows NT 10.0; Win64; x64) AppleWebKit/537.36 (KHTML, like Gecko) Chrome/94.0.4606.81 Safari/537.36"
149.12.117.0 - - [03/Jun/2026:23:01:19 +0200] "GET /cookie-policy-ue/ HTTP/1.1" 200 22445 "-" "Mozilla/5.0 (Windows NT 10.0; Win64; x64) AppleWebKit/537.36 (KHTML, like Gecko) Chrome/94.0.4606.81 Safari/537.36"
149.12.117.0 - - [03/Jun/2026:23:01:19 +0200] "GET /informativa-privacy/ HTTP/1.1" 200 22777 "-" "Mozilla/5.0 (Windows NT 10.0; Win64; x64) AppleWebKit/537.36 (KHTML, like Gecko) Chrome/94.0.4606.81 Safari/537.36"
149.12.117.0 - - [03/Jun/2026:23:01:19 +0200] "GET /imprint/ HTTP/1.1" 200 19939 "-" "Mozilla/5.0 (Windows NT 10.0; Win64; x64) AppleWebKit/537.36 (KHTML, like Gecko) Chrome/94.0.4606.81 Safari/537.36"
149.12.117.0 - - [03/Jun/2026:23:01:19 +0200] "GET /assistenza-condizionatori HTTP/1.1" 301 - "-" "Mozilla/5.0 (Windows NT 10.0; Win64; x64) AppleWebKit/537.36 (KHTML, like Gecko) Chrome/94.0.4606.81 Safari/537.36"
149.12.117.0 - - [03/Jun/2026:23:01:19 +0200] "GET /informativa-privacy HTTP/1.1" 301 - "-" "Mozilla/5.0 (Windows NT 10.0; Win64; x64) AppleWebKit/537.36 (KHTML, like Gecko) Chrome/94.0.4606.81 Safari/537.36"
149.12.117.0 - - [03/Jun/2026:23:01:19 +0200] "GET /assistenza-condizionatori-reggio-emilia/ HTTP/1.1" 200 23953 "-" "Mozilla/5.0 (Windows NT 10.0; Win64; x64) AppleWebKit/537.36 (KHTML, like Gecko) Chrome/94.0.4606.81 Safari/537.36"
149.12.117.0 - - [03/Jun/2026:23:01:19 +0200] "GET /reggio-emiliaelettroservicegroupit/titolo/ HTTP/1.1" 404 87848 "-" "Mozilla/5.0 (Windows NT 10.0; Win64; x64) AppleWebKit/537.36 (KHTML, like Gecko) Chrome/94.0.4606.81 Safari/537.36"
149.12.117.0 - - [03/Jun/2026:23:01:19 +0200] "GET /informativa-privacy/ HTTP/1.1" 200 22777 "-" "Mozilla/5.0 (Windows NT 10.0; Win64; x64) AppleWebKit/537.36 (KHTML, like Gecko) Chrome/94.0.4606.81 Safari/537.36"
107.20.236.150 - - [03/Jun/2026:23:09:17 +0200] "GET /wp-content/uploads/2022/01/elettro3.jpg HTTP/1.1" 200 7012 "-" "Mozilla/5.0 AppleWebKit/537.36 (KHTML, like Gecko; compatible; PerplexityBot/1.0; +https://perplexity.ai/perplexitybot)"
65.108.235.243 - - [03/Jun/2026:23:10:29 +0200] "POST /wp-cron.php?doing_wp_cron=1780521029.8070769309997558593750 HTTP/1.1" 200 1 "-" "WordPress/7.0; https://reggio-emilia.elettroservicegroup.it"
40.77.167.72 - - [03/Jun/2026:23:10:28 +0200] "GET /sitemap.xml.gz HTTP/2.0" 200 338 "-" "Mozilla/5.0 AppleWebKit/537.36 (KHTML, like Gecko; compatible; bingbot/2.0; +http://www.bing.com/bingbot.htm) Chrome/116.0.1938.76 Safari/537.36"
65.108.235.243 - - [03/Jun/2026:23:10:30 +0200] "GET /assistenza-lavastoviglie-smeg-rubiera/ HTTP/1.1" 200 24674 "-" "WP Fastest Cache Preload Bot"
65.108.235.243 - - [03/Jun/2026:23:10:30 +0200] "GET /assistenza-lavatrici-aeg-correggio/ HTTP/1.1" 200 24818 "-" "WP Fastest Cache Preload Bot"
65.108.235.243 - - [03/Jun/2026:23:10:31 +0200] "GET /assistenza-lavatrici-aeg-reggio-emilia/ HTTP/1.1" 200 24812 "-" "WP Fastest Cache Preload Bot"
65.108.235.243 - - [03/Jun/2026:23:10:31 +0200] "GET /assistenza-lavatrici-rubiera/ HTTP/1.1" 200 25425 "-" "WP Fastest Cache Preload Bot"
4.227.232.143 - - [03/Jun/2026:23:11:37 +0200] "POST / HTTP/1.1" 200 11736 "https://www.reggio-emilia.elettroservicegroup.it/" "Mozilla/5.0 (Windows NT 10.0; Win64; x64) AppleWebKit/537.36 (KHTML, like Gecko) Chrome/144.0.0.0 Safari/537.36"
65.108.235.243 - - [03/Jun/2026:23:21:56 +0200] "POST /wp-cron.php?doing_wp_cron=1780521716.6226849555969238281250 HTTP/1.1" 200 1 "-" "WordPress/7.0; https://reggio-emilia.elettroservicegroup.it"
114.119.138.37 - - [03/Jun/2026:23:21:54 +0200] "GET /?attachment_id=16596 HTTP/1.1" 200 19042 "https://reggio-emilia.elettroservicegroup.it/?attachment_id=16596" "Mozilla/5.0 (Linux; Android 7.0;) AppleWebKit/537.36 (HTML, like Gecko) Mobile Safari/537.36 (compatible; PetalBot;+https://webmaster.petalsearch.com/site/petalbot)"
65.108.235.243 - - [03/Jun/2026:23:21:57 +0200] "GET /assistenza-lavastoviglie-smeg-scandiano/ HTTP/1.1" 200 24671 "-" "WP Fastest Cache Preload Bot"
65.108.235.243 - - [03/Jun/2026:23:21:57 +0200] "GET /assistenza-lavatrici-scandiano/ HTTP/1.1" 200 25425 "-" "WP Fastest Cache Preload Bot"
65.108.235.243 - - [03/Jun/2026:23:21:57 +0200] "GET /assistenza-lavatrici-santilario-denza/ HTTP/1.1" 200 25499 "-" "WP Fastest Cache Preload Bot"
65.108.235.243 - - [03/Jun/2026:23:21:58 +0200] "GET /assistenza-lavastoviglie-smeg-santilario-denza/ HTTP/1.1" 200 24763 "-" "WP Fastest Cache Preload Bot"
65.108.235.243 - - [03/Jun/2026:23:47:59 +0200] "POST /wp-cron.php?doing_wp_cron=1780523278.9982900619506835937500 HTTP/1.1" 200 1 "-" "WordPress/7.0; https://reggio-emilia.elettroservicegroup.it"
114.119.137.153 - - [03/Jun/2026:23:47:57 +0200] "GET /?attachment_id=15732 HTTP/1.1" 200 18933 "https://reggio-emilia.elettroservicegroup.it/?attachment_id=15732" "Mozilla/5.0 (Linux; Android 7.0;) AppleWebKit/537.36 (HTML, like Gecko) Mobile Safari/537.36 (compatible; PetalBot;+https://webmaster.petalsearch.com/site/petalbot)"
65.108.235.243 - - [03/Jun/2026:23:47:59 +0200] "GET /assistenza-lavatrici-guastalla/ HTTP/1.1" 200 25427 "-" "WP Fastest Cache Preload Bot"
65.108.235.243 - - [03/Jun/2026:23:47:59 +0200] "GET /assistenza-lavatrici-correggio/ HTTP/1.1" 200 25422 "-" "WP Fastest Cache Preload Bot"
65.108.235.243 - - [03/Jun/2026:23:48:00 +0200] "GET /assistenza-lavatrici-reggio-emilia/ HTTP/1.1" 200 25656 "-" "WP Fastest Cache Preload Bot"
65.108.235.243 - - [03/Jun/2026:23:48:00 +0200] "GET /assistenza-lavastoviglie-whirlpool-rubiera/ HTTP/1.1" 200 24706 "-" "WP Fastest Cache Preload Bot"
65.108.235.243 - - [03/Jun/2026:23:49:22 +0200] "POST /wp-cron.php?doing_wp_cron=1780523362.0152759552001953125000 HTTP/1.1" 200 1 "-" "WordPress/7.0; https://reggio-emilia.elettroservicegroup.it"
114.119.130.67 - - [03/Jun/2026:23:49:20 +0200] "GET /?attachment_id=15713 HTTP/1.1" 200 19027 "https://reggio-emilia.elettroservicegroup.it/?attachment_id=15713" "Mozilla/5.0 (Linux; Android 7.0;) AppleWebKit/537.36 (HTML, like Gecko) Mobile Safari/537.36 (compatible; PetalBot;+https://webmaster.petalsearch.com/site/petalbot)"
65.108.235.243 - - [03/Jun/2026:23:53:31 +0200] "POST /wp-cron.php?doing_wp_cron=1780523611.6854310035705566406250 HTTP/1.1" 200 1 "-" "WordPress/7.0; https://reggio-emilia.elettroservicegroup.it"
114.119.141.228 - - [03/Jun/2026:23:53:30 +0200] "GET /assistenza-lavatrici/riparazione_paint HTTP/1.1" 301 1 "https://reggio-emilia.elettroservicegroup.it/assistenza-lavatrici/riparazione_paint" "Mozilla/5.0 (Linux; Android 7.0;) AppleWebKit/537.36 (HTML, like Gecko) Mobile Safari/537.36 (compatible; PetalBot;+https://webmaster.petalsearch.com/site/petalbot)"
65.108.235.243 - - [03/Jun/2026:23:53:32 +0200] "GET /assistenza-lavastoviglie-smeg-guastalla/ HTTP/1.1" 200 24677 "-" "WP Fastest Cache Preload Bot"
114.119.141.228 - - [03/Jun/2026:23:53:32 +0200] "GET /assistenza-lavatrici/riparazione_paint/ HTTP/1.1" 200 18977 "https://reggio-emilia.elettroservicegroup.it/assistenza-lavatrici/riparazione_paint" "Mozilla/5.0 (Linux; Android 7.0;) AppleWebKit/537.36 (HTML, like Gecko) Mobile Safari/537.36 (compatible; PetalBot;+https://webmaster.petalsearch.com/site/petalbot)"
65.108.235.243 - - [03/Jun/2026:23:53:32 +0200] "GET /assistenza-lavastoviglie-whirlpool-scandiano/ HTTP/1.1" 200 24707 "-" "WP Fastest Cache Preload Bot"
65.108.235.243 - - [03/Jun/2026:23:53:32 +0200] "GET /assistenza-lavastoviglie-whirlpool-santilario-denza/ HTTP/1.1" 200 24801 "-" "WP Fastest Cache Preload Bot"
65.108.235.243 - - [03/Jun/2026:23:53:33 +0200] "GET /assistenza-lavastoviglie-whirlpool-guastalla/ HTTP/1.1" 200 24710 "-" "WP Fastest Cache Preload Bot"
65.108.235.243 - - [03/Jun/2026:23:54:55 +0200] "POST /wp-cron.php?doing_wp_cron=1780523695.8093500137329101562500 HTTP/1.1" 200 1 "-" "WordPress/7.0; https://reggio-emilia.elettroservicegroup.it"
114.119.137.98 - - [03/Jun/2026:23:54:54 +0200] "GET /?attachment_id=15756 HTTP/1.1" 200 19024 "https://reggio-emilia.elettroservicegroup.it/?attachment_id=15756" "Mozilla/5.0 (Linux; Android 7.0;) AppleWebKit/537.36 (HTML, like Gecko) Mobile Safari/537.36 (compatible; PetalBot;+https://webmaster.petalsearch.com/site/petalbot)"
54.80.185.200 - - [03/Jun/2026:23:59:05 +0200] "GET /robots.txt HTTP/1.1" 200 11725 "-" "Mozilla/5.0 AppleWebKit/537.36 (KHTML, like Gecko; compatible; Amazonbot/0.1; +https://developer.amazon.com/support/amazonbot) Chrome/119.0.6045.214 Safari/537.36"
23.21.148.226 - - [03/Jun/2026:23:59:08 +0200] "GET /assistenza-smeg-scandiano/ HTTP/1.1" 200 11798 "-" "Mozilla/5.0 AppleWebKit/537.36 (KHTML, like Gecko; compatible; Amazonbot/0.1; +https://developer.amazon.com/support/amazonbot) Chrome/119.0.6045.214 Safari/537.36"
65.108.235.243 - - [04/Jun/2026:00:07:26 +0200] "POST /wp-cron.php?doing_wp_cron=1780524446.4677810668945312500000 HTTP/1.1" 200 1 "-" "WordPress/7.0; https://reggio-emilia.elettroservicegroup.it"
114.119.132.207 - - [04/Jun/2026:00:07:24 +0200] "GET /cookie-policy-ue/ HTTP/1.1" 200 20835 "https://reggio-emilia.elettroservicegroup.it/assistenza-lavatrici/preventivi/" "Mozilla/5.0 (Linux; Android 7.0;) AppleWebKit/537.36 (HTML, like Gecko) Mobile Safari/537.36 (compatible; PetalBot;+https://webmaster.petalsearch.com/site/petalbot)"
65.108.235.243 - - [04/Jun/2026:00:07:26 +0200] "GET /assistenza-lavastoviglie-whirlpool-correggio/ HTTP/1.1" 200 24711 "-" "WP Fastest Cache Preload Bot"
65.108.235.243 - - [04/Jun/2026:00:07:27 +0200] "GET /assistenza-lavastoviglie-smeg-correggio/ HTTP/1.1" 200 24674 "-" "WP Fastest Cache Preload Bot"
65.108.235.243 - - [04/Jun/2026:00:07:27 +0200] "GET /assistenza-lavastoviglie-whirlpool-reggio-emilia/ HTTP/1.1" 200 24708 "-" "WP Fastest Cache Preload Bot"
65.108.235.243 - - [04/Jun/2026:00:07:27 +0200] "GET /assistenza-lavastoviglie-smeg-reggio-emilia/ HTTP/1.1" 200 24671 "-" "WP Fastest Cache Preload Bot"
65.108.235.243 - - [04/Jun/2026:00:08:50 +0200] "POST /wp-cron.php?doing_wp_cron=1780524530.2791790962219238281250 HTTP/1.1" 200 1 "-" "WordPress/7.0; https://reggio-emilia.elettroservicegroup.it"
114.119.148.161 - - [04/Jun/2026:00:08:48 +0200] "GET /assistenza-lavatrici-correggio/ HTTP/1.1" 200 25596 "https://reggio-emilia.elettroservicegroup.it/assistenza-lavatrici-correggio" "Mozilla/5.0 (Linux; Android 7.0;) AppleWebKit/537.36 (HTML, like Gecko) Mobile Safari/537.36 (compatible; PetalBot;+https://webmaster.petalsearch.com/site/petalbot)"
65.108.235.243 - - [04/Jun/2026:00:11:36 +0200] "POST /wp-cron.php?doing_wp_cron=1780524696.3186209201812744140625 HTTP/1.1" 200 1 "-" "WordPress/7.0; https://reggio-emilia.elettroservicegroup.it"
114.119.154.115 - - [04/Jun/2026:00:11:34 +0200] "GET /assistenza-lavatrici-aeg-santilario-denza HTTP/1.1" 301 1 "https://reggio-emilia.elettroservicegroup.it/assistenza-lavatrici-aeg-santilario-denza" "Mozilla/5.0 (Linux; Android 7.0;) AppleWebKit/537.36 (HTML, like Gecko) Mobile Safari/537.36 (compatible; PetalBot;+https://webmaster.petalsearch.com/site/petalbot)"
65.108.235.243 - - [04/Jun/2026:00:11:36 +0200] "GET /assistenza-lavastoviglie-rex-electrolux-rubiera/ HTTP/1.1" 200 24666 "-" "WP Fastest Cache Preload Bot"
114.119.154.115 - - [04/Jun/2026:00:11:36 +0200] "GET /assistenza-lavatrici-aeg-santilario-denza/ HTTP/1.1" 200 25089 "https://reggio-emilia.elettroservicegroup.it/assistenza-lavatrici-aeg-santilario-denza" "Mozilla/5.0 (Linux; Android 7.0;) AppleWebKit/537.36 (HTML, like Gecko) Mobile Safari/537.36 (compatible; PetalBot;+https://webmaster.petalsearch.com/site/petalbot)"
65.108.235.243 - - [04/Jun/2026:00:11:37 +0200] "GET /assistenza-lavastoviglie-rex-electrolux-scandiano/ HTTP/1.1" 200 24758 "-" "WP Fastest Cache Preload Bot"
65.108.235.243 - - [04/Jun/2026:00:11:37 +0200] "GET /assistenza-lavastoviglie-rex-electrolux-santilario-denza/ HTTP/1.1" 200 24767 "-" "WP Fastest Cache Preload Bot"
65.108.235.243 - - [04/Jun/2026:00:11:37 +0200] "GET /assistenza-lavastoviglie-rex-electrolux-guastalla/ HTTP/1.1" 200 24701 "-" "WP Fastest Cache Preload Bot"
65.108.235.243 - - [04/Jun/2026:00:19:55 +0200] "POST /wp-cron.php?doing_wp_cron=1780525195.4180181026458740234375 HTTP/1.1" 200 1 "-" "WordPress/7.0; https://reggio-emilia.elettroservicegroup.it"
40.77.167.3 - - [04/Jun/2026:00:19:53 +0200] "GET /sitemap.rss HTTP/2.0" 200 1465 "-" "Mozilla/5.0 AppleWebKit/537.36 (KHTML, like Gecko; compatible; bingbot/2.0; +http://www.bing.com/bingbot.htm) Chrome/116.0.1938.76 Safari/537.36"
65.108.235.243 - - [04/Jun/2026:00:19:55 +0200] "GET /assistenza-lavastoviglie-rex-electrolux-correggio/ HTTP/1.1" 200 24663 "-" "WP Fastest Cache Preload Bot"
65.108.235.243 - - [04/Jun/2026:00:19:56 +0200] "GET /assistenza-lavastoviglie-rex-electrolux-reggio-emilia/ HTTP/1.1" 200 24658 "-" "WP Fastest Cache Preload Bot"
65.108.235.243 - - [04/Jun/2026:00:19:56 +0200] "GET /assistenza-lavastoviglie-indesit-rubiera/ HTTP/1.1" 200 24718 "-" "WP Fastest Cache Preload Bot"
65.108.235.243 - - [04/Jun/2026:00:19:57 +0200] "GET /assistenza-lavastoviglie-indesit-scandiano/ HTTP/1.1" 200 24724 "-" "WP Fastest Cache Preload Bot"
65.108.235.243 - - [04/Jun/2026:00:25:00 +0200] "POST /wp-cron.php?doing_wp_cron=1780525500.7300779819488525390625 HTTP/1.1" 200 1 "-" "WordPress/7.0; https://reggio-emilia.elettroservicegroup.it"
47.128.111.110 - - [04/Jun/2026:00:24:59 +0200] "GET / HTTP/2.0" 200 25432 "-" "Mozilla/5.0 (Linux; Android 5.0) AppleWebKit/537.36 (KHTML, like Gecko) Mobile Safari/537.36 (compatible; TikTokSpider; ttspider-feedback@tiktok.com)"
47.128.111.110 - - [04/Jun/2026:00:25:01 +0200] "GET /wp-content/plugins/header-footer-elementor/inc/widgets-css/frontend.css?ver=2.8.8 HTTP/2.0" 200 8711 "https://reggio-emilia.elettroservicegroup.it/" "Mozilla/5.0 (Linux; Android 5.0) AppleWebKit/537.36 (KHTML, like Gecko) Mobile Safari/537.36 (compatible; TikTokSpider; ttspider-feedback@tiktok.com)"
47.128.111.110 - - [04/Jun/2026:00:25:01 +0200] "GET /wp-content/uploads/elementor/css/post-14146.css?ver=1780326512 HTTP/2.0" 200 428 "https://reggio-emilia.elettroservicegroup.it/" "Mozilla/5.0 (Linux; Android 5.0) AppleWebKit/537.36 (KHTML, like Gecko) Mobile Safari/537.36 (compatible; TikTokSpider; ttspider-feedback@tiktok.com)"
47.128.111.110 - - [04/Jun/2026:00:25:01 +0200] "GET /wp-content/plugins/elementor/assets/css/widget-image.min.css?ver=4.1.1 HTTP/2.0" 200 96 "https://reggio-emilia.elettroservicegroup.it/" "Mozilla/5.0 (Linux; Android 5.0) AppleWebKit/537.36 (KHTML, like Gecko) Mobile Safari/537.36 (compatible; TikTokSpider; ttspider-feedback@tiktok.com)"
47.128.111.110 - - [04/Jun/2026:00:25:01 +0200] "GET /wp-content/plugins/all-in-one-seo-pack/dist/Lite/assets/css/table-of-contents/global.e90f6d47.css?ver=4.9.7.2 HTTP/2.0" 200 420 "https://reggio-emilia.elettroservicegroup.it/" "Mozilla/5.0 (Linux; Android 5.0) AppleWebKit/537.36 (KHTML, like Gecko) Mobile Safari/537.36 (compatible; TikTokSpider; ttspider-feedback@tiktok.com)"
47.128.111.110 - - [04/Jun/2026:00:25:01 +0200] "GET /wp-content/plugins/elementor/assets/lib/animations/styles/bounceIn.min.css?ver=4.1.1 HTTP/2.0" 200 186 "https://reggio-emilia.elettroservicegroup.it/" "Mozilla/5.0 (Linux; Android 5.0) AppleWebKit/537.36 (KHTML, like Gecko) Mobile Safari/537.36 (compatible; TikTokSpider; ttspider-feedback@tiktok.com)"
47.128.111.110 - - [04/Jun/2026:00:25:01 +0200] "GET /wp-content/uploads/elementor/css/post-14366.css?ver=1780326512 HTTP/2.0" 200 302 "https://reggio-emilia.elettroservicegroup.it/" "Mozilla/5.0 (Linux; Android 5.0) AppleWebKit/537.36 (KHTML, like Gecko) Mobile Safari/537.36 (compatible; TikTokSpider; ttspider-feedback@tiktok.com)"
47.128.111.110 - - [04/Jun/2026:00:25:01 +0200] "GET /wp-content/plugins/complianz-gdpr-premium/assets/css/cookieblocker.min.css?ver=1780326507 HTTP/2.0" 200 615 "https://reggio-emilia.elettroservicegroup.it/" "Mozilla/5.0 (Linux; Android 5.0) AppleWebKit/537.36 (KHTML, like Gecko) Mobile Safari/537.36 (compatible; TikTokSpider; ttspider-feedback@tiktok.com)"
47.128.111.110 - - [04/Jun/2026:00:25:01 +0200] "GET /wp-content/plugins/header-footer-elementor/assets/css/header-footer-elementor.css?ver=2.8.8 HTTP/2.0" 200 260 "https://reggio-emilia.elettroservicegroup.it/" "Mozilla/5.0 (Linux; Android 5.0) AppleWebKit/537.36 (KHTML, like Gecko) Mobile Safari/537.36 (compatible; TikTokSpider; ttspider-feedback@tiktok.com)"
47.128.111.110 - - [04/Jun/2026:00:25:01 +0200] "GET /wp-content/plugins/elementor/assets/css/widget-heading.min.css?ver=4.1.1 HTTP/2.0" 200 127 "https://reggio-emilia.elettroservicegroup.it/" "Mozilla/5.0 (Linux; Android 5.0) AppleWebKit/537.36 (KHTML, like Gecko) Mobile Safari/537.36 (compatible; TikTokSpider; ttspider-feedback@tiktok.com)"
47.128.111.110 - - [04/Jun/2026:00:25:01 +0200] "GET /wp-content/plugins/elementor/assets/css/widget-spacer.min.css?ver=4.1.1 HTTP/2.0" 200 287 "https://reggio-emilia.elettroservicegroup.it/" "Mozilla/5.0 (Linux; Android 5.0) AppleWebKit/537.36 (KHTML, like Gecko) Mobile Safari/537.36 (compatible; TikTokSpider; ttspider-feedback@tiktok.com)"
47.128.111.110 - - [04/Jun/2026:00:25:01 +0200] "GET /wp-content/plugins/elementor/assets/lib/animations/styles/zoomIn.min.css?ver=4.1.1 HTTP/2.0" 200 87 "https://reggio-emilia.elettroservicegroup.it/" "Mozilla/5.0 (Linux; Android 5.0) AppleWebKit/537.36 (KHTML, like Gecko) Mobile Safari/537.36 (compatible; TikTokSpider; ttspider-feedback@tiktok.com)"
47.128.111.110 - - [04/Jun/2026:00:25:01 +0200] "GET /wp-content/plugins/elementor/assets/css/frontend.min.css?ver=4.1.1 HTTP/2.0" 200 6618 "https://reggio-emilia.elettroservicegroup.it/" "Mozilla/5.0 (Linux; Android 5.0) AppleWebKit/537.36 (KHTML, like Gecko) Mobile Safari/537.36 (compatible; TikTokSpider; ttspider-feedback@tiktok.com)"
47.128.111.110 - - [04/Jun/2026:00:25:01 +0200] "GET /wp-content/plugins/elementor/assets/lib/font-awesome/css/v4-shims.min.css?ver=4.1.1 HTTP/2.0" 200 3986 "https://reggio-emilia.elettroservicegroup.it/" "Mozilla/5.0 (Linux; Android 5.0) AppleWebKit/537.36 (KHTML, like Gecko) Mobile Safari/537.36 (compatible; TikTokSpider; ttspider-feedback@tiktok.com)"
47.128.111.110 - - [04/Jun/2026:00:25:01 +0200] "GET /wp-content/plugins/elementor/assets/lib/font-awesome/css/all.min.css?ver=4.1.1 HTTP/2.0" 200 12402 "https://reggio-emilia.elettroservicegroup.it/" "Mozilla/5.0 (Linux; Android 5.0) AppleWebKit/537.36 (KHTML, like Gecko) Mobile Safari/537.36 (compatible; TikTokSpider; ttspider-feedback@tiktok.com)"
47.128.111.110 - - [04/Jun/2026:00:25:01 +0200] "GET /wp-content/plugins/elementor/assets/css/widget-icon-list.min.css?ver=3.24.3 HTTP/2.0" 200 928 "https://reggio-emilia.elettroservicegroup.it/" "Mozilla/5.0 (Linux; Android 5.0) AppleWebKit/537.36 (KHTML, like Gecko) Mobile Safari/537.36 (compatible; TikTokSpider; ttspider-feedback@tiktok.com)"
47.128.111.110 - - [04/Jun/2026:00:25:01 +0200] "GET /wp-content/uploads/2021/10/cropped-cropped-cropped-logo_white_background.png HTTP/2.0" 206 500 "https://reggio-emilia.elettroservicegroup.it/" "Mozilla/5.0 (Linux; Android 5.0) AppleWebKit/537.36 (KHTML, like Gecko) Mobile Safari/537.36 (compatible; TikTokSpider; ttspider-feedback@tiktok.com)"
47.128.111.110 - - [04/Jun/2026:00:25:01 +0200] "GET /wp-content/plugins/elementor/assets/css/widget-social-icons.min.css?ver=3.24.0 HTTP/2.0" 200 1039 "https://reggio-emilia.elettroservicegroup.it/" "Mozilla/5.0 (Linux; Android 5.0) AppleWebKit/537.36 (KHTML, like Gecko) Mobile Safari/537.36 (compatible; TikTokSpider; ttspider-feedback@tiktok.com)"
47.128.111.110 - - [04/Jun/2026:00:25:01 +0200] "GET /wp-content/plugins/elementor/assets/lib/eicons/css/elementor-icons.min.css?ver=5.34.0 HTTP/2.0" 200 4115 "https://reggio-emilia.elettroservicegroup.it/" "Mozilla/5.0 (Linux; Android 5.0) AppleWebKit/537.36 (KHTML, like Gecko) Mobile Safari/537.36 (compatible; TikTokSpider; ttspider-feedback@tiktok.com)"
47.128.111.110 - - [04/Jun/2026:00:25:01 +0200] "GET /wp-content/plugins/elementor/assets/lib/font-awesome/css/solid.css?ver=5.15.3 HTTP/2.0" 200 299 "https://reggio-emilia.elettroservicegroup.it/" "Mozilla/5.0 (Linux; Android 5.0) AppleWebKit/537.36 (KHTML, like Gecko) Mobile Safari/537.36 (compatible; TikTokSpider; ttspider-feedback@tiktok.com)"
47.128.111.110 - - [04/Jun/2026:00:25:01 +0200] "GET /wp-content/uploads/elementor/google-fonts/css/robotoslab.css?ver=1742255003 HTTP/2.0" 200 721 "https://reggio-emilia.elettroservicegroup.it/" "Mozilla/5.0 (Linux; Android 5.0) AppleWebKit/537.36 (KHTML, like Gecko) Mobile Safari/537.36 (compatible; TikTokSpider; ttspider-feedback@tiktok.com)"
47.128.111.110 - - [04/Jun/2026:00:25:01 +0200] "GET /wp-content/uploads/2021/10/cropped-logo_white_background.png HTTP/2.0" 206 500 "https://reggio-emilia.elettroservicegroup.it/" "Mozilla/5.0 (Linux; Android 5.0) AppleWebKit/537.36 (KHTML, like Gecko) Mobile Safari/537.36 (compatible; TikTokSpider; ttspider-feedback@tiktok.com)"
47.128.111.110 - - [04/Jun/2026:00:25:01 +0200] "GET /wp-content/themes/generatepress/assets/css/main.min.css?ver=3.6.1 HTTP/2.0" 200 4410 "https://reggio-emilia.elettroservicegroup.it/" "Mozilla/5.0 (Linux; Android 5.0) AppleWebKit/537.36 (KHTML, like Gecko) Mobile Safari/537.36 (compatible; TikTokSpider; ttspider-feedback@tiktok.com)"
47.128.111.110 - - [04/Jun/2026:00:25:01 +0200] "GET /wp-content/uploads/elementor/css/post-14227.css?ver=1780326512 HTTP/2.0" 200 2362 "https://reggio-emilia.elettroservicegroup.it/" "Mozilla/5.0 (Linux; Android 5.0) AppleWebKit/537.36 (KHTML, like Gecko) Mobile Safari/537.36 (compatible; TikTokSpider; ttspider-feedback@tiktok.com)"
47.128.111.110 - - [04/Jun/2026:00:25:01 +0200] "GET /wp-content/plugins/elementor/assets/lib/font-awesome/css/brands.css?ver=5.15.3 HTTP/2.0" 200 298 "https://reggio-emilia.elettroservicegroup.it/" "Mozilla/5.0 (Linux; Android 5.0) AppleWebKit/537.36 (KHTML, like Gecko) Mobile Safari/537.36 (compatible; TikTokSpider; ttspider-feedback@tiktok.com)"
47.128.111.110 - - [04/Jun/2026:00:25:01 +0200] "GET /wp-content/plugins/gp-premium/menu-plus/functions/css/navigation-branding-flex.min.css?ver=2.5.5 HTTP/2.0" 200 542 "https://reggio-emilia.elettroservicegroup.it/" "Mozilla/5.0 (Linux; Android 5.0) AppleWebKit/537.36 (KHTML, like Gecko) Mobile Safari/537.36 (compatible; TikTokSpider; ttspider-feedback@tiktok.com)"
47.128.111.110 - - [04/Jun/2026:00:25:01 +0200] "GET /wp-content/plugins/elementor/assets/lib/font-awesome/css/fontawesome.css?ver=5.15.3 HTTP/2.0" 200 12535 "https://reggio-emilia.elettroservicegroup.it/" "Mozilla/5.0 (Linux; Android 5.0) AppleWebKit/537.36 (KHTML, like Gecko) Mobile Safari/537.36 (compatible; TikTokSpider; ttspider-feedback@tiktok.com)"
47.128.111.110 - - [04/Jun/2026:00:25:01 +0200] "GET /wp-content/uploads/elementor/google-fonts/css/roboto.css?ver=1742255001 HTTP/2.0" 200 1890 "https://reggio-emilia.elettroservicegroup.it/" "Mozilla/5.0 (Linux; Android 5.0) AppleWebKit/537.36 (KHTML, like Gecko) Mobile Safari/537.36 (compatible; TikTokSpider; ttspider-feedback@tiktok.com)"
65.108.235.243 - - [04/Jun/2026:00:25:01 +0200] "GET /assistenza-lavastoviglie-indesit-santilario-denza/ HTTP/1.1" 200 24804 "-" "WP Fastest Cache Preload Bot"
47.128.111.110 - - [04/Jun/2026:00:25:01 +0200] "GET /wp-content/uploads/2021/10/asko-e1634463631713-768x506.jpg HTTP/2.0" 206 500 "https://reggio-emilia.elettroservicegroup.it/" "Mozilla/5.0 (Linux; Android 5.0) AppleWebKit/537.36 (KHTML, like Gecko) Mobile Safari/537.36 (compatible; TikTokSpider; ttspider-feedback@tiktok.com)"
47.128.111.110 - - [04/Jun/2026:00:25:01 +0200] "GET /wp-content/uploads/2022/01/copertina-Riparazione_Lavastoviglie-.jpg HTTP/2.0" 206 500 "https://reggio-emilia.elettroservicegroup.it/" "Mozilla/5.0 (Linux; Android 5.0) AppleWebKit/537.36 (KHTML, like Gecko) Mobile Safari/537.36 (compatible; TikTokSpider; ttspider-feedback@tiktok.com)"
47.128.111.110 - - [04/Jun/2026:00:25:01 +0200] "GET /wp-content/uploads/2022/01/LAVATRICE-2.webp HTTP/2.0" 206 500 "https://reggio-emilia.elettroservicegroup.it/" "Mozilla/5.0 (Linux; Android 5.0) AppleWebKit/537.36 (KHTML, like Gecko) Mobile Safari/537.36 (compatible; TikTokSpider; ttspider-feedback@tiktok.com)"
47.128.111.110 - - [04/Jun/2026:00:25:01 +0200] "GET /wp-content/uploads/2021/10/Frigorifero-combinato-e1634459015932-768x502.jpg HTTP/2.0" 206 500 "https://reggio-emilia.elettroservicegroup.it/" "Mozilla/5.0 (Linux; Android 5.0) AppleWebKit/537.36 (KHTML, like Gecko) Mobile Safari/537.36 (compatible; TikTokSpider; ttspider-feedback@tiktok.com)"
47.128.111.110 - - [04/Jun/2026:00:25:01 +0200] "GET /wp-content/uploads/2022/01/TECNICO-ELETTRODOMESTICI-1.jpg HTTP/2.0" 206 500 "https://reggio-emilia.elettroservicegroup.it/" "Mozilla/5.0 (Linux; Android 5.0) AppleWebKit/537.36 (KHTML, like Gecko) Mobile Safari/537.36 (compatible; TikTokSpider; ttspider-feedback@tiktok.com)"
47.128.111.110 - - [04/Jun/2026:00:25:01 +0200] "GET /wp-content/uploads/2021/10/forno-c-768x512.jpg HTTP/2.0" 206 500 "https://reggio-emilia.elettroservicegroup.it/" "Mozilla/5.0 (Linux; Android 5.0) AppleWebKit/537.36 (KHTML, like Gecko) Mobile Safari/537.36 (compatible; TikTokSpider; ttspider-feedback@tiktok.com)"
47.128.111.110 - - [04/Jun/2026:00:25:01 +0200] "GET /wp-content/uploads/2021/10/condizionatore-bonus-768x512.jpg HTTP/2.0" 206 500 "https://reggio-emilia.elettroservicegroup.it/" "Mozilla/5.0 (Linux; Android 5.0) AppleWebKit/537.36 (KHTML, like Gecko) Mobile Safari/537.36 (compatible; TikTokSpider; ttspider-feedback@tiktok.com)"
65.108.235.243 - - [04/Jun/2026:00:25:01 +0200] "GET /assistenza-lavastoviglie-indesit-guastalla/ HTTP/1.1" 200 24721 "-" "WP Fastest Cache Preload Bot"
65.108.235.243 - - [04/Jun/2026:00:25:01 +0200] "GET /assistenza-lavastoviglie-indesit-correggio/ HTTP/1.1" 200 24724 "-" "WP Fastest Cache Preload Bot"
65.108.235.243 - - [04/Jun/2026:00:25:02 +0200] "GET /assistenza-lavastoviglie-indesit-reggio-emilia/ HTTP/1.1" 200 24715 "-" "WP Fastest Cache Preload Bot"
65.108.235.243 - - [04/Jun/2026:00:29:42 +0200] "POST /wp-cron.php?doing_wp_cron=1780525782.5401260852813720703125 HTTP/1.1" 200 1 "-" "WordPress/7.0; https://reggio-emilia.elettroservicegroup.it"
47.128.111.144 - - [04/Jun/2026:00:29:41 +0200] "GET /robots.txt HTTP/2.0" 200 134 "-" "Go-http-client/2.0"
65.108.235.243 - - [04/Jun/2026:00:29:42 +0200] "GET /assistenza-lavastoviglie-bosch-rubiera/ HTTP/1.1" 200 24720 "-" "WP Fastest Cache Preload Bot"
65.108.235.243 - - [04/Jun/2026:00:29:43 +0200] "GET /assistenza-lavastoviglie-bosch-scandiano/ HTTP/1.1" 200 24723 "-" "WP Fastest Cache Preload Bot"
65.108.235.243 - - [04/Jun/2026:00:29:43 +0200] "GET /assistenza-lavastoviglie-bosch-santilario-denza/ HTTP/1.1" 200 24804 "-" "WP Fastest Cache Preload Bot"
65.108.235.243 - - [04/Jun/2026:00:29:44 +0200] "GET /assistenza-lavastoviglie-bosch-guastalla/ HTTP/1.1" 200 24726 "-" "WP Fastest Cache Preload Bot"
65.108.235.243 - - [04/Jun/2026:00:31:19 +0200] "POST /wp-cron.php?doing_wp_cron=1780525879.0182020664215087890625 HTTP/1.1" 200 1 "-" "WordPress/7.0; https://reggio-emilia.elettroservicegroup.it"
114.119.148.161 - - [04/Jun/2026:00:31:17 +0200] "GET /assistenza-lavatrici-bosch-correggio HTTP/1.1" 301 1 "https://reggio-emilia.elettroservicegroup.it/assistenza-lavatrici-bosch-correggio" "Mozilla/5.0 (Linux; Android 7.0;) AppleWebKit/537.36 (HTML, like Gecko) Mobile Safari/537.36 (compatible; PetalBot;+https://webmaster.petalsearch.com/site/petalbot)"
65.108.235.243 - - [04/Jun/2026:00:31:19 +0200] "GET /assistenza-lavastoviglie-bosch-correggio/ HTTP/1.1" 200 24725 "-" "WP Fastest Cache Preload Bot"
114.119.148.161 - - [04/Jun/2026:00:31:19 +0200] "GET /assistenza-lavatrici-bosch-correggio/ HTTP/1.1" 200 25030 "https://reggio-emilia.elettroservicegroup.it/assistenza-lavatrici-bosch-correggio" "Mozilla/5.0 (Linux; Android 7.0;) AppleWebKit/537.36 (HTML, like Gecko) Mobile Safari/537.36 (compatible; PetalBot;+https://webmaster.petalsearch.com/site/petalbot)"
65.108.235.243 - - [04/Jun/2026:00:31:19 +0200] "GET /assistenza-lavastoviglie-bosch-reggio-emilia/ HTTP/1.1" 200 24716 "-" "WP Fastest Cache Preload Bot"
65.108.235.243 - - [04/Jun/2026:00:31:20 +0200] "GET /assistenza-lavastoviglie-ariston-rubiera/ HTTP/1.1" 200 24743 "-" "WP Fastest Cache Preload Bot"
65.108.235.243 - - [04/Jun/2026:00:31:20 +0200] "GET /assistenza-lavastoviglie-ariston-scandiano/ HTTP/1.1" 200 24744 "-" "WP Fastest Cache Preload Bot"
65.108.235.243 - - [04/Jun/2026:00:34:44 +0200] "POST /wp-cron.php?doing_wp_cron=1780526084.8543729782104492187500 HTTP/1.1" 200 1 "-" "WordPress/7.0; https://reggio-emilia.elettroservicegroup.it"
74.125.151.201 - - [04/Jun/2026:00:34:43 +0200] "GET /assistenza-asciugatrici-reggio-emilia/ HTTP/1.1" 200 23038 "-" "Mozilla/5.0 (Linux; Android 6.0.1; Nexus 5X Build/MMB29P) AppleWebKit/537.36 (KHTML, like Gecko) Chrome/148.0.7778.96 Mobile Safari/537.36 (compatible; AdsBot-Google-Mobile; +http://www.google.com/mobile/adsbot.html)"
74.125.151.200 - - [04/Jun/2026:00:34:47 +0200] "GET /wp-content/uploads/elementor/css/post-15285.css?ver=1780360610 HTTP/1.1" 200 1967 "https://reggio-emilia.elettroservicegroup.it/assistenza-asciugatrici-reggio-emilia/" "AdsBot-Google (+http://www.google.com/adsbot.html)"
74.125.151.200 - - [04/Jun/2026:00:34:47 +0200] "GET /assistenza-bosch-reggio-emilia/ HTTP/1.1" 200 24878 "-" "Mozilla/5.0 (Linux; Android 6.0.1; Nexus 5X Build/MMB29P) AppleWebKit/537.36 (KHTML, like Gecko) Chrome/148.0.7778.96 Mobile Safari/537.36 (compatible; AdsBot-Google-Mobile; +http://www.google.com/mobile/adsbot.html)"
52.167.144.147 - - [04/Jun/2026:00:39:19 +0200] "GET /assistenza-rex-electrolux-reggio-emilia/ HTTP/2.0" 200 24790 "-" "Mozilla/5.0 AppleWebKit/537.36 (KHTML, like Gecko; compatible; bingbot/2.0; +http://www.bing.com/bingbot.htm) Chrome/116.0.1938.76 Safari/537.36"
52.167.144.173 - - [04/Jun/2026:00:39:35 +0200] "GET /wp-content/uploads/elementor/css/post-17822.css?ver=1780330168 HTTP/2.0" 200 2174 "https://reggio-emilia.elettroservicegroup.it/assistenza-rex-electrolux-reggio-emilia/" "Mozilla/5.0 AppleWebKit/537.36 (KHTML, like Gecko; compatible; bingbot/2.0; +http://www.bing.com/bingbot.htm) Chrome/136.0.0.0 Safari/537.36 AppleWebKit/537.36 (KHTML, like Gecko; compatible; bingbot/2.0; +http://www.bing.com/bingbot.htm) Chrome/116.0.1938.76 Safari/537.36"
65.108.235.243 - - [04/Jun/2026:00:49:35 +0200] "POST /wp-cron.php?doing_wp_cron=1780526975.5798909664154052734375 HTTP/1.1" 200 1 "-" "WordPress/7.0; https://reggio-emilia.elettroservicegroup.it"
114.119.132.207 - - [04/Jun/2026:00:49:34 +0200] "GET /assistenza-frigoriferi/ HTTP/1.1" 301 1 "https://reggio-emilia.elettroservicegroup.it/" "Mozilla/5.0 (Linux; Android 7.0;) AppleWebKit/537.36 (HTML, like Gecko) Mobile Safari/537.36 (compatible; PetalBot;+https://webmaster.petalsearch.com/site/petalbot)"
65.108.235.243 - - [04/Jun/2026:00:49:35 +0200] "GET /assistenza-lavastoviglie-ariston-santilario-denza/ HTTP/1.1" 200 24832 "-" "WP Fastest Cache Preload Bot"
114.119.132.207 - - [04/Jun/2026:00:49:36 +0200] "GET /assistenza-frigoriferi-reggio-emilia/ HTTP/1.1" 200 23050 "https://reggio-emilia.elettroservicegroup.it/" "Mozilla/5.0 (Linux; Android 7.0;) AppleWebKit/537.36 (HTML, like Gecko) Mobile Safari/537.36 (compatible; PetalBot;+https://webmaster.petalsearch.com/site/petalbot)"
65.108.235.243 - - [04/Jun/2026:00:49:36 +0200] "GET /assistenza-lavastoviglie-ariston-guastalla/ HTTP/1.1" 200 24758 "-" "WP Fastest Cache Preload Bot"
65.108.235.243 - - [04/Jun/2026:00:49:36 +0200] "GET /assistenza-lavastoviglie-ariston-correggio/ HTTP/1.1" 200 24747 "-" "WP Fastest Cache Preload Bot"
65.108.235.243 - - [04/Jun/2026:00:49:37 +0200] "GET /assistenza-lavastoviglie-ariston-reggio-emilia/ HTTP/1.1" 200 24751 "-" "WP Fastest Cache Preload Bot"
74.7.230.38 - - [04/Jun/2026:00:53:07 +0200] "GET /robots.txt HTTP/2.0" 200 110 "-" "Mozilla/5.0 (Macintosh; Intel Mac OS X 10_15_7) AppleWebKit/537.36 (KHTML, like Gecko) Chrome/131.0.0.0 Safari/537.36; compatible; OAI-SearchBot/1.4; robots.txt; +https://openai.com/searchbot"
65.108.235.243 - - [04/Jun/2026:00:53:08 +0200] "POST /wp-cron.php?doing_wp_cron=1780527188.7231559753417968750000 HTTP/1.1" 200 1 "-" "WordPress/7.0; https://reggio-emilia.elettroservicegroup.it"
74.7.227.152 - - [04/Jun/2026:00:53:07 +0200] "GET /wp-sitemap.xml HTTP/2.0" 302 1 "-" "Mozilla/5.0 AppleWebKit/537.36 (KHTML, like Gecko; compatible; GPTBot/1.4; +https://openai.com/gptbot)"
74.7.227.152 - - [04/Jun/2026:00:53:08 +0200] "GET /sitemap.xml HTTP/2.0" 200 336 "https://reggio-emilia.elettroservicegroup.it/wp-sitemap.xml" "Mozilla/5.0 AppleWebKit/537.36 (KHTML, like Gecko; compatible; GPTBot/1.4; +https://openai.com/gptbot)"
65.108.235.243 - - [04/Jun/2026:00:53:09 +0200] "GET /assistenza-lavastoviglie-aeg-rubiera/ HTTP/1.1" 200 24736 "-" "WP Fastest Cache Preload Bot"
65.108.235.243 - - [04/Jun/2026:00:53:09 +0200] "GET /assistenza-lavastoviglie-aeg-scandiano/ HTTP/1.1" 200 24738 "-" "WP Fastest Cache Preload Bot"
65.108.235.243 - - [04/Jun/2026:00:53:09 +0200] "GET /assistenza-lavastoviglie-aeg-santilario-denza/ HTTP/1.1" 200 24820 "-" "WP Fastest Cache Preload Bot"
65.108.235.243 - - [04/Jun/2026:00:53:10 +0200] "GET /assistenza-lavastoviglie-aeg-guastalla/ HTTP/1.1" 200 24874 "-" "WP Fastest Cache Preload Bot"
65.108.235.243 - - [04/Jun/2026:00:55:09 +0200] "POST /wp-cron.php?doing_wp_cron=1780527308.9861199855804443359375 HTTP/1.1" 200 1 "-" "WordPress/7.0; https://reggio-emilia.elettroservicegroup.it"
114.119.132.207 - - [04/Jun/2026:00:55:07 +0200] "GET /?attachment_id=15613 HTTP/1.1" 200 19073 "https://reggio-emilia.elettroservicegroup.it/?attachment_id=15613" "Mozilla/5.0 (Linux; Android 7.0;) AppleWebKit/537.36 (HTML, like Gecko) Mobile Safari/537.36 (compatible; PetalBot;+https://webmaster.petalsearch.com/site/petalbot)"
65.108.235.243 - - [04/Jun/2026:00:56:32 +0200] "POST /wp-cron.php?doing_wp_cron=1780527392.7217059135437011718750 HTTP/1.1" 200 1 "-" "WordPress/7.0; https://reggio-emilia.elettroservicegroup.it"
114.119.130.67 - - [04/Jun/2026:00:56:31 +0200] "GET /assistenza-frigoriferi-reggio-emilia HTTP/1.1" 301 1 "https://reggio-emilia.elettroservicegroup.it/assistenza-frigoriferi-reggio-emilia" "Mozilla/5.0 (Linux; Android 7.0;) AppleWebKit/537.36 (HTML, like Gecko) Mobile Safari/537.36 (compatible; PetalBot;+https://webmaster.petalsearch.com/site/petalbot)"
65.108.235.243 - - [04/Jun/2026:00:56:33 +0200] "GET /assistenza-lavastoviglie-aeg-correggio/ HTTP/1.1" 200 24874 "-" "WP Fastest Cache Preload Bot"
114.119.130.67 - - [04/Jun/2026:00:56:33 +0200] "GET /assistenza-frigoriferi-reggio-emilia/ HTTP/1.1" 200 23050 "https://reggio-emilia.elettroservicegroup.it/assistenza-frigoriferi-reggio-emilia" "Mozilla/5.0 (Linux; Android 7.0;) AppleWebKit/537.36 (HTML, like Gecko) Mobile Safari/537.36 (compatible; PetalBot;+https://webmaster.petalsearch.com/site/petalbot)"
65.108.235.243 - - [04/Jun/2026:00:56:33 +0200] "GET /assistenza-lavastoviglie-aeg-reggio-emilia/ HTTP/1.1" 200 24734 "-" "WP Fastest Cache Preload Bot"
65.108.235.243 - - [04/Jun/2026:00:56:33 +0200] "GET /assistenza-indesit-rubiera/ HTTP/1.1" 200 24755 "-" "WP Fastest Cache Preload Bot"
65.108.235.243 - - [04/Jun/2026:00:56:34 +0200] "GET /assistenza-lavastoviglie-rubiera/ HTTP/1.1" 200 25420 "-" "WP Fastest Cache Preload Bot"
65.108.235.243 - - [04/Jun/2026:01:05:05 +0200] "POST /wp-cron.php?doing_wp_cron=1780527905.0018839836120605468750 HTTP/1.1" 200 1 "-" "WordPress/7.0; https://reggio-emilia.elettroservicegroup.it"
114.119.138.37 - - [04/Jun/2026:01:05:03 +0200] "GET /assistenza-siemens-reggio-emilia HTTP/1.1" 301 1 "https://reggio-emilia.elettroservicegroup.it/assistenza-bosch-correggio" "Mozilla/5.0 (Linux; Android 7.0;) AppleWebKit/537.36 (HTML, like Gecko) Mobile Safari/537.36 (compatible; PetalBot;+https://webmaster.petalsearch.com/site/petalbot)"
