154.16.69.209 - - [04/Jun/2026:04:32:46 +0200] "GET /18486-2/ HTTP/1.1" 200 11802 "https://verona.elettroservicegroup.it/" "Mozilla/5.0 (Windows NT 10.0; Win64; x64) AppleWebKit/537.36 (KHTML, like Gecko) Chrome/144.0.0.0 Safari/537.36 Edg/144.0.0.0"
52.167.144.222 - - [04/Jun/2026:04:33:04 +0200] "GET /assistenza-aeg-verona/ HTTP/2.0" 301 296 "-" "Mozilla/5.0 AppleWebKit/537.36 (KHTML, like Gecko; compatible; bingbot/2.0; +http://www.bing.com/bingbot.htm) Chrome/116.0.1938.76 Safari/537.36"
52.167.144.222 - - [04/Jun/2026:04:33:04 +0200] "GET /index.php/ HTTP/2.0" 301 - "-" "Mozilla/5.0 AppleWebKit/537.36 (KHTML, like Gecko; compatible; bingbot/2.0; +http://www.bing.com/bingbot.htm) Chrome/116.0.1938.76 Safari/537.36"
52.167.144.222 - - [04/Jun/2026:04:36:05 +0200] "GET /post-5-2/ HTTP/2.0" 301 296 "-" "Mozilla/5.0 AppleWebKit/537.36 (KHTML, like Gecko; compatible; bingbot/2.0; +http://www.bing.com/bingbot.htm) Chrome/116.0.1938.76 Safari/537.36"
52.167.144.222 - - [04/Jun/2026:04:36:05 +0200] "GET /index.php/ HTTP/2.0" 301 - "-" "Mozilla/5.0 AppleWebKit/537.36 (KHTML, like Gecko; compatible; bingbot/2.0; +http://www.bing.com/bingbot.htm) Chrome/116.0.1938.76 Safari/537.36"
52.167.144.187 - - [04/Jun/2026:04:36:09 +0200] "GET /post-2-2/ HTTP/2.0" 301 296 "-" "Mozilla/5.0 AppleWebKit/537.36 (KHTML, like Gecko; compatible; bingbot/2.0; +http://www.bing.com/bingbot.htm) Chrome/116.0.1938.76 Safari/537.36"
52.167.144.187 - - [04/Jun/2026:04:36:10 +0200] "GET /index.php/ HTTP/2.0" 301 - "-" "Mozilla/5.0 AppleWebKit/537.36 (KHTML, like Gecko; compatible; bingbot/2.0; +http://www.bing.com/bingbot.htm) Chrome/116.0.1938.76 Safari/537.36"
52.167.144.162 - - [04/Jun/2026:04:37:14 +0200] "GET / HTTP/2.0" 200 17436 "-" "Mozilla/5.0 AppleWebKit/537.36 (KHTML, like Gecko; compatible; bingbot/2.0; +http://www.bing.com/bingbot.htm) Chrome/116.0.1938.76 Safari/537.36"
47.82.11.21 - - [04/Jun/2026:04:40:35 +0200] "GET /?h=42393480201100 HTTP/1.1" 301 313 "https://verona.elettroservicegroup.it/" "Mozilla/5.0 (Macintosh; Intel Mac OS X 10_15_7) AppleWebKit/537.36 (KHTML, like Gecko) Chrome/134.0.0.0 Safari/537.36"
47.82.11.21 - - [04/Jun/2026:04:40:35 +0200] "GET /index.php/?h=42393480201100 HTTP/1.1" 301 - "https://verona.elettroservicegroup.it/" "Mozilla/5.0 (Macintosh; Intel Mac OS X 10_15_7) AppleWebKit/537.36 (KHTML, like Gecko) Chrome/134.0.0.0 Safari/537.36"
66.249.64.11 - - [04/Jun/2026:04:44:44 +0200] "GET /product/category/view_more/7626851441100 HTTP/1.1" 301 296 "-" "Mozilla/5.0 (Linux; Android 6.0.1; Nexus 5X Build/MMB29P) AppleWebKit/537.36 (KHTML, like Gecko) Chrome/148.0.7778.96 Mobile Safari/537.36 (compatible; GoogleOther)"
66.249.64.11 - - [04/Jun/2026:04:48:20 +0200] "GET /?h=14954436441100 HTTP/1.1" 301 313 "-" "Mozilla/5.0 (Linux; Android 6.0.1; Nexus 5X Build/MMB29P) AppleWebKit/537.36 (KHTML, like Gecko) Chrome/148.0.7778.96 Mobile Safari/537.36 (compatible; Googlebot/2.1; +http://www.google.com/bot.html)"
66.249.64.10 - - [04/Jun/2026:04:48:20 +0200] "GET /index.php/?h=14954436441100 HTTP/1.1" 301 - "-" "Mozilla/5.0 (Linux; Android 6.0.1; Nexus 5X Build/MMB29P) AppleWebKit/537.36 (KHTML, like Gecko) Chrome/148.0.7778.96 Mobile Safari/537.36 (compatible; Googlebot/2.1; +http://www.google.com/bot.html)"
66.249.64.12 - - [04/Jun/2026:04:51:35 +0200] "GET /?h=38151485481100 HTTP/1.1" 301 313 "-" "Mozilla/5.0 (Linux; Android 6.0.1; Nexus 5X Build/MMB29P) AppleWebKit/537.36 (KHTML, like Gecko) Chrome/148.0.7778.96 Mobile Safari/537.36 (compatible; Googlebot/2.1; +http://www.google.com/bot.html)"
66.249.64.10 - - [04/Jun/2026:04:51:36 +0200] "GET /index.php/?h=38151485481100 HTTP/1.1" 301 - "-" "Mozilla/5.0 (Linux; Android 6.0.1; Nexus 5X Build/MMB29P) AppleWebKit/537.36 (KHTML, like Gecko) Chrome/148.0.7778.96 Mobile Safari/537.36 (compatible; Googlebot/2.1; +http://www.google.com/bot.html)"
66.249.64.11 - - [04/Jun/2026:05:00:21 +0200] "GET /?h=31816005881100 HTTP/1.1" 301 313 "-" "Mozilla/5.0 (Linux; Android 6.0.1; Nexus 5X Build/MMB29P) AppleWebKit/537.36 (KHTML, like Gecko) Chrome/148.0.7778.96 Mobile Safari/537.36 (compatible; Googlebot/2.1; +http://www.google.com/bot.html)"
66.249.64.10 - - [04/Jun/2026:05:00:22 +0200] "GET /index.php/?h=31816005881100 HTTP/1.1" 301 - "-" "Mozilla/5.0 (Linux; Android 6.0.1; Nexus 5X Build/MMB29P) AppleWebKit/537.36 (KHTML, like Gecko) Chrome/148.0.7778.96 Mobile Safari/537.36 (compatible; Googlebot/2.1; +http://www.google.com/bot.html)"
66.249.64.12 - - [04/Jun/2026:05:04:19 +0200] "GET /?h=20781173881100 HTTP/1.1" 301 313 "-" "Mozilla/5.0 (Linux; Android 6.0.1; Nexus 5X Build/MMB29P) AppleWebKit/537.36 (KHTML, like Gecko) Chrome/148.0.7778.96 Mobile Safari/537.36 (compatible; Googlebot/2.1; +http://www.google.com/bot.html)"
66.249.64.11 - - [04/Jun/2026:05:04:19 +0200] "GET /index.php/?h=20781173881100 HTTP/1.1" 301 - "-" "Mozilla/5.0 (Linux; Android 6.0.1; Nexus 5X Build/MMB29P) AppleWebKit/537.36 (KHTML, like Gecko) Chrome/148.0.7778.96 Mobile Safari/537.36 (compatible; Googlebot/2.1; +http://www.google.com/bot.html)"
66.249.64.12 - - [04/Jun/2026:05:10:55 +0200] "GET /?h=41879575721100 HTTP/1.1" 301 313 "-" "Mozilla/5.0 (Linux; Android 6.0.1; Nexus 5X Build/MMB29P) AppleWebKit/537.36 (KHTML, like Gecko) Chrome/148.0.7778.96 Mobile Safari/537.36 (compatible; Googlebot/2.1; +http://www.google.com/bot.html)"
66.249.64.12 - - [04/Jun/2026:05:10:55 +0200] "GET /index.php/?h=41879575721100 HTTP/1.1" 301 - "-" "Mozilla/5.0 (Linux; Android 6.0.1; Nexus 5X Build/MMB29P) AppleWebKit/537.36 (KHTML, like Gecko) Chrome/148.0.7778.96 Mobile Safari/537.36 (compatible; Googlebot/2.1; +http://www.google.com/bot.html)"
66.249.64.10 - - [04/Jun/2026:05:21:28 +0200] "GET /?h=36792318241100 HTTP/1.1" 301 313 "-" "Mozilla/5.0 (Linux; Android 6.0.1; Nexus 5X Build/MMB29P) AppleWebKit/537.36 (KHTML, like Gecko) Chrome/148.0.7778.96 Mobile Safari/537.36 (compatible; Googlebot/2.1; +http://www.google.com/bot.html)"
66.249.64.10 - - [04/Jun/2026:05:21:28 +0200] "GET /index.php/?h=36792318241100 HTTP/1.1" 301 - "-" "Mozilla/5.0 (Linux; Android 6.0.1; Nexus 5X Build/MMB29P) AppleWebKit/537.36 (KHTML, like Gecko) Chrome/148.0.7778.96 Mobile Safari/537.36 (compatible; Googlebot/2.1; +http://www.google.com/bot.html)"
66.249.64.10 - - [04/Jun/2026:05:26:07 +0200] "GET /?h=41635186121100 HTTP/1.1" 301 313 "-" "Mozilla/5.0 (Linux; Android 6.0.1; Nexus 5X Build/MMB29P) AppleWebKit/537.36 (KHTML, like Gecko) Chrome/148.0.7778.96 Mobile Safari/537.36 (compatible; Googlebot/2.1; +http://www.google.com/bot.html)"
66.249.64.12 - - [04/Jun/2026:05:26:07 +0200] "GET /index.php/?h=41635186121100 HTTP/1.1" 301 - "-" "Mozilla/5.0 (Linux; Android 6.0.1; Nexus 5X Build/MMB29P) AppleWebKit/537.36 (KHTML, like Gecko) Chrome/148.0.7778.96 Mobile Safari/537.36 (compatible; Googlebot/2.1; +http://www.google.com/bot.html)"
74.7.227.48 - - [04/Jun/2026:05:26:30 +0200] "GET / HTTP/2.0" 301 - "-" "Mozilla/5.0 AppleWebKit/537.36 (KHTML, like Gecko; compatible; GPTBot/1.4; +https://openai.com/gptbot)"
74.7.230.40 - - [04/Jun/2026:05:26:30 +0200] "GET /robots.txt HTTP/2.0" 200 79 "-" "Mozilla/5.0 (Macintosh; Intel Mac OS X 10_15_7) AppleWebKit/537.36 (KHTML, like Gecko) Chrome/131.0.0.0 Safari/537.36; compatible; OAI-SearchBot/1.4; robots.txt; +https://openai.com/searchbot"
66.249.64.11 - - [04/Jun/2026:05:28:07 +0200] "GET /?h=8063022721100 HTTP/1.1" 301 312 "-" "Mozilla/5.0 (Linux; Android 6.0.1; Nexus 5X Build/MMB29P) AppleWebKit/537.36 (KHTML, like Gecko) Chrome/148.0.7778.96 Mobile Safari/537.36 (compatible; Googlebot/2.1; +http://www.google.com/bot.html)"
66.249.64.10 - - [04/Jun/2026:05:28:08 +0200] "GET /index.php/?h=8063022721100 HTTP/1.1" 301 - "-" "Mozilla/5.0 (Linux; Android 6.0.1; Nexus 5X Build/MMB29P) AppleWebKit/537.36 (KHTML, like Gecko) Chrome/148.0.7778.96 Mobile Safari/537.36 (compatible; Googlebot/2.1; +http://www.google.com/bot.html)"
66.249.64.10 - - [04/Jun/2026:05:30:42 +0200] "GET /?h=34913382961100 HTTP/1.1" 301 313 "-" "Mozilla/5.0 (Linux; Android 6.0.1; Nexus 5X Build/MMB29P) AppleWebKit/537.36 (KHTML, like Gecko) Chrome/148.0.7778.96 Mobile Safari/537.36 (compatible; Googlebot/2.1; +http://www.google.com/bot.html)"
66.249.64.12 - - [04/Jun/2026:05:30:42 +0200] "GET /index.php/?h=34913382961100 HTTP/1.1" 301 - "-" "Mozilla/5.0 (Linux; Android 6.0.1; Nexus 5X Build/MMB29P) AppleWebKit/537.36 (KHTML, like Gecko) Chrome/148.0.7778.96 Mobile Safari/537.36 (compatible; Googlebot/2.1; +http://www.google.com/bot.html)"
66.249.64.11 - - [04/Jun/2026:05:35:16 +0200] "GET /?h=28999736521100 HTTP/1.1" 301 313 "-" "Mozilla/5.0 (Linux; Android 6.0.1; Nexus 5X Build/MMB29P) AppleWebKit/537.36 (KHTML, like Gecko) Chrome/148.0.7778.96 Mobile Safari/537.36 (compatible; GoogleOther)"
66.249.64.11 - - [04/Jun/2026:05:36:03 +0200] "GET /?h=23672654961100 HTTP/1.1" 301 313 "-" "Mozilla/5.0 (compatible; Googlebot/2.1; +http://www.google.com/bot.html)"
66.249.64.11 - - [04/Jun/2026:05:36:04 +0200] "GET /index.php/?h=23672654961100 HTTP/1.1" 301 - "-" "Mozilla/5.0 (compatible; Googlebot/2.1; +http://www.google.com/bot.html)"
177.124.21.140 - - [04/Jun/2026:05:36:04 +0200] "GET /?h=23672654961100 HTTP/2.0" 301 313 "-" "Mozilla/5.0 (Macintosh; Intel Mac OS X 10_15_7) AppleWebKit/537.36 (KHTML, like Gecko) Chrome/143.0.0.0 Safari/537.36"
65.108.235.243 - - [04/Jun/2026:05:36:04 +0200] "POST /wp-cron.php?doing_wp_cron=1780544164.6256320476531982421875 HTTP/1.1" 200 1 "-" "WordPress/7.0; https://verona.elettroservicegroup.it"
143.198.230.227 - - [04/Jun/2026:05:36:03 +0200] "POST /wp-login.php HTTP/1.1" 200 11306 "-" "Mozilla/5.0"
177.124.21.140 - - [04/Jun/2026:05:36:05 +0200] "GET /index.php/?h=23672654961100 HTTP/2.0" 301 - "https://verona.elettroservicegroup.it/?h=23672654961100" "Mozilla/5.0 (Macintosh; Intel Mac OS X 10_15_7) AppleWebKit/537.36 (KHTML, like Gecko) Chrome/143.0.0.0 Safari/537.36"
170.23.1.104 - - [04/Jun/2026:05:36:05 +0200] "GET /?h=23672654961100 HTTP/2.0" 301 313 "-" "Mozilla/5.0 (Macintosh; Intel Mac OS X 10_15_7) AppleWebKit/537.36 (KHTML, like Gecko) Chrome/143.0.0.0 Safari/537.36"
170.23.1.104 - - [04/Jun/2026:05:36:06 +0200] "GET /index.php/?h=23672654961100 HTTP/2.0" 301 - "https://verona.elettroservicegroup.it/?h=23672654961100" "Mozilla/5.0 (Macintosh; Intel Mac OS X 10_15_7) AppleWebKit/537.36 (KHTML, like Gecko) Chrome/143.0.0.0 Safari/537.36"
66.249.64.10 - - [04/Jun/2026:05:36:06 +0200] "GET /?h=23672654961100 HTTP/1.1" 301 313 "-" "Mozilla/5.0 (Linux; Android 6.0.1; Nexus 5X Build/MMB29P) AppleWebKit/537.36 (KHTML, like Gecko) Chrome/99.0.4844.84 Mobile Safari/537.36 (compatible; Googlebot/2.1; +http://www.google.com/bot.html)"
66.249.64.10 - - [04/Jun/2026:05:36:07 +0200] "GET /index.php/?h=23672654961100 HTTP/1.1" 301 - "-" "Mozilla/5.0 (Linux; Android 6.0.1; Nexus 5X Build/MMB29P) AppleWebKit/537.36 (KHTML, like Gecko) Chrome/99.0.4844.84 Mobile Safari/537.36 (compatible; Googlebot/2.1; +http://www.google.com/bot.html)"
66.249.64.12 - - [04/Jun/2026:05:36:07 +0200] "GET /index.php/?h=28999736521100 HTTP/1.1" 301 - "-" "Mozilla/5.0 (Linux; Android 6.0.1; Nexus 5X Build/MMB29P) AppleWebKit/537.36 (KHTML, like Gecko) Chrome/148.0.7778.96 Mobile Safari/537.36 (compatible; GoogleOther)"
181.214.50.208 - - [04/Jun/2026:05:36:09 +0200] "GET /?h=23672654961100 HTTP/2.0" 301 313 "-" "Mozilla/5.0 (Macintosh; Intel Mac OS X 10_15_7) AppleWebKit/537.36 (KHTML, like Gecko) Chrome/143.0.0.0 Safari/537.36"
181.214.50.208 - - [04/Jun/2026:05:36:10 +0200] "GET /index.php/?h=23672654961100 HTTP/2.0" 301 - "https://verona.elettroservicegroup.it/?h=23672654961100" "Mozilla/5.0 (Macintosh; Intel Mac OS X 10_15_7) AppleWebKit/537.36 (KHTML, like Gecko) Chrome/143.0.0.0 Safari/537.36"
191.101.245.88 - - [04/Jun/2026:05:36:14 +0200] "GET /?h=23672654961100 HTTP/2.0" 301 313 "-" "Mozilla/5.0 (Macintosh; Intel Mac OS X 10_15_7) AppleWebKit/537.36 (KHTML, like Gecko) Chrome/142.0.0.0 Safari/537.36"
65.108.235.243 - - [04/Jun/2026:05:36:31 +0200] "GET / HTTP/1.1" 301 296 "-" "WP Fastest Cache Preload Bot"
65.108.235.243 - - [04/Jun/2026:05:36:31 +0200] "GET /index.php/ HTTP/1.1" 301 - "-" "WP Fastest Cache Preload Bot"
138.199.60.183 - - [04/Jun/2026:05:36:52 +0200] "GET /18486-2/ HTTP/1.1" 200 11842 "https://verona.elettroservicegroup.it/" "Mozilla/5.0 (Windows NT 10.0; Win64; x64) AppleWebKit/537.36 (KHTML, like Gecko) Chrome/146.0.0.0 Safari/537.36 Edg/146.0.0.0"
66.249.64.12 - - [04/Jun/2026:05:37:08 +0200] "GET /?h=5431612161100 HTTP/1.1" 301 312 "-" "Mozilla/5.0 (Linux; Android 6.0.1; Nexus 5X Build/MMB29P) AppleWebKit/537.36 (KHTML, like Gecko) Chrome/148.0.7778.96 Mobile Safari/537.36 (compatible; GoogleOther)"
66.249.64.10 - - [04/Jun/2026:05:37:47 +0200] "GET /index.php/?h=5431612161100 HTTP/1.1" 301 - "-" "Mozilla/5.0 (Linux; Android 6.0.1; Nexus 5X Build/MMB29P) AppleWebKit/537.36 (KHTML, like Gecko) Chrome/148.0.7778.96 Mobile Safari/537.36 (compatible; GoogleOther)"
65.108.235.243 - - [04/Jun/2026:05:38:50 +0200] "POST /wp-cron.php?doing_wp_cron=1780544330.7341411113739013671875 HTTP/1.1" 200 1 "-" "WordPress/7.0; https://verona.elettroservicegroup.it"
143.198.230.227 - - [04/Jun/2026:05:38:49 +0200] "POST /wp-login.php HTTP/1.1" 200 11306 "-" "Mozilla/5.0"
66.249.64.11 - - [04/Jun/2026:05:38:58 +0200] "GET /?h=9880204121100 HTTP/1.1" 301 312 "-" "Mozilla/5.0 (Linux; Android 6.0.1; Nexus 5X Build/MMB29P) AppleWebKit/537.36 (KHTML, like Gecko) Chrome/148.0.7778.96 Mobile Safari/537.36 (compatible; GoogleOther)"
66.249.64.10 - - [04/Jun/2026:05:39:18 +0200] "GET /index.php/?h=9880204121100 HTTP/1.1" 301 - "-" "Mozilla/5.0 (Linux; Android 6.0.1; Nexus 5X Build/MMB29P) AppleWebKit/537.36 (KHTML, like Gecko) Chrome/148.0.7778.96 Mobile Safari/537.36 (compatible; GoogleOther)"
66.249.64.12 - - [04/Jun/2026:05:40:45 +0200] "GET /?h=16825807281100 HTTP/1.1" 301 313 "-" "Mozilla/5.0 (Linux; Android 6.0.1; Nexus 5X Build/MMB29P) AppleWebKit/537.36 (KHTML, like Gecko) Chrome/148.0.7778.96 Mobile Safari/537.36 (compatible; GoogleOther)"
66.249.64.12 - - [04/Jun/2026:05:41:22 +0200] "GET /index.php/?h=16825807281100 HTTP/1.1" 301 - "-" "Mozilla/5.0 (Linux; Android 6.0.1; Nexus 5X Build/MMB29P) AppleWebKit/537.36 (KHTML, like Gecko) Chrome/148.0.7778.96 Mobile Safari/537.36 (compatible; GoogleOther)"
65.108.235.243 - - [04/Jun/2026:05:42:11 +0200] "POST /wp-cron.php?doing_wp_cron=1780544530.9990310668945312500000 HTTP/1.1" 200 1 "-" "WordPress/7.0; https://verona.elettroservicegroup.it"
143.198.230.227 - - [04/Jun/2026:05:42:09 +0200] "POST /wp-login.php HTTP/1.1" 200 11306 "-" "Mozilla/5.0"
66.249.64.12 - - [04/Jun/2026:05:43:41 +0200] "GET /?h=29671524441100 HTTP/1.1" 301 313 "-" "Mozilla/5.0 (Linux; Android 6.0.1; Nexus 5X Build/MMB29P) AppleWebKit/537.36 (KHTML, like Gecko) Chrome/148.0.7778.96 Mobile Safari/537.36 (compatible; GoogleOther)"
66.249.64.10 - - [04/Jun/2026:05:44:40 +0200] "GET /index.php/?h=29671524441100 HTTP/1.1" 301 - "-" "Mozilla/5.0 (Linux; Android 6.0.1; Nexus 5X Build/MMB29P) AppleWebKit/537.36 (KHTML, like Gecko) Chrome/148.0.7778.96 Mobile Safari/537.36 (compatible; GoogleOther)"
66.249.64.11 - - [04/Jun/2026:05:45:14 +0200] "GET /?h=43538008321100 HTTP/1.1" 301 313 "-" "Mozilla/5.0 (Linux; Android 6.0.1; Nexus 5X Build/MMB29P) AppleWebKit/537.36 (KHTML, like Gecko) Chrome/148.0.7778.96 Mobile Safari/537.36 (compatible; GoogleOther)"
143.198.230.227 - - [04/Jun/2026:05:46:08 +0200] "POST /wp-login.php HTTP/1.1" 301 - "-" "Mozilla/5.0"
66.249.64.10 - - [04/Jun/2026:05:46:22 +0200] "GET /index.php/?h=43538008321100 HTTP/1.1" 301 - "-" "Mozilla/5.0 (Linux; Android 6.0.1; Nexus 5X Build/MMB29P) AppleWebKit/537.36 (KHTML, like Gecko) Chrome/148.0.7778.96 Mobile Safari/537.36 (compatible; GoogleOther)"
23.22.173.232 - - [04/Jun/2026:05:46:27 +0200] "GET /robots.txt HTTP/1.1" 200 11799 "-" "Mozilla/5.0 (Macintosh; Intel Mac OS X 10_10_1) AppleWebKit/600.2.5 (KHTML, like Gecko) Version/8.0.2 Safari/600.2.5 (Lanai)"
23.22.173.232 - - [04/Jun/2026:05:46:29 +0200] "GET /assistenza-whirlpool-verona/ HTTP/1.1" 200 11779 "-" "Mozilla/5.0 (Macintosh; Intel Mac OS X 10_10_1) AppleWebKit/600.2.5 (KHTML, like Gecko) Version/8.0.2 Safari/600.2.5 (Lanai)"
174.194.1.177 - - [04/Jun/2026:05:49:10 +0200] "GET /?h=34719079801100 HTTP/2.0" 301 313 "android-app://com.google.android.googlequicksearchbox/" "Mozilla/5.0 (Linux; Android 10; K) AppleWebKit/537.36 (KHTML, like Gecko) Chrome/148.0.0.0 Mobile Safari/537.36"
174.194.1.177 - - [04/Jun/2026:05:49:10 +0200] "GET /index.php/?h=34719079801100 HTTP/2.0" 301 - "android-app://com.google.android.googlequicksearchbox/" "Mozilla/5.0 (Linux; Android 10; K) AppleWebKit/537.36 (KHTML, like Gecko) Chrome/148.0.0.0 Mobile Safari/537.36"
174.194.1.177 - - [04/Jun/2026:05:49:10 +0200] "GET /favicon.ico HTTP/2.0" 301 296 "https://verona.elettroservicegroup.it/index.php/?h=34719079801100" "Mozilla/5.0 (Linux; Android 10; K) AppleWebKit/537.36 (KHTML, like Gecko) Chrome/148.0.0.0 Mobile Safari/537.36"
174.194.1.177 - - [04/Jun/2026:05:49:10 +0200] "GET /index.php/ HTTP/2.0" 301 - "https://verona.elettroservicegroup.it/index.php/?h=34719079801100" "Mozilla/5.0 (Linux; Android 10; K) AppleWebKit/537.36 (KHTML, like Gecko) Chrome/148.0.0.0 Mobile Safari/537.36"
143.198.230.227 - - [04/Jun/2026:05:49:42 +0200] "POST /wp-login.php HTTP/1.1" 301 - "-" "Mozilla/5.0"
143.198.230.227 - - [04/Jun/2026:05:53:12 +0200] "POST /wp-login.php HTTP/1.1" 301 - "-" "Mozilla/5.0"
20.199.211.160 - - [04/Jun/2026:05:55:44 +0200] "GET /?h=40626355401100 HTTP/2.0" 301 313 "-" "Mozilla/5.0 AppleWebKit/537.36 (KHTML, like Gecko); compatible; ChatGPT-User/1.0; +https://openai.com/bot"
20.199.211.160 - - [04/Jun/2026:05:55:44 +0200] "GET /index.php/?h=40626355401100 HTTP/2.0" 301 - "-" "Mozilla/5.0 AppleWebKit/537.36 (KHTML, like Gecko); compatible; ChatGPT-User/1.0; +https://openai.com/bot"
143.198.230.227 - - [04/Jun/2026:05:56:54 +0200] "POST /wp-login.php HTTP/1.1" 301 - "-" "Mozilla/5.0"
190.99.146.212 - - [04/Jun/2026:05:58:54 +0200] "POST /xmlrpc.php HTTP/1.1" 403 52 "-" "Mozilla/5.0 (Windows NT 10.0; Win64; x64) AppleWebKit/537.36"
108.206.150.59 - - [04/Jun/2026:05:58:56 +0200] "GET / HTTP/1.1" 200 18918 "-" "Mozilla/5.0 (Windows NT 10.0; Win64; x64) AppleWebKit/537.36 (KHTML, like Gecko) Chrome/120.0.0.0 Safari/537.36"
65.108.235.243 - - [04/Jun/2026:05:59:00 +0200] "POST /wp-cron.php?doing_wp_cron=1780545540.7235589027404785156250 HTTP/1.1" 200 1 "-" "WordPress/7.0; https://verona.elettroservicegroup.it"
108.206.150.59 - - [04/Jun/2026:05:58:58 +0200] "GET /wp-login.php HTTP/1.1" 200 3479 "-" "Mozilla/5.0 (Windows NT 10.0; Win64; x64) AppleWebKit/537.36 (KHTML, like Gecko) Chrome/120.0.0.0 Safari/537.36"
65.108.235.243 - - [04/Jun/2026:05:59:02 +0200] "GET / HTTP/1.1" 301 296 "-" "WP Fastest Cache Preload Bot"
65.108.235.243 - - [04/Jun/2026:05:59:02 +0200] "GET /index.php/ HTTP/1.1" 301 - "-" "WP Fastest Cache Preload Bot"
108.206.150.59 - - [04/Jun/2026:05:59:02 +0200] "GET /wp-login.php?wp_lang=en_US HTTP/1.1" 200 2674 "-" "Mozilla/5.0 (Windows NT 10.0; Win64; x64) AppleWebKit/537.36 (KHTML, like Gecko) Chrome/120.0.0.0 Safari/537.36"
108.206.150.59 - - [04/Jun/2026:05:59:03 +0200] "POST /wp-login.php HTTP/1.1" 200 2830 "https://verona.elettroservicegroup.it" "Mozilla/5.0 (Windows NT 10.0; Win64; x64) AppleWebKit/537.36 (KHTML, like Gecko) Chrome/120.0.0.0 Safari/537.36"
174.131.69.187 - - [04/Jun/2026:06:00:56 +0200] "GET /?h=41034939601100 HTTP/2.0" 301 313 "android-app://com.google.android.googlequicksearchbox/" "Mozilla/5.0 (Linux; Android 10; K) AppleWebKit/537.36 (KHTML, like Gecko) SamsungBrowser/30.0 Chrome/143.0.0.0 Mobile Safari/537.36"
174.131.69.187 - - [04/Jun/2026:06:00:56 +0200] "GET /index.php/?h=41034939601100 HTTP/2.0" 301 - "android-app://com.google.android.googlequicksearchbox/" "Mozilla/5.0 (Linux; Android 10; K) AppleWebKit/537.36 (KHTML, like Gecko) SamsungBrowser/30.0 Chrome/143.0.0.0 Mobile Safari/537.36"
174.131.69.187 - - [04/Jun/2026:06:00:56 +0200] "GET /favicon.ico HTTP/2.0" 301 296 "https://verona.elettroservicegroup.it/index.php/?h=41034939601100" "Mozilla/5.0 (Linux; Android 10; K) AppleWebKit/537.36 (KHTML, like Gecko) SamsungBrowser/30.0 Chrome/143.0.0.0 Mobile Safari/537.36"
174.131.69.187 - - [04/Jun/2026:06:00:56 +0200] "GET /index.php/ HTTP/2.0" 301 - "https://verona.elettroservicegroup.it/index.php/?h=41034939601100" "Mozilla/5.0 (Linux; Android 10; K) AppleWebKit/537.36 (KHTML, like Gecko) SamsungBrowser/30.0 Chrome/143.0.0.0 Mobile Safari/537.36"
143.198.230.227 - - [04/Jun/2026:06:01:20 +0200] "POST /wp-login.php HTTP/1.1" 301 - "-" "Mozilla/5.0"
66.249.64.11 - - [04/Jun/2026:06:06:28 +0200] "GET /?h=33729167641100 HTTP/1.1" 301 313 "-" "Mozilla/5.0 (compatible; Googlebot/2.1; +http://www.google.com/bot.html)"
66.249.64.11 - - [04/Jun/2026:06:06:28 +0200] "GET /index.php/?h=33729167641100 HTTP/1.1" 301 - "-" "Mozilla/5.0 (compatible; Googlebot/2.1; +http://www.google.com/bot.html)"
143.198.230.227 - - [04/Jun/2026:06:06:53 +0200] "POST /wp-login.php HTTP/1.1" 301 - "-" "Mozilla/5.0"
66.249.64.11 - - [04/Jun/2026:06:07:50 +0200] "GET /productSearch/pictureSearch?id=38782855121100 HTTP/1.1" 301 314 "-" "Mozilla/5.0 (Linux; Android 6.0.1; Nexus 5X Build/MMB29P) AppleWebKit/537.36 (KHTML, like Gecko) Chrome/148.0.7778.96 Mobile Safari/537.36 (compatible; GoogleOther)"
66.249.64.10 - - [04/Jun/2026:06:08:41 +0200] "GET /index.php/?id=38782855121100 HTTP/1.1" 301 - "-" "Mozilla/5.0 (Linux; Android 6.0.1; Nexus 5X Build/MMB29P) AppleWebKit/537.36 (KHTML, like Gecko) Chrome/148.0.7778.96 Mobile Safari/537.36 (compatible; GoogleOther)"
143.198.230.227 - - [04/Jun/2026:06:13:34 +0200] "POST /wp-login.php HTTP/1.1" 301 - "-" "Mozilla/5.0"
52.230.164.177 - - [04/Jun/2026:06:15:58 +0200] "GET /?h=15140966281100 HTTP/2.0" 301 313 "-" "Mozilla/5.0 AppleWebKit/537.36 (KHTML, like Gecko); compatible; ChatGPT-User/1.0; +https://openai.com/bot"
52.230.164.177 - - [04/Jun/2026:06:15:59 +0200] "GET /index.php/?h=15140966281100 HTTP/2.0" 301 - "-" "Mozilla/5.0 AppleWebKit/537.36 (KHTML, like Gecko); compatible; ChatGPT-User/1.0; +https://openai.com/bot"
74.7.228.243 - - [04/Jun/2026:06:16:38 +0200] "GET /?h=15140966281100 HTTP/2.0" 301 313 "-" "Mozilla/5.0 (Macintosh; Intel Mac OS X 10_15_7) AppleWebKit/537.36 (KHTML, like Gecko) Chrome/131.0.0.0 Safari/537.36; compatible; OAI-SearchBot/1.4; +https://openai.com/searchbot"
74.7.244.1 - - [04/Jun/2026:06:16:38 +0200] "GET /robots.txt HTTP/2.0" 200 79 "-" "Mozilla/5.0 (Macintosh; Intel Mac OS X 10_15_7) AppleWebKit/537.36 (KHTML, like Gecko) Chrome/131.0.0.0 Safari/537.36; compatible; OAI-SearchBot/1.4; robots.txt; +https://openai.com/searchbot"
74.7.228.243 - - [04/Jun/2026:06:16:38 +0200] "GET /index.php/?h=15140966281100 HTTP/2.0" 301 - "https://verona.elettroservicegroup.it/?h=15140966281100" "Mozilla/5.0 (Macintosh; Intel Mac OS X 10_15_7) AppleWebKit/537.36 (KHTML, like Gecko) Chrome/131.0.0.0 Safari/537.36; compatible; OAI-SearchBot/1.4; +https://openai.com/searchbot"
143.198.230.227 - - [04/Jun/2026:06:20:41 +0200] "POST /wp-login.php HTTP/1.1" 301 - "-" "Mozilla/5.0"
66.249.64.12 - - [04/Jun/2026:06:22:29 +0200] "GET /?h=11316746481100 HTTP/1.1" 301 313 "-" "Mozilla/5.0 (Linux; Android 6.0.1; Nexus 5X Build/MMB29P) AppleWebKit/537.36 (KHTML, like Gecko) Chrome/148.0.7778.96 Mobile Safari/537.36 (compatible; Googlebot/2.1; +http://www.google.com/bot.html)"
66.249.64.12 - - [04/Jun/2026:06:22:29 +0200] "GET /index.php/?h=11316746481100 HTTP/1.1" 301 - "-" "Mozilla/5.0 (Linux; Android 6.0.1; Nexus 5X Build/MMB29P) AppleWebKit/537.36 (KHTML, like Gecko) Chrome/148.0.7778.96 Mobile Safari/537.36 (compatible; Googlebot/2.1; +http://www.google.com/bot.html)"
143.198.230.227 - - [04/Jun/2026:06:27:47 +0200] "POST /wp-login.php HTTP/1.1" 301 - "-" "Mozilla/5.0"
89.47.55.83 - - [04/Jun/2026:06:28:44 +0200] "GET / HTTP/2.0" 301 - "-" "Mozilla/5.0 (Macintosh; Intel Mac OS X 10_15_7) AppleWebKit/537.36 (KHTML, like Gecko) Chrome/120.0.0.0 Safari/537.36"
143.198.230.227 - - [04/Jun/2026:06:35:33 +0200] "POST /wp-login.php HTTP/1.1" 301 - "-" "Mozilla/5.0"
143.198.230.227 - - [04/Jun/2026:06:43:24 +0200] "POST /wp-login.php HTTP/1.1" 301 - "-" "Mozilla/5.0"
66.249.64.12 - - [04/Jun/2026:06:44:52 +0200] "GET /?h=27648327681100 HTTP/1.1" 301 313 "-" "Mozilla/5.0 (Linux; Android 6.0.1; Nexus 5X Build/MMB29P) AppleWebKit/537.36 (KHTML, like Gecko) Chrome/148.0.7778.96 Mobile Safari/537.36 (compatible; Googlebot/2.1; +http://www.google.com/bot.html)"
66.249.64.10 - - [04/Jun/2026:06:45:00 +0200] "GET /index.php/?h=27648327681100 HTTP/1.1" 301 - "-" "Mozilla/5.0 (Linux; Android 6.0.1; Nexus 5X Build/MMB29P) AppleWebKit/537.36 (KHTML, like Gecko) Chrome/148.0.7778.96 Mobile Safari/537.36 (compatible; Googlebot/2.1; +http://www.google.com/bot.html)"
66.249.64.11 - - [04/Jun/2026:06:45:34 +0200] "GET /productSearch/pictureSearch?id=16085029281100 HTTP/1.1" 301 314 "-" "Mozilla/5.0 (Linux; Android 6.0.1; Nexus 5X Build/MMB29P) AppleWebKit/537.36 (KHTML, like Gecko) Chrome/148.0.7778.96 Mobile Safari/537.36 (compatible; GoogleOther)"
66.249.64.10 - - [04/Jun/2026:06:46:53 +0200] "GET /index.php/?id=16085029281100 HTTP/1.1" 301 - "-" "Mozilla/5.0 (Linux; Android 6.0.1; Nexus 5X Build/MMB29P) AppleWebKit/537.36 (KHTML, like Gecko) Chrome/148.0.7778.96 Mobile Safari/537.36 (compatible; GoogleOther)"
91.124.129.27 - - [04/Jun/2026:06:50:37 +0200] "GET /index.php/?h=23854514841100 HTTP/2.0" 301 - "-" "Mozilla/5.0 (Macintosh; Intel Mac OS X 10_15_7) AppleWebKit/537.36 (KHTML, like Gecko) Chrome/142.0.0.0 Safari/537.36"
143.198.230.227 - - [04/Jun/2026:06:51:07 +0200] "POST /wp-login.php HTTP/1.1" 301 - "-" "Mozilla/5.0"
143.198.230.227 - - [04/Jun/2026:06:58:54 +0200] "POST /wp-login.php HTTP/1.1" 301 - "-" "Mozilla/5.0"