65.108.235.243 - - [03/Jun/2026:20:12:14 +0200] "POST /wp-cron.php?doing_wp_cron=1780510334.8477571010589599609375 HTTP/1.1" 200 1 "-" "WordPress/7.0; https://vicenza.elettroservicegroup.it"
72.1.155.22 - - [03/Jun/2026:20:12:13 +0200] "GET /tikitaka-casino-ofrece-promociones-exclusivas-en-fechas-especiales/ HTTP/1.1" 200 106034 "-" "Python/3.13 aiohttp/3.13.3"
65.108.235.243 - - [03/Jun/2026:20:13:16 +0200] "POST /wp-cron.php?doing_wp_cron=1780510396.8587470054626464843750 HTTP/1.1" 200 1 "-" "WordPress/7.0; https://vicenza.elettroservicegroup.it"
72.1.155.22 - - [03/Jun/2026:20:13:15 +0200] "GET /verde-casino-tournoi-special-comment-participer-et-gagner/ HTTP/1.1" 200 105980 "-" "Python/3.13 aiohttp/3.13.3"
65.108.235.243 - - [03/Jun/2026:20:15:03 +0200] "POST /wp-cron.php?doing_wp_cron=1780510503.4004249572753906250000 HTTP/1.1" 200 1 "-" "WordPress/7.0; https://vicenza.elettroservicegroup.it"
114.119.138.37 - - [03/Jun/2026:20:15:01 +0200] "GET /lavatrice21/?file=/home/costa4/vicenza.elettroservicegroup.it/wp-content/themes/generatepress/footer.php HTTP/1.1" 200 18894 "https://vicenza.elettroservicegroup.it/lavatrice21/" "Mozilla/5.0 (Linux; Android 7.0;) AppleWebKit/537.36 (HTML, like Gecko) Mobile Safari/537.36 (compatible; PetalBot;+https://webmaster.petalsearch.com/site/petalbot)"
114.119.132.207 - - [03/Jun/2026:20:16:25 +0200] "GET /hotpoint-ariston-jpg/?view=/home/costa4/vicenza.elettroservicegroup.it/wp-content/themes/generatepress/content-page.php HTTP/1.1" 200 646 "https://vicenza.elettroservicegroup.it/hotpoint-ariston-jpg/" "Mozilla/5.0 (Linux; Android 7.0;) AppleWebKit/537.36 (HTML, like Gecko) Mobile Safari/537.36 (compatible; PetalBot;+https://webmaster.petalsearch.com/site/petalbot)"
114.119.137.153 - - [03/Jun/2026:20:17:48 +0200] "GET /condizionatore-bonus-jpg/?view=/home/costa4/vicenza.elettroservicegroup.it/wp-content/themes/generatepress/single.php HTTP/1.1" 200 382 "https://vicenza.elettroservicegroup.it/condizionatore-bonus-jpg/" "Mozilla/5.0 (Linux; Android 7.0;) AppleWebKit/537.36 (HTML, like Gecko) Mobile Safari/537.36 (compatible; PetalBot;+https://webmaster.petalsearch.com/site/petalbot)"
65.108.235.243 - - [03/Jun/2026:20:19:13 +0200] "POST /wp-cron.php?doing_wp_cron=1780510753.2056169509887695312500 HTTP/1.1" 200 1 "-" "WordPress/7.0; https://vicenza.elettroservicegroup.it"
114.119.138.37 - - [03/Jun/2026:20:19:11 +0200] "GET /condizionatore-bonus-jpg/?rename=/home/costa4/vicenza.elettroservicegroup.it/wp-content/themes/generatepress/readme.txt HTTP/1.1" 200 19723 "https://vicenza.elettroservicegroup.it/condizionatore-bonus-jpg/" "Mozilla/5.0 (Linux; Android 7.0;) AppleWebKit/537.36 (HTML, like Gecko) Mobile Safari/537.36 (compatible; PetalBot;+https://webmaster.petalsearch.com/site/petalbot)"
114.119.132.207 - - [03/Jun/2026:20:20:34 +0200] "GET /assistenza-condizionatori?view=/home/costa4/vicenza.elettroservicegroup.it/wp-content/themes/generatepress/functions.php HTTP/1.1" 200 2095 "https://vicenza.elettroservicegroup.it/assistenza-condizionatori" "Mozilla/5.0 (Linux; Android 7.0;) AppleWebKit/537.36 (HTML, like Gecko) Mobile Safari/537.36 (compatible; PetalBot;+https://webmaster.petalsearch.com/site/petalbot)"
114.119.132.207 - - [03/Jun/2026:20:24:44 +0200] "GET /forno-jpg/?view=/home/costa4/vicenza.elettroservicegroup.it/wp-content/themes/generatepress/readme.txt HTTP/1.1" 200 5805 "https://vicenza.elettroservicegroup.it/forno-jpg/" "Mozilla/5.0 (Linux; Android 7.0;) AppleWebKit/537.36 (HTML, like Gecko) Mobile Safari/537.36 (compatible; PetalBot;+https://webmaster.petalsearch.com/site/petalbot)"
114.119.130.67 - - [03/Jun/2026:20:30:19 +0200] "GET /lavatrice21/?view=/home/costa4/vicenza.elettroservicegroup.it/wp-content/themes/generatepress/functions.php HTTP/1.1" 200 2095 "https://vicenza.elettroservicegroup.it/lavatrice21/" "Mozilla/5.0 (Linux; Android 7.0;) AppleWebKit/537.36 (HTML, like Gecko) Mobile Safari/537.36 (compatible; PetalBot;+https://webmaster.petalsearch.com/site/petalbot)"
114.119.137.153 - - [03/Jun/2026:20:46:58 +0200] "GET /wp-content/uploads/2021/10/hotpoint-ariston-300x193.jpg HTTP/1.1" 200 8779 "https://vicenza.elettroservicegroup.it/hotpoint-ariston-jpg/" "Mozilla/5.0 (Linux; Android 7.0;) AppleWebKit/537.36 (HTML, like Gecko) Mobile Safari/537.36 (compatible; PetalBot;+https://webmaster.petalsearch.com/site/petalbot)"
114.119.130.67 - - [03/Jun/2026:20:48:22 +0200] "GET /lavatrice21/?view=/home/costa4/vicenza.elettroservicegroup.it/wp-content/themes/generatepress/single.php HTTP/1.1" 200 382 "https://vicenza.elettroservicegroup.it/lavatrice21/" "Mozilla/5.0 (Linux; Android 7.0;) AppleWebKit/537.36 (HTML, like Gecko) Mobile Safari/537.36 (compatible; PetalBot;+https://webmaster.petalsearch.com/site/petalbot)"
65.108.235.243 - - [03/Jun/2026:20:49:46 +0200] "POST /wp-cron.php?doing_wp_cron=1780512586.4801180362701416015625 HTTP/1.1" 200 1 "-" "WordPress/7.0; https://vicenza.elettroservicegroup.it"
114.119.137.153 - - [03/Jun/2026:20:49:44 +0200] "GET /condizionatore-bonus-jpg/?file=/home/costa4/vicenza.elettroservicegroup.it/wp-content/themes/generatepress/readme.txt HTTP/1.1" 200 18964 "https://vicenza.elettroservicegroup.it/condizionatore-bonus-jpg/" "Mozilla/5.0 (Linux; Android 7.0;) AppleWebKit/537.36 (HTML, like Gecko) Mobile Safari/537.36 (compatible; PetalBot;+https://webmaster.petalsearch.com/site/petalbot)"
159.146.43.217 - - [03/Jun/2026:20:52:33 +0200] "POST /wp-login.php HTTP/1.1" 200 11905 "https://vicenza.elettroservicegroup.it/wp-admin/" "Mozilla/5.0 (Windows NT 10.0; Win64; x64) AppleWebKit/537.36"
159.146.43.217 - - [03/Jun/2026:20:52:33 +0200] "GET /wp-admin/ HTTP/1.1" 200 11904 "www.google.com" "Mozilla/5.0 (Windows NT 10.0; Win64; x64) AppleWebKit/537.36"
65.108.235.243 - - [03/Jun/2026:20:52:35 +0200] "POST /wp-cron.php?doing_wp_cron=1780512755.6146800518035888671875 HTTP/1.1" 200 1 "-" "WordPress/7.0; https://vicenza.elettroservicegroup.it"
114.119.137.153 - - [03/Jun/2026:20:52:34 +0200] "GET /forno-jpg/?rename=/home/costa4/vicenza.elettroservicegroup.it/wp-content/themes/generatepress/content-link.php HTTP/1.1" 200 19725 "https://vicenza.elettroservicegroup.it/forno-jpg/" "Mozilla/5.0 (Linux; Android 7.0;) AppleWebKit/537.36 (HTML, like Gecko) Mobile Safari/537.36 (compatible; PetalBot;+https://webmaster.petalsearch.com/site/petalbot)"
114.119.154.115 - - [03/Jun/2026:20:53:56 +0200] "GET /condizionatore-bonus-jpg/?view=/home/costa4/vicenza.elettroservicegroup.it/wp-content/themes/generatepress/footer.php HTTP/1.1" 200 303 "https://vicenza.elettroservicegroup.it/condizionatore-bonus-jpg/" "Mozilla/5.0 (Linux; Android 7.0;) AppleWebKit/537.36 (HTML, like Gecko) Mobile Safari/537.36 (compatible; PetalBot;+https://webmaster.petalsearch.com/site/petalbot)"
65.108.235.243 - - [03/Jun/2026:20:57:04 +0200] "POST /wp-cron.php?doing_wp_cron=1780513024.4582800865173339843750 HTTP/1.1" 200 1 "-" "WordPress/7.0; https://vicenza.elettroservicegroup.it"
72.1.155.22 - - [03/Jun/2026:20:57:02 +0200] "GET /magical-spin-casino-nouveautes-2026-quels-bonus-attendre-cette-annee/ HTTP/1.1" 200 106151 "-" "Python/3.13 aiohttp/3.13.3"
65.108.235.243 - - [03/Jun/2026:20:58:31 +0200] "POST /wp-cron.php?doing_wp_cron=1780513111.2663450241088867187500 HTTP/1.1" 200 1 "-" "WordPress/7.0; https://vicenza.elettroservicegroup.it"
72.1.155.22 - - [03/Jun/2026:20:58:29 +0200] "GET /la-meilleure-strategie-pour-profiter-des-free-spins-ra-casino/ HTTP/1.1" 200 106109 "-" "Python/3.13 aiohttp/3.13.3"
65.108.235.243 - - [03/Jun/2026:20:59:32 +0200] "POST /wp-cron.php?doing_wp_cron=1780513172.2988669872283935546875 HTTP/1.1" 200 1 "-" "WordPress/7.0; https://vicenza.elettroservicegroup.it"
114.119.148.161 - - [03/Jun/2026:20:59:30 +0200] "GET /condizionatore-bonus-jpg/?file=/home/costa4/vicenza.elettroservicegroup.it/wp-content/themes/generatepress/sidebar-left.php HTTP/1.1" 200 18963 "https://vicenza.elettroservicegroup.it/condizionatore-bonus-jpg/" "Mozilla/5.0 (Linux; Android 7.0;) AppleWebKit/537.36 (HTML, like Gecko) Mobile Safari/537.36 (compatible; PetalBot;+https://webmaster.petalsearch.com/site/petalbot)"
65.108.235.243 - - [03/Jun/2026:21:03:43 +0200] "POST /wp-cron.php?doing_wp_cron=1780513423.0045731067657470703125 HTTP/1.1" 200 1 "-" "WordPress/7.0; https://vicenza.elettroservicegroup.it"
114.119.138.37 - - [03/Jun/2026:21:03:41 +0200] "GET /forno-jpg/?file=/home/costa4/vicenza.elettroservicegroup.it/wp-content/themes/generatepress/index.php HTTP/1.1" 200 18929 "https://vicenza.elettroservicegroup.it/forno-jpg/" "Mozilla/5.0 (Linux; Android 7.0;) AppleWebKit/537.36 (HTML, like Gecko) Mobile Safari/537.36 (compatible; PetalBot;+https://webmaster.petalsearch.com/site/petalbot)"
65.108.235.243 - - [03/Jun/2026:21:14:46 +0200] "POST /wp-cron.php?doing_wp_cron=1780514086.4571599960327148437500 HTTP/1.1" 200 1 "-" "WordPress/7.0; https://vicenza.elettroservicegroup.it"
74.7.244.58 - - [03/Jun/2026:21:14:45 +0200] "GET /robots.txt HTTP/2.0" 200 892 "-" "Mozilla/5.0 (Macintosh; Intel Mac OS X 10_15_7) AppleWebKit/537.36 (KHTML, like Gecko) Chrome/131.0.0.0 Safari/537.36; compatible; OAI-SearchBot/1.4; robots.txt; +https://openai.com/searchbot"
65.108.235.243 - - [03/Jun/2026:21:23:39 +0200] "POST /wp-cron.php?doing_wp_cron=1780514619.4066119194030761718750 HTTP/1.1" 200 1 "-" "WordPress/7.0; https://vicenza.elettroservicegroup.it"
114.119.148.161 - - [03/Jun/2026:21:23:37 +0200] "GET /mantova-1080x720/?edit=/home/costa4/vicenza.elettroservicegroup.it/wp-content/themes/generatepress/style.css HTTP/1.1" 200 20619 "https://vicenza.elettroservicegroup.it/mantova-1080x720/" "Mozilla/5.0 (Linux; Android 7.0;) AppleWebKit/537.36 (HTML, like Gecko) Mobile Safari/537.36 (compatible; PetalBot;+https://webmaster.petalsearch.com/site/petalbot)"
114.119.130.67 - - [03/Jun/2026:21:25:01 +0200] "GET /lavatrice21/?view=/home/costa4/vicenza.elettroservicegroup.it/wp-content/themes/generatepress/header-min.php HTTP/1.1" 200 332 "https://vicenza.elettroservicegroup.it/lavatrice21/" "Mozilla/5.0 (Linux; Android 7.0;) AppleWebKit/537.36 (HTML, like Gecko) Mobile Safari/537.36 (compatible; PetalBot;+https://webmaster.petalsearch.com/site/petalbot)"
65.108.235.243 - - [03/Jun/2026:21:26:25 +0200] "POST /wp-cron.php?doing_wp_cron=1780514785.5797190666198730468750 HTTP/1.1" 200 1 "-" "WordPress/7.0; https://vicenza.elettroservicegroup.it"
114.119.141.228 - - [03/Jun/2026:21:26:24 +0200] "GET /informativa-privacy/ HTTP/1.1" 200 18794 "https://vicenza.elettroservicegroup.it/condizionatore-bonus-jpg/" "Mozilla/5.0 (Linux; Android 7.0;) AppleWebKit/537.36 (HTML, like Gecko) Mobile Safari/537.36 (compatible; PetalBot;+https://webmaster.petalsearch.com/site/petalbot)"
114.119.148.161 - - [03/Jun/2026:21:27:47 +0200] "GET /lavatrice21/?view=/home/costa4/vicenza.elettroservicegroup.it/wp-content/themes/generatepress/no-results.php HTTP/1.1" 200 651 "https://vicenza.elettroservicegroup.it/lavatrice21/" "Mozilla/5.0 (Linux; Android 7.0;) AppleWebKit/537.36 (HTML, like Gecko) Mobile Safari/537.36 (compatible; PetalBot;+https://webmaster.petalsearch.com/site/petalbot)"
65.108.235.243 - - [03/Jun/2026:21:27:52 +0200] "POST /wp-cron.php?doing_wp_cron=1780514872.3214819431304931640625 HTTP/1.1" 200 1 "-" "WordPress/7.0; https://vicenza.elettroservicegroup.it"
65.111.6.233 - - [03/Jun/2026:21:27:52 +0200] "GET /wp-login.php HTTP/1.1" 200 23148 "https://vicenza.elettroservicegroup.it/wp-login.php" "Opera/9.80 (Windows NT 6.1; WOW64; MRA 6.1 (build 6683)) Presto/2.12.388 Version/12.17"
65.111.6.233 - - [03/Jun/2026:21:27:55 +0200] "POST /wp-login.php HTTP/1.1" 200 23166 "https://vicenza.elettroservicegroup.it/wp-login.php" "Opera/9.80 (Windows NT 6.1; WOW64; MRA 6.1 (build 6683)) Presto/2.12.388 Version/12.17"
65.108.235.243 - - [03/Jun/2026:21:29:12 +0200] "POST /wp-cron.php?doing_wp_cron=1780514952.9532320499420166015625 HTTP/1.1" 200 1 "-" "WordPress/7.0; https://vicenza.elettroservicegroup.it"
114.119.130.67 - - [03/Jun/2026:21:29:11 +0200] "GET /lavatrice21/?file=/home/costa4/vicenza.elettroservicegroup.it/wp-content/themes/generatepress/searchform.php HTTP/1.1" 200 18916 "https://vicenza.elettroservicegroup.it/lavatrice21/" "Mozilla/5.0 (Linux; Android 7.0;) AppleWebKit/537.36 (HTML, like Gecko) Mobile Safari/537.36 (compatible; PetalBot;+https://webmaster.petalsearch.com/site/petalbot)"
65.108.235.243 - - [03/Jun/2026:21:30:36 +0200] "POST /wp-cron.php?doing_wp_cron=1780515036.9793319702148437500000 HTTP/1.1" 200 1 "-" "WordPress/7.0; https://vicenza.elettroservicegroup.it"
114.119.154.115 - - [03/Jun/2026:21:30:35 +0200] "GET /forno-jpg/?file=/home/costa4/vicenza.elettroservicegroup.it/wp-content/themes/generatepress/readme.txt HTTP/1.1" 200 18944 "https://vicenza.elettroservicegroup.it/forno-jpg/" "Mozilla/5.0 (Linux; Android 7.0;) AppleWebKit/537.36 (HTML, like Gecko) Mobile Safari/537.36 (compatible; PetalBot;+https://webmaster.petalsearch.com/site/petalbot)"
159.146.43.217 - - [03/Jun/2026:21:31:05 +0200] "POST /wp-login.php HTTP/1.1" 200 11826 "https://vicenza.elettroservicegroup.it/wp-admin/" "Mozilla/5.0 (Windows NT 10.0; Win64; x64) AppleWebKit/537.36"
159.146.43.217 - - [03/Jun/2026:21:31:06 +0200] "GET /wp-admin/ HTTP/1.1" 200 11756 "www.google.com" "Mozilla/5.0 (Windows NT 10.0; Win64; x64) AppleWebKit/537.36"
114.119.130.67 - - [03/Jun/2026:21:31:57 +0200] "GET /condizionatore-bonus-jpg/?view=/home/costa4/vicenza.elettroservicegroup.it/wp-content/themes/generatepress/style.css HTTP/1.1" 200 922 "https://vicenza.elettroservicegroup.it/condizionatore-bonus-jpg/" "Mozilla/5.0 (Linux; Android 7.0;) AppleWebKit/537.36 (HTML, like Gecko) Mobile Safari/537.36 (compatible; PetalBot;+https://webmaster.petalsearch.com/site/petalbot)"
65.108.235.243 - - [03/Jun/2026:21:33:22 +0200] "POST /wp-cron.php?doing_wp_cron=1780515202.9221100807189941406250 HTTP/1.1" 200 1 "-" "WordPress/7.0; https://vicenza.elettroservicegroup.it"
114.119.141.228 - - [03/Jun/2026:21:33:21 +0200] "GET /condizionatore-bonus-jpg/?rename=/home/costa4/vicenza.elettroservicegroup.it/wp-content/themes/generatepress/no-results.php HTTP/1.1" 200 19744 "https://vicenza.elettroservicegroup.it/condizionatore-bonus-jpg/" "Mozilla/5.0 (Linux; Android 7.0;) AppleWebKit/537.36 (HTML, like Gecko) Mobile Safari/537.36 (compatible; PetalBot;+https://webmaster.petalsearch.com/site/petalbot)"
65.108.235.243 - - [03/Jun/2026:21:34:46 +0200] "POST /wp-cron.php?doing_wp_cron=1780515286.6531829833984375000000 HTTP/1.1" 200 1 "-" "WordPress/7.0; https://vicenza.elettroservicegroup.it"
114.119.130.67 - - [03/Jun/2026:21:34:45 +0200] "GET /condizionatore-bonus-jpg/?file=/home/costa4/vicenza.elettroservicegroup.it/wp-content/themes/generatepress/header-min.php HTTP/1.1" 200 18964 "https://vicenza.elettroservicegroup.it/condizionatore-bonus-jpg/" "Mozilla/5.0 (Linux; Android 7.0;) AppleWebKit/537.36 (HTML, like Gecko) Mobile Safari/537.36 (compatible; PetalBot;+https://webmaster.petalsearch.com/site/petalbot)"
65.108.235.243 - - [03/Jun/2026:21:36:10 +0200] "POST /wp-cron.php?doing_wp_cron=1780515370.1280329227447509765625 HTTP/1.1" 200 1 "-" "WordPress/7.0; https://vicenza.elettroservicegroup.it"
114.119.132.207 - - [03/Jun/2026:21:36:08 +0200] "GET /condizionatore-bonus-jpg HTTP/1.1" 200 820 "https://vicenza.elettroservicegroup.it/condizionatore-bonus-jpg" "Mozilla/5.0 (Linux; Android 7.0;) AppleWebKit/537.36 (HTML, like Gecko) Mobile Safari/537.36 (compatible; PetalBot;+https://webmaster.petalsearch.com/site/petalbot)"
65.108.235.243 - - [03/Jun/2026:21:37:33 +0200] "POST /wp-cron.php?doing_wp_cron=1780515453.6228680610656738281250 HTTP/1.1" 200 1 "-" "WordPress/7.0; https://vicenza.elettroservicegroup.it"
114.119.137.98 - - [03/Jun/2026:21:37:32 +0200] "GET /bauknecht2-jpg HTTP/1.1" 200 820 "https://vicenza.elettroservicegroup.it/bauknecht2-jpg" "Mozilla/5.0 (Linux; Android 7.0;) AppleWebKit/537.36 (HTML, like Gecko) Mobile Safari/537.36 (compatible; PetalBot;+https://webmaster.petalsearch.com/site/petalbot)"
65.108.235.243 - - [03/Jun/2026:21:41:44 +0200] "POST /wp-cron.php?doing_wp_cron=1780515704.0491681098937988281250 HTTP/1.1" 200 1 "-" "WordPress/7.0; https://vicenza.elettroservicegroup.it"
114.119.141.228 - - [03/Jun/2026:21:41:42 +0200] "GET /post-6-2 HTTP/1.1" 200 820 "https://vicenza.elettroservicegroup.it/ignis-png" "Mozilla/5.0 (Linux; Android 7.0;) AppleWebKit/537.36 (HTML, like Gecko) Mobile Safari/537.36 (compatible; PetalBot;+https://webmaster.petalsearch.com/site/petalbot)"
65.108.235.243 - - [03/Jun/2026:21:43:06 +0200] "POST /wp-cron.php?doing_wp_cron=1780515786.8093750476837158203125 HTTP/1.1" 200 1 "-" "WordPress/7.0; https://vicenza.elettroservicegroup.it"
114.119.132.207 - - [03/Jun/2026:21:43:05 +0200] "GET /forno-jpg/?edit=/home/costa4/vicenza.elettroservicegroup.it/wp-content/themes/generatepress/comments.php HTTP/1.1" 200 20936 "https://vicenza.elettroservicegroup.it/forno-jpg/" "Mozilla/5.0 (Linux; Android 7.0;) AppleWebKit/537.36 (HTML, like Gecko) Mobile Safari/537.36 (compatible; PetalBot;+https://webmaster.petalsearch.com/site/petalbot)"
65.108.235.243 - - [03/Jun/2026:21:45:54 +0200] "POST /wp-cron.php?doing_wp_cron=1780515954.0510580539703369140625 HTTP/1.1" 200 1 "-" "WordPress/7.0; https://vicenza.elettroservicegroup.it"
114.119.148.161 - - [03/Jun/2026:21:45:52 +0200] "GET /mantova-1080x720/?rename=/home/costa4/vicenza.elettroservicegroup.it/wp-content/themes/generatepress/style.css HTTP/1.1" 200 19755 "https://vicenza.elettroservicegroup.it/mantova-1080x720/" "Mozilla/5.0 (Linux; Android 7.0;) AppleWebKit/537.36 (HTML, like Gecko) Mobile Safari/537.36 (compatible; PetalBot;+https://webmaster.petalsearch.com/site/petalbot)"
65.108.235.243 - - [03/Jun/2026:21:47:40 +0200] "POST /wp-cron.php?doing_wp_cron=1780516060.4940350055694580078125 HTTP/1.1" 200 1 "-" "WordPress/7.0; https://vicenza.elettroservicegroup.it"
216.26.254.93 - - [03/Jun/2026:21:47:39 +0200] "GET /wp-login.php HTTP/1.1" 415 13681 "https://vicenza.elettroservicegroup.it/wp-login.php" "Mozilla/5.0 (Windows NT 5.2; WOW64) AppleWebKit/537.36 (KHTML, like Gecko) Chrome/37.0.2062.124 Safari/537.36"
209.50.168.48 - - [03/Jun/2026:21:47:41 +0200] "GET /wp-login.php HTTP/1.1" 200 23148 "https://vicenza.elettroservicegroup.it/wp-login.php" "Mozilla/5.0 (Windows NT 5.2; WOW64) AppleWebKit/537.36 (KHTML, like Gecko) Chrome/37.0.2062.124 Safari/537.36"
209.50.168.48 - - [03/Jun/2026:21:47:44 +0200] "POST /wp-login.php HTTP/1.1" 200 23166 "https://vicenza.elettroservicegroup.it/wp-login.php" "Mozilla/5.0 (Windows NT 5.2; WOW64) AppleWebKit/537.36 (KHTML, like Gecko) Chrome/37.0.2062.124 Safari/537.36"
65.108.235.243 - - [03/Jun/2026:21:48:41 +0200] "POST /wp-cron.php?doing_wp_cron=1780516121.3686709403991699218750 HTTP/1.1" 200 1 "-" "WordPress/7.0; https://vicenza.elettroservicegroup.it"
114.119.132.207 - - [03/Jun/2026:21:48:39 +0200] "GET /mantova-1080x720/?file=/home/costa4/vicenza.elettroservicegroup.it/wp-content/themes/generatepress/content-page.php HTTP/1.1" 200 18987 "https://vicenza.elettroservicegroup.it/mantova-1080x720/" "Mozilla/5.0 (Linux; Android 7.0;) AppleWebKit/537.36 (HTML, like Gecko) Mobile Safari/537.36 (compatible; PetalBot;+https://webmaster.petalsearch.com/site/petalbot)"
65.108.235.243 - - [03/Jun/2026:21:51:28 +0200] "POST /wp-cron.php?doing_wp_cron=1780516288.4179658889770507812500 HTTP/1.1" 200 1 "-" "WordPress/7.0; https://vicenza.elettroservicegroup.it"
114.119.141.228 - - [03/Jun/2026:21:51:26 +0200] "GET /condizionatore-bonus-jpg/?file=/home/costa4/vicenza.elettroservicegroup.it/wp-content/themes/generatepress/footer.php HTTP/1.1" 200 18969 "https://vicenza.elettroservicegroup.it/condizionatore-bonus-jpg/" "Mozilla/5.0 (Linux; Android 7.0;) AppleWebKit/537.36 (HTML, like Gecko) Mobile Safari/537.36 (compatible; PetalBot;+https://webmaster.petalsearch.com/site/petalbot)"
65.108.235.243 - - [03/Jun/2026:21:55:40 +0200] "POST /wp-cron.php?doing_wp_cron=1780516540.7077889442443847656250 HTTP/1.1" 200 1 "-" "WordPress/7.0; https://vicenza.elettroservicegroup.it"
114.119.138.37 - - [03/Jun/2026:21:55:39 +0200] "GET /mantova-1080x720/?file=/home/costa4/vicenza.elettroservicegroup.it/wp-content/themes/generatepress/header.php HTTP/1.1" 200 18984 "https://vicenza.elettroservicegroup.it/mantova-1080x720/" "Mozilla/5.0 (Linux; Android 7.0;) AppleWebKit/537.36 (HTML, like Gecko) Mobile Safari/537.36 (compatible; PetalBot;+https://webmaster.petalsearch.com/site/petalbot)"
65.108.235.243 - - [03/Jun/2026:21:57:03 +0200] "POST /wp-cron.php?doing_wp_cron=1780516623.1781818866729736328125 HTTP/1.1" 200 1 "-" "WordPress/7.0; https://vicenza.elettroservicegroup.it"
114.119.132.207 - - [03/Jun/2026:21:57:01 +0200] "GET /assistenza-condizionatori?edit=/home/costa4/vicenza.elettroservicegroup.it/wp-content/themes/generatepress/header-min.php HTTP/1.1" 200 19184 "https://vicenza.elettroservicegroup.it/assistenza-condizionatori" "Mozilla/5.0 (Linux; Android 7.0;) AppleWebKit/537.36 (HTML, like Gecko) Mobile Safari/537.36 (compatible; PetalBot;+https://webmaster.petalsearch.com/site/petalbot)"
114.119.137.153 - - [03/Jun/2026:22:03:59 +0200] "GET /forno-jpg/?view=/home/costa4/vicenza.elettroservicegroup.it/wp-content/themes/generatepress/searchform.php HTTP/1.1" 200 504 "https://vicenza.elettroservicegroup.it/forno-jpg/" "Mozilla/5.0 (Linux; Android 7.0;) AppleWebKit/537.36 (HTML, like Gecko) Mobile Safari/537.36 (compatible; PetalBot;+https://webmaster.petalsearch.com/site/petalbot)"
114.119.132.207 - - [03/Jun/2026:22:05:22 +0200] "GET /assistenza-condizionatori?view=/home/costa4/vicenza.elettroservicegroup.it/wp-content/themes/generatepress/footer-min.php HTTP/1.1" 200 184 "https://vicenza.elettroservicegroup.it/assistenza-condizionatori" "Mozilla/5.0 (Linux; Android 7.0;) AppleWebKit/537.36 (HTML, like Gecko) Mobile Safari/537.36 (compatible; PetalBot;+https://webmaster.petalsearch.com/site/petalbot)"
65.108.235.243 - - [03/Jun/2026:22:10:59 +0200] "POST /wp-cron.php?doing_wp_cron=1780517459.0039129257202148437500 HTTP/1.1" 200 1 "-" "WordPress/7.0; https://vicenza.elettroservicegroup.it"
114.119.130.67 - - [03/Jun/2026:22:10:57 +0200] "GET /mantova-1080x720/?rename=/home/costa4/vicenza.elettroservicegroup.it/wp-content/themes/generatepress/readme.txt HTTP/1.1" 200 19763 "https://vicenza.elettroservicegroup.it/mantova-1080x720/" "Mozilla/5.0 (Linux; Android 7.0;) AppleWebKit/537.36 (HTML, like Gecko) Mobile Safari/537.36 (compatible; PetalBot;+https://webmaster.petalsearch.com/site/petalbot)"
65.108.235.243 - - [03/Jun/2026:22:12:24 +0200] "POST /wp-cron.php?doing_wp_cron=1780517544.4848549365997314453125 HTTP/1.1" 200 1 "-" "WordPress/7.0; https://vicenza.elettroservicegroup.it"
114.119.130.67 - - [03/Jun/2026:22:12:22 +0200] "GET /hotpoint-ariston-jpg/?rename=/home/costa4/vicenza.elettroservicegroup.it/wp-content/themes/generatepress/sidebar.php HTTP/1.1" 200 110404 "https://vicenza.elettroservicegroup.it/hotpoint-ariston-jpg/" "Mozilla/5.0 (Linux; Android 7.0;) AppleWebKit/537.36 (KHTML, like Gecko) Mobile Safari/537.36 (compatible; PetalBot;+https://webmaster.petalsearch.com/site/petalbot)"
65.108.235.243 - - [03/Jun/2026:22:13:45 +0200] "POST /wp-cron.php?doing_wp_cron=1780517625.1138210296630859375000 HTTP/1.1" 200 1 "-" "WordPress/7.0; https://vicenza.elettroservicegroup.it"
114.119.154.115 - - [03/Jun/2026:22:13:43 +0200] "GET /assistenza-condizionatori?file=/home/costa4/vicenza.elettroservicegroup.it/wp-content/themes HTTP/1.1" 200 18207 "https://vicenza.elettroservicegroup.it/assistenza-condizionatori" "Mozilla/5.0 (Linux; Android 7.0;) AppleWebKit/537.36 (HTML, like Gecko) Mobile Safari/537.36 (compatible; PetalBot;+https://webmaster.petalsearch.com/site/petalbot)"
65.108.235.243 - - [03/Jun/2026:22:20:41 +0200] "POST /wp-cron.php?doing_wp_cron=1780518041.7857820987701416015625 HTTP/1.1" 200 1 "-" "WordPress/7.0; https://vicenza.elettroservicegroup.it"
114.119.130.67 - - [03/Jun/2026:22:20:40 +0200] "GET /hotpoint-ariston-jpg/?rename=/home/costa4/vicenza.elettroservicegroup.it/wp-content/themes/generatepress/searchform.php HTTP/1.1" 200 19722 "https://vicenza.elettroservicegroup.it/hotpoint-ariston-jpg/" "Mozilla/5.0 (Linux; Android 7.0;) AppleWebKit/537.36 (HTML, like Gecko) Mobile Safari/537.36 (compatible; PetalBot;+https://webmaster.petalsearch.com/site/petalbot)"
65.108.235.243 - - [03/Jun/2026:22:24:52 +0200] "POST /wp-cron.php?doing_wp_cron=1780518292.2402620315551757812500 HTTP/1.1" 200 1 "-" "WordPress/7.0; https://vicenza.elettroservicegroup.it"
114.119.132.207 - - [03/Jun/2026:22:24:51 +0200] "GET /post-7-2 HTTP/1.1" 200 820 "https://vicenza.elettroservicegroup.it/ignis-png" "Mozilla/5.0 (Linux; Android 7.0;) AppleWebKit/537.36 (HTML, like Gecko) Mobile Safari/537.36 (compatible; PetalBot;+https://webmaster.petalsearch.com/site/petalbot)"
65.108.235.243 - - [03/Jun/2026:22:28:55 +0200] "POST /wp-cron.php?doing_wp_cron=1780518535.4921851158142089843750 HTTP/1.1" 200 1 "-" "WordPress/7.0; https://vicenza.elettroservicegroup.it"
83.142.55.217 - - [03/Jun/2026:22:28:53 +0200] "GET / HTTP/2.0" 415 119436 "-" "Mozilla/5.0 (Macintosh; Intel Mac OS X 10_15_7) AppleWebKit/537.36 (KHTML, like Gecko) Chrome/120.0.0.0 Safari/537.36"
65.108.235.243 - - [03/Jun/2026:22:42:56 +0200] "POST /wp-cron.php?doing_wp_cron=1780519376.8433589935302734375000 HTTP/1.1" 200 1 "-" "WordPress/7.0; https://vicenza.elettroservicegroup.it"
114.119.138.37 - - [03/Jun/2026:22:42:55 +0200] "GET /hotpoint-ariston-jpg/?rename=/home/costa4/vicenza.elettroservicegroup.it/wp-content/themes/generatepress/page.php HTTP/1.1" 200 19708 "https://vicenza.elettroservicegroup.it/hotpoint-ariston-jpg/" "Mozilla/5.0 (Linux; Android 7.0;) AppleWebKit/537.36 (HTML, like Gecko) Mobile Safari/537.36 (compatible; PetalBot;+https://webmaster.petalsearch.com/site/petalbot)"
114.119.148.161 - - [03/Jun/2026:22:44:19 +0200] "GET /hotpoint-ariston-jpg/?view=/home/costa4/vicenza.elettroservicegroup.it/wp-content/themes/generatepress/header.php HTTP/1.1" 200 526 "https://vicenza.elettroservicegroup.it/hotpoint-ariston-jpg/" "Mozilla/5.0 (Linux; Android 7.0;) AppleWebKit/537.36 (HTML, like Gecko) Mobile Safari/537.36 (compatible; PetalBot;+https://webmaster.petalsearch.com/site/petalbot)"
65.108.235.243 - - [03/Jun/2026:22:45:44 +0200] "POST /wp-cron.php?doing_wp_cron=1780519544.3958179950714111328125 HTTP/1.1" 200 1 "-" "WordPress/7.0; https://vicenza.elettroservicegroup.it"
114.119.137.98 - - [03/Jun/2026:22:45:42 +0200] "GET /hotpoint-ariston-jpg/?file=/home/costa4/vicenza.elettroservicegroup.it/wp-content/themes/generatepress/sidebar.php HTTP/1.1" 200 18927 "https://vicenza.elettroservicegroup.it/hotpoint-ariston-jpg/" "Mozilla/5.0 (Linux; Android 7.0;) AppleWebKit/537.36 (HTML, like Gecko) Mobile Safari/537.36 (compatible; PetalBot;+https://webmaster.petalsearch.com/site/petalbot)"
114.119.137.153 - - [03/Jun/2026:22:47:06 +0200] "GET /hotpoint-ariston-jpg/?view=/home/costa4/vicenza.elettroservicegroup.it/wp-content/themes/generatepress/readme.txt HTTP/1.1" 200 5805 "https://vicenza.elettroservicegroup.it/hotpoint-ariston-jpg/" "Mozilla/5.0 (Linux; Android 7.0;) AppleWebKit/537.36 (HTML, like Gecko) Mobile Safari/537.36 (compatible; PetalBot;+https://webmaster.petalsearch.com/site/petalbot)"
65.108.235.243 - - [03/Jun/2026:22:48:31 +0200] "POST /wp-cron.php?doing_wp_cron=1780519711.0655229091644287109375 HTTP/1.1" 200 1 "-" "WordPress/7.0; https://vicenza.elettroservicegroup.it"
114.119.130.67 - - [03/Jun/2026:22:48:29 +0200] "GET /condizionatore-bonus-jpg/?file=/home/costa4/vicenza.elettroservicegroup.it/wp-content/themes/generatepress/searchform.php HTTP/1.1" 200 18976 "https://vicenza.elettroservicegroup.it/condizionatore-bonus-jpg/" "Mozilla/5.0 (Linux; Android 7.0;) AppleWebKit/537.36 (HTML, like Gecko) Mobile Safari/537.36 (compatible; PetalBot;+https://webmaster.petalsearch.com/site/petalbot)"
65.108.235.243 - - [03/Jun/2026:22:51:17 +0200] "POST /wp-cron.php?doing_wp_cron=1780519877.7518820762634277343750 HTTP/1.1" 200 1 "-" "WordPress/7.0; https://vicenza.elettroservicegroup.it"
114.119.137.153 - - [03/Jun/2026:22:51:16 +0200] "GET /assistenza-condizionatori?file=/home/costa4/vicenza.elettroservicegroup.it/wp-content/themes/generatepress/page.php HTTP/1.1" 200 18121 "https://vicenza.elettroservicegroup.it/assistenza-condizionatori" "Mozilla/5.0 (Linux; Android 7.0;) AppleWebKit/537.36 (HTML, like Gecko) Mobile Safari/537.36 (compatible; PetalBot;+https://webmaster.petalsearch.com/site/petalbot)"
65.108.235.243 - - [03/Jun/2026:22:59:33 +0200] "POST /wp-cron.php?doing_wp_cron=1780520373.1916151046752929687500 HTTP/1.1" 200 1 "-" "WordPress/7.0; https://vicenza.elettroservicegroup.it"
114.119.137.98 - - [03/Jun/2026:22:59:31 +0200] "GET /lavatrice21/?file=/home/costa4/vicenza.elettroservicegroup.it/wp-content/themes/generatepress/content-page.php HTTP/1.1" 200 18909 "https://vicenza.elettroservicegroup.it/lavatrice21/" "Mozilla/5.0 (Linux; Android 7.0;) AppleWebKit/537.36 (HTML, like Gecko) Mobile Safari/537.36 (compatible; PetalBot;+https://webmaster.petalsearch.com/site/petalbot)"
65.108.235.243 - - [03/Jun/2026:23:00:53 +0200] "POST /wp-cron.php?doing_wp_cron=1780520453.2456300258636474609375 HTTP/1.1" 200 1 "-" "WordPress/7.0; https://vicenza.elettroservicegroup.it"
114.119.138.37 - - [03/Jun/2026:23:00:51 +0200] "GET /condizionatore-bonus-jpg/?rename=/home/costa4/vicenza.elettroservicegroup.it/wp-content/themes/generatepress/404.php HTTP/1.1" 200 19744 "https://vicenza.elettroservicegroup.it/condizionatore-bonus-jpg/" "Mozilla/5.0 (Linux; Android 7.0;) AppleWebKit/537.36 (HTML, like Gecko) Mobile Safari/537.36 (compatible; PetalBot;+https://webmaster.petalsearch.com/site/petalbot)"
65.108.235.243 - - [03/Jun/2026:23:16:22 +0200] "POST /wp-cron.php?doing_wp_cron=1780521382.3026149272918701171875 HTTP/1.1" 200 1 "-" "WordPress/7.0; https://vicenza.elettroservicegroup.it"
114.119.141.228 - - [03/Jun/2026:23:16:20 +0200] "GET /lavatrice21/?file=/home/costa4/vicenza.elettroservicegroup.it/wp-content/themes/generatepress/inc HTTP/1.1" 200 19554 "https://vicenza.elettroservicegroup.it/lavatrice21/" "Mozilla/5.0 (Linux; Android 7.0;) AppleWebKit/537.36 (HTML, like Gecko) Mobile Safari/537.36 (compatible; PetalBot;+https://webmaster.petalsearch.com/site/petalbot)"
65.108.235.243 - - [03/Jun/2026:23:17:45 +0200] "POST /wp-cron.php?doing_wp_cron=1780521465.4372808933258056640625 HTTP/1.1" 200 1 "-" "WordPress/7.0; https://vicenza.elettroservicegroup.it"
114.119.141.228 - - [03/Jun/2026:23:17:43 +0200] "GET /forno-jpg/?file=/home/costa4/vicenza.elettroservicegroup.it/wp-content/themes/generatepress/header-min.php HTTP/1.1" 200 18943 "https://vicenza.elettroservicegroup.it/forno-jpg/" "Mozilla/5.0 (Linux; Android 7.0;) AppleWebKit/537.36 (HTML, like Gecko) Mobile Safari/537.36 (compatible; PetalBot;+https://webmaster.petalsearch.com/site/petalbot)"
65.108.235.243 - - [03/Jun/2026:23:19:09 +0200] "POST /wp-cron.php?doing_wp_cron=1780521549.3270630836486816406250 HTTP/1.1" 200 1 "-" "WordPress/7.0; https://vicenza.elettroservicegroup.it"
114.119.148.161 - - [03/Jun/2026:23:19:07 +0200] "GET /forno-jpg/?edit=/home/costa4/vicenza.elettroservicegroup.it/wp-content/themes/generatepress/no-results.php HTTP/1.1" 200 20381 "https://vicenza.elettroservicegroup.it/forno-jpg/" "Mozilla/5.0 (Linux; Android 7.0;) AppleWebKit/537.36 (HTML, like Gecko) Mobile Safari/537.36 (compatible; PetalBot;+https://webmaster.petalsearch.com/site/petalbot)"
65.108.235.243 - - [03/Jun/2026:23:20:32 +0200] "POST /wp-cron.php?doing_wp_cron=1780521632.3071479797363281250000 HTTP/1.1" 200 1 "-" "WordPress/7.0; https://vicenza.elettroservicegroup.it"
114.119.148.161 - - [03/Jun/2026:23:20:30 +0200] "GET /condizionatore-bonus-jpg/?edit=/home/costa4/vicenza.elettroservicegroup.it/wp-content/themes/generatepress/readme.txt HTTP/1.1" 200 25495 "https://vicenza.elettroservicegroup.it/condizionatore-bonus-jpg/" "Mozilla/5.0 (Linux; Android 7.0;) AppleWebKit/537.36 (HTML, like Gecko) Mobile Safari/537.36 (compatible; PetalBot;+https://webmaster.petalsearch.com/site/petalbot)"
65.108.235.243 - - [03/Jun/2026:23:24:43 +0200] "POST /wp-cron.php?doing_wp_cron=1780521883.1983060836791992187500 HTTP/1.1" 200 1 "-" "WordPress/7.0; https://vicenza.elettroservicegroup.it"
114.119.137.153 - - [03/Jun/2026:23:24:41 +0200] "GET /mantova-1080x720/?file=/home/costa4/vicenza.elettroservicegroup.it/wp-content/themes/generatepress/content-link.php HTTP/1.1" 200 18989 "https://vicenza.elettroservicegroup.it/mantova-1080x720/" "Mozilla/5.0 (Linux; Android 7.0;) AppleWebKit/537.36 (HTML, like Gecko) Mobile Safari/537.36 (compatible; PetalBot;+https://webmaster.petalsearch.com/site/petalbot)"
65.108.235.243 - - [03/Jun/2026:23:26:06 +0200] "POST /wp-cron.php?doing_wp_cron=1780521966.8883619308471679687500 HTTP/1.1" 200 1 "-" "WordPress/7.0; https://vicenza.elettroservicegroup.it"
114.119.130.67 - - [03/Jun/2026:23:26:05 +0200] "GET /hotpoint-ariston-jpg/?edit=/home/costa4/vicenza.elettroservicegroup.it/wp-content/themes/generatepress/no-results.php HTTP/1.1" 200 20379 "https://vicenza.elettroservicegroup.it/hotpoint-ariston-jpg/" "Mozilla/5.0 (Linux; Android 7.0;) AppleWebKit/537.36 (HTML, like Gecko) Mobile Safari/537.36 (compatible; PetalBot;+https://webmaster.petalsearch.com/site/petalbot)"
114.119.148.161 - - [03/Jun/2026:23:30:14 +0200] "GET /forno-jpg/?view=/home/costa4/vicenza.elettroservicegroup.it/wp-content/themes/generatepress/comments.php HTTP/1.1" 200 1158 "https://vicenza.elettroservicegroup.it/forno-jpg/" "Mozilla/5.0 (Linux; Android 7.0;) AppleWebKit/537.36 (HTML, like Gecko) Mobile Safari/537.36 (compatible; PetalBot;+https://webmaster.petalsearch.com/site/petalbot)"
65.108.235.243 - - [03/Jun/2026:23:35:27 +0200] "POST /wp-cron.php?doing_wp_cron=1780522527.7444920539855957031250 HTTP/1.1" 200 1 "-" "WordPress/7.0; https://vicenza.elettroservicegroup.it"
114.119.154.115 - - [03/Jun/2026:23:35:26 +0200] "GET /forno-jpg/?edit=/home/costa4/vicenza.elettroservicegroup.it/wp-content/themes/generatepress/readme.txt HTTP/1.1" 200 25440 "https://vicenza.elettroservicegroup.it/forno-jpg/" "Mozilla/5.0 (Linux; Android 7.0;) AppleWebKit/537.36 (HTML, like Gecko) Mobile Safari/537.36 (compatible; PetalBot;+https://webmaster.petalsearch.com/site/petalbot)"
65.108.235.243 - - [03/Jun/2026:23:36:50 +0200] "POST /wp-cron.php?doing_wp_cron=1780522610.7662389278411865234375 HTTP/1.1" 200 1 "-" "WordPress/7.0; https://vicenza.elettroservicegroup.it"
114.119.130.67 - - [03/Jun/2026:23:36:49 +0200] "GET /mantova-1080x720/?edit=/home/costa4/vicenza.elettroservicegroup.it/wp-content/themes/generatepress/single.php HTTP/1.1" 200 20129 "https://vicenza.elettroservicegroup.it/mantova-1080x720/" "Mozilla/5.0 (Linux; Android 7.0;) AppleWebKit/537.36 (HTML, like Gecko) Mobile Safari/537.36 (compatible; PetalBot;+https://webmaster.petalsearch.com/site/petalbot)"
65.108.235.243 - - [03/Jun/2026:23:38:14 +0200] "POST /wp-cron.php?doing_wp_cron=1780522694.2427880764007568359375 HTTP/1.1" 200 1 "-" "WordPress/7.0; https://vicenza.elettroservicegroup.it"
114.119.130.67 - - [03/Jun/2026:23:38:12 +0200] "GET /mantova-1080x720/?edit=/home/costa4/vicenza.elettroservicegroup.it/wp-content/themes/generatepress/content.php HTTP/1.1" 200 20463 "https://vicenza.elettroservicegroup.it/mantova-1080x720/" "Mozilla/5.0 (Linux; Android 7.0;) AppleWebKit/537.36 (HTML, like Gecko) Mobile Safari/537.36 (compatible; PetalBot;+https://webmaster.petalsearch.com/site/petalbot)"
65.108.235.243 - - [03/Jun/2026:23:39:37 +0200] "POST /wp-cron.php?doing_wp_cron=1780522777.9517109394073486328125 HTTP/1.1" 200 1 "-" "WordPress/7.0; https://vicenza.elettroservicegroup.it"
114.119.138.37 - - [03/Jun/2026:23:39:36 +0200] "GET /lavatrice2/ HTTP/1.1" 200 19624 "https://vicenza.elettroservicegroup.it/lavatrice2/" "Mozilla/5.0 (Linux; Android 7.0;) AppleWebKit/537.36 (HTML, like Gecko) Mobile Safari/537.36 (compatible; PetalBot;+https://webmaster.petalsearch.com/site/petalbot)"
65.108.235.243 - - [03/Jun/2026:23:41:01 +0200] "POST /wp-cron.php?doing_wp_cron=1780522861.1325490474700927734375 HTTP/1.1" 200 1 "-" "WordPress/7.0; https://vicenza.elettroservicegroup.it"
114.119.137.98 - - [03/Jun/2026:23:40:59 +0200] "GET /condizionatore-bonus-jpg/?edit=/home/costa4/vicenza.elettroservicegroup.it/wp-content/themes/generatepress/page.php HTTP/1.1" 200 20183 "https://vicenza.elettroservicegroup.it/condizionatore-bonus-jpg/" "Mozilla/5.0 (Linux; Android 7.0;) AppleWebKit/537.36 (HTML, like Gecko) Mobile Safari/537.36 (compatible; PetalBot;+https://webmaster.petalsearch.com/site/petalbot)"
114.119.138.37 - - [03/Jun/2026:23:42:22 +0200] "GET /lavatrice21/?view=/home/costa4/vicenza.elettroservicegroup.it/wp-content/themes/generatepress/footer-min.php HTTP/1.1" 200 184 "https://vicenza.elettroservicegroup.it/lavatrice21/" "Mozilla/5.0 (Linux; Android 7.0;) AppleWebKit/537.36 (HTML, like Gecko) Mobile Safari/537.36 (compatible; PetalBot;+https://webmaster.petalsearch.com/site/petalbot)"
65.108.235.243 - - [03/Jun/2026:23:43:48 +0200] "POST /wp-cron.php?doing_wp_cron=1780523028.2300639152526855468750 HTTP/1.1" 200 1 "-" "WordPress/7.0; https://vicenza.elettroservicegroup.it"
114.119.154.115 - - [03/Jun/2026:23:43:46 +0200] "GET /hotpoint-ariston-jpg/?file=/home/costa4/vicenza.elettroservicegroup.it/wp-content/themes/generatepress/searchform.php HTTP/1.1" 200 18933 "https://vicenza.elettroservicegroup.it/hotpoint-ariston-jpg/" "Mozilla/5.0 (Linux; Android 7.0;) AppleWebKit/537.36 (HTML, like Gecko) Mobile Safari/537.36 (compatible; PetalBot;+https://webmaster.petalsearch.com/site/petalbot)"
65.108.235.243 - - [03/Jun/2026:23:45:11 +0200] "POST /wp-cron.php?doing_wp_cron=1780523111.3046081066131591796875 HTTP/1.1" 200 1 "-" "WordPress/7.0; https://vicenza.elettroservicegroup.it"
114.119.137.98 - - [03/Jun/2026:23:45:09 +0200] "GET /lavatrice21/?rename=/home/costa4/vicenza.elettroservicegroup.it/wp-content/themes/generatepress/content.php HTTP/1.1" 200 19698 "https://vicenza.elettroservicegroup.it/lavatrice21/" "Mozilla/5.0 (Linux; Android 7.0;) AppleWebKit/537.36 (HTML, like Gecko) Mobile Safari/537.36 (compatible; PetalBot;+https://webmaster.petalsearch.com/site/petalbot)"
65.108.235.243 - - [03/Jun/2026:23:46:35 +0200] "POST /wp-cron.php?doing_wp_cron=1780523195.0004189014434814453125 HTTP/1.1" 200 1 "-" "WordPress/7.0; https://vicenza.elettroservicegroup.it"
114.119.130.67 - - [03/Jun/2026:23:46:33 +0200] "GET /condizionatore-bonus-jpg/?edit=/home/costa4/vicenza.elettroservicegroup.it/wp-content/themes/generatepress/footer.php HTTP/1.1" 200 20042 "https://vicenza.elettroservicegroup.it/condizionatore-bonus-jpg/" "Mozilla/5.0 (Linux; Android 7.0;) AppleWebKit/537.36 (HTML, like Gecko) Mobile Safari/537.36 (compatible; PetalBot;+https://webmaster.petalsearch.com/site/petalbot)"
65.108.235.243 - - [03/Jun/2026:23:52:09 +0200] "POST /wp-cron.php?doing_wp_cron=1780523529.0832309722900390625000 HTTP/1.1" 200 1 "-" "WordPress/7.0; https://vicenza.elettroservicegroup.it"
114.119.148.161 - - [03/Jun/2026:23:52:07 +0200] "GET /lavatrice21/?edit=/home/costa4/vicenza.elettroservicegroup.it/wp-content/themes/generatepress/footer-min.php HTTP/1.1" 200 19881 "https://vicenza.elettroservicegroup.it/lavatrice21/" "Mozilla/5.0 (Linux; Android 7.0;) AppleWebKit/537.36 (HTML, like Gecko) Mobile Safari/537.36 (compatible; PetalBot;+https://webmaster.petalsearch.com/site/petalbot)"
65.108.235.243 - - [03/Jun/2026:23:56:19 +0200] "POST /wp-cron.php?doing_wp_cron=1780523779.1855859756469726562500 HTTP/1.1" 200 1 "-" "WordPress/7.0; https://vicenza.elettroservicegroup.it"
114.119.138.37 - - [03/Jun/2026:23:56:17 +0200] "GET /miele-png/ HTTP/1.1" 200 19649 "https://vicenza.elettroservicegroup.it/miele-png" "Mozilla/5.0 (Linux; Android 7.0;) AppleWebKit/537.36 (HTML, like Gecko) Mobile Safari/537.36 (compatible; PetalBot;+https://webmaster.petalsearch.com/site/petalbot)"
114.119.137.98 - - [03/Jun/2026:23:57:40 +0200] "GET /mantova-1080x720/?view=/home/costa4/vicenza.elettroservicegroup.it/wp-content/themes/generatepress/content-single.php HTTP/1.1" 200 661 "https://vicenza.elettroservicegroup.it/mantova-1080x720/" "Mozilla/5.0 (Linux; Android 7.0;) AppleWebKit/537.36 (HTML, like Gecko) Mobile Safari/537.36 (compatible; PetalBot;+https://webmaster.petalsearch.com/site/petalbot)"
65.108.235.243 - - [03/Jun/2026:23:59:05 +0200] "POST /wp-cron.php?doing_wp_cron=1780523945.6328039169311523437500 HTTP/1.1" 200 1 "-" "WordPress/7.0; https://vicenza.elettroservicegroup.it"
114.119.130.67 - - [03/Jun/2026:23:59:04 +0200] "GET /mantova-1080x720/?file=/home/costa4/vicenza.elettroservicegroup.it/wp-content/themes/generatepress/searchform.php HTTP/1.1" 200 18984 "https://vicenza.elettroservicegroup.it/mantova-1080x720/" "Mozilla/5.0 (Linux; Android 7.0;) AppleWebKit/537.36 (HTML, like Gecko) Mobile Safari/537.36 (compatible; PetalBot;+https://webmaster.petalsearch.com/site/petalbot)"
65.108.235.243 - - [04/Jun/2026:00:00:30 +0200] "POST /wp-cron.php?doing_wp_cron=1780524030.3095619678497314453125 HTTP/1.1" 200 1 "-" "WordPress/7.0; https://vicenza.elettroservicegroup.it"
114.119.137.98 - - [04/Jun/2026:00:00:28 +0200] "GET /lavatrice21/?edit=/home/costa4/vicenza.elettroservicegroup.it/wp-content/themes/generatepress/single.php HTTP/1.1" 200 111164 "https://vicenza.elettroservicegroup.it/lavatrice21/" "Mozilla/5.0 (Linux; Android 7.0;) AppleWebKit/537.36 (KHTML, like Gecko) Mobile Safari/537.36 (compatible; PetalBot;+https://webmaster.petalsearch.com/site/petalbot)"
65.108.235.243 - - [04/Jun/2026:00:01:52 +0200] "POST /wp-cron.php?doing_wp_cron=1780524112.3413660526275634765625 HTTP/1.1" 200 1 "-" "WordPress/7.0; https://vicenza.elettroservicegroup.it"
114.119.141.228 - - [04/Jun/2026:00:01:50 +0200] "GET /lavatrice21/?edit=/home/costa4/vicenza.elettroservicegroup.it/wp-content/themes/generatepress/sidebar.php HTTP/1.1" 200 19973 "https://vicenza.elettroservicegroup.it/lavatrice21/" "Mozilla/5.0 (Linux; Android 7.0;) AppleWebKit/537.36 (HTML, like Gecko) Mobile Safari/537.36 (compatible; PetalBot;+https://webmaster.petalsearch.com/site/petalbot)"
159.146.43.217 - - [04/Jun/2026:00:02:36 +0200] "POST /wp-login.php HTTP/1.1" 200 11826 "https://vicenza.elettroservicegroup.it/wp-admin/" "Mozilla/5.0 (Windows NT 10.0; Win64; x64) AppleWebKit/537.36"
159.146.43.217 - - [04/Jun/2026:00:02:37 +0200] "GET /wp-admin/ HTTP/1.1" 200 11685 "www.google.com" "Mozilla/5.0 (Windows NT 10.0; Win64; x64) AppleWebKit/537.36"
65.108.235.243 - - [04/Jun/2026:00:03:15 +0200] "POST /wp-cron.php?doing_wp_cron=1780524195.8465909957885742187500 HTTP/1.1" 200 1 "-" "WordPress/7.0; https://vicenza.elettroservicegroup.it"
114.119.141.228 - - [04/Jun/2026:00:03:14 +0200] "GET /condizionatore-bonus-jpg/?rename=/home/costa4/vicenza.elettroservicegroup.it/wp-content/themes/generatepress/content.php HTTP/1.1" 200 19745 "https://vicenza.elettroservicegroup.it/condizionatore-bonus-jpg/" "Mozilla/5.0 (Linux; Android 7.0;) AppleWebKit/537.36 (HTML, like Gecko) Mobile Safari/537.36 (compatible; PetalBot;+https://webmaster.petalsearch.com/site/petalbot)"
65.108.235.243 - - [04/Jun/2026:00:06:02 +0200] "POST /wp-cron.php?doing_wp_cron=1780524362.8389570713043212890625 HTTP/1.1" 200 1 "-" "WordPress/7.0; https://vicenza.elettroservicegroup.it"
114.119.154.115 - - [04/Jun/2026:00:06:01 +0200] "GET /tecnico-elettrodomestici-3-jpg/ HTTP/1.1" 200 19628 "https://vicenza.elettroservicegroup.it/tecnico-elettrodomestici-3-jpg" "Mozilla/5.0 (Linux; Android 7.0;) AppleWebKit/537.36 (HTML, like Gecko) Mobile Safari/537.36 (compatible; PetalBot;+https://webmaster.petalsearch.com/site/petalbot)"
65.108.235.243 - - [04/Jun/2026:00:10:14 +0200] "POST /wp-cron.php?doing_wp_cron=1780524614.0458400249481201171875 HTTP/1.1" 200 1 "-" "WordPress/7.0; https://vicenza.elettroservicegroup.it"
114.119.138.37 - - [04/Jun/2026:00:10:12 +0200] "GET /forno-jpg/?file=/home/costa4/vicenza.elettroservicegroup.it/wp-content/themes/generatepress/no-results.php HTTP/1.1" 200 18938 "https://vicenza.elettroservicegroup.it/forno-jpg/" "Mozilla/5.0 (Linux; Android 7.0;) AppleWebKit/537.36 (HTML, like Gecko) Mobile Safari/537.36 (compatible; PetalBot;+https://webmaster.petalsearch.com/site/petalbot)"
138.94.216.16 - - [04/Jun/2026:00:10:32 +0200] "POST /xmlrpc.php HTTP/1.1" 403 52 "-" "Python-xmlrpc/3.10"
65.108.235.243 - - [04/Jun/2026:00:14:24 +0200] "POST /wp-cron.php?doing_wp_cron=1780524864.2758970260620117187500 HTTP/1.1" 200 1 "-" "WordPress/7.0; https://vicenza.elettroservicegroup.it"
114.119.132.207 - - [04/Jun/2026:00:14:22 +0200] "GET /hotpoint-ariston-jpg/?rename=/home/costa4/vicenza.elettroservicegroup.it/wp-content/themes/generatepress/readme.txt HTTP/1.1" 200 19709 "https://vicenza.elettroservicegroup.it/hotpoint-ariston-jpg/" "Mozilla/5.0 (Linux; Android 7.0;) AppleWebKit/537.36 (HTML, like Gecko) Mobile Safari/537.36 (compatible; PetalBot;+https://webmaster.petalsearch.com/site/petalbot)"
198.55.113.44 - - [04/Jun/2026:00:16:49 +0200] "GET /wp-content/uploads/2021/10/cropped-cropped-cropped-logo_white_background.png HTTP/2.0" 200 38971 "https://vicenza.elettroservicegroup.it/" "Mozilla/5.0 (Macintosh; Intel Mac OS X 10_15_7) AppleWebKit/537.36 (KHTML, like Gecko) Chrome/130.0.0.0 Safari/537.36"
65.108.235.243 - - [04/Jun/2026:00:27:08 +0200] "POST /wp-cron.php?doing_wp_cron=1780525628.0513269901275634765625 HTTP/1.1" 200 1 "-" "WordPress/7.0; https://vicenza.elettroservicegroup.it"
114.119.137.98 - - [04/Jun/2026:00:27:06 +0200] "GET /post-4-2/ HTTP/1.1" 200 19624 "https://vicenza.elettroservicegroup.it/condizionatore-bonus-jpg/" "Mozilla/5.0 (Linux; Android 7.0;) AppleWebKit/537.36 (HTML, like Gecko) Mobile Safari/537.36 (compatible; PetalBot;+https://webmaster.petalsearch.com/site/petalbot)"
65.108.235.243 - - [04/Jun/2026:00:28:31 +0200] "POST /wp-cron.php?doing_wp_cron=1780525711.1668379306793212890625 HTTP/1.1" 200 1 "-" "WordPress/7.0; https://vicenza.elettroservicegroup.it"
114.119.141.228 - - [04/Jun/2026:00:28:29 +0200] "GET /mantova-1080x720/?file=/home/costa4/vicenza.elettroservicegroup.it/wp-content/themes/generatepress/sidebar.php HTTP/1.1" 200 19002 "https://vicenza.elettroservicegroup.it/mantova-1080x720/" "Mozilla/5.0 (Linux; Android 7.0;) AppleWebKit/537.36 (HTML, like Gecko) Mobile Safari/537.36 (compatible; PetalBot;+https://webmaster.petalsearch.com/site/petalbot)"
65.108.235.243 - - [04/Jun/2026:00:29:54 +0200] "POST /wp-cron.php?doing_wp_cron=1780525794.5463910102844238281250 HTTP/1.1" 200 1 "-" "WordPress/7.0; https://vicenza.elettroservicegroup.it"
114.119.132.207 - - [04/Jun/2026:00:29:52 +0200] "GET /lavatrice21/?file=/home/costa4/vicenza.elettroservicegroup.it/wp-content/themes/generatepress/page.php HTTP/1.1" 200 18934 "https://vicenza.elettroservicegroup.it/lavatrice21/" "Mozilla/5.0 (Linux; Android 7.0;) AppleWebKit/537.36 (HTML, like Gecko) Mobile Safari/537.36 (compatible; PetalBot;+https://webmaster.petalsearch.com/site/petalbot)"
65.108.235.243 - - [04/Jun/2026:00:42:38 +0200] "POST /wp-cron.php?doing_wp_cron=1780526558.7651870250701904296875 HTTP/1.1" 200 1 "-" "WordPress/7.0; https://vicenza.elettroservicegroup.it"
114.119.137.153 - - [04/Jun/2026:00:42:37 +0200] "GET /mantova-1080x720/?edit=/home/costa4/vicenza.elettroservicegroup.it/wp-content/themes/generatepress/sidebar.php HTTP/1.1" 200 20044 "https://vicenza.elettroservicegroup.it/mantova-1080x720/" "Mozilla/5.0 (Linux; Android 7.0;) AppleWebKit/537.36 (HTML, like Gecko) Mobile Safari/537.36 (compatible; PetalBot;+https://webmaster.petalsearch.com/site/petalbot)"
65.108.235.243 - - [04/Jun/2026:00:44:01 +0200] "POST /wp-cron.php?doing_wp_cron=1780526641.7441439628601074218750 HTTP/1.1" 200 1 "-" "WordPress/7.0; https://vicenza.elettroservicegroup.it"
114.119.137.153 - - [04/Jun/2026:00:44:00 +0200] "GET /lavatrice21/?rename=/home/costa4/vicenza.elettroservicegroup.it/wp-content/themes/generatepress/header-min.php HTTP/1.1" 200 19699 "https://vicenza.elettroservicegroup.it/lavatrice21/" "Mozilla/5.0 (Linux; Android 7.0;) AppleWebKit/537.36 (HTML, like Gecko) Mobile Safari/537.36 (compatible; PetalBot;+https://webmaster.petalsearch.com/site/petalbot)"
65.108.235.243 - - [04/Jun/2026:00:45:24 +0200] "POST /wp-cron.php?doing_wp_cron=1780526724.7007009983062744140625 HTTP/1.1" 200 1 "-" "WordPress/7.0; https://vicenza.elettroservicegroup.it"
114.119.148.161 - - [04/Jun/2026:00:45:23 +0200] "GET /hotpoint-ariston-jpg/?file=/home/costa4/vicenza.elettroservicegroup.it/wp-content/themes/generatepress/archive.php HTTP/1.1" 200 18935 "https://vicenza.elettroservicegroup.it/hotpoint-ariston-jpg/" "Mozilla/5.0 (Linux; Android 7.0;) AppleWebKit/537.36 (HTML, like Gecko) Mobile Safari/537.36 (compatible; PetalBot;+https://webmaster.petalsearch.com/site/petalbot)"
65.108.235.243 - - [04/Jun/2026:00:46:40 +0200] "POST /wp-cron.php?doing_wp_cron=1780526800.5179409980773925781250 HTTP/1.1" 200 1 "-" "WordPress/7.0; https://vicenza.elettroservicegroup.it"
52.167.144.57 - - [04/Jun/2026:00:46:39 +0200] "GET /robots.txt HTTP/2.0" 200 892 "-" "Mozilla/5.0 AppleWebKit/537.36 (KHTML, like Gecko; compatible; bingbot/2.0; +http://www.bing.com/bingbot.htm) Chrome/116.0.1938.76 Safari/537.36"
114.119.130.67 - - [04/Jun/2026:00:46:47 +0200] "GET /condizionatore-bonus-jpg/?file=/home/costa4/vicenza.elettroservicegroup.it/wp-content/themes/generatepress/comments.php HTTP/1.1" 200 18971 "https://vicenza.elettroservicegroup.it/condizionatore-bonus-jpg/" "Mozilla/5.0 (Linux; Android 7.0;) AppleWebKit/537.36 (HTML, like Gecko) Mobile Safari/537.36 (compatible; PetalBot;+https://webmaster.petalsearch.com/site/petalbot)"
40.77.167.8 - - [04/Jun/2026:00:46:49 +0200] "GET /addl-sitemap.xml HTTP/2.0" 200 1156 "-" "Mozilla/5.0 AppleWebKit/537.36 (KHTML, like Gecko; compatible; bingbot/2.0; +http://www.bing.com/bingbot.htm) Chrome/116.0.1938.76 Safari/537.36"
